-- phpMyAdmin SQL Dump
-- version 3.5.1
-- http://www.phpmyadmin.net
--
-- Хост: 127.0.0.1
-- Время создания: Июл 02 2013 г., 01:53
-- Версия сервера: 5.5.25
-- Версия PHP: 5.2.12

SET SQL_MODE="NO_AUTO_VALUE_ON_ZERO";
SET time_zone = "+00:00";


/*!40101 SET @OLD_CHARACTER_SET_CLIENT=@@CHARACTER_SET_CLIENT */;
/*!40101 SET @OLD_CHARACTER_SET_RESULTS=@@CHARACTER_SET_RESULTS */;
/*!40101 SET @OLD_COLLATION_CONNECTION=@@COLLATION_CONNECTION */;
/*!40101 SET NAMES utf8 */;

--
-- База данных: `vzlomm`
--

-- --------------------------------------------------------

--
-- Структура таблицы `arena`
--

CREATE TABLE IF NOT EXISTS `arena` (
  `id` int(11) NOT NULL AUTO_INCREMENT,
  `lider` varchar(25) NOT NULL,
  `oponent` varchar(25) NOT NULL,
  `status` varchar(10) NOT NULL,
  `min_lvl` int(2) NOT NULL,
  `max_lvl` int(2) NOT NULL,
  `timer` varchar(50) NOT NULL,
  `id_lider` int(11) NOT NULL,
  `arena1` int(11) NOT NULL,
  `arena2` int(11) NOT NULL,
  `arena3` int(11) NOT NULL,
  `arena4` int(11) NOT NULL,
  `arena5` int(11) NOT NULL,
  `hp` int(11) NOT NULL,
  PRIMARY KEY (`id`)
) ENGINE=MyISAM  DEFAULT CHARSET=cp1251 AUTO_INCREMENT=1653 ;

-- --------------------------------------------------------

--
-- Структура таблицы `arena_h`
--

CREATE TABLE IF NOT EXISTS `arena_h` (
  `id` int(11) NOT NULL AUTO_INCREMENT,
  `msg` int(11) NOT NULL,
  `user` varchar(111) NOT NULL,
  `who` varchar(111) NOT NULL,
  `time` varchar(255) NOT NULL,
  PRIMARY KEY (`id`)
) ENGINE=MyISAM  DEFAULT CHARSET=cp1251 AUTO_INCREMENT=1005 ;

-- --------------------------------------------------------

--
-- Структура таблицы `arena_wait`
--

CREATE TABLE IF NOT EXISTS `arena_wait` (
  `id` int(11) NOT NULL AUTO_INCREMENT,
  `usr` varchar(10) CHARACTER SET utf8 COLLATE utf8_unicode_ci NOT NULL,
  `enemy` varchar(10) CHARACTER SET utf8 COLLATE utf8_unicode_ci NOT NULL,
  `wait` varchar(25) CHARACTER SET utf8 COLLATE utf8_unicode_ci NOT NULL,
  `lvl_ot` int(11) NOT NULL,
  `lvl_do` int(11) NOT NULL,
  PRIMARY KEY (`id`)
) ENGINE=MyISAM DEFAULT CHARSET=utf8 AUTO_INCREMENT=1 ;

-- --------------------------------------------------------

--
-- Структура таблицы `gorod_conff`
--

CREATE TABLE IF NOT EXISTS `gorod_conff` (
  `open` varchar(2) NOT NULL,
  `kopi` int(11) NOT NULL,
  `kopi_v` varchar(32) NOT NULL,
  `kopi_k` varchar(32) NOT NULL,
  `kopi_time` int(11) NOT NULL,
  `luna` int(11) NOT NULL
) ENGINE=MyISAM DEFAULT CHARSET=cp1251;

-- --------------------------------------------------------

--
-- Структура таблицы `gorod_tbegaa`
--

CREATE TABLE IF NOT EXISTS `gorod_tbegaa` (
  `id` int(11) NOT NULL AUTO_INCREMENT,
  `name` varchar(32) NOT NULL,
  `bet` smallint(6) NOT NULL,
  `last` varchar(32) NOT NULL,
  PRIMARY KEY (`id`)
) ENGINE=MyISAM DEFAULT CHARSET=cp1251 AUTO_INCREMENT=1 ;

-- --------------------------------------------------------

--
-- Структура таблицы `invations`
--

CREATE TABLE IF NOT EXISTS `invations` (
  `id` int(10) unsigned NOT NULL AUTO_INCREMENT,
  `id_user` int(10) unsigned NOT NULL COMMENT 'Хозяин пригласительного',
  `id_invite` int(10) unsigned DEFAULT NULL COMMENT 'Приглашенный',
  `code` varchar(32) DEFAULT NULL COMMENT 'код пригласительного',
  `time_reg` int(10) unsigned DEFAULT NULL COMMENT 'Время регистрации по пригласительному',
  `email` varchar(32) DEFAULT NULL COMMENT 'Email, на который отправлен пригласительный',
  PRIMARY KEY (`id`)
) ENGINE=MyISAM DEFAULT CHARSET=utf8 COMMENT='Пригласительные' AUTO_INCREMENT=1 ;

-- --------------------------------------------------------

--
-- Структура таблицы `kolhoz_a1log`
--

CREATE TABLE IF NOT EXISTS `kolhoz_a1log` (
  `id` int(10) unsigned NOT NULL AUTO_INCREMENT,
  `date` datetime NOT NULL COMMENT 'дата получения sms',
  `msg` varchar(255) CHARACTER SET utf8 NOT NULL COMMENT 'сообщение абонента',
  `msg_trans` varchar(255) CHARACTER SET utf8 NOT NULL COMMENT 'транслитерированное сообщение',
  `operator_id` int(10) unsigned NOT NULL COMMENT 'id оператора',
  `user_id` bigint(20) unsigned NOT NULL COMMENT 'номер абонента',
  `smsid` int(10) unsigned NOT NULL COMMENT 'id смс',
  `cost_rur` float(15,4) unsigned NOT NULL COMMENT 'сумма в рублях',
  `cost` float(15,4) unsigned NOT NULL COMMENT 'информационный параметр (по курсу последней выплаты)',
  `test` tinyint(1) unsigned NOT NULL COMMENT '1 - тестовая смс',
  `num` varchar(20) CHARACTER SET utf8 NOT NULL COMMENT 'короткий номер',
  `skey` char(32) CHARACTER SET utf8 NOT NULL COMMENT 'секретный ключ md5',
  `sign` char(32) CHARACTER SET utf8 NOT NULL COMMENT 'md5 от параметров',
  `ran` tinyint(1) unsigned NOT NULL,
  `answer` text CHARACTER SET utf8 NOT NULL COMMENT 'ответ сервиса без заголовка',
  PRIMARY KEY (`id`)
) ENGINE=InnoDB  DEFAULT CHARSET=latin1 AUTO_INCREMENT=9 ;

-- --------------------------------------------------------

--
-- Структура таблицы `kolhoz_ban`
--

CREATE TABLE IF NOT EXISTS `kolhoz_ban` (
  `id` int(11) NOT NULL AUTO_INCREMENT,
  `id_user` int(11) DEFAULT NULL,
  `id_who` int(11) DEFAULT NULL,
  `msg` varchar(1024) DEFAULT NULL,
  `time` int(11) DEFAULT '0',
  `izg` enum('0','1') DEFAULT '0',
  PRIMARY KEY (`id`),
  KEY `kolhoz_ban_idx1` (`id_user`)
) ENGINE=MyISAM  DEFAULT CHARSET=utf8 AUTO_INCREMENT=1976 ;

-- --------------------------------------------------------

--
-- Структура таблицы `kolhoz_blacklist`
--

CREATE TABLE IF NOT EXISTS `kolhoz_blacklist` (
  `id` int(11) NOT NULL AUTO_INCREMENT,
  `id_user` int(11) DEFAULT NULL,
  `id_ank` int(11) DEFAULT NULL,
  `time` int(11) DEFAULT NULL,
  PRIMARY KEY (`id`)
) ENGINE=MyISAM  DEFAULT CHARSET=utf8 AUTO_INCREMENT=799 ;

-- --------------------------------------------------------

--
-- Структура таблицы `kolhoz_chat`
--

CREATE TABLE IF NOT EXISTS `kolhoz_chat` (
  `id` int(11) NOT NULL AUTO_INCREMENT,
  `id_user` int(11) DEFAULT NULL,
  `time` int(11) DEFAULT NULL,
  `mother` int(11) DEFAULT '0',
  `pos` int(11) DEFAULT '0',
  `admod` set('0','1') DEFAULT '0',
  `type` enum('room','komm') DEFAULT 'room',
  `msg` varchar(10000) DEFAULT NULL,
  `opis` varchar(10000) DEFAULT NULL,
  `name` varchar(1024) DEFAULT NULL,
  `otvet` int(11) DEFAULT '0',
  PRIMARY KEY (`id`),
  KEY `id_user` (`id_user`)
) ENGINE=MyISAM  DEFAULT CHARSET=utf8 AUTO_INCREMENT=46503 ;

-- --------------------------------------------------------

--
-- Структура таблицы `kolhoz_clad`
--

CREATE TABLE IF NOT EXISTS `kolhoz_clad` (
  `id` int(11) NOT NULL AUTO_INCREMENT,
  `col` varchar(11) NOT NULL,
  `priz` varchar(11) NOT NULL,
  `level` varchar(11) NOT NULL,
  `time` varchar(255) NOT NULL,
  PRIMARY KEY (`id`)
) ENGINE=MyISAM  DEFAULT CHARSET=cp1251 AUTO_INCREMENT=10 ;

-- --------------------------------------------------------

--
-- Структура таблицы `kolhoz_clads`
--

CREATE TABLE IF NOT EXISTS `kolhoz_clads` (
  `id` int(11) NOT NULL AUTO_INCREMENT,
  `id_user` int(11) DEFAULT NULL,
  `id_plant` int(11) DEFAULT '0',
  `col` varchar(11) NOT NULL,
  `priz` varchar(11) NOT NULL,
  PRIMARY KEY (`id`),
  KEY `kolhoz_clads_idx1` (`id_user`),
  KEY `kolhoz_clads_idx2` (`id_plant`)
) ENGINE=MyISAM  DEFAULT CHARSET=utf8 AUTO_INCREMENT=4656 ;

-- --------------------------------------------------------

--
-- Структура таблицы `kolhoz_clev`
--

CREATE TABLE IF NOT EXISTS `kolhoz_clev` (
  `id` int(11) NOT NULL AUTO_INCREMENT,
  `id_user` varchar(11) NOT NULL,
  `name` varchar(50) NOT NULL,
  `kg` varchar(11) NOT NULL,
  `col` varchar(11) NOT NULL,
  PRIMARY KEY (`id`)
) ENGINE=MyISAM  DEFAULT CHARSET=cp1251 AUTO_INCREMENT=6006 ;

-- --------------------------------------------------------

--
-- Структура таблицы `kolhoz_collective`
--

CREATE TABLE IF NOT EXISTS `kolhoz_collective` (
  `id` int(11) NOT NULL AUTO_INCREMENT,
  `name` varchar(24) DEFAULT NULL,
  `rating` bigint(255) DEFAULT '0',
  `money` bigint(255) DEFAULT '0',
  `rubies` bigint(255) NOT NULL,
  `level` int(11) DEFAULT '1',
  `tehnika` int(11) DEFAULT '0',
  `time` int(11) DEFAULT NULL,
  `time_obmen` int(11) DEFAULT '0',
  `station` enum('0','1') DEFAULT '0',
  `flowerbed` enum('0','1') DEFAULT '0',
  `rating_gos` bigint(255) DEFAULT '0',
  `titleText` varchar(64) DEFAULT NULL,
  `titleText_user` int(11) DEFAULT NULL,
  `titleText_time` int(11) DEFAULT NULL,
  `soil` int(2) DEFAULT '0',
  `irrigate` int(2) DEFAULT '0',
  `scholl` int(2) DEFAULT '0',
  `vet` int(2) DEFAULT '0',
  `bank` int(2) DEFAULT '0',
  `lib` enum('0','1') DEFAULT '0',
  `greenhouse` int(11) DEFAULT '0',
  `school` int(2) DEFAULT '0',
  `nalog` int(2) DEFAULT '0',
  `time_nalog` int(11) DEFAULT NULL,
  `users_add` int(11) DEFAULT '0',
  `sponder` int(2) NOT NULL DEFAULT '0',
  `gerb` varchar(32) NOT NULL,
  PRIMARY KEY (`id`)
) ENGINE=MyISAM  DEFAULT CHARSET=utf8 AUTO_INCREMENT=807 ;

-- --------------------------------------------------------

--
-- Структура таблицы `kolhoz_collective_ahlist`
--

CREATE TABLE IF NOT EXISTS `kolhoz_collective_ahlist` (
  `id` int(11) NOT NULL AUTO_INCREMENT,
  `id_user` int(11) DEFAULT NULL,
  `time` int(11) DEFAULT '0',
  `heli` enum('1','2','3','4') DEFAULT '1',
  PRIMARY KEY (`id`)
) ENGINE=MyISAM  DEFAULT CHARSET=utf8 AUTO_INCREMENT=5980 ;

-- --------------------------------------------------------

--
-- Структура таблицы `kolhoz_collective_cash`
--

CREATE TABLE IF NOT EXISTS `kolhoz_collective_cash` (
  `id` int(11) NOT NULL AUTO_INCREMENT,
  `id_user` int(11) DEFAULT NULL,
  `id_collective` int(11) DEFAULT NULL,
  `type` enum('rubies','money') DEFAULT 'rubies',
  `time` int(11) DEFAULT '0',
  `count` bigint(255) DEFAULT '0',
  PRIMARY KEY (`id`),
  KEY `kolhoz_collective_cash_idx2` (`id_collective`,`id_user`,`type`) USING BTREE
) ENGINE=MyISAM  DEFAULT CHARSET=utf8 AUTO_INCREMENT=195748 ;

-- --------------------------------------------------------

--
-- Структура таблицы `kolhoz_collective_chat`
--

CREATE TABLE IF NOT EXISTS `kolhoz_collective_chat` (
  `id` int(11) NOT NULL AUTO_INCREMENT,
  `id_user` int(11) DEFAULT NULL,
  `id_collective` int(11) DEFAULT NULL,
  `time` int(11) DEFAULT NULL,
  `msg` varchar(10000) DEFAULT NULL,
  `otvet` int(11) DEFAULT '0',
  PRIMARY KEY (`id`),
  KEY `kolhoz_collective_chat_idx1` (`id_user`),
  KEY `kolhoz_collective_chat_idx2` (`id_collective`)
) ENGINE=MyISAM  DEFAULT CHARSET=utf8 AUTO_INCREMENT=61031 ;

-- --------------------------------------------------------

--
-- Структура таблицы `kolhoz_collective_club`
--

CREATE TABLE IF NOT EXISTS `kolhoz_collective_club` (
  `id` int(11) NOT NULL AUTO_INCREMENT,
  `id_collective` int(11) DEFAULT NULL,
  `id_user` int(11) DEFAULT NULL,
  `time` int(11) DEFAULT NULL,
  `mother` int(11) DEFAULT '0',
  `guest` set('0','1') DEFAULT '0',
  `type` enum('razdel','tema','komm') DEFAULT 'razdel',
  `msg` varchar(10000) DEFAULT NULL,
  `name` varchar(1024) DEFAULT NULL,
  `locked` enum('0','1') DEFAULT '0',
  `otvet` int(11) DEFAULT '0',
  `pined` enum('0','1') DEFAULT '0',
  `pos` int(11) DEFAULT '0',
  `time_obnov` int(11) DEFAULT '0',
  PRIMARY KEY (`id`)
) ENGINE=MyISAM  DEFAULT CHARSET=utf8 AUTO_INCREMENT=7008 ;

-- --------------------------------------------------------

--
-- Структура таблицы `kolhoz_collective_comp`
--

CREATE TABLE IF NOT EXISTS `kolhoz_collective_comp` (
  `id` int(11) NOT NULL AUTO_INCREMENT,
  `time` int(11) DEFAULT '0',
  `id_gos` int(11) DEFAULT '0',
  PRIMARY KEY (`id`)
) ENGINE=MyISAM  DEFAULT CHARSET=utf8 AUTO_INCREMENT=69 ;

-- --------------------------------------------------------

--
-- Структура таблицы `kolhoz_collective_comp_user`
--

CREATE TABLE IF NOT EXISTS `kolhoz_collective_comp_user` (
  `id` int(11) NOT NULL AUTO_INCREMENT,
  `id_user` int(11) DEFAULT '0',
  `id_comp` int(11) DEFAULT '0',
  `count` int(11) DEFAULT '0',
  PRIMARY KEY (`id`)
) ENGINE=MyISAM  DEFAULT CHARSET=utf8 AUTO_INCREMENT=785 ;

-- --------------------------------------------------------

--
-- Структура таблицы `kolhoz_collective_gos`
--

CREATE TABLE IF NOT EXISTS `kolhoz_collective_gos` (
  `id` int(11) NOT NULL AUTO_INCREMENT,
  `time` int(11) DEFAULT '0',
  `id_plant` int(11) DEFAULT '0',
  `type` enum('rating','harvest') DEFAULT 'rating',
  `active` enum('0','1') DEFAULT '0',
  PRIMARY KEY (`id`)
) ENGINE=MyISAM  DEFAULT CHARSET=utf8 AUTO_INCREMENT=70 ;

-- --------------------------------------------------------

--
-- Структура таблицы `kolhoz_collective_gos_ct`
--

CREATE TABLE IF NOT EXISTS `kolhoz_collective_gos_ct` (
  `id` int(11) NOT NULL AUTO_INCREMENT,
  `id_collective` int(11) DEFAULT '0',
  `id_gos` int(11) DEFAULT '0',
  `count` int(11) DEFAULT '0',
  PRIMARY KEY (`id`)
) ENGINE=MyISAM  DEFAULT CHARSET=utf8 AUTO_INCREMENT=210 ;

-- --------------------------------------------------------

--
-- Структура таблицы `kolhoz_collective_hangar`
--

CREATE TABLE IF NOT EXISTS `kolhoz_collective_hangar` (
  `id` int(11) NOT NULL AUTO_INCREMENT,
  `id_user` int(11) DEFAULT NULL,
  `id_collective` int(11) DEFAULT NULL,
  `time` int(11) DEFAULT '0',
  `gaz` int(11) DEFAULT '0',
  `heli` enum('1','2','3','4') DEFAULT '1',
  PRIMARY KEY (`id`)
) ENGINE=MyISAM DEFAULT CHARSET=utf8 AUTO_INCREMENT=1 ;

-- --------------------------------------------------------

--
-- Структура таблицы `kolhoz_collective_heli`
--

CREATE TABLE IF NOT EXISTS `kolhoz_collective_heli` (
  `id` int(11) NOT NULL AUTO_INCREMENT,
  `id_user` int(11) DEFAULT NULL,
  `id_collective` int(11) DEFAULT NULL,
  `gaz` int(11) DEFAULT '0',
  `time` int(11) DEFAULT '0',
  `heli` enum('0','1','2','3','4') DEFAULT '0',
  PRIMARY KEY (`id`),
  KEY `kolhoz_collective_heli_idx1` (`id_collective`,`id_user`)
) ENGINE=MyISAM  DEFAULT CHARSET=utf8 AUTO_INCREMENT=76748 ;

-- --------------------------------------------------------

--
-- Структура таблицы `kolhoz_collective_history`
--

CREATE TABLE IF NOT EXISTS `kolhoz_collective_history` (
  `id` int(11) NOT NULL AUTO_INCREMENT,
  `id_user` int(11) DEFAULT NULL,
  `id_collective` int(11) DEFAULT NULL,
  `id_who` int(11) DEFAULT NULL,
  `time` int(11) DEFAULT '0',
  `type` enum('in','out','st_up','st_down') DEFAULT 'in',
  `status` enum('1','2','3','4','5','6','7') DEFAULT '1',
  `dei` enum('who','user') DEFAULT 'user',
  PRIMARY KEY (`id`)
) ENGINE=MyISAM  DEFAULT CHARSET=utf8 AUTO_INCREMENT=24500 ;

-- --------------------------------------------------------

--
-- Структура таблицы `kolhoz_collective_invite`
--

CREATE TABLE IF NOT EXISTS `kolhoz_collective_invite` (
  `id` int(11) NOT NULL AUTO_INCREMENT,
  `id_user` int(11) DEFAULT NULL,
  `id_collective` int(11) DEFAULT NULL,
  `id_who` int(11) DEFAULT NULL,
  `time` int(11) DEFAULT '0',
  PRIMARY KEY (`id`),
  KEY `kolhoz_collective_invite_idx1` (`id_user`),
  KEY `kolhoz_collective_invite_idx2` (`id_collective`)
) ENGINE=MyISAM  DEFAULT CHARSET=utf8 AUTO_INCREMENT=14429 ;

-- --------------------------------------------------------

--
-- Структура таблицы `kolhoz_collective_lodkalist`
--

CREATE TABLE IF NOT EXISTS `kolhoz_collective_lodkalist` (
  `id` int(11) NOT NULL AUTO_INCREMENT,
  `id_user` int(11) DEFAULT NULL,
  `time` int(11) DEFAULT '0',
  `heli` enum('1','2','3','4') DEFAULT '1',
  PRIMARY KEY (`id`)
) ENGINE=MyISAM  DEFAULT CHARSET=utf8 AUTO_INCREMENT=1242 ;

-- --------------------------------------------------------

--
-- Структура таблицы `kolhoz_collective_lodki`
--

CREATE TABLE IF NOT EXISTS `kolhoz_collective_lodki` (
  `id` int(11) NOT NULL AUTO_INCREMENT,
  `id_user` int(11) DEFAULT NULL,
  `id_collective` int(11) DEFAULT NULL,
  `gaz` int(11) DEFAULT '0',
  `time` int(11) DEFAULT '0',
  `heli` enum('0','1','2','3','4') DEFAULT '0',
  PRIMARY KEY (`id`)
) ENGINE=MyISAM  DEFAULT CHARSET=utf8 AUTO_INCREMENT=4353 ;

-- --------------------------------------------------------

--
-- Структура таблицы `kolhoz_collective_rating`
--

CREATE TABLE IF NOT EXISTS `kolhoz_collective_rating` (
  `id` int(11) NOT NULL AUTO_INCREMENT,
  `id_user` int(11) DEFAULT NULL,
  `id_collective` int(11) DEFAULT NULL,
  `time` int(11) DEFAULT '0',
  `count` bigint(255) DEFAULT '0',
  PRIMARY KEY (`id`),
  KEY `kolhoz_collective_rating_idx1` (`id_collective`,`id_user`,`time`) USING BTREE
) ENGINE=MyISAM  DEFAULT CHARSET=utf8 AUTO_INCREMENT=4853589 ;

-- --------------------------------------------------------

--
-- Структура таблицы `kolhoz_collective_rating_gos`
--

CREATE TABLE IF NOT EXISTS `kolhoz_collective_rating_gos` (
  `id` int(11) NOT NULL AUTO_INCREMENT,
  `id_user` int(11) DEFAULT NULL,
  `id_collective` int(11) DEFAULT NULL,
  `time` int(11) DEFAULT '0',
  `count` int(11) DEFAULT '0',
  PRIMARY KEY (`id`),
  KEY `kolhoz_collective_rating_gos_idx1` (`id_collective`,`id_user`)
) ENGINE=MyISAM  DEFAULT CHARSET=utf8 AUTO_INCREMENT=1285918 ;

-- --------------------------------------------------------

--
-- Структура таблицы `kolhoz_collective_user`
--

CREATE TABLE IF NOT EXISTS `kolhoz_collective_user` (
  `id` int(11) NOT NULL AUTO_INCREMENT,
  `id_user` int(11) DEFAULT NULL,
  `id_collective` int(11) DEFAULT NULL,
  `rating` bigint(255) DEFAULT '0',
  `money` bigint(255) DEFAULT '0',
  `rubies` bigint(255) DEFAULT '0',
  `time` int(11) DEFAULT '0',
  `status` enum('1','2','3','4','5','6','7') DEFAULT '1',
  `rubies_week` bigint(255) DEFAULT '0',
  `rating_week` bigint(255) DEFAULT '0',
  `rating_gos` bigint(255) DEFAULT '0',
  `tehnika` int(11) DEFAULT '0',
  PRIMARY KEY (`id`),
  KEY `id_user` (`id_user`),
  KEY `id_collective` (`id_collective`)
) ENGINE=MyISAM  DEFAULT CHARSET=utf8 AUTO_INCREMENT=9033 ;

-- --------------------------------------------------------

--
-- Структура таблицы `kolhoz_fish`
--

CREATE TABLE IF NOT EXISTS `kolhoz_fish` (
  `id` int(11) NOT NULL AUTO_INCREMENT,
  `name` varchar(500) DEFAULT NULL,
  `cena` int(11) DEFAULT '0',
  `rating` int(11) DEFAULT '0',
  `count` int(11) DEFAULT '0',
  `time` int(11) DEFAULT NULL,
  `money` int(11) DEFAULT '0',
  `time_soil` int(11) DEFAULT '0',
  `level` int(11) DEFAULT '1',
  `visit` text NOT NULL,
  PRIMARY KEY (`id`)
) ENGINE=MyISAM  DEFAULT CHARSET=utf8 AUTO_INCREMENT=21 ;

--
-- Дамп данных таблицы `kolhoz_fish`
--

INSERT INTO `kolhoz_fish` (`id`, `name`, `cena`, `rating`, `count`, `time`, `money`, `time_soil`, `level`, `visit`) VALUES
(1, 'Верховодка', 75, 8, 4, 3600, 136, 60, 2, ''),
(2, 'Бычок', 100, 40, 4, 10800, 180, 180, 4, ''),
(3, 'Красноперка', 125, 60, 4, 18000, 220, 240, 6, ''),
(4, 'Карась', 175, 120, 5, 28800, 650, 600, 8, ''),
(5, 'Плотва', 225, 650, 5, 43200, 650, 780, 12, ''),
(6, 'Линь', 350, 176, 5, 64800, 800, 840, 15, ''),
(7, 'Карп', 450, 224, 5, 79200, 925, 900, 18, ''),
(8, 'Окунь', 550, 264, 4, 93600, 1050, 1080, 19, ''),
(9, 'Толстолобик', 600, 300, 6, 115200, 1530, 1200, 22, ''),
(10, 'Щука', 760, 352, 4, 144000, 1700, 1320, 24, ''),
(11, 'Угорь', 900, 384, 8, 172800, 1856, 1440, 26, ''),
(12, 'Сом', 1000, 400, 5, 208800, 2466, 1560, 28, ''),
(13, 'Белый Амур', 1200, 420, 6, 237600, 2676, 1680, 30, ''),
(14, 'Осетр', 1750, 460, 6, 259200, 3234, 1800, 34, ''),
(15, 'Белуга', 2500, 500, 6, 302400, 3234, 2040, 36, ''),
(16, 'Семга', 2750, 625, 6, 345600, 4260, 2160, 38, ''),
(17, 'Лосось', 3000, 700, 6, 388800, 4700, 2400, 42, ''),
(18, 'Форель', 3250, 800, 6, 432000, 4800, 2640, 46, ''),
(19, 'Стерлядь', 3500, 900, 6, 504000, 5070, 2760, 48, ''),
(20, 'Морской еж', 4000, 1000, 8, 648000, 5610, 2700, 50, '');

-- --------------------------------------------------------

--
-- Структура таблицы `kolhoz_forum`
--

CREATE TABLE IF NOT EXISTS `kolhoz_forum` (
  `id` int(11) NOT NULL AUTO_INCREMENT,
  `id_user` int(11) DEFAULT NULL,
  `time` int(11) DEFAULT NULL,
  `time_theme` int(30) NOT NULL DEFAULT '0',
  `mother` int(11) DEFAULT '0',
  `admod` set('0','1') DEFAULT '0',
  `type` enum('razdel','tema','komm') DEFAULT 'razdel',
  `msg` varchar(10000) DEFAULT NULL,
  `name` varchar(1024) DEFAULT NULL,
  `locked` enum('0','1') DEFAULT '0',
  `otvet` int(11) DEFAULT '0',
  `pined` enum('0','1') DEFAULT '0',
  `pos` int(11) DEFAULT '0',
  `time_obnov` int(11) DEFAULT '0',
  `visit` text NOT NULL,
  PRIMARY KEY (`id`)
) ENGINE=MyISAM  DEFAULT CHARSET=utf8 AUTO_INCREMENT=8019 ;

-- --------------------------------------------------------

--
-- Структура таблицы `kolhoz_friends`
--

CREATE TABLE IF NOT EXISTS `kolhoz_friends` (
  `id` int(11) NOT NULL AUTO_INCREMENT,
  `id_user` int(11) DEFAULT NULL,
  `id_ank` int(11) DEFAULT NULL,
  `time` int(11) DEFAULT NULL,
  PRIMARY KEY (`id`)
) ENGINE=MyISAM  DEFAULT CHARSET=utf8 AUTO_INCREMENT=5557 ;

-- --------------------------------------------------------

--
-- Структура таблицы `kolhoz_gift`
--

CREATE TABLE IF NOT EXISTS `kolhoz_gift` (
  `id` int(11) NOT NULL AUTO_INCREMENT,
  `name` varchar(1024) DEFAULT NULL,
  `cena` int(11) DEFAULT '0',
  `id_cat` int(11) DEFAULT '0',
  PRIMARY KEY (`id`)
) ENGINE=MyISAM  DEFAULT CHARSET=utf8 AUTO_INCREMENT=82 ;

--
-- Дамп данных таблицы `kolhoz_gift`
--

INSERT INTO `kolhoz_gift` (`id`, `name`, `cena`, `id_cat`) VALUES
(3, 'Маргарита', 1000, 2),
(4, 'Легкость', 500, 2),
(5, 'Аромат', 500, 2),
(6, 'Свежесть', 500, 2),
(7, 'Бодрость', 500, 2),
(8, 'Дижестив', 500, 2),
(9, 'Клубника', 1000, 3),
(10, 'Ассорти', 500, 3),
(11, 'Десерт', 500, 3),
(12, 'Малина', 500, 3),
(13, 'Мороженое', 500, 3),
(14, 'Пирожное', 500, 3),
(15, 'Торт', 500, 3),
(16, 'Утёнок', 1000, 4),
(17, 'Слоник', 500, 4),
(18, 'Зайка', 500, 4),
(19, 'Лапа', 500, 4),
(20, 'Милашка', 500, 4),
(21, 'Озорник', 500, 4),
(22, 'Золотое сердце', 1000, 5),
(23, 'Медальон "Любящее сердце"', 500, 5),
(24, 'Медальон "Энергия жизни"', 500, 5),
(25, 'Кольцо с сапфиром', 500, 5),
(26, 'Кольцо с рубином', 500, 5),
(27, 'Обручальное кольцо', 500, 5),
(28, 'С любовью', 1000, 6),
(29, 'Букет', 500, 6),
(30, 'Тебе с нежностью', 500, 6),
(31, 'Волшебство', 500, 6),
(32, 'Легкого настроения', 500, 6),
(33, 'Ромашки', 500, 6),
(34, 'Роза', 500, 6),
(35, 'Подснежники', 500, 6),
(36, 'Букет невесты', 500, 6),
(37, 'Джип', 10000, 7),
(38, 'Парфюм', 10000, 7),
(39, 'Ноутбук', 10000, 7),
(40, 'Пистолет', 10000, 7),
(41, 'Гламурные тапочки', 50000, 7),
(42, 'Сувенир', 50000, 7),
(43, 'Rolex', 100000, 7),
(44, 'Для Королевы...', 100000, 7),
(45, 'Финансовых успехов!', 50000, 7),
(46, 'Лови жука', 500, 8),
(47, 'Сковорода', 500, 8),
(48, 'В добрый путь!', 500, 8),
(49, 'Ученье - свет!', 500, 8),
(50, 'Вредина', 500, 8),
(51, 'Шампанское', 500, 9),
(52, 'Шапка', 500, 9),
(53, 'Снеговик', 500, 9),
(54, 'Мешок с подарками', 500, 9),
(55, 'Ёлка', 500, 9),
(56, 'Праздник', 500, 9),
(57, 'Подарок', 500, 9),
(59, 'Собачка', 500, 9),
(60, 'Снегурка', 500, 9),
(61, 'Зайцы', 500, 9),
(62, 'Рудольф', 500, 9),
(63, 'Бегемот', 500, 9),
(64, 'Снеговик 2', 500, 9),
(65, 'Птичко', 500, 9),
(66, 'Игрушка', 500, 9),
(67, 'Ёлка 3', 500, 9),
(68, 'Олень', 500, 9),
(69, 'Снеговик 4', 500, 9),
(70, 'Мандаринка', 500, 9),
(71, 'Шампанское', 500, 9),
(72, 'Грузовик подарков', 500, 9),
(73, 'Бенгальские огни', 500, 9),
(74, 'Маска', 500, 9),
(75, 'Торт', 500, 9),
(76, 'Снеговик 5', 500, 9),
(77, 'Ёлка 2', 500, 9),
(78, 'Печеньки', 500, 9),
(79, 'Мишка', 500, 9),
(80, 'Пингвин', 500, 9),
(81, 'Кофе', 1000, 10);

-- --------------------------------------------------------

--
-- Структура таблицы `kolhoz_gifts`
--

CREATE TABLE IF NOT EXISTS `kolhoz_gifts` (
  `id` int(11) NOT NULL AUTO_INCREMENT,
  `id_user` int(11) DEFAULT NULL,
  `id_kont` int(11) DEFAULT NULL,
  `id_gift` int(11) DEFAULT NULL,
  `time` int(11) DEFAULT NULL,
  `read` set('0','1') DEFAULT '0',
  `msg` varchar(1024) DEFAULT NULL,
  PRIMARY KEY (`id`),
  KEY `kolhoz_gifts_idx1` (`id_user`,`read`) USING BTREE
) ENGINE=MyISAM  DEFAULT CHARSET=utf8 AUTO_INCREMENT=26486 ;

-- --------------------------------------------------------

--
-- Структура таблицы `kolhoz_gift_cat`
--

CREATE TABLE IF NOT EXISTS `kolhoz_gift_cat` (
  `id` int(11) NOT NULL AUTO_INCREMENT,
  `name` varchar(1024) DEFAULT NULL,
  PRIMARY KEY (`id`)
) ENGINE=MyISAM  DEFAULT CHARSET=utf8 AUTO_INCREMENT=11 ;

--
-- Дамп данных таблицы `kolhoz_gift_cat`
--

INSERT INTO `kolhoz_gift_cat` (`id`, `name`) VALUES
(2, 'Напитки'),
(3, 'Вкусности'),
(4, 'Игрушки'),
(5, 'Украшения'),
(6, 'Цветы'),
(7, 'Премиум'),
(8, 'Повседневные'),
(9, 'Новогодние подарки'),
(10, 'Новые');

-- --------------------------------------------------------

--
-- Структура таблицы `kolhoz_ground`
--

CREATE TABLE IF NOT EXISTS `kolhoz_ground` (
  `id` int(11) NOT NULL AUTO_INCREMENT,
  `id_user` int(11) DEFAULT NULL,
  `id_plant` int(11) DEFAULT '0',
  `soil` enum('0','1') DEFAULT '0',
  `time` int(11) DEFAULT '0',
  `time_water` int(11) DEFAULT '0',
  `time_soil` int(11) DEFAULT '0',
  `cultivator` enum('0','1') DEFAULT '0',
  `first` enum('0','1') DEFAULT '0',
  PRIMARY KEY (`id`),
  KEY `id_user` (`id_user`,`id_plant`,`soil`,`cultivator`) USING BTREE
) ENGINE=MyISAM  DEFAULT CHARSET=utf8 AUTO_INCREMENT=143419 ;

-- --------------------------------------------------------

--
-- Структура таблицы `kolhoz_jalob`
--

CREATE TABLE IF NOT EXISTS `kolhoz_jalob` (
  `id` int(11) NOT NULL AUTO_INCREMENT,
  `id_user` varchar(5000) NOT NULL,
  `id_jalob` varchar(5000) NOT NULL,
  `id_who` varchar(5000) NOT NULL,
  `msg` varchar(5000) NOT NULL,
  `msg_jalob` varchar(5000) NOT NULL,
  `read` varchar(5000) NOT NULL,
  PRIMARY KEY (`id`)
) ENGINE=MyISAM  DEFAULT CHARSET=cp1251 AUTO_INCREMENT=382 ;

-- --------------------------------------------------------

--
-- Структура таблицы `kolhoz_korm`
--

CREATE TABLE IF NOT EXISTS `kolhoz_korm` (
  `id` int(11) NOT NULL AUTO_INCREMENT,
  `name` varchar(500) DEFAULT NULL,
  `cena` int(11) DEFAULT '0',
  `rating` int(11) DEFAULT '0',
  `time` int(11) DEFAULT NULL,
  `level` int(11) DEFAULT '1',
  PRIMARY KEY (`id`)
) ENGINE=MyISAM  DEFAULT CHARSET=utf8 AUTO_INCREMENT=6 ;

--
-- Дамп данных таблицы `kolhoz_korm`
--

INSERT INTO `kolhoz_korm` (`id`, `name`, `cena`, `rating`, `time`, `level`) VALUES
(1, 'Зерно', 50, 10, 2700, 1),
(2, 'Комбикорм', 100, 50, 8000, 10),
(3, 'Муха', 350, 100, 57600, 20),
(4, 'Рачки', 750, 400, 112000, 30),
(5, 'Крилевые хлопья', 1250, 800, 200000, 40);

-- --------------------------------------------------------

--
-- Структура таблицы `kolhoz_krychki`
--

CREATE TABLE IF NOT EXISTS `kolhoz_krychki` (
  `id` int(11) NOT NULL AUTO_INCREMENT,
  `name` varchar(25) NOT NULL,
  `cena` varchar(11) NOT NULL,
  `level` varchar(11) NOT NULL,
  PRIMARY KEY (`id`)
) ENGINE=MyISAM  DEFAULT CHARSET=cp1251 AUTO_INCREMENT=14 ;

--
-- Дамп данных таблицы `kolhoz_krychki`
--

INSERT INTO `kolhoz_krychki` (`id`, `name`, `cena`, `level`) VALUES
(1, 'Крючок 0,4 кг', '15', '15'),
(2, 'Крючок 0,7 кг', '25', '16'),
(3, 'Крючок 1,2 кг', '40', '17'),
(4, 'Крючок 2 кг', '100', '18'),
(5, 'Крючок 3,5 кг', '150', '19'),
(6, 'Крючок 5 кг', '175', '20'),
(7, 'Крючок 7,5 кг', '200', '21'),
(8, 'Крючок 10 кг', '250', '22'),
(9, 'Крючок 12,5 кг', '300', '23'),
(10, 'Крючок 20 кг', '400', '24'),
(11, 'Крючок 30 кг', '500', '25'),
(12, 'Крючок 40 кг', '750', '30'),
(13, 'Крючок 50 кг', '100', '35');

-- --------------------------------------------------------

--
-- Структура таблицы `kolhoz_leska`
--

CREATE TABLE IF NOT EXISTS `kolhoz_leska` (
  `id` int(11) NOT NULL AUTO_INCREMENT,
  `name` varchar(25) NOT NULL,
  `cena` varchar(11) NOT NULL,
  `level` varchar(11) NOT NULL,
  PRIMARY KEY (`id`)
) ENGINE=MyISAM  DEFAULT CHARSET=cp1251 AUTO_INCREMENT=13 ;

--
-- Дамп данных таблицы `kolhoz_leska`
--

INSERT INTO `kolhoz_leska` (`id`, `name`, `cena`, `level`) VALUES
(1, 'Леска 0,1 мм', '15', '15'),
(2, 'Леска 0,2 мм', '30', '16'),
(3, 'Леска 0,3 мм', '100', '17'),
(4, 'Леска 0,5 мм', '150', '18'),
(5, 'Леска 0,7 мм', '200', '19'),
(6, 'Леска 1 мм', '220', '20'),
(7, 'Леска 2 мм', '250', '21'),
(8, 'Леска 3 мм', '290', '22'),
(9, 'Леска 4 мм', '350', '23'),
(10, 'Леска 4.5 мм', '400', '24'),
(11, 'Леска 5 мм', '500', '35'),
(12, 'Леска 6 мм', '1000', '40');

-- --------------------------------------------------------

--
-- Структура таблицы `kolhoz_level`
--

CREATE TABLE IF NOT EXISTS `kolhoz_level` (
  `id` int(11) NOT NULL AUTO_INCREMENT,
  `level` varchar(1000) DEFAULT '0',
  `rating` varchar(1000) DEFAULT '0',
  `rubies` int(11) DEFAULT '0',
  PRIMARY KEY (`id`)
) ENGINE=MyISAM  DEFAULT CHARSET=utf8 AUTO_INCREMENT=76 ;

--
-- Дамп данных таблицы `kolhoz_level`
--

INSERT INTO `kolhoz_level` (`id`, `level`, `rating`, `rubies`) VALUES
(1, '2', '100', 20),
(2, '3', '250', 30),
(3, '4', '495', 40),
(4, '5', '798', 50),
(5, '6', '1100', 60),
(6, '7', '1500', 70),
(7, '8', '1900', 80),
(8, '9', '2300', 90),
(9, '10', '2800', 100),
(10, '11', '3300', 110),
(11, '12', '3800', 120),
(12, '13', '4400', 130),
(13, '14', '4900', 140),
(14, '15', '5500', 150),
(15, '16', '6100', 160),
(16, '17', '11700', 170),
(17, '18', '21200', 180),
(18, '19', '37100', 190),
(19, '20', '63700', 200),
(20, '21', '107600', 210),
(21, '22', '163300', 220),
(22, '23', '237000', 230),
(23, '24', '398900', 240),
(24, '25', '750100', 250),
(25, '26', '1510000', 260),
(26, '27', '3170000', 270),
(27, '28', '6780000', 280),
(28, '29', '14630000', 290),
(29, '30', '31710000', 3000),
(30, '31', '50000000', 3100),
(31, '32', '75000000', 3200),
(32, '33', '100000000', 3300),
(33, '34', '125000000', 3400),
(34, '35', '150000000', 3500),
(35, '36', '300000000', 3600),
(36, '37', '600000000', 3700),
(37, '38', '1200000000', 3800),
(38, '39', '2400000000', 3900),
(39, '40', '4800000000', 4000),
(40, '41', '7000000000', 4100),
(41, '42', '10000000000', 4200),
(42, '43', '15000000000', 4300),
(43, '44', '20000000000', 4400),
(45, '45', '25000000000', 4500),
(46, '46', '30000000000', 4600),
(47, '47', '35000000000', 4700),
(48, '48', '40000000000', 4800),
(49, '49', '45000000000', 4900),
(50, '50', '50000000000', 50000),
(51, '51', '250000000000', 51000),
(52, '52', '500000000000', 52000),
(53, '53', '1000000000000', 53000),
(54, '54', '1500000000000', 54000),
(55, '55', '2000000000000', 55000),
(56, '56', '2600000000000', 56000),
(57, '57', '3200000000000', 57000),
(58, '58', '3600000000000', 58000),
(59, '59', '4000000000000', 60000),
(60, '60', '4300000000000', 60000),
(61, '61', '4700000000000', 61000),
(62, '62', '5200000000000', 62000),
(63, '63', '5700000000000', 63000),
(64, '64', '6100000000000', 64000),
(65, '65', '6600000000000', 65000),
(66, '66', '7000000000000', 66000),
(67, '67', '7500000000000', 67000),
(68, '68', '8000000000000', 68000),
(69, '69', '8300000000000', 69000),
(70, '70', '9000000000000', 70000),
(71, '71', '9300000000000', 71000),
(72, '72', '9600000000000', 72000),
(73, '73', '9900000000000', 73000),
(74, '74', '10300000000000', 74000),
(75, '75', '10700000000000', 75000);

-- --------------------------------------------------------

--
-- Структура таблицы `kolhoz_like`
--

CREATE TABLE IF NOT EXISTS `kolhoz_like` (
  `id` int(11) NOT NULL AUTO_INCREMENT,
  `id_user` int(11) DEFAULT '0',
  `id_who` int(11) DEFAULT '0',
  `like` int(11) DEFAULT '0',
  `dizlike` int(11) DEFAULT '0',
  PRIMARY KEY (`id`)
) ENGINE=MyISAM  DEFAULT CHARSET=utf8 AUTO_INCREMENT=440 ;

-- --------------------------------------------------------

--
-- Структура таблицы `kolhoz_mail`
--

CREATE TABLE IF NOT EXISTS `kolhoz_mail` (
  `id` int(11) NOT NULL AUTO_INCREMENT,
  `id_user` int(11) DEFAULT NULL,
  `id_kont` int(11) DEFAULT NULL,
  `time` int(11) DEFAULT NULL,
  `msg` varchar(1024) DEFAULT NULL,
  `read` set('0','1') DEFAULT '0',
  `type` enum('at','to') DEFAULT 'to',
  `sistem` enum('0','1') DEFAULT '0',
  PRIMARY KEY (`id`),
  KEY `kolhoz_mail_idx2` (`time`),
  KEY `kolhoz_mail_idx1` (`id_user`,`read`) USING BTREE
) ENGINE=MyISAM  DEFAULT CHARSET=utf8 AUTO_INCREMENT=545468 ;

-- --------------------------------------------------------

--
-- Структура таблицы `kolhoz_market`
--

CREATE TABLE IF NOT EXISTS `kolhoz_market` (
  `id` int(11) NOT NULL AUTO_INCREMENT,
  `id_user` int(11) DEFAULT NULL,
  `id_plant2` int(11) DEFAULT NULL,
  `count` int(11) DEFAULT '0',
  `arena` enum('0','1') DEFAULT '0',
  `id_tree` int(11) NOT NULL,
  PRIMARY KEY (`id`)
) ENGINE=MyISAM  DEFAULT CHARSET=utf8 AUTO_INCREMENT=37508 ;

-- --------------------------------------------------------

--
-- Структура таблицы `kolhoz_mine`
--

CREATE TABLE IF NOT EXISTS `kolhoz_mine` (
  `id` int(11) NOT NULL AUTO_INCREMENT,
  `id_user` int(11) DEFAULT NULL,
  `id_plant2` int(11) DEFAULT '0',
  `soil2` enum('0','1') DEFAULT '0',
  `time` int(11) DEFAULT '0',
  `time_water2` int(11) DEFAULT '0',
  `time_soil2` int(11) DEFAULT '0',
  `bomb` enum('0','1') DEFAULT '0',
  `first` enum('0','1') DEFAULT '0',
  PRIMARY KEY (`id`)
) ENGINE=MyISAM  DEFAULT CHARSET=utf8 AUTO_INCREMENT=6146 ;

-- --------------------------------------------------------

--
-- Структура таблицы `kolhoz_nazhivka`
--

CREATE TABLE IF NOT EXISTS `kolhoz_nazhivka` (
  `id` int(11) NOT NULL AUTO_INCREMENT,
  `name` varchar(25) NOT NULL,
  `cena` varchar(11) NOT NULL,
  `level` varchar(11) NOT NULL,
  PRIMARY KEY (`id`)
) ENGINE=MyISAM  DEFAULT CHARSET=cp1251 AUTO_INCREMENT=10 ;

--
-- Дамп данных таблицы `kolhoz_nazhivka`
--

INSERT INTO `kolhoz_nazhivka` (`id`, `name`, `cena`, `level`) VALUES
(1, 'Тесто', '1', '15'),
(2, 'Мотыль', '5', '16'),
(3, 'Земляной червь', '2', '15'),
(4, 'Комар', '6', '17'),
(5, 'Мормыш', '7', '18'),
(6, 'Пареные зерна', '10', '18'),
(7, 'Опарыш', '15', '19'),
(8, 'Малек', '11', '18'),
(9, 'Навозный червь', '13', '20');

-- --------------------------------------------------------

--
-- Структура таблицы `kolhoz_obyv`
--

CREATE TABLE IF NOT EXISTS `kolhoz_obyv` (
  `id` int(11) NOT NULL AUTO_INCREMENT,
  `name` varchar(32) NOT NULL,
  `opis` varchar(10032) NOT NULL,
  `id_user` int(11) DEFAULT NULL,
  PRIMARY KEY (`id`)
) ENGINE=MyISAM  DEFAULT CHARSET=utf8 AUTO_INCREMENT=4 ;

--
-- Дамп данных таблицы `kolhoz_obyv`
--

INSERT INTO `kolhoz_obyv` (`id`, `name`, `opis`, `id_user`) VALUES
(1, 'Admin', 'test', 1),
(2, 'test', 'test', 1),
(3, 'test', 'test', 1);

-- --------------------------------------------------------

--
-- Структура таблицы `kolhoz_pet`
--

CREATE TABLE IF NOT EXISTS `kolhoz_pet` (
  `id` int(11) NOT NULL AUTO_INCREMENT,
  `name` varchar(1000) DEFAULT NULL,
  `cena` int(11) DEFAULT '0',
  `money` int(11) DEFAULT '0',
  `rating` varchar(1000) DEFAULT '0',
  `level` int(11) DEFAULT '1',
  `work` varchar(1000) DEFAULT '0',
  PRIMARY KEY (`id`)
) ENGINE=MyISAM  DEFAULT CHARSET=utf8 AUTO_INCREMENT=45 ;

--
-- Дамп данных таблицы `kolhoz_pet`
--

INSERT INTO `kolhoz_pet` (`id`, `name`, `cena`, `money`, `rating`, `level`, `work`) VALUES
(1, 'Шелкопряд', 1000, 200, '300', 10, 'Приносит шелк'),
(2, 'Курица', 10000, 500, '3000', 16, 'Приносит куриные яйца'),
(4, 'Гусыня', 100000, 700, '5000', 22, 'Приносит гусиные яйца'),
(5, 'Корова', 150000, 700, '6000', 18, 'Приносит молоко'),
(6, 'Овечка', 175000, 800, '8000', 20, 'Приносит шерсть'),
(7, 'Пчела', 250000, 1000, '10000', 24, 'Приносит мёд'),
(9, 'Перепелка', 1000000, 1500, '10000', 32, 'Приносит перепелиные яйца'),
(10, 'Шиншила', 1750000, 1500, '20000', 30, 'Приносит мех'),
(11, 'Крокодил', 20000000, 3000, '50000', 35, 'Приносит кожу'),
(12, 'Марал', 25000000, 5000, '75000', 36, 'Приносит рога'),
(13, 'Лебедь', 27000000, 6000, '65000', 38, 'Приносит пух'),
(14, 'Фламинго', 32000000, 10000, '100000', 38, 'Участвует в выставках'),
(15, 'Бобер', 35000000, 12000, '85000', 40, 'Заготавливает древесину'),
(16, 'Панда', 38000000, 20000, '130000', 40, 'Участвует в выставках'),
(17, 'Страус', 37000000, 15000, '110000', 41, 'Приносит страусиные яйца'),
(18, 'Рысь', 40000000, 26000, '170000', 41, 'Участвует в выставках'),
(19, 'Павлин', 39000000, 20000, '140000', 42, 'Участвует в выставках'),
(20, 'Лиса', 45000000, 34000, '220000', 42, 'Ворует яйца'),
(21, 'Сокол', 34000000, 26000, '185000', 43, 'Участвует в соколиной охоте'),
(22, 'Лев', 50000000, 44000, '285000', 43, 'Участвует в выставках'),
(23, 'Индюк', 55000000, 32000, '200000', 44, 'Приносит индюшачьи яйца'),
(24, 'Свинья', 60000000, 50000, '300000', 44, 'Приносит поросят'),
(25, 'Голубь', 58000000, 38000, '220000', 45, 'Работает почтальоном'),
(26, 'Лошадь', 65000000, 60000, '320000', 45, 'Участвует в скачках'),
(27, 'Аист', 61000000, 40000, '230000', 46, 'Работает почтальоном'),
(28, 'Белка', 68000000, 65000, '340000', 46, 'Заготовляет орешки'),
(29, 'Чайка', 65000000, 42000, '240000', 47, 'Ловит рыбу'),
(30, 'Ёжик', 70000000, 70000, '360000', 47, 'Собирает яблоки'),
(31, 'Пеликан', 66000000, 44000, '250000', 48, 'Ловит рыбу'),
(32, 'Кенгуру', 75000000, 75000, '380000', 48, 'Приносит кенгурят'),
(33, 'Попугай', 67000000, 46000, '260000', 49, 'Разговаривает'),
(34, 'Кролик', 80000000, 80000, '400000', 49, 'Приносит крольчат'),
(35, 'Сова', 68000000, 50000, '270000', 50, 'Ловит грызунов'),
(36, 'Верблюд', 85000000, 85000, '420000', 50, 'Дает шерсть'),
(37, 'Канарейка', 100000000, 90000, '450000', 51, 'Поёт и розмножается '),
(38, 'Коза', 125000000, 100000, '500000', 52, 'Дает молоко,шерсть'),
(39, 'Утка', 150000000, 110000, '550000', 53, 'Дает пух,яйца'),
(40, 'Норка', 175000000, 120000, '600000', 54, 'Дает шапки и шубы'),
(41, 'Паук', 185000000, 140000, '670000', 56, 'Даёт Яд'),
(42, 'Улитка', 190000000, 160000, '700000', 58, 'Учавствует на выставках'),
(43, 'Черепаха', 200000000, 180000, '750000', 60, 'Работает почтальоном'),
(44, 'Питон', 250000000, 200000, '800000', 62, 'Приносит кожу');

-- --------------------------------------------------------

--
-- Структура таблицы `kolhoz_petground`
--

CREATE TABLE IF NOT EXISTS `kolhoz_petground` (
  `id` int(11) NOT NULL AUTO_INCREMENT,
  `id_user` int(11) DEFAULT NULL,
  `id_pet` int(11) DEFAULT '0',
  `time` int(11) DEFAULT '0',
  `time_money` int(11) DEFAULT '0',
  `level` int(11) DEFAULT '1',
  `time_money2` int(11) DEFAULT '0',
  `time_rf` int(11) DEFAULT '0',
  `last_rf` int(11) DEFAULT '0',
  PRIMARY KEY (`id`),
  KEY `kolhoz_petground_idx1` (`id_user`,`id_pet`) USING BTREE
) ENGINE=MyISAM  DEFAULT CHARSET=utf8 AUTO_INCREMENT=64947 ;

-- --------------------------------------------------------

--
-- Структура таблицы `kolhoz_plant`
--

CREATE TABLE IF NOT EXISTS `kolhoz_plant` (
  `id` int(11) NOT NULL AUTO_INCREMENT,
  `name` varchar(500) DEFAULT NULL,
  `cena` int(11) DEFAULT '0',
  `rating` int(11) DEFAULT '0',
  `count` int(11) DEFAULT '0',
  `time` int(11) DEFAULT NULL,
  `money` int(11) DEFAULT '0',
  `time_soil` int(11) DEFAULT '0',
  `level` int(11) DEFAULT '1',
  PRIMARY KEY (`id`)
) ENGINE=MyISAM  DEFAULT CHARSET=utf8 AUTO_INCREMENT=105 ;

--
-- Дамп данных таблицы `kolhoz_plant`
--

INSERT INTO `kolhoz_plant` (`id`, `name`, `cena`, `rating`, `count`, `time`, `money`, `time_soil`, `level`) VALUES
(5, 'Укроп', 10, 30, 1, 2700, 12, 60, 1),
(6, 'Петрушка', 10, 40, 1, 2700, 13, 60, 1),
(7, 'Лук', 20, 20, 1, 6480, 27, 60, 2),
(8, 'Хрен', 20, 80, 1, 23520, 50, 60, 2),
(9, 'Мята', 30, 30, 1, 9360, 42, 120, 3),
(10, 'Редис', 30, 120, 1, 34920, 82, 120, 3),
(11, 'Капуста', 40, 40, 3, 12240, 58, 120, 4),
(12, 'Базилик', 40, 160, 3, 46320, 120, 120, 4),
(13, 'Морковь', 50, 50, 3, 15120, 74, 180, 5),
(14, 'Свекла', 50, 200, 3, 57720, 162, 180, 5),
(15, 'Щавель', 60, 60, 4, 18000, 92, 180, 6),
(16, 'Картофель', 60, 240, 4, 69120, 208, 180, 6),
(17, 'Горох', 70, 70, 4, 20880, 111, 240, 7),
(18, 'Перец', 70, 280, 4, 80520, 258, 240, 7),
(19, 'Томат', 80, 80, 6, 23760, 130, 240, 8),
(20, 'Сельдерей', 80, 320, 6, 93600, 312, 240, 8),
(21, 'Брокколи', 90, 90, 6, 26640, 150, 300, 9),
(22, 'Огурец', 90, 360, 6, 105600, 370, 300, 9),
(23, 'Кабачок', 100, 100, 8, 29520, 171, 300, 10),
(24, 'Клубника', 100, 400, 8, 115200, 432, 300, 10),
(25, 'Фасоль', 110, 110, 8, 32400, 193, 360, 11),
(26, 'Баклажан', 110, 440, 8, 126000, 498, 360, 11),
(27, 'Тыква', 120, 120, 6, 35280, 216, 360, 12),
(28, 'Арбуз', 120, 480, 6, 136800, 567, 360, 12),
(29, 'Чеснок', 130, 130, 10, 38160, 239, 420, 13),
(31, 'Спаржа', 130, 520, 10, 147600, 639, 420, 13),
(32, 'Кукуруза', 140, 140, 7, 38880, 263, 420, 14),
(33, 'Патиссон', 140, 560, 7, 162000, 716, 420, 14),
(34, 'Чили', 150, 150, 7, 43920, 288, 480, 15),
(35, 'Дыня', 150, 600, 7, 172800, 795, 480, 15),
(36, 'Ежевика', 160, 160, 13, 46800, 313, 480, 16),
(37, 'Яблоко', 160, 640, 13, 183600, 878, 480, 16),
(38, 'Крыжовник', 170, 170, 13, 49680, 339, 540, 17),
(39, 'Груша', 170, 680, 13, 194400, 965, 540, 17),
(40, 'Виноград', 180, 180, 14, 52560, 366, 540, 18),
(41, 'Бананы', 180, 720, 14, 205200, 1054, 540, 18),
(42, 'Малина', 190, 190, 14, 55440, 393, 600, 19),
(43, 'Грибы', 190, 760, 14, 216000, 1149, 600, 19),
(44, 'Вишня', 200, 200, 13, 58320, 422, 600, 20),
(45, 'Подсолнух', 200, 800, 13, 230400, 1243, 600, 20),
(46, 'Анютины Глазки', 210, 210, 18, 61200, 451, 660, 21),
(47, 'Гибискусы', 220, 880, 13, 252000, 1446, 660, 22),
(48, 'Ландыши', 230, 230, 17, 66960, 510, 720, 23),
(49, 'Колокольчики', 240, 960, 19, 273600, 1660, 720, 24),
(50, 'Тюльпаны', 250, 250, 17, 94320, 573, 780, 25),
(51, 'Лилии', 260, 1040, 22, 298800, 1888, 780, 26),
(52, 'Гвоздики', 270, 270, 22, 78480, 638, 840, 27),
(53, 'Ромашки', 280, 1120, 27, 320400, 2127, 840, 28),
(54, 'Маки', 290, 290, 27, 84240, 706, 900, 29),
(55, 'Розы', 300, 1200, 26, 342000, 2379, 900, 30),
(56, 'Арахис', 310, 310, 27, 90000, 776, 960, 31),
(57, 'Миндаль', 320, 1280, 27, 367200, 2643, 960, 32),
(58, 'Фундук', 330, 330, 27, 97200, 849, 1020, 33),
(59, 'Кедровый орех', 340, 1360, 29, 388800, 2919, 1020, 34),
(60, 'Кокос', 350, 350, 27, 100800, 924, 1080, 35),
(61, 'Лимон', 500, 2000, 30, 435600, 2600, 1080, 36),
(62, 'Смородина', 500, 1500, 30, 165600, 1125, 1080, 37),
(63, 'Слива', 600, 2500, 30, 464400, 2700, 1140, 37),
(64, 'Облепиха', 600, 2000, 30, 176400, 1000, 1140, 38),
(65, 'Персик', 40, 3500, 400, 507600, 2800, 1140, 38),
(66, 'Черника', 480, 2500, 30, 198000, 870, 1140, 38),
(67, 'Абрикос', 39, 5000, 30, 554400, 2900, 1200, 39),
(68, 'Брусника', 450, 3500, 30, 219600, 850, 1200, 39),
(69, 'Апельсин', 460, 7000, 30, 615600, 3000, 1200, 40),
(70, 'Гранат', 470, 5000, 30, 248400, 950, 1200, 40),
(72, 'Финики', 510, 10000, 30, 835200, 3000, 1260, 41),
(73, 'Хурма', 520, 8000, 30, 338400, 2000, 1260, 42),
(74, 'Киви', 530, 15000, 30, 928800, 6000, 1320, 43),
(75, 'Манго', 540, 12000, 30, 399600, 3000, 1320, 44),
(76, 'Айва', 550, 25000, 30, 1044000, 10000, 1380, 45),
(77, 'Барбарис', 560, 15000, 30, 432000, 4000, 1500, 46),
(78, 'Ирис', 570, 28000, 30, 1080000, 11000, 1380, 46),
(79, 'Календула', 580, 18000, 30, 468000, 5000, 1440, 47),
(80, 'Крапива', 590, 31000, 30, 1116000, 12000, 1440, 47),
(81, 'Кувшинка', 600, 21000, 30, 504000, 6000, 1440, 48),
(82, 'Одуванчик', 610, 33000, 30, 1152000, 13000, 1440, 48),
(83, 'Подорожник', 620, 24000, 30, 540000, 7000, 1500, 49),
(84, 'Сирень', 630, 36000, 30, 1188000, 14000, 1500, 49),
(85, 'Василёк', 640, 27000, 30, 576000, 8000, 1500, 50),
(86, 'Женьшень', 650, 40000, 30, 1224000, 15000, 1500, 50),
(98, 'Питахайя', 14500, 90000, 70, 1800000, 40000, 1800, 55),
(97, 'Наранхилла', 11600, 80000, 60, 1740000, 35000, 1740, 54),
(96, 'Ананас', 8700, 70000, 50, 1680000, 30000, 1680, 53),
(95, 'Грибы', 5800, 60000, 30, 1560000, 25000, 1620, 52),
(94, 'Гречиха', 2900, 50000, 30, 1440000, 20000, 1560, 51),
(99, 'Пшеница', 16000, 95000, 50, 2100000, 32000, 2100, 56),
(100, 'Рожь', 17000, 96000, 50, 2160000, 33000, 1800, 57),
(101, 'Овёс', 18000, 97000, 50, 2220000, 34000, 2100, 58);

-- --------------------------------------------------------

--
-- Структура таблицы `kolhoz_plant2`
--

CREATE TABLE IF NOT EXISTS `kolhoz_plant2` (
  `id` int(11) NOT NULL AUTO_INCREMENT,
  `name` varchar(500) DEFAULT NULL,
  `cena` int(11) DEFAULT '0',
  `rating` int(11) DEFAULT '0',
  `count` int(11) DEFAULT '0',
  `time` int(11) DEFAULT NULL,
  `rubies` int(11) DEFAULT '0',
  `time_soil2` int(11) DEFAULT '0',
  `level` int(11) DEFAULT '1',
  PRIMARY KEY (`id`)
) ENGINE=MyISAM  DEFAULT CHARSET=utf8 AUTO_INCREMENT=318 ;

--
-- Дамп данных таблицы `kolhoz_plant2`
--

INSERT INTO `kolhoz_plant2` (`id`, `name`, `cena`, `rating`, `count`, `time`, `rubies`, `time_soil2`, `level`) VALUES
(239, 'Солянка', 55, 1650, 1, 5600, 62, 0, 10),
(240, 'Салат из томатов и кабачков ', 57, 1750, 1, 5900, 65, 0, 10),
(241, 'Огурцы с хреном', 58, 1850, 1, 6200, 68, 0, 10),
(242, 'Грибы от Игоряныча', 60, 1950, 1, 6500, 71, 0, 12),
(243, 'Грибной паштет ', 62, 2050, 1, 6800, 74, 0, 12),
(244, 'Гороховый кисель', 54, 2150, 1, 7100, 77, 0, 12),
(245, 'Яблочная настойка', 56, 2250, 1, 7400, 80, 0, 14),
(246, 'Настойка из вишен', 58, 2350, 1, 7700, 83, 0, 14),
(247, 'Мятная настойка', 60, 2450, 1, 8000, 86, 0, 16),
(248, 'Грибы маринованные', 62, 2550, 1, 8300, 89, 0, 16),
(249, 'Арбузы маринованные', 64, 2650, 1, 8600, 92, 0, 16),
(250, 'Мусс ягодный', 66, 2750, 1, 8900, 95, 0, 16),
(251, 'Чесночная настойка', 68, 2850, 1, 9200, 98, 0, 18),
(252, 'Варенье из крыжовника', 70, 2950, 1, 9500, 101, 0, 18),
(253, 'Настойка любительская ', 72, 3050, 1, 9800, 104, 0, 18),
(254, 'Варенье из винограда ', 74, 3150, 1, 10100, 107, 0, 19),
(255, 'Томатное пюре ', 76, 3250, 1, 10400, 110, 0, 21),
(256, 'Брокколи маринованные', 78, 3350, 1, 10700, 113, 0, 21),
(257, 'Яблоки с хреном ', 80, 3450, 1, 11000, 116, 0, 22),
(258, 'Томаты в розовом рассоле', 82, 3550, 1, 11300, 119, 0, 22),
(259, 'Крестьянский салат', 84, 3650, 1, 11600, 122, 0, 23),
(260, 'Огурцы маринованные', 86, 3750, 1, 11900, 125, 0, 23),
(261, 'Клубничная наливка ', 88, 3850, 1, 12200, 128, 0, 23),
(262, 'Дедов спотыкач', 90, 3950, 1, 12500, 131, 0, 23),
(263, 'Джем из дыни', 92, 4050, 1, 12800, 134, 0, 23),
(264, 'Банановое варенье', 94, 4150, 1, 13100, 137, 0, 25),
(265, 'Клубничный компот', 96, 4250, 1, 13400, 140, 0, 25),
(266, 'Грушевый компот', 98, 4350, 1, 13700, 143, 0, 25),
(267, 'Варенье из груши ', 100, 4450, 1, 14000, 146, 0, 28),
(268, 'Груши в собственном соку', 102, 4550, 1, 14300, 149, 0, 28),
(269, 'Варенье из арбузов', 104, 4650, 1, 14600, 152, 0, 28),
(270, 'Ромашковая настойка', 106, 4750, 1, 14900, 155, 0, 32),
(271, 'Квашеные томаты', 108, 4850, 1, 15200, 158, 0, 32),
(272, 'Варенье из роз', 110, 4950, 1, 15500, 161, 0, 32),
(273, 'Желе клубничное', 112, 5050, 1, 15800, 164, 0, 33),
(274, 'Редис в сладко-кислой заливке', 114, 5150, 1, 16100, 167, 0, 33),
(275, 'Розовая настойка ', 116, 5250, 1, 16400, 170, 0, 33),
(276, 'Желейный салат', 118, 5350, 1, 16700, 173, 0, 34),
(277, 'Кукуруза в маринаде', 120, 5450, 1, 17000, 176, 0, 35),
(278, 'Ореховая настойка', 122, 5550, 1, 17300, 179, 0, 35),
(279, 'Капусты с травами', 124, 5650, 1, 17600, 182, 0, 35),
(280, 'Пикантные кабачки', 126, 5750, 1, 17900, 185, 0, 35),
(281, 'Варенье из моркови ', 128, 5850, 1, 18200, 188, 0, 36),
(282, 'Ликёр из гвоздик', 130, 5950, 1, 18500, 191, 0, 36),
(283, 'Салат с фасолью', 132, 6050, 1, 18800, 194, 0, 39),
(284, 'Арбузно-вишнёвый напиток ', 134, 6150, 1, 19100, 197, 0, 39),
(285, 'Вишнёвый ликёр ', 136, 6250, 1, 19400, 200, 0, 39),
(286, 'Тыквенное пюре', 138, 6350, 1, 19700, 203, 0, 40),
(287, 'Маринованная капуста ', 140, 6450, 1, 20000, 206, 0, 40),
(288, 'Ликёр из ежевики', 142, 6550, 1, 20300, 209, 0, 42),
(289, 'Кокосовый джем', 144, 6650, 1, 20600, 212, 0, 42),
(290, 'Варенье из смородины', 146, 6750, 1, 20900, 215, 0, 42),
(291, 'Настойка от Михалыча', 148, 6850, 1, 21200, 218, 0, 42),
(292, 'Салат из тыквы и яблок', 150, 6950, 1, 21500, 221, 0, 44),
(293, 'Морс облепиховый', 152, 7050, 1, 21800, 224, 0, 44),
(294, 'Цукаты из слив ', 154, 7150, 1, 22100, 227, 0, 46),
(295, 'Сливянка ', 156, 7250, 1, 22400, 230, 0, 46),
(296, 'Черничная наливка ', 158, 7350, 1, 22700, 233, 0, 46),
(297, 'Повидло персиковое', 160, 7450, 1, 23000, 236, 0, 46),
(298, 'Ликёр из персиков', 162, 7550, 1, 23300, 239, 0, 47),
(299, 'Варенье из брусники ', 164, 7650, 1, 23600, 242, 0, 47),
(300, 'Абрикосовый ликёр ', 166, 7750, 1, 23900, 245, 0, 47),
(301, 'Повидло бруснично- черничное', 168, 7850, 1, 24200, 248, 0, 49),
(302, 'Настойка фруктовая ', 170, 7950, 1, 24500, 251, 0, 49),
(303, 'Ликер на гранатах ', 172, 8050, 1, 24800, 254, 0, 49),
(304, 'Апельсиновое варенье ', 174, 8150, 1, 25100, 257, 0, 49),
(305, 'Салат Тропикана ', 176, 8250, 1, 25400, 260, 0, 50),
(306, 'Коктейль Мартини оранж', 178, 8350, 1, 25700, 263, 0, 50),
(307, 'Салат Черная роза', 180, 8450, 1, 26000, 266, 0, 50),
(308, 'Желе из хурмы', 182, 8550, 1, 26300, 269, 0, 50),
(309, 'Щербет из хурмы', 184, 8650, 1, 26600, 272, 0, 50),
(310, 'Парфе из киви', 186, 8750, 1, 26900, 275, 0, 51),
(311, 'Джем из киви', 188, 8850, 1, 27200, 278, 0, 51),
(312, 'Зелёненькое варенье', 190, 8950, 1, 27500, 281, 0, 51),
(313, 'Мартини из киви', 192, 9050, 1, 27800, 284, 0, 51),
(314, 'Крюшон из дыни', 194, 9150, 1, 28100, 287, 0, 53),
(315, 'Салат из манго и дыни', 196, 9250, 1, 28400, 290, 0, 53),
(316, 'Варенье из айвы', 198, 9350, 1, 28700, 293, 0, 54);

-- --------------------------------------------------------

--
-- Структура таблицы `kolhoz_polka`
--

CREATE TABLE IF NOT EXISTS `kolhoz_polka` (
  `id` int(11) NOT NULL AUTO_INCREMENT,
  `id_user` int(11) DEFAULT NULL,
  `id_plant2` int(11) DEFAULT '0',
  `soil2` enum('0','1') DEFAULT '0',
  `time` int(11) DEFAULT '0',
  `time_water2` int(11) DEFAULT '0',
  `time_soil2` int(11) DEFAULT '0',
  `cultivator2` enum('0','1') DEFAULT '0',
  `first` enum('0','1') DEFAULT '0',
  PRIMARY KEY (`id`)
) ENGINE=MyISAM DEFAULT CHARSET=utf8 AUTO_INCREMENT=1 ;

-- --------------------------------------------------------

--
-- Структура таблицы `kolhoz_polka2`
--

CREATE TABLE IF NOT EXISTS `kolhoz_polka2` (
  `id` int(11) NOT NULL AUTO_INCREMENT,
  `id_user` int(11) DEFAULT NULL,
  `id_plant2` int(11) DEFAULT '0',
  `soil2` enum('0','1') DEFAULT '0',
  `time` int(11) DEFAULT '0',
  `time_water2` int(11) DEFAULT '0',
  `time_soil2` int(11) DEFAULT '0',
  `cultivator2` enum('0','1') DEFAULT '0',
  `first` enum('0','1') DEFAULT '0',
  PRIMARY KEY (`id`),
  KEY `kolhoz_polka2_idx1` (`id_user`,`id_plant2`) USING BTREE
) ENGINE=MyISAM  DEFAULT CHARSET=utf8 AUTO_INCREMENT=139410 ;

-- --------------------------------------------------------

--
-- Структура таблицы `kolhoz_pond`
--

CREATE TABLE IF NOT EXISTS `kolhoz_pond` (
  `id` int(11) NOT NULL AUTO_INCREMENT,
  `id_user` int(11) DEFAULT NULL,
  `id_plant` int(11) DEFAULT '0',
  `soil` enum('0','1') DEFAULT '0',
  `time` int(11) DEFAULT '0',
  `time_soil` int(11) DEFAULT '0',
  `time_water` int(11) DEFAULT '0',
  `cultivator` enum('0','1') DEFAULT '0',
  `first` enum('0','1') DEFAULT '0',
  PRIMARY KEY (`id`),
  KEY `kolhoz_pond_idx1` (`id_user`,`id_plant`,`soil`,`cultivator`)
) ENGINE=MyISAM  DEFAULT CHARSET=utf8 AUTO_INCREMENT=40578 ;

-- --------------------------------------------------------

--
-- Структура таблицы `kolhoz_prud`
--

CREATE TABLE IF NOT EXISTS `kolhoz_prud` (
  `id` int(11) NOT NULL AUTO_INCREMENT,
  `id_user` int(11) DEFAULT NULL,
  `id_fish` int(11) DEFAULT '0',
  `time` int(11) DEFAULT '0',
  `time_money` int(11) DEFAULT '0',
  `level` int(11) DEFAULT '1',
  `time_money2` int(11) DEFAULT '0',
  `time_rf` int(11) DEFAULT '0',
  `last_rf` int(11) DEFAULT '0',
  PRIMARY KEY (`id`)
) ENGINE=MyISAM  DEFAULT CHARSET=utf8 AUTO_INCREMENT=25 ;

-- --------------------------------------------------------

--
-- Структура таблицы `kolhoz_quarry`
--

CREATE TABLE IF NOT EXISTS `kolhoz_quarry` (
  `id` int(11) NOT NULL AUTO_INCREMENT,
  `name` varchar(500) DEFAULT NULL,
  `cena` int(11) DEFAULT '0',
  `rating` int(11) DEFAULT '0',
  `count` int(11) DEFAULT '0',
  `time` int(11) DEFAULT NULL,
  `money` int(11) DEFAULT '0',
  `time_soil2` int(11) DEFAULT '0',
  `level` int(11) DEFAULT '1',
  `image` int(11) DEFAULT '0',
  `fish` int(11) DEFAULT '0',
  PRIMARY KEY (`id`)
) ENGINE=MyISAM  DEFAULT CHARSET=utf8 AUTO_INCREMENT=106 ;

--
-- Дамп данных таблицы `kolhoz_quarry`
--

INSERT INTO `kolhoz_quarry` (`id`, `name`, `cena`, `rating`, `count`, `time`, `money`, `time_soil2`, `level`, `image`, `fish`) VALUES
(1, 'Уголь', 10000, 120000, 5, 10000, 20000, 0, 10, 1, 0),
(2, 'Мрамор', 15000, 200000, 10, 30000, 30000, 0, 20, 2, 0),
(3, 'Алюминий', 20000, 400000, 15, 40000, 50000, 0, 30, 3, 0),
(4, 'Менералы', 30000, 500000, 20, 60000, 100000, 0, 40, 4, 0),
(5, 'Нефть', 40000, 550000, 30, 70000, 250000, 0, 50, 5, 0),
(6, 'Сталь', 50000, 600000, 40, 90000, 500000, 0, 60, 6, 0),
(7, 'Золото', 60000, 650000, 50, 100000, 600000, 0, 70, 7, 0),
(8, 'Драгоценные камни', 70000, 700000, 60, 200000, 700000, 0, 80, 8, 0);

-- --------------------------------------------------------

--
-- Структура таблицы `kolhoz_recipes`
--

CREATE TABLE IF NOT EXISTS `kolhoz_recipes` (
  `id` int(11) NOT NULL AUTO_INCREMENT,
  `name` varchar(500) DEFAULT NULL,
  `cena` int(11) DEFAULT '0',
  `rating` int(11) DEFAULT '0',
  `count` int(11) DEFAULT '0',
  `time` int(11) DEFAULT NULL,
  `money` int(11) DEFAULT '0',
  `time_soil2` int(11) DEFAULT '0',
  `level` int(11) DEFAULT '1',
  `image` int(11) DEFAULT '0',
  PRIMARY KEY (`id`)
) ENGINE=MyISAM  DEFAULT CHARSET=utf8 AUTO_INCREMENT=318 ;

--
-- Дамп данных таблицы `kolhoz_recipes`
--

INSERT INTO `kolhoz_recipes` (`id`, `name`, `cena`, `rating`, `count`, `time`, `money`, `time_soil2`, `level`, `image`) VALUES
(1, 'Зелень для супа', 205, 12, 1, 600, 226, 0, 10, 1),
(2, 'Заправка для борща', 300, 12, 1, 600, 410, 0, 10, 1),
(3, 'Щавель солёный', 510, 161, 1, 1500, 1173, 0, 10, 1),
(4, 'Огонёк', 1786, 164, 1, 600, 4033, 0, 15, 1),
(5, 'Икра кабачковая', 1745, 149, 1, 900, 4090, 0, 15, 1),
(6, 'Тёщин язык', 3916, 341, 1, 1800, 7144, 0, 15, 1),
(7, 'Лобио', 1520, 502, 1, 1800, 4081, 0, 15, 1),
(8, 'Лечо', 4714, 390, 1, 1500, 7645, 0, 15, 1),
(9, 'Фасоль с луком и томатами', 2378, 602, 1, 2400, 6109, 0, 16, 1),
(10, 'Яблочный джем', 2728, 549, 1, 2100, 4447, 0, 16, 2),
(11, 'Ежевичное варенье', 1023, 549, 1, 2400, 2179, 0, 16, 2),
(12, 'Суфле морковно-яблочное', 3902, 1328, 1, 3300, 5718, 0, 16, 2),
(13, 'Квас из винограда', 778, 3125, 1, 3300, 3109, 0, 20, 3),
(14, 'Постная фасоль', 2273, 2251, 1, 1500, 5569, 0, 19, 1),
(15, 'Аджика', 3412, 3471, 1, 1200, 6406, 0, 16, 1),
(16, 'Винегрет', 5189, 4496, 1, 1800, 6559, 0, 20, 1),
(17, 'Овощное рагу', 4485, 4496, 1, 1500, 5808, 0, 20, 1),
(18, 'Солянка', 3428, 7440, 1, 2100, 5605, 0, 20, 1),
(19, 'Салат из томатов и кабачков', 3448, 3934, 1, 1500, 5322, 0, 20, 1),
(20, 'Огурцы с хреном', 3615, 6137, 1, 1500, 5566, 0, 20, 1),
(21, 'Грибы от Игоряныча', 3885, 6937, 1, 2700, 5796, 0, 20, 1),
(22, 'Грибной паштет', 6631, 9920, 1, 2400, 9771, 0, 20, 1),
(23, 'Гороховый кисель', 6815, 5789, 1, 2700, 9902, 0, 20, 1),
(24, 'Яблочная настойка', 6328, 7191, 1, 8700, 22614, 0, 25, 3),
(25, 'Настойка из вишен', 9537, 26616, 1, 37200, 84627, 0, 25, 3),
(26, 'Мятная настойка', 5515, 14263, 1, 21600, 43583, 0, 25, 3),
(27, 'Грибы маринованные', 4519, 722, 1, 1200, 6944, 0, 25, 1),
(28, 'Арбузы маринованные', 6886, 1372, 1, 1800, 10735, 0, 25, 1),
(30, 'Чесночная настойка', 1768, 10160, 1, 7200, 10537, 0, 25, 3),
(31, 'Варенье из крыжовника', 2256, 2155, 1, 2100, 3631, 0, 25, 2),
(32, 'Настойка любительская', 4206, 15990, 1, 15000, 22694, 0, 25, 3),
(33, 'Варенье из винограда', 1807, 1829, 1, 1800, 3057, 0, 25, 2),
(34, 'Томатное пюре', 2001, 1309, 1, 2100, 4787, 0, 25, 1),
(35, 'Брокколи маринованная', 2756, 1885, 1, 2100, 4246, 0, 25, 1),
(36, 'Яблоки с хреном', 4945, 1010, 1, 1200, 7290, 0, 25, 1),
(37, 'Томаты в розовом рассоле', 2845, 1885, 1, 2400, 6953, 0, 25, 1),
(38, 'Крестьянский салат', 7503, 1621, 1, 1800, 10866, 0, 25, 1),
(39, 'Огурцы маринованные', 4578, 1002, 1, 600, 6261, 0, 25, 1),
(40, 'Клубничная наливка', 3731, 110889, 1, 109500, 205331, 0, 25, 3),
(41, 'Дедов спотыкач', 3801, 68892, 1, 43200, 155331, 0, 25, 3),
(42, 'Джем из дыни', 9286, 750, 1, 900, 11425, 0, 25, 2),
(43, 'Банановое варенье', 8416, 3679, 1, 3000, 17159, 0, 27, 2),
(44, 'Клубничный компот', 7022, 1866, 1, 1500, 10528, 0, 27, 2),
(45, 'Грушевый компот', 7713, 2053, 1, 1800, 12528, 0, 27, 2),
(46, 'Варенье из груши', 4198, 1729, 1, 1200, 6041, 0, 27, 2),
(47, 'Груши в собственном соку', 2696, 3535, 1, 2400, 7993, 0, 27, 2),
(48, 'Варенье из арбузов', 8112, 1513, 1, 1800, 11472, 0, 27, 2),
(49, 'Ромашковая настойка', 3912, 24026, 1, 12600, 35471, 0, 28, 3),
(50, 'Квашеные томаты с горчицей', 3007, 1853, 1, 1200, 5590, 0, 30, 1),
(51, 'Варенье из роз', 6484, 6641, 1, 2100, 12744, 0, 30, 2),
(52, 'Желе клубничное', 5783, 6309, 1, 2400, 12563, 0, 30, 2),
(53, 'Редис в сладко-кислой заливке', 6772, 5918, 1, 2100, 15018, 0, 30, 2),
(54, 'Розовая настойка', 3752, 58930, 1, 19800, 59172, 0, 30, 3),
(55, 'Желейный салат', 7161, 3088, 1, 900, 11416, 0, 30, 1),
(56, 'Кукуруза в маринаде', 6986, 6112, 1, 2400, 17688, 0, 30, 1),
(57, 'Ореховая настойка', 3727, 36359, 1, 9000, 38360, 0, 32, 3),
(58, 'Капусты с травами', 2506, 2509, 1, 1500, 6016, 0, 34, 1),
(59, 'Пикантные кабачки', 2616, 7432, 1, 1200, 12546, 0, 34, 1),
(60, 'Варенье из моркови', 3812, 6012, 1, 1800, 8245, 0, 34, 2),
(61, 'Ликёр из гвоздики', 7889, 255275, 1, 75600, 358421, 0, 34, 3),
(62, 'Салат с фасолью', 2825, 2509, 1, 1800, 12280, 0, 34, 1),
(63, 'Арбузно-вишнёвый напиток', 12242, 5529, 1, 1200, 22078, 0, 34, 3),
(64, 'Вишнёвый ликёр', 5231, 54999, 1, 9600, 58843, 0, 34, 3),
(65, 'Тыквенное пюре', 2273, 7984, 1, 1800, 13469, 0, 34, 1),
(66, 'Маринованная капуста', 5169, 30912, 1, 4800, 34388, 0, 34, 1),
(67, 'Ликёр из ежевики', 3232, 170092, 1, 25200, 116065, 0, 34, 3),
(68, 'Кокосовый джем', 1230, 11112, 1, 1200, 4582, 0, 35, 2),
(69, 'Варенье из смородины', 1060, 10201, 1, 900, 1373, 0, 36, 2),
(70, 'Настойка от Михалыча', 2653, 210201, 1, 18000, 91217, 0, 36, 3),
(71, 'Салат из тыквы и яблок', 5671, 24121, 1, 1800, 14706, 0, 36, 1),
(72, 'Морс облепиховый', 982, 22111, 1, 1200, 1330, 0, 37, 2),
(73, 'Цукаты из слив', 4346, 25664, 1, 2700, 15505, 0, 37, 2),
(74, 'Сливянка', 119860, 3492620, 1, 93600, 434923, 0, 37, 3),
(75, 'Черничная наливка', 3138, 391981, 1, 33600, 143576, 0, 38, 3),
(76, 'Повидло персиковое', 6050, 36398, 1, 3000, 22555, 0, 38, 2),
(77, 'Ликёр из персиков', 6825, 306228, 1, 21600, 126642, 0, 38, 3),
(78, 'Варенье из брусники', 1035, 20128, 1, 1800, 3211, 0, 39, 2),
(79, 'Абрикосовый ликёр', 8645, 701038, 1, 77400, 412237, 0, 39, 3),
(80, 'Повидло бруснично-черничное', 1323, 18662, 1, 1500, 3712, 0, 39, 2),
(81, 'Настойка фруктовая', 8923, 604662, 1, 59400, 340541, 0, 39, 3),
(82, 'Ликёр на гранатах', 7045, 301820, 1, 36600, 244537, 0, 40, 3),
(83, 'Апельсиновое варенье', 6131, 20210, 1, 1800, 19298, 0, 40, 2),
(84, 'Салат Тропикана', 10962, 24202, 1, 1500, 24546, 0, 40, 1),
(85, 'Коктейль Мартини оранж', 2927, 38849, 1, 1500, 20699, 0, 40, 3),
(86, 'Салат Черная роза', 6594, 38981, 1, 1500, 19316, 0, 41, 1),
(87, 'Желе из хурмы', 4258, 104417, 1, 4200, 39357, 0, 42, 2),
(88, 'Щербет из хурмы', 2952, 47489, 1, 2100, 18119, 0, 42, 2),
(89, 'Парфе из киви', 10733, 56537, 1, 2100, 32533, 0, 43, 2),
(90, 'Джем из киви', 18218, 30143, 1, 1500, 31173, 0, 43, 2),
(91, 'Зелёненькое варенье', 10465, 72869, 1, 2400, 38854, 0, 43, 2),
(92, 'Мартини из киви', 15173, 1502832, 1, 75600, 600793, 0, 43, 3),
(93, 'Крюшон из дыни и хурмы', 14020, 431576, 1, 32400, 202918, 0, 43, 2),
(94, 'Салат из манго и дыни', 4526, 39668, 1, 3900, 36533, 0, 44, 2),
(95, 'Варенье из айвы', 15090, 39668, 1, 1200, 32755, 0, 45, 2),
(96, 'Повидло из перца по-венгерски', 18806, 106618, 1, 2100, 46422, 0, 45, 2),
(97, 'Напиток из календулы', 8692, 830094, 1, 48000, 399336, 0, 47, 3),
(98, 'Чай лечебный', 4494, 444838, 1, 24000, 196101, 0, 47, 3),
(99, 'Компот облепиховый', 6388, 563228, 1, 27000, 199881, 0, 50, 2);

-- --------------------------------------------------------

--
-- Структура таблицы `kolhoz_sad`
--

CREATE TABLE IF NOT EXISTS `kolhoz_sad` (
  `id` int(11) NOT NULL AUTO_INCREMENT,
  `id_user` int(11) DEFAULT NULL,
  `id_tree` int(11) DEFAULT '0',
  `soil` enum('0','1') DEFAULT '0',
  `time` int(11) DEFAULT '0',
  `time_sbor` int(11) DEFAULT '0',
  `time_soil` int(11) DEFAULT '0',
  `plug` enum('0','1') DEFAULT '0',
  `first` enum('0','1') DEFAULT '0',
  PRIMARY KEY (`id`),
  KEY `kolhoz_sad_idx1` (`id_user`,`id_tree`,`soil`,`plug`) USING BTREE
) ENGINE=MyISAM  DEFAULT CHARSET=utf8 AUTO_INCREMENT=60709 ;

-- --------------------------------------------------------

--
-- Структура таблицы `kolhoz_smiles`
--

CREATE TABLE IF NOT EXISTS `kolhoz_smiles` (
  `id` int(11) NOT NULL AUTO_INCREMENT,
  `name` varchar(1000) DEFAULT NULL,
  `img` varchar(1000) DEFAULT NULL,
  `daat` timestamp NOT NULL DEFAULT CURRENT_TIMESTAMP,
  PRIMARY KEY (`id`)
) ENGINE=MyISAM  DEFAULT CHARSET=utf8 AUTO_INCREMENT=191 ;

--
-- Дамп данных таблицы `kolhoz_smiles`
--

INSERT INTO `kolhoz_smiles` (`id`, `name`, `img`, `daat`) VALUES
(2, ':),:-)', 'ulibka.png', '0000-00-00 00:00:00'),
(3, ';),;-)', 'podmig.png', '0000-00-00 00:00:00'),
(4, ':(,:-(', 'grust.png', '0000-00-00 00:00:00'),
(5, ':D,:-D', 'zubi.png', '0000-00-00 00:00:00'),
(7, ':P,:-P', 'yazik.png', '0000-00-00 00:00:00'),
(8, '8-)', 'krutoi.png', '0000-00-00 00:00:00'),
(9, '@--,--@', 'rose.png', '0000-00-00 00:00:00'),
(10, ':[,:-[', 'smushen.png', '0000-00-00 00:00:00'),
(11, ':v,:в', 'v.gif', '0000-00-00 00:00:00'),
(12, ':=', 'zayac.gif', '0000-00-00 00:00:00'),
(13, ':agree,:согласен', 'agree.gif', '0000-00-00 00:00:00'),
(14, ':bravo,:браво', 'bravo.gif', '0000-00-00 00:00:00'),
(15, ':dance,:танцует', 'dance.gif', '0000-00-00 00:00:00'),
(16, ':hands,:руки', 'hands.gif', '0000-00-00 00:00:00'),
(17, ':super,:супер', 'super.gif', '0000-00-00 00:00:00'),
(18, ':/,:-/,:гордый', 'beee.gif', '0000-00-00 00:00:00'),
(19, ':o,:-o', 'ohmy.gif', '0000-00-00 00:00:00'),
(20, '-)', 'lazy2.gif', '0000-00-00 00:00:00'),
(21, ':s', 'sleep.gif', '0000-00-00 00:00:00'),
(22, ':spam', 'antismail.gif', '2013-04-14 03:59:57'),
(100, 'mkolhoz', 'antismail.gif', '2013-05-10 10:47:20'),
(101, 'm k o l h o z', 'antismail.gif', '2013-05-10 10:48:45'),
(102, 'm_k_o_l_h_o_z', 'antismail.gif', '2013-05-10 10:55:15'),
(103, 'keo', 'antismail.gif', '2013-05-10 10:55:31'),
(104, 'k e o', 'antismail.gif', '2013-05-10 10:55:38'),
(105, 'k_e_o', 'antismail.gif', '2013-05-10 10:55:44'),
(106, 'tk', 'antismail.gif', '2013-05-10 10:57:25'),
(107, 't k', 'antismail.gif', '2013-05-10 10:57:30'),
(108, 't_k', 'antismail.gif', '2013-05-10 10:57:37'),
(109, 'v-kh', 'antismail.gif', '2013-05-10 10:57:44'),
(110, 'v - k h', 'antismail.gif', '2013-05-10 10:57:48'),
(111, 'v_-_k_h', 'antismail.gif', '2013-05-10 10:57:55'),
(112, '.ru', 'antismail.gif', '2013-05-10 11:03:04'),
(113, '. r u', 'antismail.gif', '2013-05-10 11:03:09'),
(114, 'r_u', 'antismail.gif', '2013-05-10 11:03:15'),
(115, '.mobi', 'antismail.gif', '2013-05-10 11:03:20'),
(116, 'm o b i', 'antismail.gif', '2013-05-10 11:03:24'),
(117, 'm_o_b_i', 'antismail.gif', '2013-05-10 11:03:26'),
(32, ':drinks', 'drinks.gif', '2013-05-20 04:06:18'),
(33, ':jester', 'jester.gif', '2013-05-20 04:06:41'),
(1, ':drag', 'drag.gif', '2013-05-20 04:13:34'),
(23, ':morning1', 'morning1.gif', '2013-05-20 04:14:52'),
(24, ':ThankYou', 'ThankYou.gif', '2013-05-20 04:15:54'),
(25, ':whack', 'whack.gif', '2013-05-20 04:16:20'),
(26, ':ireful1', 'ireful1.gif', '2013-05-20 04:16:39'),
(118, '(m)(k)(o)(l)(h)(o)(z)', 'antismail.gif', '2013-05-25 03:06:32'),
(29, ':ank', 'spank.gif', '2013-05-20 04:17:38'),
(30, ':goody', 'goody.gif', '2013-05-20 04:18:08'),
(31, ':coffee', 'smailikai_com_263.gif', '2013-05-22 03:21:17'),
(34, ':kiss', 'smailikai_com_210.gif', '2013-05-22 03:23:11'),
(35, ':loved', 'smailikai_com_246.gif', '2013-05-22 03:23:42'),
(36, ':heart', 'smailikai_com_253.gif', '2013-05-22 03:24:08'),
(37, ':kick', 'smailikai_com_237.gif', '2013-05-22 03:25:01'),
(119, 'm/k/o/l/h/o/z', 'antismail.gif', '2013-05-25 03:08:16'),
(120, 'kolhoznik', 'antismail.gif', '2013-06-05 05:45:15'),
(121, 'k o l h o z n i k', 'antismail.gif', '2013-06-05 10:31:44'),
(122, 'k_o_l_h_o_z_n_i_k', 'antismail.gif', '2013-06-05 10:32:13'),
(123, 'k/o/l/h/o/z/n/i/k', 'antismail.gif', '2013-06-05 10:32:35'),
(124, 'k o lh o z n i k', 'antismail.gif', '2013-06-05 12:18:58');

-- --------------------------------------------------------

--
-- Структура таблицы `kolhoz_snacti_user`
--

CREATE TABLE IF NOT EXISTS `kolhoz_snacti_user` (
  `id` int(11) NOT NULL AUTO_INCREMENT,
  `id_user` varchar(11) NOT NULL,
  `clev` varchar(15) NOT NULL DEFAULT 'no',
  `clev_time` varchar(255) NOT NULL,
  `clev_time1` varchar(255) NOT NULL,
  `refl1` varchar(255) NOT NULL,
  `refl2` varchar(255) NOT NULL,
  `refl3` varchar(255) NOT NULL,
  `timel1` varchar(255) NOT NULL,
  `timel2` varchar(255) NOT NULL,
  `timel3` varchar(255) NOT NULL,
  `udochka` varchar(100) NOT NULL,
  `leska` varchar(100) NOT NULL,
  `krychki` varchar(100) NOT NULL,
  `nazhivka` varchar(100) NOT NULL,
  `rating` varchar(11) NOT NULL,
  `ref1` varchar(255) NOT NULL,
  `ref2` varchar(255) NOT NULL,
  `ref3` varchar(255) NOT NULL,
  `ref4` varchar(255) NOT NULL,
  `time1` varchar(255) NOT NULL,
  `time2` varchar(255) NOT NULL,
  `time3` varchar(255) NOT NULL,
  `time4` varchar(255) NOT NULL,
  `col_nazhivka` varchar(11) NOT NULL,
  `nazhivka_name` varchar(255) NOT NULL,
  `leska_name` varchar(255) NOT NULL,
  `krychki_name` varchar(255) NOT NULL,
  `udochka_name` varchar(255) NOT NULL,
  `krychki_level` varchar(255) NOT NULL,
  `leska_level` varchar(255) NOT NULL,
  `udochka_level` varchar(255) NOT NULL,
  PRIMARY KEY (`id`),
  KEY `kolhoz_snacti_user_idx1` (`id_user`)
) ENGINE=MyISAM  DEFAULT CHARSET=cp1251 AUTO_INCREMENT=4971 ;

-- --------------------------------------------------------

--
-- Структура таблицы `kolhoz_soil`
--

CREATE TABLE IF NOT EXISTS `kolhoz_soil` (
  `id` int(11) NOT NULL AUTO_INCREMENT,
  `name` varchar(500) DEFAULT NULL,
  `cena` int(11) DEFAULT '0',
  `rating` int(11) DEFAULT '0',
  `time` int(11) DEFAULT NULL,
  `level` int(11) DEFAULT '1',
  PRIMARY KEY (`id`)
) ENGINE=MyISAM  DEFAULT CHARSET=utf8 AUTO_INCREMENT=10 ;

--
-- Дамп данных таблицы `kolhoz_soil`
--

INSERT INTO `kolhoz_soil` (`id`, `name`, `cena`, `rating`, `time`, `level`) VALUES
(1, 'Торф', 1, 5, 1800, 1),
(2, 'Компост', 50, 10, 7200, 7),
(3, 'Азот', 200, 20, 21600, 15),
(4, 'Сульфат', 500, 50, 32400, 20),
(5, 'Суперфосфат', 2000, 200, 32400, 25),
(6, 'Коровяк', 21000, 500, 86400, 15),
(7, 'Биоплант', 30000, 1500, 172800, 40),
(8, 'Магнезит', 10000, 350, 54000, 35),
(9, 'Элитное', 60000, 3000, 345600, 51);

-- --------------------------------------------------------

--
-- Структура таблицы `kolhoz_soil2`
--

CREATE TABLE IF NOT EXISTS `kolhoz_soil2` (
  `id` int(11) NOT NULL AUTO_INCREMENT,
  `name` varchar(500) DEFAULT NULL,
  `cena` int(11) DEFAULT '0',
  `rating` int(11) DEFAULT '0',
  `time` int(11) DEFAULT NULL,
  `level` int(11) DEFAULT '1',
  PRIMARY KEY (`id`)
) ENGINE=MyISAM  DEFAULT CHARSET=utf8 AUTO_INCREMENT=9 ;

--
-- Дамп данных таблицы `kolhoz_soil2`
--

INSERT INTO `kolhoz_soil2` (`id`, `name`, `cena`, `rating`, `time`, `level`) VALUES
(1, 'Торф', 1, 5, 1800, 1),
(8, 'Магнезит', 10000, 350, 54000, 35);

-- --------------------------------------------------------

--
-- Структура таблицы `kolhoz_start`
--

CREATE TABLE IF NOT EXISTS `kolhoz_start` (
  `id` int(11) NOT NULL AUTO_INCREMENT,
  `img` varchar(5000) NOT NULL,
  PRIMARY KEY (`id`)
) ENGINE=MyISAM  DEFAULT CHARSET=cp1251 AUTO_INCREMENT=90 ;

--
-- Дамп данных таблицы `kolhoz_start`
--

INSERT INTO `kolhoz_start` (`id`, `img`) VALUES
(89, 'Добро пожаловать в игру!');

-- --------------------------------------------------------

--
-- Структура таблицы `kolhoz_storage`
--

CREATE TABLE IF NOT EXISTS `kolhoz_storage` (
  `id` int(11) NOT NULL AUTO_INCREMENT,
  `id_user` int(11) DEFAULT NULL,
  `id_plant2` int(11) DEFAULT NULL,
  `count` int(11) DEFAULT '0',
  `arena` enum('0','1') DEFAULT '0',
  `fish` varchar(32) DEFAULT NULL,
  PRIMARY KEY (`id`)
) ENGINE=MyISAM  DEFAULT CHARSET=utf8 AUTO_INCREMENT=302 ;

-- --------------------------------------------------------

--
-- Структура таблицы `kolhoz_tree`
--

CREATE TABLE IF NOT EXISTS `kolhoz_tree` (
  `id` int(11) NOT NULL AUTO_INCREMENT,
  `name` varchar(500) DEFAULT NULL,
  `cena` int(11) DEFAULT '0',
  `rating` int(11) DEFAULT '0',
  `count` int(11) DEFAULT '0',
  `time` int(11) DEFAULT NULL,
  `money` int(11) DEFAULT '0',
  `time_soil` int(11) DEFAULT '0',
  `level` int(11) DEFAULT '1',
  PRIMARY KEY (`id`)
) ENGINE=MyISAM  DEFAULT CHARSET=utf8 AUTO_INCREMENT=87 ;

--
-- Дамп данных таблицы `kolhoz_tree`
--

INSERT INTO `kolhoz_tree` (`id`, `name`, `cena`, `rating`, `count`, `time`, `money`, `time_soil`, `level`) VALUES
(1, 'Орех', 7000, 40000, 30, 432000, 5000, 3600, 20),
(2, 'Шелковица', 9000, 55000, 20, 452000, 6000, 3600, 21),
(3, 'Груша', 10000, 60000, 25, 460000, 6500, 3600, 22),
(4, 'Яблоня', 11000, 65000, 27, 470000, 6800, 3600, 23),
(5, 'Абрикос', 12000, 69000, 30, 490000, 7000, 3600, 24),
(6, 'Алыча', 12500, 72000, 30, 500000, 7500, 3600, 25),
(7, 'Слива', 13000, 75000, 30, 550000, 8000, 3600, 26),
(8, 'Айва', 14000, 77000, 32, 570000, 8200, 3600, 27),
(9, 'Черешня', 15000, 79000, 25, 540000, 8400, 3600, 28),
(10, 'Вишня', 16000, 80000, 27, 550000, 8500, 3600, 29),
(11, 'Фундук', 17000, 83000, 28, 570000, 8700, 3600, 30),
(12, 'Персик', 18000, 85000, 26, 560000, 9000, 3600, 31),
(13, 'Нектарин', 19000, 87000, 28, 580000, 9300, 3600, 32),
(14, 'Гранат', 20000, 90000, 29, 600000, 9500, 3600, 33),
(15, 'Липа', 25000, 100000, 28, 620000, 10000, 3600, 34),
(16, 'Лимон', 28000, 120000, 30, 670000, 12000, 4000, 35);

-- --------------------------------------------------------

--
-- Структура таблицы `kolhoz_udochka`
--

CREATE TABLE IF NOT EXISTS `kolhoz_udochka` (
  `id` int(11) NOT NULL AUTO_INCREMENT,
  `name` varchar(25) NOT NULL,
  `cena` varchar(11) NOT NULL,
  `level` varchar(11) NOT NULL,
  PRIMARY KEY (`id`)
) ENGINE=MyISAM  DEFAULT CHARSET=cp1251 AUTO_INCREMENT=8 ;

--
-- Дамп данных таблицы `kolhoz_udochka`
--

INSERT INTO `kolhoz_udochka` (`id`, `name`, `cena`, `level`) VALUES
(1, 'Бамбук', '150', '15'),
(2, 'Легкое удилище', '155', '16'),
(3, 'Простой спиннинг', '170', '17'),
(4, 'Профессиональное удилище', '200', '18'),
(5, 'Улучшенный спиннинг', '200', '19'),
(6, 'Профессиональный спининг', '300', '25'),
(7, 'Матчевое удилище', '500', '30');

-- --------------------------------------------------------

--
-- Структура таблицы `kolhoz_user`
--

CREATE TABLE IF NOT EXISTS `kolhoz_user` (
  `id` int(11) NOT NULL AUTO_INCREMENT,
  `nick` varchar(16) DEFAULT NULL,
  `rating` bigint(255) DEFAULT '0',
  `password` varchar(32) NOT NULL DEFAULT '',
  `money` bigint(255) DEFAULT '0',
  `rubies` bigint(255) DEFAULT '0',
  `level` int(11) DEFAULT '1',
  `dostig` int(11) DEFAULT '0',
  `tehnika` int(11) DEFAULT '0',
  `time` int(11) DEFAULT '0',
  `reg_time` int(30) NOT NULL,
  `last_plant` int(11) DEFAULT '0',
  `last_recipes` int(11) DEFAULT '0',
  `last_tree` int(11) DEFAULT '0',
  `last_soil` int(11) DEFAULT '0',
  `last_soil2` int(11) DEFAULT '0',
  `last_soil3` int(11) DEFAULT '0',
  `conveyor` int(11) DEFAULT '0',
  `autocrane` int(11) DEFAULT '0',
  `incubator` int(11) DEFAULT '0',
  `plug` int(11) DEFAULT '0',
  `conveyer` int(11) DEFAULT '0',
  `kombain` int(11) DEFAULT '0',
  `isoiler` int(11) DEFAULT '0',
  `iseeder` int(11) DEFAULT '0',
  `cultivator2` int(11) DEFAULT '0',
  `cultivator` int(11) NOT NULL DEFAULT '0',
  `fooder` int(11) DEFAULT '0',
  `fishfooder` int(11) DEFAULT '0',
  `flowerbed` int(11) DEFAULT '0',
  `harvester` int(11) DEFAULT '0',
  `harvester2` int(11) DEFAULT '0',
  `hydropinics_time` int(11) DEFAULT NULL,
  `hydropinics_type` int(11) DEFAULT NULL,
  `irregate` int(11) DEFAULT '0',
  `scarecrow_time` int(11) DEFAULT '0',
  `scarecrow_day` int(11) DEFAULT '0',
  `seeder` int(11) DEFAULT '0',
  `soiler` int(11) DEFAULT '0',
  `time_obmen` int(11) DEFAULT '0',
  `time_start` int(11) DEFAULT '0',
  `time_shmel` int(11) DEFAULT '0',
  `time_yastreb` int(11) DEFAULT '0',
  `time_drakon` int(11) DEFAULT '0',
  `cook_mas` int(11) DEFAULT '0',
  `sadovod` int(11) DEFAULT '0',
  `vodoley` int(11) DEFAULT '0',
  `agronom` int(11) DEFAULT '0',
  `botanik` int(11) DEFAULT '0',
  `kormer` int(11) DEFAULT '0',
  `tkormer` int(11) DEFAULT '0',
  `pugach` int(11) DEFAULT '0',
  `tdlevel` int(11) DEFAULT '0',
  `sdlevel` int(11) DEFAULT '0',
  `kmlevel` int(11) DEFAULT '0',
  `vdlevel` int(11) DEFAULT '0',
  `gdlevel` int(11) DEFAULT '0',
  `bdlevel` int(11) DEFAULT '0',
  `pdlevel` int(11) DEFAULT '0',
  `ppdlevel` int(11) DEFAULT '0',
  `plklevel` int(11) DEFAULT '0',
  `prdlevel` int(11) DEFAULT '0',
  `kdlevel` int(11) DEFAULT '0',
  `kflevel` int(11) DEFAULT '0',
  `agdlevel` int(11) DEFAULT '0',
  `pgdlevel` int(11) DEFAULT '0',
  `time_cp` int(11) DEFAULT '0',
  `time_cp2` int(11) DEFAULT '0',
  `time_cp3` int(11) DEFAULT '0',
  `count_cp` int(11) DEFAULT '0',
  `count_cp2` int(11) DEFAULT '0',
  `count_cp3` int(11) DEFAULT '0',
  `status` enum('0','1','2','3','4') DEFAULT '3',
  `dostup` enum('0','1') DEFAULT '0',
  `date_last` int(11) DEFAULT '0',
  `umoney` bigint(255) DEFAULT '0',
  `goscomp` enum('0','1') DEFAULT '0',
  `goscomp_plant` int(11) DEFAULT '0',
  `goscomp_time` int(11) DEFAULT NULL,
  `expdouble` enum('Mon','Tue','Wed','Thu','Fri','Sat','Sun') DEFAULT NULL,
  `pol` enum('0','1') DEFAULT '1',
  `email` varchar(50) DEFAULT NULL,
  `name` varchar(50) DEFAULT NULL,
  `city` varchar(40) DEFAULT NULL,
  `date` varchar(10) DEFAULT NULL,
  `contacts` varchar(30) DEFAULT NULL,
  `autologin` varchar(35) DEFAULT NULL,
  `time_support` int(11) DEFAULT NULL,
  `ip` varchar(15) DEFAULT NULL,
  `browser` varchar(1024) DEFAULT NULL,
  `last_fish` int(11) DEFAULT NULL,
  `last_plant2` int(11) NOT NULL DEFAULT '0',
  `last_korm` int(11) DEFAULT NULL,
  `seeder2` int(11) NOT NULL DEFAULT '0',
  `sponder` int(11) DEFAULT NULL,
  `garden_time` varchar(255) DEFAULT '',
  `gardener` varchar(255) DEFAULT NULL,
  `pkey` varchar(255) DEFAULT NULL,
  `karta` varchar(255) DEFAULT NULL,
  `brak` varchar(30) DEFAULT NULL,
  `cultivator_all2` int(11) NOT NULL DEFAULT '0',
  `gorod_brak` varchar(32) DEFAULT NULL,
  `conveyor2` int(11) NOT NULL DEFAULT '0',
  `fooder2` int(11) NOT NULL DEFAULT '0',
  `almaz` bigint(255) NOT NULL DEFAULT '0',
  `status_icon` int(11) DEFAULT NULL,
  `status_text` varchar(150) DEFAULT NULL,
  `conveyor3` int(11) NOT NULL DEFAULT '0',
  `seeder3` int(11) NOT NULL DEFAULT '0',
  `time_fp` int(11) DEFAULT NULL,
  `dog_time` int(11) NOT NULL DEFAULT '0',
  `id_fish` int(11) DEFAULT NULL,
  `theme` int(11) DEFAULT NULL,
  `inkubator` int(11) NOT NULL DEFAULT '0',
  `iconka` int(11) DEFAULT NULL,
  `ikonka` varchar(20) DEFAULT '1',
  `refi` int(11) DEFAULT '0',
  `count_ref` int(11) NOT NULL DEFAULT '0',
  `mslevel` int(11) DEFAULT NULL,
  `master` int(11) DEFAULT NULL,
  `famil` varchar(30) DEFAULT '',
  `strana` varchar(30) DEFAULT NULL,
  `icq` varchar(30) DEFAULT NULL,
  `skype` varchar(30) DEFAULT NULL,
  `obo` varchar(100) DEFAULT NULL,
  `timepodarok` varchar(10) DEFAULT NULL,
  `podarok` varchar(10) DEFAULT NULL,
  `pod` varchar(10) DEFAULT NULL,
  `vetriak_time` varchar(11) DEFAULT NULL,
  `vetriak_day` varchar(11) DEFAULT NULL,
  `vetriak` int(11) DEFAULT NULL,
  `icon` int(11) NOT NULL DEFAULT '1',
  `catchfish` int(11) NOT NULL DEFAULT '0',
  `guest` int(11) DEFAULT '0',
  `arena1` int(11) NOT NULL DEFAULT '0',
  `arena2` int(11) NOT NULL DEFAULT '0',
  `arena3` int(11) NOT NULL DEFAULT '0',
  `para` varchar(11) DEFAULT NULL,
  `coll` varchar(30) DEFAULT '',
  `ava` int(11) DEFAULT '0',
  `ground_min` tinyint(1) NOT NULL DEFAULT '1',
  `animal_min` tinyint(1) NOT NULL DEFAULT '1',
  `cellar_min` tinyint(1) NOT NULL DEFAULT '1',
  `garden_min` tinyint(1) NOT NULL DEFAULT '1',
  `fish_min` tinyint(1) NOT NULL DEFAULT '1',
  `vetruk` int(11) DEFAULT '0',
  `verh` int(1) NOT NULL DEFAULT '1',
  `weather` int(1) NOT NULL DEFAULT '1',
  `weather_time` varchar(12) DEFAULT NULL,
  `read_obyv` varchar(32) NOT NULL,
  `arena4` varchar(1000) NOT NULL,
  `arena5` varchar(1000) NOT NULL,
  `arena_win` varchar(1000) NOT NULL,
  `arena2max` varchar(1000) NOT NULL,
  `arena2time` varchar(12) DEFAULT NULL,
  `hp_time` varchar(12) DEFAULT NULL,
  `kirka` varchar(11) NOT NULL DEFAULT '1',
  `lopata` varchar(11) NOT NULL DEFAULT '1',
  `molotok` varchar(11) NOT NULL DEFAULT '1',
  `color` varchar(30) NOT NULL,
  `is_marfa` int(10) NOT NULL DEFAULT '0',
  `is_trfm` int(10) NOT NULL DEFAULT '0',
  `marfa_food` int(10) NOT NULL DEFAULT '0',
  `reficount_ref` int(11) NOT NULL DEFAULT '0',
  `mashina1` varchar(32) NOT NULL,
  `mashina2` varchar(32) NOT NULL,
  `mashina3` varchar(32) NOT NULL,
  `mashina4` varchar(32) NOT NULL,
  `house` varchar(32) NOT NULL,
  `mashina5` varchar(32) NOT NULL,
  `stats` varchar(32) NOT NULL,
  `stats1` varchar(32) NOT NULL,
  `stats2` varchar(32) NOT NULL,
  `stats3` varchar(32) NOT NULL,
  `stats4` varchar(32) NOT NULL,
  `stats5` varchar(32) NOT NULL,
  `bassein2` varchar(32) NOT NULL,
  `bassein3` varchar(32) NOT NULL,
  `bassein4` varchar(32) NOT NULL,
  `bassein5` varchar(32) NOT NULL,
  `bassein1` varchar(32) NOT NULL,
  `bassein` varchar(32) NOT NULL,
  `clumbs` varchar(32) NOT NULL,
  `clumbs1` varchar(32) NOT NULL,
  `clumbs2` varchar(32) NOT NULL,
  `clumbs3` varchar(32) NOT NULL,
  `clumbs4` varchar(32) NOT NULL,
  `raznoe` varchar(32) NOT NULL,
  `raznoe1` varchar(32) NOT NULL,
  `raznoe2` varchar(32) NOT NULL,
  `raznoe3` varchar(32) NOT NULL,
  `raznoe4` varchar(32) NOT NULL,
  `raznoe5` varchar(32) NOT NULL,
  `raznoe6` varchar(32) NOT NULL,
  `raznoe7` varchar(32) NOT NULL,
  `raznoe8` varchar(32) NOT NULL,
  `popular` varchar(32) NOT NULL,
  `mine` varchar(32) NOT NULL,
  `bomber` varchar(32) NOT NULL,
  `magnet` varchar(32) NOT NULL,
  `last_mine` varchar(32) NOT NULL,
  `timevip` int(11) NOT NULL,
  `vip_who` varchar(32) NOT NULL,
  `vip` varchar(32) NOT NULL,
  `rabotnik_time` int(11) NOT NULL,
  `time_acva` int(11) NOT NULL,
  `time_poseidon` int(11) NOT NULL,
  `time_rusalka` int(11) NOT NULL,
  PRIMARY KEY (`id`),
  KEY `kolhoz_user_idx1` (`level`) USING BTREE,
  KEY `kolhoz_user_idx2` (`time_cp`),
  KEY `kolhoz_user_idx3` (`conveyor`),
  KEY `kolhoz_user_idx4` (`cultivator`),
  KEY `kolhoz_user_idx5` (`flowerbed`),
  KEY `kolhoz_user_idx6` (`irregate`),
  KEY `kolhoz_user_idx7` (`soiler`),
  KEY `kolhoz_user_idx8` (`seeder`),
  KEY `kolhoz_user_idx9` (`fooder`),
  KEY `kolhoz_user_idx10` (`harvester`),
  KEY `kolhoz_user_idx11` (`sponder`),
  KEY `kolhoz_user_idx12` (`catchfish`),
  KEY `kolhoz_user_idx13` (`harvester2`),
  KEY `kolhoz_user_idx14` (`seeder2`),
  KEY `kolhoz_user_idx15` (`cultivator2`),
  KEY `kolhoz_user_idx16` (`nick`,`password`)
) ENGINE=MyISAM  DEFAULT CHARSET=utf8 AUTO_INCREMENT=20933 ;

-- --------------------------------------------------------

--
-- Структура таблицы `kolhoz_user_history`
--

CREATE TABLE IF NOT EXISTS `kolhoz_user_history` (
  `id` int(11) NOT NULL AUTO_INCREMENT,
  `user` int(11) DEFAULT '0',
  `time` int(11) DEFAULT '0',
  `ip` varchar(1000) DEFAULT NULL,
  `browser` varchar(1000) DEFAULT '0',
  `type` int(11) DEFAULT '0',
  PRIMARY KEY (`id`)
) ENGINE=MyISAM  DEFAULT CHARSET=utf8 AUTO_INCREMENT=599 ;

-- --------------------------------------------------------

--
-- Структура таблицы `kolhoz_warehouse`
--

CREATE TABLE IF NOT EXISTS `kolhoz_warehouse` (
  `id` int(11) NOT NULL AUTO_INCREMENT,
  `id_user` int(11) DEFAULT NULL,
  `id_plant` int(11) DEFAULT NULL,
  `count` int(11) DEFAULT '0',
  `arena` enum('0','1') DEFAULT '0',
  `fish` int(11) NOT NULL,
  `garden` int(11) NOT NULL,
  PRIMARY KEY (`id`)
) ENGINE=MyISAM  DEFAULT CHARSET=utf8 AUTO_INCREMENT=188450 ;

-- --------------------------------------------------------

--
-- Структура таблицы `kolhoz_works`
--

CREATE TABLE IF NOT EXISTS `kolhoz_works` (
  `id` int(11) NOT NULL AUTO_INCREMENT,
  `name` varchar(500) DEFAULT NULL,
  `work` varchar(1024) DEFAULT NULL,
  `cena` int(11) DEFAULT '0',
  `rating` int(11) DEFAULT '0',
  `master` int(11) DEFAULT '0',
  `count` int(11) DEFAULT '0',
  `time` int(11) DEFAULT NULL,
  `money` int(11) DEFAULT '0',
  `time_soil` int(11) DEFAULT '0',
  `level` int(11) DEFAULT '1',
  PRIMARY KEY (`id`)
) ENGINE=MyISAM  DEFAULT CHARSET=utf8 AUTO_INCREMENT=12 ;

--
-- Дамп данных таблицы `kolhoz_works`
--

INSERT INTO `kolhoz_works` (`id`, `name`, `work`, `cena`, `rating`, `master`, `count`, `time`, `money`, `time_soil`, `level`) VALUES
(1, 'Починка крана', 'Тут у Кузьмича кран сломался, говорит, что заплатит за починку. Интересно, откуда у него деньги?', 600, 100, 1, 22, 1980, 240000, 0, 15),
(2, 'Дрова', 'Бабе Любе нужны дрова для бани. Поможешь?', 1000, 1000, 1, 240000, 6000, 320000, 0, 16),
(3, 'Конура', 'Бедный пес Барбос совсем без дома! Ты обязан помочь ему!', 1500, 2500, 1, 32000, 10020, 500000, 60, 17),
(5, 'Продажа топоров', 'Займись бизнесом, тут мужики в лес собрались! Мож удасться продать пару топоров. ', 2100, 3100, 2, 0, 11400, 720000, 0, 19),
(6, 'Починка ЗИЛа', 'Тут у Председателя сломался ЗИЛ. У него денег немало, заплатит.', 4000, 5000, 2, 0, 14400, 850000, 0, 21),
(7, 'Трава', 'У тебя на дворе трава заросла! Того гляди, весь дом накроет. Коси ее!', 7500, 10000, 3, 0, 17700, 1000000, 0, 25),
(8, 'Замена', 'Ветеринара бык на рога взял! Надо заменить его(ветеринара:-D) и сделать укол коровам!', 5000, 45000, 1, 0, 19800, 1316580, 0, 30),
(9, 'Женское дело', 'Мыть посуду - женское дело? Кто сказал? Не забудь резиновые перчатки.', 5600, 76312, 1, 0, 30000, 1730200, 0, 31),
(10, 'Очистить загоны', 'Твоих загонах полно навоза! Скорей берись за дело, иначе звери сбегут, а это не есть хорошо.', 61000, 100600, 2, 1, 36000, 2000000, 0, 32),
(11, 'Тест раБоты', 'Тестирование раздела', 500, 1000, 0, 0, 60, 20000000, 0, 500);

-- --------------------------------------------------------

--
-- Структура таблицы `konts`
--

CREATE TABLE IF NOT EXISTS `konts` (
  `id_user` int(11) NOT NULL,
  `id_kont` int(11) NOT NULL,
  `time` int(11) NOT NULL,
  KEY `id_user` (`id_user`,`id_kont`,`time`)
) ENGINE=MyISAM DEFAULT CHARSET=utf8;

--
-- Дамп данных таблицы `konts`
--

INSERT INTO `konts` (`id_user`, `id_kont`, `time`) VALUES
(0, 1, 1366202017),
(0, 1, 1368629153),
(0, 996, 1366383720),
(0, 996, 1366919680),
(0, 996, 1368629380),
(0, 2943, 1370378932),
(0, 7177, 1368798632),
(0, 9056, 1369076009),
(0, 9721, 1368798154),
(0, 14450, 1371911442),
(1, 2, 1371816142),
(1719, 3434, 1367412917),
(1719, 3434, 1368371620),
(3965, 13596, 1370157924),
(3965, 13596, 1370772022),
(3965, 19904, 1372225520),
(4305, 4760, 1367323347),
(5524, 12016, 1371980958),
(5524, 14098, 1370800819),
(5642, 12176, 1371635425),
(5858, 13419, 1371490371),
(6094, 13357, 1371561807),
(6677, 5133, 1369025798),
(7177, 9721, 1370962741),
(8373, 11982, 1372134153),
(9056, 9216, 1369081867),
(9903, 3801, 1368953264),
(10221, 12010, 1364409159),
(11791, 18677, 1371635983),
(11974, 15930, 1370532510),
(11989, 15975, 1370537830),
(12022, 12176, 1367389159),
(12093, 14714, 1369297735),
(12151, 9026, 1372166027),
(12176, 7580, 1370030460),
(12179, 2, 1371834844),
(12215, 20083, 1372113652),
(12370, 807, 1370032980),
(12457, 12459, 1369171519),
(12489, 16793, 1371894573),
(12554, 12555, 1366850049),
(13279, 12175, 1367775998),
(13357, 12364, 1370160084),
(13533, 6099, 1370021074),
(13563, 18676, 1371839424),
(14056, 2, 1370168503),
(14113, 13583, 1370603056),
(15095, 12215, 1371976268),
(15930, 16253, 1372218510),
(16306, 16258, 1371564369),
(16793, 12489, 1371455675),
(17192, 13460, 1371703512),
(18149, 3434, 1371842899),
(19726, 12214, 1372252917);

-- --------------------------------------------------------

--
-- Структура таблицы `liker`
--

CREATE TABLE IF NOT EXISTS `liker` (
  `id` int(11) NOT NULL AUTO_INCREMENT,
  `kto` int(11) NOT NULL,
  `komu` int(11) NOT NULL,
  `pm` int(2) NOT NULL,
  PRIMARY KEY (`id`)
) ENGINE=InnoDB  DEFAULT CHARSET=utf8 AUTO_INCREMENT=489 ;

-- --------------------------------------------------------

--
-- Структура таблицы `tmp_arena`
--

CREATE TABLE IF NOT EXISTS `tmp_arena` (
  `id` int(11) NOT NULL AUTO_INCREMENT,
  `oponent` varchar(255) NOT NULL,
  `usr` varchar(2255) NOT NULL,
  `time` varchar(255) NOT NULL,
  `losetime` varchar(255) NOT NULL,
  `step` varchar(255) NOT NULL,
  `protect` varchar(255) NOT NULL,
  `attack` varchar(255) NOT NULL,
  `id_user` int(11) NOT NULL,
  PRIMARY KEY (`id`)
) ENGINE=MyISAM  DEFAULT CHARSET=cp1251 AUTO_INCREMENT=2816 ;

-- --------------------------------------------------------

--
-- Структура таблицы `user_stats`
--

CREATE TABLE IF NOT EXISTS `user_stats` (
  `id` int(11) NOT NULL AUTO_INCREMENT,
  `id_user` int(8) NOT NULL,
  `intime` int(12) NOT NULL,
  `user_ip` varchar(15) CHARACTER SET utf8 NOT NULL,
  `agent` varchar(512) CHARACTER SET utf8 DEFAULT NULL,
  PRIMARY KEY (`id`),
  KEY `intime` (`intime`)
) ENGINE=InnoDB  DEFAULT CHARSET=latin1 AUTO_INCREMENT=78709 ;

-- --------------------------------------------------------

--
-- Структура таблицы `xsolla_billing`
--

CREATE TABLE IF NOT EXISTS `xsolla_billing` (
  `id` int(10) NOT NULL AUTO_INCREMENT,
  `invoice` bigint(20) NOT NULL COMMENT 'Xsolla invoice ID',
  `v1` varchar(100) NOT NULL,
  `v2` varchar(100) DEFAULT NULL,
  `v3` varchar(100) DEFAULT NULL,
  `amount` decimal(10,2) NOT NULL COMMENT 'Amount of payment',
  `currency` varchar(3) DEFAULT NULL COMMENT 'Payment currency',
  `date` timestamp NULL DEFAULT NULL COMMENT 'Date and time of payment',
  `code` int(10) DEFAULT NULL COMMENT 'Response code',
  `description` varchar(100) DEFAULT NULL COMMENT 'Response description',
  `date_add` timestamp NULL DEFAULT CURRENT_TIMESTAMP,
  `canceled` enum('0','1') NOT NULL DEFAULT '0',
  `date_cancel` timestamp NULL DEFAULT NULL,
  PRIMARY KEY (`id`),
  UNIQUE KEY `invoice_UNIQUE` (`invoice`)
) ENGINE=InnoDB  DEFAULT CHARSET=utf8 AUTO_INCREMENT=176 ;

--
-- Дамп данных таблицы `xsolla_billing`
--

INSERT INTO `xsolla_billing` (`id`, `invoice`, `v1`, `v2`, `v3`, `amount`, `currency`, `date`, `code`, `description`, `date_add`, `canceled`, `date_cancel`) VALUES
(5, 39758649, '6773', NULL, NULL, '0.00', '371', '2013-01-29 13:43:47', NULL, NULL, '2013-01-29 13:43:47', '0', NULL),
(6, 40025652, '6625', NULL, NULL, '0.00', '116', '2013-01-31 12:51:45', NULL, NULL, '2013-01-31 12:51:45', '0', NULL),
(7, 40224582, '6959', NULL, NULL, '0.00', '352', '2013-02-01 14:30:56', NULL, NULL, '2013-02-01 14:30:56', '0', NULL),
(8, 40254763, '6051', NULL, NULL, '0.00', '113', '2013-02-01 18:05:04', NULL, NULL, '2013-02-01 18:05:04', '0', NULL),
(9, 40277871, '7101', NULL, NULL, '0.00', '183', '2013-02-02 01:10:14', NULL, NULL, '2013-02-02 01:10:14', '0', NULL),
(10, 40279359, '7101', NULL, NULL, '0.00', '183', '2013-02-02 01:41:52', NULL, NULL, '2013-02-02 01:41:52', '0', NULL),
(11, 40294159, '6625', NULL, NULL, '0.00', '257', '2013-02-02 05:10:31', NULL, NULL, '2013-02-02 05:10:31', '0', NULL),
(12, 40335191, '5312', NULL, NULL, '0.00', '100', '2013-02-02 08:47:13', NULL, NULL, '2013-02-02 08:47:13', '0', NULL),
(13, 40351346, '7099', NULL, NULL, '0.00', '500', '2013-02-02 10:14:25', NULL, NULL, '2013-02-02 10:14:25', '0', NULL),
(14, 40358156, '5555', NULL, NULL, '0.00', '120', '2013-02-02 10:48:01', NULL, NULL, '2013-02-02 10:48:01', '0', NULL),
(15, 40482863, '7187', NULL, NULL, '0.00', '241', '2013-02-03 06:53:40', NULL, NULL, '2013-02-03 06:53:40', '0', NULL),
(16, 40484086, '7201', NULL, NULL, '0.00', '241', '2013-02-03 07:03:32', NULL, NULL, '2013-02-03 07:03:32', '0', NULL),
(17, 40485867, '7187', NULL, NULL, '0.00', '120', '2013-02-03 07:14:35', NULL, NULL, '2013-02-03 07:14:35', '0', NULL),
(18, 40518600, '6668', NULL, NULL, '0.00', '703', '2013-02-03 10:26:06', NULL, NULL, '2013-02-03 10:26:06', '0', NULL),
(19, 40532773, '6798', NULL, NULL, '0.00', '186', '2013-02-03 11:50:35', NULL, NULL, '2013-02-03 11:50:35', '0', NULL),
(20, 40533908, '7281', NULL, NULL, '0.00', '163', '2013-02-03 12:00:40', NULL, NULL, '2013-02-03 12:00:40', '0', NULL),
(21, 40641910, '7216', NULL, NULL, '0.00', '241', '2013-02-04 09:13:54', NULL, NULL, '2013-02-04 09:13:54', '0', NULL),
(22, 40689387, '7389', NULL, NULL, '0.00', '695', '2013-02-04 13:58:23', NULL, NULL, '2013-02-04 13:58:23', '0', NULL),
(23, 40722922, '1690', NULL, NULL, '0.00', '100', '2013-02-04 20:03:38', NULL, NULL, '2013-02-04 20:03:38', '0', NULL),
(24, 40757420, '7247', NULL, NULL, '0.00', '453', '2013-02-05 06:43:57', NULL, NULL, '2013-02-05 06:43:57', '0', NULL),
(25, 40935014, '7414', NULL, NULL, '0.00', '362', '2013-02-06 11:09:54', NULL, NULL, '2013-02-06 11:09:54', '0', NULL),
(26, 40964771, '6706', NULL, NULL, '0.00', '100', '2013-02-06 14:04:02', NULL, NULL, '2013-02-06 14:04:02', '0', NULL),
(27, 40967773, '7668', NULL, NULL, '0.00', '500', '2013-02-06 14:24:26', NULL, NULL, '2013-02-06 14:24:26', '0', NULL),
(28, 40969170, '7668', NULL, NULL, '0.00', '500', '2013-02-06 14:33:44', NULL, NULL, '2013-02-06 14:33:44', '0', NULL),
(29, 40978935, '7668', NULL, NULL, '0.00', '400', '2013-02-06 15:49:04', NULL, NULL, '2013-02-06 15:49:04', '0', NULL),
(30, 41019168, '6579', NULL, NULL, '0.00', '19', '2013-02-07 04:57:06', NULL, NULL, '2013-02-07 04:57:06', '0', NULL),
(31, 41111595, '7727', NULL, NULL, '0.00', '417', '2013-02-07 14:17:36', NULL, NULL, '2013-02-07 14:17:36', '0', NULL),
(32, 41299014, '7795', NULL, NULL, '0.00', '121', '2013-02-08 16:26:41', NULL, NULL, '2013-02-08 16:26:41', '0', NULL),
(33, 41648004, '5312', NULL, NULL, '0.00', '680', '2013-02-11 02:41:06', NULL, NULL, '2013-02-11 02:41:06', '0', NULL),
(34, 41648502, '5312', NULL, NULL, '0.00', '38', '2013-02-11 02:48:22', NULL, NULL, '2013-02-11 02:48:22', '0', NULL),
(35, 41819361, '6706', NULL, NULL, '0.00', '150', '2013-02-12 03:17:45', NULL, NULL, '2013-02-12 03:17:45', '0', NULL),
(36, 41829267, '4637', NULL, NULL, '0.00', '483', '2013-02-12 04:47:35', NULL, NULL, '2013-02-12 04:47:35', '0', NULL),
(37, 42071754, '8000', NULL, NULL, '0.00', '737', '2013-02-13 13:13:18', NULL, NULL, '2013-02-13 13:13:18', '0', NULL),
(38, 42120796, '8011', NULL, NULL, '0.00', '373', '2013-02-13 19:47:31', NULL, NULL, '2013-02-13 19:47:31', '0', NULL),
(39, 42120762, '8032', NULL, NULL, '0.00', '370', '2013-02-13 19:48:50', NULL, NULL, '2013-02-13 19:48:50', '0', NULL),
(40, 42124535, '8032', NULL, NULL, '0.00', '222', '2013-02-13 21:07:00', NULL, NULL, '2013-02-13 21:07:00', '0', NULL),
(41, 42300475, '8048', NULL, NULL, '0.00', '559', '2013-02-14 19:25:55', NULL, NULL, '2013-02-14 19:25:55', '0', NULL),
(42, 42421186, '8011', NULL, NULL, '0.00', '373', '2013-02-15 12:57:56', NULL, NULL, '2013-02-15 12:57:57', '0', NULL),
(43, 42539934, '8062', NULL, NULL, '0.00', '190', '2013-02-16 06:57:36', NULL, NULL, '2013-02-16 06:57:36', '0', NULL),
(44, 42551845, '8207', NULL, NULL, '0.00', '559', '2013-02-16 07:51:53', NULL, NULL, '2013-02-16 07:51:53', '0', NULL),
(45, 42627090, '8282', NULL, NULL, '0.00', '370', '2013-02-16 13:40:51', NULL, NULL, '2013-02-16 13:40:52', '0', NULL),
(46, 42632197, '8282', NULL, NULL, '0.00', '185', '2013-02-16 14:07:58', NULL, NULL, '2013-02-16 14:07:58', '0', NULL),
(47, 42638458, '8282', NULL, NULL, '0.00', '109', '2013-02-16 14:49:47', NULL, NULL, '2013-02-16 14:49:47', '0', NULL),
(48, 42644785, '8282', NULL, NULL, '0.00', '109', '2013-02-16 15:33:49', NULL, NULL, '2013-02-16 15:33:49', '0', NULL),
(49, 42699688, '8394', NULL, NULL, '0.00', '242', '2013-02-17 05:22:13', NULL, NULL, '2013-02-17 05:22:13', '0', NULL),
(50, 42699665, '8394', NULL, NULL, '0.00', '120', '2013-02-17 05:24:39', NULL, NULL, '2013-02-17 05:24:40', '0', NULL),
(51, 42712250, '1555', NULL, NULL, '0.00', '130', '2013-02-17 06:50:30', NULL, NULL, '2013-02-17 06:50:30', '0', NULL),
(52, 42954103, '4201', NULL, NULL, '0.00', '150', '2013-02-18 18:08:04', NULL, NULL, '2013-02-18 18:08:04', '0', NULL),
(53, 43135862, '8588', NULL, NULL, '0.00', '185', '2013-02-20 03:05:26', NULL, NULL, '2013-02-20 03:05:26', '0', NULL),
(54, 43137012, '8588', NULL, NULL, '0.00', '168', '2013-02-20 03:23:01', NULL, NULL, '2013-02-20 03:23:01', '0', NULL),
(55, 43270299, '8588', NULL, NULL, '0.00', '160', '2013-02-20 21:36:34', NULL, NULL, '2013-02-20 21:36:34', '0', NULL),
(56, 43600707, '8650', NULL, NULL, '0.00', '373', '2013-02-22 14:31:32', NULL, NULL, '2013-02-22 14:31:32', '0', NULL),
(57, 43913018, '2421', NULL, NULL, '0.00', '110', '2013-02-24 06:40:57', NULL, NULL, '2013-02-24 06:40:57', '0', NULL),
(58, 44230708, '8948', NULL, NULL, '0.00', '100', '2013-02-26 06:13:35', NULL, NULL, '2013-02-26 06:13:35', '0', NULL),
(59, 44319613, '9015', NULL, NULL, '0.00', '515', '2013-02-26 15:35:16', NULL, NULL, '2013-02-26 15:35:16', '0', NULL),
(60, 44331835, '8902', NULL, NULL, '0.00', '999', '2013-02-26 17:27:39', NULL, NULL, '2013-02-26 17:27:39', '0', NULL),
(61, 44431384, '9140', NULL, NULL, '0.00', '500', '2013-02-27 11:56:11', NULL, NULL, '2013-02-27 11:56:11', '0', NULL),
(62, 44432111, '9140', NULL, NULL, '0.00', '500', '2013-02-27 11:58:45', NULL, NULL, '2013-02-27 11:58:45', '0', NULL),
(63, 44479070, '9148', NULL, NULL, '0.00', '355', '2013-02-27 16:53:29', NULL, NULL, '2013-02-27 16:53:29', '0', NULL),
(64, 44524936, '9148', NULL, NULL, '0.00', '170', '2013-02-28 08:08:40', NULL, NULL, '2013-02-28 08:08:40', '0', NULL),
(65, 44530851, '9142', NULL, NULL, '0.00', '110', '2013-02-28 08:59:10', NULL, NULL, '2013-02-28 08:59:10', '0', NULL),
(66, 44538707, '9190', NULL, NULL, '0.00', '500', '2013-02-28 09:56:57', NULL, NULL, '2013-02-28 09:56:57', '0', NULL),
(67, 44560133, '9239', NULL, NULL, '0.00', '144', '2013-02-28 11:44:01', NULL, NULL, '2013-02-28 11:44:01', '0', NULL),
(68, 44594864, '6668', NULL, NULL, '0.00', '141', '2013-02-28 14:47:15', NULL, NULL, '2013-02-28 14:47:15', '0', NULL),
(69, 44615452, '9015', NULL, NULL, '0.00', '100', '2013-02-28 17:30:43', NULL, NULL, '2013-02-28 17:30:43', '0', NULL),
(70, 44615746, '9015', NULL, NULL, '0.00', '100', '2013-02-28 17:32:57', NULL, NULL, '2013-02-28 17:32:57', '0', NULL),
(71, 44615960, '9015', NULL, NULL, '0.00', '100', '2013-02-28 17:35:23', NULL, NULL, '2013-02-28 17:35:23', '0', NULL),
(72, 44616166, '9015', NULL, NULL, '0.00', '100', '2013-02-28 17:37:16', NULL, NULL, '2013-02-28 17:37:16', '0', NULL),
(73, 44616333, '9015', NULL, NULL, '0.00', '100', '2013-02-28 17:38:54', NULL, NULL, '2013-02-28 17:38:54', '0', NULL),
(74, 44616464, '9015', NULL, NULL, '0.00', '100', '2013-02-28 17:40:29', NULL, NULL, '2013-02-28 17:40:29', '0', NULL),
(75, 44616611, '9015', NULL, NULL, '0.00', '100', '2013-02-28 17:50:23', NULL, NULL, '2013-02-28 17:50:23', '0', NULL),
(76, 44616705, '9015', NULL, NULL, '0.00', '100', '2013-02-28 17:51:12', NULL, NULL, '2013-02-28 17:51:12', '0', NULL),
(77, 44631628, '9033', NULL, NULL, '0.00', '170', '2013-02-28 23:23:54', NULL, NULL, '2013-02-28 23:23:54', '0', NULL),
(78, 44628390, '9216', NULL, NULL, '0.00', '160', '2013-03-01 06:05:21', NULL, NULL, '2013-03-01 06:05:21', '0', NULL),
(79, 44691322, '9056', NULL, NULL, '0.00', '160', '2013-03-01 09:24:53', NULL, NULL, '2013-03-01 09:24:53', '0', NULL),
(80, 44745568, '9015', NULL, NULL, '0.00', '100', '2013-03-01 13:32:31', NULL, NULL, '2013-03-01 13:32:31', '0', NULL),
(81, 44746543, '9015', NULL, NULL, '0.00', '250', '2013-03-01 13:33:19', NULL, NULL, '2013-03-01 13:33:19', '0', NULL),
(82, 44716586, '9248', NULL, NULL, '0.00', '160', '2013-03-02 07:11:42', NULL, NULL, '2013-03-02 07:11:42', '0', NULL),
(83, 44864240, '9239', NULL, NULL, '0.00', '534', '2013-03-02 08:02:28', NULL, NULL, '2013-03-02 08:02:28', '0', NULL),
(84, 44869129, '9239', NULL, NULL, '0.00', '805', '2013-03-02 08:27:27', NULL, NULL, '2013-03-02 08:27:27', '0', NULL),
(85, 44953413, '9375', NULL, NULL, '0.00', '213', '2013-03-02 15:11:28', NULL, NULL, '2013-03-02 15:11:28', '0', NULL),
(86, 44956719, '9378', NULL, NULL, '0.00', '150', '2013-03-02 15:31:54', NULL, NULL, '2013-03-02 15:31:54', '0', NULL),
(87, 44974435, '9239', NULL, NULL, '0.00', '356', '2013-03-02 17:57:19', NULL, NULL, '2013-03-02 17:57:19', '0', NULL),
(88, 44977105, '9239', NULL, NULL, '0.00', '356', '2013-03-02 18:26:33', NULL, NULL, '2013-03-02 18:26:33', '0', NULL),
(89, 45277732, '8062', NULL, NULL, '0.00', '53', '2013-03-04 16:39:58', NULL, NULL, '2013-03-04 16:39:58', '0', NULL),
(90, 45289396, '9519', NULL, NULL, '0.00', '227', '2013-03-04 19:42:37', NULL, NULL, '2013-03-04 19:42:37', '0', NULL),
(91, 45353102, '348', NULL, NULL, '0.00', '242', '2013-03-05 09:25:05', NULL, NULL, '2013-03-05 09:25:05', '0', NULL),
(92, 45367225, '9031', NULL, NULL, '0.00', '299', '2013-03-05 10:38:42', NULL, NULL, '2013-03-05 10:38:42', '0', NULL),
(93, 45431561, '9015', NULL, NULL, '0.00', '160', '2013-03-05 16:34:54', NULL, NULL, '2013-03-05 16:34:54', '0', NULL),
(94, 45462804, '9544', NULL, NULL, '0.00', '598', '2013-03-06 03:19:11', NULL, NULL, '2013-03-06 03:19:11', '0', NULL),
(95, 45549661, '8824', NULL, NULL, '0.00', '226', '2013-03-06 12:57:13', NULL, NULL, '2013-03-06 12:57:13', '0', NULL),
(96, 45687783, '9286', NULL, NULL, '0.00', '160', '2013-03-07 10:13:22', NULL, NULL, '2013-03-07 10:13:22', '0', NULL),
(97, 45700553, '9286', NULL, NULL, '0.00', '200', '2013-03-07 11:03:01', NULL, NULL, '2013-03-07 11:03:01', '0', NULL),
(98, 45766179, '8824', NULL, NULL, '0.00', '453', '2013-03-07 15:51:26', NULL, NULL, '2013-03-07 15:51:27', '0', NULL),
(99, 45941549, '15', NULL, NULL, '0.00', '249', '2013-03-08 11:33:41', NULL, NULL, '2013-03-08 11:33:41', '0', NULL),
(100, 45967697, '9140', NULL, NULL, '0.00', '500', '2013-03-08 13:22:45', NULL, NULL, '2013-03-08 13:22:45', '0', NULL),
(101, 46095408, '6696', NULL, NULL, '0.00', '249', '2013-03-09 07:41:31', NULL, NULL, '2013-03-09 07:41:31', '0', NULL),
(102, 46095300, '9390', NULL, NULL, '0.00', '300', '2013-03-09 07:54:57', NULL, NULL, '2013-03-09 07:54:57', '0', NULL),
(103, 46116243, '6696', NULL, NULL, '0.00', '372', '2013-03-09 09:13:24', NULL, NULL, '2013-03-09 09:13:24', '0', NULL),
(104, 46311070, '9140', NULL, NULL, '0.00', '500', '2013-03-10 10:07:19', NULL, NULL, '2013-03-10 10:07:19', '0', NULL),
(105, 46366338, '9717', NULL, NULL, '0.00', '828', '2013-03-10 15:00:48', NULL, NULL, '2013-03-10 15:00:48', '0', NULL),
(106, 46406488, '8824', NULL, NULL, '0.00', '828', '2013-03-11 02:03:07', NULL, NULL, '2013-03-11 02:03:07', '0', NULL),
(107, 46577236, '9140', NULL, NULL, '0.00', '100', '2013-03-12 04:09:32', NULL, NULL, '2013-03-12 04:09:32', '0', NULL),
(108, 46577404, '9140', NULL, NULL, '0.00', '100', '2013-03-12 04:11:44', NULL, NULL, '2013-03-12 04:11:44', '0', NULL),
(109, 46816360, '9820', NULL, NULL, '0.00', '242', '2013-03-13 13:28:25', NULL, NULL, '2013-03-13 13:28:25', '0', NULL),
(110, 46815636, '9820', NULL, NULL, '0.00', '117', '2013-03-13 13:29:18', NULL, NULL, '2013-03-13 13:29:18', '0', NULL),
(111, 46891124, '4937', NULL, NULL, '0.00', '196', '2013-03-14 05:38:27', NULL, NULL, '2013-03-14 05:38:27', '0', NULL),
(112, 46907738, '9867', NULL, NULL, '0.00', '739', '2013-03-14 07:44:56', NULL, NULL, '2013-03-14 07:44:56', '0', NULL),
(113, 47017685, '9823', NULL, NULL, '0.00', '483', '2013-03-15 00:40:19', NULL, NULL, '2013-03-15 00:40:19', '0', NULL),
(114, 47162423, '7466', NULL, NULL, '0.00', '186', '2013-03-15 16:29:43', NULL, NULL, '2013-03-15 16:29:43', '0', NULL),
(115, 47545046, '9972', NULL, NULL, '0.00', '110', '2013-03-18 03:59:48', NULL, NULL, '2013-03-18 03:59:48', '0', NULL),
(116, 47635003, '9252', NULL, NULL, '0.00', '739', '2013-03-18 12:59:17', NULL, NULL, '2013-03-18 12:59:17', '0', NULL),
(117, 47793398, '10027', NULL, NULL, '0.00', '500', '2013-03-19 13:31:28', NULL, NULL, '2013-03-19 13:31:28', '0', NULL),
(118, 47798510, '9800', NULL, NULL, '0.00', '110', '2013-03-19 13:59:01', NULL, NULL, '2013-03-19 13:59:01', '0', NULL),
(119, 47972095, '10027', NULL, NULL, '0.00', '100', '2013-03-20 18:06:02', NULL, NULL, '2013-03-20 18:06:02', '0', NULL),
(120, 48480199, '10027', NULL, NULL, '0.00', '100', '2013-03-23 15:58:56', NULL, NULL, '2013-03-23 15:58:56', '0', NULL),
(121, 48837665, '12139', NULL, NULL, '0.00', '100', '2013-03-25 23:42:56', NULL, NULL, '2013-03-25 23:42:56', '0', NULL),
(122, 49348289, '11934', NULL, NULL, '0.00', '216', '2013-03-29 01:19:44', NULL, NULL, '2013-03-29 01:19:44', '0', NULL),
(123, 49957894, '4374', NULL, NULL, '0.00', '200', '2013-04-01 10:05:22', NULL, NULL, '2013-04-01 10:05:22', '0', NULL),
(124, 50393410, '12419', NULL, NULL, '0.00', '300', '2013-04-04 06:50:21', NULL, NULL, '2013-04-04 06:50:21', '0', NULL),
(125, 50495602, '3708', NULL, NULL, '0.00', '100', '2013-04-04 22:29:17', NULL, NULL, '2013-04-04 22:29:17', '0', NULL),
(126, 50495832, '3708', NULL, NULL, '0.00', '200', '2013-04-04 22:37:27', NULL, NULL, '2013-04-04 22:37:27', '0', NULL),
(127, 50862822, '3708', NULL, NULL, '0.00', '200', '2013-04-07 05:05:33', NULL, NULL, '2013-04-07 05:05:33', '0', NULL),
(128, 50943468, '2921', NULL, NULL, '0.00', '449', '2013-04-07 13:04:59', NULL, NULL, '2013-04-07 13:04:59', '0', NULL),
(129, 50956610, '11162', NULL, NULL, '0.00', '142', '2013-04-07 14:34:46', NULL, NULL, '2013-04-07 14:34:46', '0', NULL),
(130, 51164607, '12235', NULL, NULL, '0.00', '799', '2013-04-09 03:13:40', NULL, NULL, '2013-04-09 03:13:41', '0', NULL),
(131, 51293857, '12686', NULL, NULL, '0.00', '101', '2013-04-09 18:23:44', NULL, NULL, '2013-04-09 18:23:44', '0', NULL),
(132, 51437471, '12422', NULL, NULL, '0.00', '200', '2013-04-10 16:40:34', NULL, NULL, '2013-04-10 16:40:34', '0', NULL),
(133, 51458649, '12686', NULL, NULL, '0.00', '100', '2013-04-11 01:12:24', NULL, NULL, '2013-04-11 01:12:24', '0', NULL),
(134, 52018270, '12810', NULL, NULL, '0.00', '423', '2013-04-14 02:34:42', NULL, NULL, '2013-04-14 02:34:42', '0', NULL),
(135, 52362398, '6773', NULL, NULL, '0.00', '384', '2013-04-16 04:23:56', NULL, NULL, '2013-04-16 04:23:56', '0', NULL),
(136, 52660209, '12918', NULL, NULL, '0.00', '100', '2013-04-18 07:22:04', NULL, NULL, '2013-04-18 07:22:04', '0', NULL),
(137, 52725615, '12818', NULL, NULL, '0.00', '649', '2013-04-18 13:56:07', NULL, NULL, '2013-04-18 13:56:07', '0', NULL),
(138, 52806714, '12960', NULL, NULL, '0.00', '443', '2013-04-19 07:09:58', NULL, NULL, '2013-04-19 07:09:58', '0', NULL),
(139, 53016197, '12960', NULL, NULL, '0.00', '314', '2013-04-20 12:36:19', NULL, NULL, '2013-04-20 12:36:19', '0', NULL),
(140, 53241182, '5647', NULL, NULL, '0.00', '824', '2013-04-22 04:53:59', NULL, NULL, '2013-04-22 04:53:59', '0', NULL),
(141, 53653746, '5647', NULL, NULL, '0.00', '129', '2013-04-24 20:58:48', NULL, NULL, '2013-04-24 20:58:48', '0', NULL),
(142, 53653773, '5647', NULL, NULL, '0.00', '129', '2013-04-24 20:59:41', NULL, NULL, '2013-04-24 20:59:41', '0', NULL),
(143, 54921853, '9017', NULL, NULL, '0.00', '120', '2013-05-03 08:49:59', NULL, NULL, '2013-05-03 08:49:59', '0', NULL),
(144, 54943677, '11934', NULL, NULL, '0.00', '429', '2013-05-03 11:13:24', NULL, NULL, '2013-05-03 11:13:24', '0', NULL),
(145, 55761663, '13406', NULL, NULL, '0.00', '168', '2013-05-08 20:17:19', NULL, NULL, '2013-05-08 20:17:19', '0', NULL),
(146, 55761626, '13406', NULL, NULL, '0.00', '168', '2013-05-08 20:17:20', NULL, NULL, '2013-05-08 20:17:20', '0', NULL),
(147, 56203091, '13406', NULL, NULL, '0.00', '300', '2013-05-11 01:07:15', NULL, NULL, '2013-05-11 01:07:15', '0', NULL),
(148, 56576945, '13406', NULL, NULL, '0.00', '393', '2013-05-12 21:01:41', NULL, NULL, '2013-05-12 21:01:41', '0', NULL),
(149, 56577135, '13502', NULL, NULL, '0.00', '82', '2013-05-12 21:03:04', NULL, NULL, '2013-05-12 21:03:04', '0', NULL),
(150, 56714909, '13533', NULL, NULL, '0.00', '306', '2013-05-13 16:47:09', NULL, NULL, '2013-05-13 16:47:09', '0', NULL),
(151, 56745706, '13557', NULL, NULL, '0.00', '100', '2013-05-14 03:53:43', NULL, NULL, '2013-05-14 03:53:43', '0', NULL),
(152, 58199162, '13569', NULL, NULL, '0.00', '513', '2013-05-14 10:35:35', NULL, NULL, '2013-05-14 10:35:35', '0', NULL),
(153, 58503228, '9056', NULL, NULL, '0.00', '608', '2013-05-16 10:18:46', NULL, NULL, '2013-05-16 10:18:46', '0', NULL),
(154, 58582481, '13646', NULL, NULL, '0.00', '142', '2013-05-17 00:15:44', NULL, NULL, '2013-05-17 00:15:44', '0', NULL),
(155, 58647612, '13646', NULL, NULL, '0.00', '540', '2013-05-17 08:53:48', NULL, NULL, '2013-05-17 08:53:48', '0', NULL),
(156, 58654546, '13802', NULL, NULL, '0.00', '50', '2013-05-17 09:30:48', NULL, NULL, '2013-05-17 09:30:48', '0', NULL),
(157, 58953442, '13964', NULL, NULL, '0.00', '100', '2013-05-19 06:56:43', NULL, NULL, '2013-05-19 06:56:43', '0', NULL),
(158, 59032876, '13964', NULL, NULL, '0.00', '200', '2013-05-19 16:10:12', NULL, NULL, '2013-05-19 16:10:12', '0', NULL),
(159, 59075740, '13964', NULL, NULL, '0.00', '100', '2013-05-20 05:07:43', NULL, NULL, '2013-05-20 05:07:43', '0', NULL),
(160, 59163029, '14270', NULL, NULL, '0.00', '553', '2013-05-20 13:42:23', NULL, NULL, '2013-05-20 13:42:23', '0', NULL),
(161, 59164281, '14270', NULL, NULL, '0.00', '82', '2013-05-20 13:49:04', NULL, NULL, '2013-05-20 13:49:04', '0', NULL),
(162, 59164539, '14270', NULL, NULL, '0.00', '82', '2013-05-20 13:50:43', NULL, NULL, '2013-05-20 13:50:43', '0', NULL),
(163, 59164609, '14270', NULL, NULL, '0.00', '82', '2013-05-20 13:51:11', NULL, NULL, '2013-05-20 13:51:11', '0', NULL),
(164, 59233102, '11934', NULL, NULL, '0.00', '724', '2013-05-21 05:24:25', NULL, NULL, '2013-05-21 05:24:25', '0', NULL),
(165, 59258591, '14301', NULL, NULL, '0.00', '640', '2013-05-21 08:13:13', NULL, NULL, '2013-05-21 08:13:13', '0', NULL),
(166, 59478428, '14708', NULL, NULL, '0.00', '160', '2013-05-22 15:15:47', NULL, NULL, '2013-05-22 15:15:47', '0', NULL),
(167, 59558223, '11791', NULL, NULL, '0.00', '168', '2013-05-23 08:17:06', NULL, NULL, '2013-05-23 08:17:06', '0', NULL),
(168, 59563529, '14854', NULL, NULL, '0.00', '187', '2013-05-23 08:42:54', NULL, NULL, '2013-05-23 08:42:54', '0', NULL),
(169, 59662503, '14336', NULL, NULL, '0.00', '170', '2013-05-24 01:23:58', NULL, NULL, '2013-05-24 01:23:58', '0', NULL),
(170, 63705640, '19211', NULL, NULL, '0.00', '1', '2013-06-19 10:45:04', NULL, NULL, '2013-06-19 10:45:04', '0', NULL),
(171, 63897467, '17525', NULL, NULL, '0.00', '196', '2013-06-20 14:17:13', NULL, NULL, '2013-06-20 14:17:13', '0', NULL),
(172, 64356217, '19197', NULL, NULL, '0.00', '129', '2013-06-23 10:34:26', NULL, NULL, '2013-06-23 10:34:26', '0', NULL),
(173, 64502842, '20273', NULL, NULL, '0.00', '121', '2013-06-24 11:24:16', NULL, NULL, '2013-06-24 11:24:16', '0', NULL),
(174, 64513967, '19693', NULL, NULL, '0.00', '449', '2013-06-24 12:44:06', NULL, NULL, '2013-06-24 12:44:06', '0', NULL),
(175, 64521386, '19693', NULL, NULL, '0.00', '171', '2013-06-24 13:37:53', NULL, NULL, '2013-06-24 13:37:53', '0', NULL);

-- --------------------------------------------------------

--
-- Структура таблицы `xsolla_shop`
--

CREATE TABLE IF NOT EXISTS `xsolla_shop` (
  `id_shop` int(255) NOT NULL AUTO_INCREMENT,
  `id` int(255) NOT NULL,
  `v1` varchar(255) NOT NULL,
  `sum` int(11) NOT NULL,
  PRIMARY KEY (`id_shop`)
) ENGINE=MyISAM  DEFAULT CHARSET=latin1 AUTO_INCREMENT=176 ;

--
-- Дамп данных таблицы `xsolla_shop`
--

INSERT INTO `xsolla_shop` (`id_shop`, `id`, `v1`, `sum`) VALUES
(13, 40351346, '7099', 5000),
(12, 40335191, '5312', 100),
(5, 39758649, '6773', 3710),
(6, 40025652, '6625', 116),
(7, 40224582, '6959', 3526),
(8, 40254763, '6051', 1134),
(9, 40277871, '7101', 183),
(10, 40279359, '7101', 183),
(11, 40294159, '6625', 2579),
(14, 40358156, '5555', 12002),
(15, 40482863, '7187', 241),
(16, 40484086, '7201', 241),
(17, 40485867, '7187', 1203),
(18, 40518600, '6668', 7031),
(19, 40532773, '6798', 1865),
(20, 40533908, '7281', 1638),
(21, 40641910, '7216', 2415),
(22, 40689387, '7389', 6958),
(23, 40722922, '1690', 100),
(24, 40757420, '7247', 453),
(25, 40935014, '7414', 362),
(26, 40964771, '6706', 10000),
(27, 40967773, '7668', 500),
(28, 40969170, '7668', 500),
(29, 40978935, '7668', 4000),
(30, 41019168, '6579', 19),
(31, 41111595, '7727', 4178),
(32, 41299014, '7795', 1210),
(33, 41648004, '5312', 680),
(34, 41648502, '5312', 38),
(35, 41819361, '6706', 15000),
(36, 41829267, '4637', 483),
(37, 42071754, '8000', 737),
(38, 42120796, '8011', 373),
(39, 42120762, '8032', 3709),
(40, 42124535, '8032', 222),
(41, 42300475, '8048', 559),
(42, 42421186, '8011', 373),
(43, 42539934, '8062', 190),
(44, 42551845, '8207', 5593),
(45, 42627090, '8282', 370),
(46, 42632197, '8282', 185),
(47, 42638458, '8282', 1091),
(48, 42644785, '8282', 1091),
(49, 42699688, '8394', 242),
(50, 42699665, '8394', 120),
(51, 42712250, '1555', 1308),
(52, 42954103, '4201', 15000),
(53, 43135862, '8588', 185),
(54, 43137012, '8588', 1682),
(55, 43270299, '8588', 16000),
(56, 43600707, '8650', 3736),
(57, 43913018, '2421', 1100),
(58, 44230708, '8948', 1000),
(59, 44319613, '9015', 515),
(60, 44331835, '8902', 999),
(61, 44431384, '9140', 5000),
(62, 44432111, '9140', 5000),
(63, 44479070, '9148', 3554),
(64, 44524936, '9148', 1700),
(65, 44530851, '9142', 1100),
(66, 44538707, '9190', 500),
(67, 44560133, '9239', 144),
(68, 44594864, '6668', 14167),
(69, 44615452, '9015', 1000),
(70, 44615746, '9015', 1000),
(71, 44615960, '9015', 1000),
(72, 44616166, '9015', 1000),
(73, 44616333, '9015', 1000),
(74, 44616464, '9015', 1000),
(75, 44616611, '9015', 1000),
(76, 44616705, '9015', 1000),
(77, 44631628, '9033', 17000),
(78, 44628390, '9216', 16000),
(79, 44691322, '9056', 16000),
(80, 44745568, '9015', 1000),
(81, 44746543, '9015', 2500),
(82, 44716586, '9248', 16000),
(83, 44864240, '9239', 534),
(84, 44869129, '9239', 805),
(85, 44953413, '9375', 213),
(86, 44956719, '9378', 15026),
(87, 44974435, '9239', 356),
(88, 44977105, '9239', 356),
(89, 45277732, '8062', 53),
(90, 45289396, '9519', 227),
(91, 45353102, '348', 242),
(92, 45367225, '9031', 2994),
(93, 45431561, '9015', 16000),
(94, 45462804, '9544', 598),
(95, 45549661, '8824', 2267),
(96, 45687783, '9286', 16000),
(97, 45700553, '9286', 20000),
(98, 45766179, '8824', 4534),
(99, 45941549, '15', 249),
(100, 45967697, '9140', 5000),
(101, 46095408, '6696', 249),
(102, 46095300, '9390', 30000),
(103, 46116243, '6696', 372),
(104, 46311070, '9140', 5000),
(105, 46366338, '9717', 8286),
(106, 46406488, '8824', 8286),
(107, 46577236, '9140', 10000),
(108, 46577404, '9140', 10000),
(109, 46816360, '9820', 242),
(110, 46815636, '9820', 117),
(111, 46891124, '4937', 1961),
(112, 46907738, '9867', 7398),
(113, 47017685, '9823', 483),
(114, 47162423, '7466', 1865),
(115, 47545046, '9972', 1100),
(116, 47635003, '9252', 7398),
(117, 47793398, '10027', 5000),
(118, 47798510, '9800', 1100),
(119, 47972095, '10027', 10000),
(120, 48480199, '10027', 10000),
(121, 48837665, '12139', 100),
(122, 49348289, '11934', 2167),
(123, 49957894, '4374', 20000),
(124, 50393410, '12419', 3000),
(125, 50495602, '3708', 10000),
(126, 50495832, '3708', 20000),
(127, 50862822, '3708', 20000),
(128, 50943468, '2921', 4498),
(129, 50956610, '11162', 142),
(130, 51164607, '12235', 7994),
(131, 51293857, '12686', 1013),
(132, 51437471, '12422', 20000),
(133, 51458649, '12686', 1007),
(134, 52018270, '12810', 4235),
(135, 52362398, '6773', 384),
(136, 52660209, '12918', 1000),
(137, 52725615, '12818', 6490),
(138, 52806714, '12960', 4433),
(139, 53016197, '12960', 3142),
(140, 53241182, '5647', 8246),
(141, 53653746, '5647', 129),
(142, 53653773, '5647', 129),
(143, 54921853, '9017', 1200),
(144, 54943677, '11934', 4298),
(145, 55761663, '13406', 1689),
(146, 55761626, '13406', 1689),
(147, 56203091, '13406', 30000),
(148, 56576945, '13406', 3938),
(149, 56577135, '13502', 82),
(150, 56714909, '13533', 3064),
(151, 56745706, '13557', 1000),
(152, 58199162, '13569', 513),
(153, 58503228, '9056', 6085),
(154, 58582481, '13646', 142),
(155, 58647612, '13646', 5403),
(156, 58654546, '13802', 50),
(157, 58953442, '13964', 10000),
(158, 59032876, '13964', 20000),
(159, 59075740, '13964', 10000),
(160, 59163029, '14270', 5530),
(161, 59164281, '14270', 82),
(162, 59164539, '14270', 82),
(163, 59164609, '14270', 82),
(164, 59233102, '11934', 7248),
(165, 59258591, '14301', 6407),
(166, 59478428, '14708', 16000),
(167, 59558223, '11791', 1689),
(168, 59563529, '14854', 1874),
(169, 59662503, '14336', 17000),
(170, 63705640, '19211', 1),
(171, 63897467, '17525', 1968),
(172, 64356217, '19197', 129),
(173, 64502842, '20273', 1214),
(174, 64513967, '19693', 4498),
(175, 64521386, '19693', 1714);

-- --------------------------------------------------------

--
-- Структура таблицы `zags`
--

CREATE TABLE IF NOT EXISTS `zags` (
  `id` int(11) NOT NULL AUTO_INCREMENT,
  `date` bigint(20) NOT NULL,
  `on` varchar(32) NOT NULL,
  `ona` varchar(32) NOT NULL,
  `onyes` varchar(3) NOT NULL,
  `onayes` varchar(3) NOT NULL,
  `avtor` varchar(32) NOT NULL,
  PRIMARY KEY (`id`)
) ENGINE=InnoDB  DEFAULT CHARSET=utf8 AUTO_INCREMENT=110 ;

/*!40101 SET CHARACTER_SET_CLIENT=@OLD_CHARACTER_SET_CLIENT */;
/*!40101 SET CHARACTER_SET_RESULTS=@OLD_CHARACTER_SET_RESULTS */;
/*!40101 SET COLLATION_CONNECTION=@OLD_COLLATION_CONNECTION */;
