INSERT INTO `city` (`id_city`, `id_region`, `id_country`, `name`) VALUES
(14636, 1194, 153, 'Jamesburg'),
(14637, 1194, 153, 'Jersey City'),
(14638, 1194, 153, 'Kearny'),
(14639, 1194, 153, 'Keasbey'),
(14640, 1194, 153, 'Kenilworth'),
(14641, 1194, 153, 'Lakehurst'),
(14642, 1194, 153, 'Lakewood'),
(14643, 1194, 153, 'Lincoln Park'),
(14644, 1194, 153, 'Linden'),
(14645, 1194, 153, 'Little Falls'),
(14646, 1194, 153, 'Long Branch'),
(14647, 1194, 153, 'Madison'),
(14648, 1194, 153, 'Mahwah'),
(14649, 1194, 153, 'Manville'),
(14650, 1194, 153, 'Maplewood'),
(14651, 1194, 153, 'Margate City'),
(14652, 1194, 153, 'Marlboro'),
(14653, 1194, 153, 'Marlton'),
(14654, 1194, 153, 'Matawan'),
(14655, 1194, 153, 'Middletown'),
(14656, 1194, 153, 'Millburn'),
(14657, 1194, 153, 'Monmouth Junction'),
(14658, 1194, 153, 'Montclair'),
(14659, 1194, 153, 'Montvale'),
(14660, 1194, 153, 'Montville'),
(14661, 1194, 153, 'Morganville'),
(14662, 1194, 153, 'Morris Plains'),
(14663, 1194, 153, 'Morristown'),
(14664, 1194, 153, 'Mount Arlington'),
(14665, 1194, 153, 'Mount Laurel'),
(14666, 1194, 153, 'Navesink'),
(14667, 1194, 153, 'Neptune'),
(14668, 1194, 153, 'New Brunswick'),
(14669, 1194, 153, 'New Egypt'),
(14670, 1194, 153, 'New York'),
(14671, 1194, 153, 'Newark'),
(14672, 1194, 153, 'Norma'),
(14673, 1194, 153, 'North Arlington'),
(14674, 1194, 153, 'North Bergen'),
(14675, 1194, 153, 'North Brunswick'),
(14676, 1194, 153, 'Nutley'),
(14677, 1194, 153, 'Oakhurst'),
(14678, 1194, 153, 'Ocean City'),
(14679, 1194, 153, 'Old Bridge'),
(14680, 1194, 153, 'Oradell'),
(14681, 1194, 153, 'Orange'),
(14682, 1194, 153, 'Palisades Park'),
(14683, 1194, 153, 'Paramus'),
(14684, 1194, 153, 'Parlin'),
(14685, 1194, 153, 'Parsippany'),
(14686, 1194, 153, 'Passaic'),
(14687, 1194, 153, 'Paterson'),
(14688, 1194, 153, 'Paulsboro'),
(14689, 1194, 153, 'Perth Amboy'),
(14690, 1194, 153, 'Phillipsburg'),
(14691, 1194, 153, 'Piscataway'),
(14692, 1194, 153, 'Plainfield'),
(14693, 1194, 153, 'Plainsboro'),
(14694, 1194, 153, 'Pomona'),
(14695, 1194, 153, 'Princeton'),
(14696, 1194, 153, 'Randolph'),
(14697, 1194, 153, 'Red Bank'),
(14698, 1194, 153, 'Ridgewood'),
(14699, 1194, 153, 'River Edge'),
(14700, 1194, 153, 'Rockaway'),
(14701, 1194, 153, 'Runnemede'),
(14702, 1194, 153, 'Rutherford'),
(14703, 1194, 153, 'Saddle Brook'),
(14704, 1194, 153, 'Saddle River'),
(14705, 1194, 153, 'Sayreville'),
(14706, 1194, 153, 'Scotch Plains'),
(14707, 1194, 153, 'Sea Girt'),
(14708, 1194, 153, 'Seaside Heights'),
(14709, 1194, 153, 'Short Hills'),
(14710, 1194, 153, 'Somerset'),
(14711, 1194, 153, 'Somerville'),
(14712, 1194, 153, 'South Amboy'),
(14713, 1194, 153, 'South Orange'),
(14714, 1194, 153, 'South River'),
(14715, 1194, 153, 'Spring Lake'),
(14716, 1194, 153, 'Springfield'),
(14717, 1194, 153, 'Stirling'),
(14718, 1194, 153, 'Stockton'),
(14719, 1194, 153, 'Stone Harbor'),
(14720, 1194, 153, 'Summit'),
(14721, 1194, 153, 'Sussex'),
(14722, 1194, 153, 'Teaneck'),
(14723, 1194, 153, 'Toms River'),
(14724, 1194, 153, 'Trenton'),
(14725, 1194, 153, 'Union'),
(14726, 1194, 153, 'Union City'),
(14727, 1194, 153, 'Ventnor City'),
(14728, 1194, 153, 'Vernon'),
(14729, 1194, 153, 'Vineland'),
(14730, 1194, 153, 'Wallington'),
(14731, 1194, 153, 'Washington'),
(14732, 1194, 153, 'Wayne'),
(14733, 1194, 153, 'West New York'),
(14734, 1194, 153, 'West Orange'),
(14735, 1194, 153, 'West Paterson'),
(14736, 1194, 153, 'Westfield'),
(14737, 1194, 153, 'Westwood'),
(14738, 1194, 153, 'Wharton'),
(14739, 1194, 153, 'Wildwood'),
(14740, 1194, 153, 'Woodbridge'),
(14741, 1194, 153, 'Woodcliff Lake'),
(14742, 1195, 153, 'Alamogordo'),
(14743, 1195, 153, 'Albuquerque'),
(14744, 1195, 153, 'Angel Fire'),
(14745, 1195, 153, 'Aragon'),
(14746, 1195, 153, 'Cleveland'),
(14747, 1195, 153, 'Cuba'),
(14748, 1195, 153, 'Las Cruces'),
(14749, 1195, 153, 'Las Vegas'),
(14750, 1195, 153, 'Miami'),
(14751, 1195, 153, 'Newkirk'),
(14752, 1195, 153, 'Portales'),
(14753, 1195, 153, 'Roswell'),
(14754, 1195, 153, 'Santa Fe'),
(14755, 1196, 153, 'Accord'),
(14756, 1196, 153, 'Acra'),
(14757, 1196, 153, 'Adams'),
(14758, 1196, 153, 'Adams Basin'),
(14759, 1196, 153, 'Adams Center'),
(14760, 1196, 153, 'Addison'),
(14761, 1196, 153, 'Adirondack'),
(14762, 1196, 153, 'Afton'),
(14763, 1196, 153, 'Alabama'),
(14764, 1196, 153, 'Albany'),
(14765, 1196, 153, 'Albion'),
(14766, 1196, 153, 'Alden'),
(14767, 1196, 153, 'Alexander'),
(14768, 1196, 153, 'Alexandria Bay'),
(14769, 1196, 153, 'Alfred'),
(14770, 1196, 153, 'Alpine'),
(14771, 1196, 153, 'Altamont'),
(14772, 1196, 153, 'Amsterdam'),
(14773, 1196, 153, 'Angelica'),
(14774, 1196, 153, 'Ardsley'),
(14775, 1196, 153, 'Ardsley On Hudson'),
(14776, 1196, 153, 'Armonk'),
(14777, 1196, 153, 'Astoria'),
(14778, 1196, 153, 'Athol'),
(14779, 1196, 153, 'Atlanta'),
(14780, 1196, 153, 'Atlantic Beach'),
(14781, 1196, 153, 'Babylon'),
(14782, 1196, 153, 'Barneveld'),
(14783, 1196, 153, 'Barton'),
(14784, 1196, 153, 'Basom'),
(14785, 1196, 153, 'Bellerose'),
(14786, 1196, 153, 'Black River'),
(14787, 1196, 153, 'Bolton Landing'),
(14788, 1196, 153, 'Boston'),
(14789, 1196, 153, 'Bradford'),
(14790, 1196, 153, 'Brasher Falls'),
(14791, 1196, 153, 'Breezy Point'),
(14792, 1196, 153, 'Bronx'),
(14793, 1196, 153, 'Brooklyn'),
(14794, 1196, 153, 'Buffalo'),
(14795, 1196, 153, 'Byron'),
(14796, 1196, 153, 'Cambridge'),
(14797, 1196, 153, 'Cameron'),
(14798, 1196, 153, 'Carthage'),
(14799, 1196, 153, 'Ceres'),
(14800, 1196, 153, 'Chelsea'),
(14801, 1196, 153, 'Cleveland'),
(14802, 1196, 153, 'Clifton Park'),
(14803, 1196, 153, 'Climax'),
(14804, 1196, 153, 'Colden'),
(14805, 1196, 153, 'College Point'),
(14806, 1196, 153, 'Conklin'),
(14807, 1196, 153, 'Copiague'),
(14808, 1196, 153, 'Corona'),
(14809, 1196, 153, 'Denver'),
(14810, 1196, 153, 'Dexter'),
(14811, 1196, 153, 'East Hampton'),
(14812, 1196, 153, 'East Northport'),
(14813, 1196, 153, 'Ellenburg'),
(14814, 1196, 153, 'Elmhurst'),
(14815, 1196, 153, 'Far Rockaway'),
(14816, 1196, 153, 'Florida'),
(14817, 1196, 153, 'Flushing'),
(14818, 1196, 153, 'Forest Hills'),
(14819, 1196, 153, 'Fresh Meadows'),
(14820, 1196, 153, 'Garden City'),
(14821, 1196, 153, 'Ghent'),
(14822, 1196, 153, 'Hampton'),
(14823, 1196, 153, 'Hauppauge'),
(14824, 1196, 153, 'Hempstead'),
(14825, 1196, 153, 'Hicksville'),
(14826, 1196, 153, 'Hortonville'),
(14827, 1196, 153, 'Huntington'),
(14828, 1196, 153, 'Hyde Park'),
(14829, 1196, 153, 'Ithaca'),
(14830, 1196, 153, 'Jacksonville'),
(14831, 1196, 153, 'Jamaica'),
(14832, 1196, 153, 'Kendall'),
(14833, 1196, 153, 'Kew Gardens'),
(14834, 1196, 153, 'Kingston'),
(14835, 1196, 153, 'Lake Placid'),
(14836, 1196, 153, 'Laurens'),
(14837, 1196, 153, 'Long Beach'),
(14838, 1196, 153, 'Long Island City'),
(14839, 1196, 153, 'Macedon'),
(14840, 1196, 153, 'Mahopac'),
(14841, 1196, 153, 'Malden On Hudson'),
(14842, 1196, 153, 'Manchester'),
(14843, 1196, 153, 'Manhasset'),
(14844, 1196, 153, 'Marathon'),
(14845, 1196, 153, 'Marlboro'),
(14846, 1196, 153, 'Massapequa'),
(14847, 1196, 153, 'Massapequa Park'),
(14848, 1196, 153, 'Mastic Beach'),
(14849, 1196, 153, 'Middletown'),
(14850, 1196, 153, 'Miller Place'),
(14851, 1196, 153, 'Modena'),
(14852, 1196, 153, 'Monsey'),
(14853, 1196, 153, 'Moriah Center'),
(14854, 1196, 153, 'Mount Kisco'),
(14855, 1196, 153, 'Mount Vernon'),
(14856, 1196, 153, 'Nanuet'),
(14857, 1196, 153, 'Natural Bridge'),
(14858, 1196, 153, 'New Baltimore'),
(14859, 1196, 153, 'New City'),
(14860, 1196, 153, 'New Hampton'),
(14861, 1196, 153, 'New Hartford'),
(14862, 1196, 153, 'New Paltz'),
(14863, 1196, 153, 'New Rochelle'),
(14864, 1196, 153, 'New Russia'),
(14865, 1196, 153, 'New Windsor'),
(14866, 1196, 153, 'New York'),
(14867, 1196, 153, 'New York Mills'),
(14868, 1196, 153, 'Newark'),
(14869, 1196, 153, 'Newburgh'),
(14870, 1196, 153, 'Oceanside'),
(14871, 1196, 153, 'Odessa'),
(14872, 1196, 153, 'Oriskany'),
(14873, 1196, 153, 'Ossining'),
(14874, 1196, 153, 'Oxford'),
(14875, 1196, 153, 'Oyster Bay'),
(14876, 1196, 153, 'Patchogue'),
(14877, 1196, 153, 'Philadelphia'),
(14878, 1196, 153, 'Phoenicia'),
(14879, 1196, 153, 'Plattsburgh'),
(14880, 1196, 153, 'Port Washington'),
(14881, 1196, 153, 'Potsdam'),
(14882, 1196, 153, 'Queens Village'),
(14883, 1196, 153, 'Rego Park'),
(14884, 1196, 153, 'Richmond Hill'),
(14885, 1196, 153, 'Ridgewood'),
(14886, 1196, 153, 'Riverhead'),
(14887, 1196, 153, 'Rochester'),
(14888, 1196, 153, 'Rome'),
(14889, 1196, 153, 'Russell'),
(14890, 1196, 153, 'Sardinia'),
(14891, 1196, 153, 'Scarsdale'),
(14892, 1196, 153, 'Schenectady'),
(14893, 1196, 153, 'Sidney'),
(14894, 1196, 153, 'Sound Beach'),
(14895, 1196, 153, 'Southampton'),
(14896, 1196, 153, 'Spring Valley'),
(14897, 1196, 153, 'Stony Brook'),
(14898, 1196, 153, 'Sunnyside'),
(14899, 1196, 153, 'Syosset'),
(14900, 1196, 153, 'Syracuse'),
(14901, 1196, 153, 'Taberg'),
(14902, 1196, 153, 'Utica'),
(14903, 1196, 153, 'Valley Stream'),
(14904, 1196, 153, 'Wappingers Falls'),
(14905, 1196, 153, 'Wellsburg'),
(14906, 1196, 153, 'West Nyack'),
(14907, 1196, 153, 'West Park'),
(14908, 1196, 153, 'Westbury'),
(14909, 1196, 153, 'Westford'),
(14910, 1196, 153, 'Westport'),
(14911, 1196, 153, 'White Plains'),
(14912, 1196, 153, 'Wolcott'),
(14913, 1196, 153, 'Yonkers'),
(14914, 1196, 153, 'York'),
(14915, 1196, 153, 'Yorktown Heights'),
(14916, 1197, 153, 'Aberdeen'),
(14917, 1197, 153, 'Apex'),
(14918, 1197, 153, 'Asheville'),
(14919, 1197, 153, 'Brevard'),
(14920, 1197, 153, 'Candler'),
(14921, 1197, 153, 'Carolina Beach'),
(14922, 1197, 153, 'Cary'),
(14923, 1197, 153, 'Cashiers'),
(14924, 1197, 153, 'Chapel Hill'),
(14925, 1197, 153, 'Charlotte'),
(14926, 1197, 153, 'Deep Gap'),
(14927, 1197, 153, 'Durham'),
(14928, 1197, 153, 'Eden'),
(14929, 1197, 153, 'Elizabeth City'),
(14930, 1197, 153, 'Fayetteville'),
(14931, 1197, 153, 'Fort Bragg'),
(14932, 1197, 153, 'Fuquay Varina'),
(14933, 1197, 153, 'Gastonia'),
(14934, 1197, 153, 'Graham'),
(14935, 1197, 153, 'Greensboro'),
(14936, 1197, 153, 'Greenville'),
(14937, 1197, 153, 'Grifton'),
(14938, 1197, 153, 'Hendersonville'),
(14939, 1197, 153, 'Indian Trail'),
(14940, 1197, 153, 'Jacksonville'),
(14941, 1197, 153, 'Kernersville'),
(14942, 1197, 153, 'Kill Devil Hills'),
(14943, 1197, 153, 'Kitty Hawk'),
(14944, 1197, 153, 'Matthews'),
(14945, 1197, 153, 'Minneapolis'),
(14946, 1197, 153, 'Morrisville'),
(14947, 1197, 153, 'Mount Olive'),
(14948, 1197, 153, 'Moyock'),
(14949, 1197, 153, 'New Bern'),
(14950, 1197, 153, 'Raeford'),
(14951, 1197, 153, 'Raleigh'),
(14952, 1197, 153, 'Shelby'),
(14953, 1197, 153, 'Wake Forest'),
(14954, 1197, 153, 'Wilmington'),
(14955, 1197, 153, 'Winston Salem'),
(14956, 1197, 153, 'Woodleaf'),
(14957, 1197, 153, 'Wrightsville Beach'),
(14958, 1198, 153, 'Bismarck'),
(14959, 1198, 153, 'Fargo'),
(14960, 1199, 153, 'Akron'),
(14961, 1199, 153, 'Alliance'),
(14962, 1199, 153, 'Alpha'),
(14963, 1199, 153, 'Ansonia'),
(14964, 1199, 153, 'Arcadia'),
(14965, 1199, 153, 'Athens'),
(14966, 1199, 153, 'Aurora'),
(14967, 1199, 153, 'Beachwood'),
(14968, 1199, 153, 'Bedford'),
(14969, 1199, 153, 'Canton'),
(14970, 1199, 153, 'Cherry Fork'),
(14971, 1199, 153, 'Chesterland'),
(14972, 1199, 153, 'Cincinnati'),
(14973, 1199, 153, 'Cleveland'),
(14974, 1199, 153, 'Columbus'),
(14975, 1199, 153, 'Dayton'),
(14976, 1199, 153, 'Hartville'),
(14977, 1199, 153, 'Hudson'),
(14978, 1199, 153, 'Huron'),
(14979, 1199, 153, 'Kent'),
(14980, 1199, 153, 'Lebanon'),
(14981, 1199, 153, 'Lockbourne'),
(14982, 1199, 153, 'Loveland'),
(14983, 1199, 153, 'Lyons'),
(14984, 1199, 153, 'Maineville'),
(14985, 1199, 153, 'Mansfield'),
(14986, 1199, 153, 'Marietta'),
(14987, 1199, 153, 'Massillon'),
(14988, 1199, 153, 'Newark'),
(14989, 1199, 153, 'North Royalton'),
(14990, 1199, 153, 'Oakwood'),
(14991, 1199, 153, 'Oberlin'),
(14992, 1199, 153, 'Ohio City'),
(14993, 1199, 153, 'Richmond'),
(14994, 1199, 153, 'Sandusky'),
(14995, 1199, 153, 'Springfield'),
(14996, 1199, 153, 'Sylvania'),
(14997, 1199, 153, 'Toledo'),
(14998, 1199, 153, 'Warren'),
(14999, 1199, 153, 'West Chester'),
(15000, 1199, 153, 'Willoughby'),
(15001, 1199, 153, 'Zanesville'),
(15002, 1200, 153, 'Dover'),
(15003, 1200, 153, 'Fort Sill'),
(15004, 1200, 153, 'Jenks'),
(15005, 1200, 153, 'Lawton'),
(15006, 1200, 153, 'Norman'),
(15007, 1200, 153, 'Oklahoma City'),
(15008, 1200, 153, 'Stillwater'),
(15009, 1200, 153, 'Tulsa'),
(15010, 1201, 153, 'Albany'),
(15011, 1201, 153, 'Beaverton'),
(15012, 1201, 153, 'Bend'),
(15013, 1201, 153, 'Clackamas'),
(15014, 1201, 153, 'Corvallis'),
(15015, 1201, 153, 'Dallas'),
(15016, 1201, 153, 'Detroit'),
(15017, 1201, 153, 'Estacada'),
(15018, 1201, 153, 'Eugene'),
(15019, 1201, 153, 'Gervais'),
(15020, 1201, 153, 'Gresham'),
(15021, 1201, 153, 'Hillsboro'),
(15022, 1201, 153, 'Lake Oswego'),
(15023, 1201, 153, 'Medford'),
(15024, 1201, 153, 'Phoenix'),
(15025, 1201, 153, 'Portland'),
(15026, 1201, 153, 'Powell Butte'),
(15027, 1201, 153, 'Salem'),
(15028, 1201, 153, 'Stayton'),
(15029, 1201, 153, 'Troutdale'),
(15030, 1201, 153, 'Woodburn'),
(15031, 1202, 153, 'Abington'),
(15032, 1202, 153, 'Adamstown'),
(15033, 1202, 153, 'Akron'),
(15034, 1202, 153, 'Allentown'),
(15035, 1202, 153, 'Apollo'),
(15036, 1202, 153, 'Bensalem'),
(15037, 1202, 153, 'Berlin'),
(15038, 1202, 153, 'Bethlehem'),
(15039, 1202, 153, 'Birdsboro'),
(15040, 1202, 153, 'Bristol'),
(15041, 1202, 153, 'Brooklyn'),
(15042, 1202, 153, 'Brookville'),
(15043, 1202, 153, 'Camp Hill'),
(15044, 1202, 153, 'Catasauqua'),
(15045, 1202, 153, 'Clarion'),
(15046, 1202, 153, 'Clarks Summit'),
(15047, 1202, 153, 'Coaldale'),
(15048, 1202, 153, 'Cranberry Twp'),
(15049, 1202, 153, 'Denver'),
(15050, 1202, 153, 'Eagleville'),
(15051, 1202, 153, 'East Earl'),
(15052, 1202, 153, 'Easton'),
(15053, 1202, 153, 'Enola'),
(15054, 1202, 153, 'Erie'),
(15055, 1202, 153, 'Exton'),
(15056, 1202, 153, 'Feasterville Trevose'),
(15057, 1202, 153, 'Franconia'),
(15058, 1202, 153, 'Gettysburg'),
(15059, 1202, 153, 'Girard'),
(15060, 1202, 153, 'Gladwyne'),
(15061, 1202, 153, 'Greensburg'),
(15062, 1202, 153, 'Harrisburg'),
(15063, 1202, 153, 'Hazleton'),
(15064, 1202, 153, 'Hershey'),
(15065, 1202, 153, 'Jamison'),
(15066, 1202, 153, 'King Of Prussia'),
(15067, 1202, 153, 'Lancaster'),
(15068, 1202, 153, 'Langhorne'),
(15069, 1202, 153, 'Lansdale'),
(15070, 1202, 153, 'Levittown'),
(15071, 1202, 153, 'Lewisburg'),
(15072, 1202, 153, 'Lewistown'),
(15073, 1202, 153, 'Lock Haven'),
(15074, 1202, 153, 'Mexico'),
(15075, 1202, 153, 'Monessen'),
(15076, 1202, 153, 'Morrisville'),
(15077, 1202, 153, 'Moscow'),
(15078, 1202, 153, 'Mountain Top'),
(15079, 1202, 153, 'New Hope'),
(15080, 1202, 153, 'Newtown'),
(15081, 1202, 153, 'Norristown'),
(15082, 1202, 153, 'North East'),
(15083, 1202, 153, 'Oxford'),
(15084, 1202, 153, 'Philadelphia'),
(15085, 1202, 153, 'Philipsburg'),
(15086, 1202, 153, 'Pittsburgh'),
(15087, 1202, 153, 'Reading'),
(15088, 1202, 153, 'Richboro'),
(15089, 1202, 153, 'Scranton'),
(15090, 1202, 153, 'State College'),
(15091, 1202, 153, 'Strasburg'),
(15092, 1202, 153, 'Stroudsburg'),
(15093, 1202, 153, 'Susquehanna'),
(15094, 1202, 153, 'Tobyhanna'),
(15095, 1202, 153, 'Towanda'),
(15096, 1202, 153, 'Uniontown'),
(15097, 1202, 153, 'Washington'),
(15098, 1202, 153, 'Wilkes Barre'),
(15099, 1202, 153, 'Willow Street'),
(15100, 1202, 153, 'Wolf'),
(15101, 1202, 153, 'York'),
(15102, 1203, 153, 'Block Island'),
(15103, 1203, 153, 'East Providence'),
(15104, 1203, 153, 'Narragansett'),
(15105, 1203, 153, 'Newport'),
(15106, 1203, 153, 'Pascoag'),
(15107, 1203, 153, 'Portsmouth'),
(15108, 1203, 153, 'Providence'),
(15109, 1203, 153, 'South Kingstown'),
(15110, 1203, 153, 'Wakefield'),
(15111, 1203, 153, 'Warwick'),
(15112, 1203, 153, 'West Warwick'),
(15113, 1203, 153, 'Westerly'),
(15114, 1204, 153, 'Cameron'),
(15115, 1204, 153, 'Central'),
(15116, 1204, 153, 'Charleston'),
(15117, 1204, 153, 'Columbia'),
(15118, 1204, 153, 'Florence'),
(15119, 1204, 153, 'Greenville'),
(15120, 1204, 153, 'Grover'),
(15121, 1204, 153, 'Hilton Head Island'),
(15122, 1204, 153, 'Lexington'),
(15123, 1204, 153, 'Little River'),
(15124, 1204, 153, 'Lyman'),
(15125, 1204, 153, 'Mount Pleasant'),
(15126, 1204, 153, 'Myrtle Beach'),
(15127, 1204, 153, 'North Myrtle Beach'),
(15128, 1204, 153, 'Orangeburg'),
(15129, 1204, 153, 'Rock Hill'),
(15130, 1204, 153, 'Society Hill'),
(15131, 1204, 153, 'Spartanburg'),
(15132, 1205, 153, 'Pierre'),
(15133, 1205, 153, 'Rapid City'),
(15134, 1205, 153, 'Sioux Falls'),
(15135, 1205, 153, 'Watertown'),
(15136, 1206, 153, 'Arlington'),
(15137, 1206, 153, 'Chattanooga'),
(15138, 1206, 153, 'Cleveland'),
(15139, 1206, 153, 'Cordova'),
(15140, 1206, 153, 'Franklin'),
(15141, 1206, 153, 'Gatlinburg'),
(15142, 1206, 153, 'Hixson'),
(15143, 1206, 153, 'Jackson'),
(15144, 1206, 153, 'Johnson City'),
(15145, 1206, 153, 'Kingsport'),
(15146, 1206, 153, 'Knoxville'),
(15147, 1206, 153, 'Memphis'),
(15148, 1206, 153, 'Murfreesboro'),
(15149, 1206, 153, 'Nashville'),
(15150, 1206, 153, 'Pigeon Forge'),
(15151, 1206, 153, 'Sevierville'),
(15152, 1207, 153, 'Abilene'),
(15153, 1207, 153, 'Ace'),
(15154, 1207, 153, 'Afton'),
(15155, 1207, 153, 'Aiken'),
(15156, 1207, 153, 'Allen'),
(15157, 1207, 153, 'Alleyton'),
(15158, 1207, 153, 'Altair'),
(15159, 1207, 153, 'Amarillo'),
(15160, 1207, 153, 'Arlington'),
(15161, 1207, 153, 'Austin'),
(15162, 1207, 153, 'Axtell'),
(15163, 1207, 153, 'Balmorhea'),
(15164, 1207, 153, 'Beaumont'),
(15165, 1207, 153, 'Bellaire'),
(15166, 1207, 153, 'Big Spring'),
(15167, 1207, 153, 'Borger'),
(15168, 1207, 153, 'Brenham'),
(15169, 1207, 153, 'Buffalo'),
(15170, 1207, 153, 'Burleson'),
(15171, 1207, 153, 'College Station'),
(15172, 1207, 153, 'Conroe'),
(15173, 1207, 153, 'Copperas Cove'),
(15174, 1207, 153, 'Corpus Christi'),
(15175, 1207, 153, 'Dallas'),
(15176, 1207, 153, 'Denton'),
(15177, 1207, 153, 'El Paso'),
(15178, 1207, 153, 'Euless'),
(15179, 1207, 153, 'Fort Worth'),
(15180, 1207, 153, 'Frisco'),
(15181, 1207, 153, 'Fritch'),
(15182, 1207, 153, 'Galveston'),
(15183, 1207, 153, 'Grand Prairie'),
(15184, 1207, 153, 'Grapevine'),
(15185, 1207, 153, 'Harlingen'),
(15186, 1207, 153, 'Houston'),
(15187, 1207, 153, 'Irving'),
(15188, 1207, 153, 'Killeen'),
(15189, 1207, 153, 'La Blanca'),
(15190, 1207, 153, 'Lufkin'),
(15191, 1207, 153, 'Marshall'),
(15192, 1207, 153, 'McAllen'),
(15193, 1207, 153, 'McKinney'),
(15194, 1207, 153, 'Memphis'),
(15195, 1207, 153, 'Miami'),
(15196, 1207, 153, 'Midland'),
(15197, 1207, 153, 'Odessa'),
(15198, 1207, 153, 'Plainview'),
(15199, 1207, 153, 'Plano'),
(15200, 1207, 153, 'Red Rock'),
(15201, 1207, 153, 'Richmond'),
(15202, 1207, 153, 'San Angelo'),
(15203, 1207, 153, 'San Antonio'),
(15204, 1207, 153, 'Spring'),
(15205, 1207, 153, 'Sugar Land'),
(15206, 1207, 153, 'Terrell'),
(15207, 1207, 153, 'Texarkana'),
(15208, 1207, 153, 'Texas City'),
(15209, 1207, 153, 'Tyler'),
(15210, 1207, 153, 'Waco'),
(15211, 1208, 153, 'Alpine'),
(15212, 1208, 153, 'Bryce Canyon'),
(15213, 1208, 153, 'Draper'),
(15214, 1208, 153, 'Grantsville'),
(15215, 1208, 153, 'Kaysville'),
(15216, 1208, 153, 'La Sal'),
(15217, 1208, 153, 'Midvale'),
(15218, 1208, 153, 'Ogden'),
(15219, 1208, 153, 'Park City'),
(15220, 1208, 153, 'Provo'),
(15221, 1208, 153, 'Saint George'),
(15222, 1208, 153, 'Salt Lake City'),
(15223, 1208, 153, 'Sandy'),
(15224, 1208, 153, 'West Jordan'),
(15225, 1209, 153, 'Alburg'),
(15226, 1209, 153, 'Bristol'),
(15227, 1209, 153, 'Burlington'),
(15228, 1209, 153, 'Moscow'),
(15229, 1209, 153, 'North Pownal'),
(15230, 1209, 153, 'White River Junction'),
(15231, 1210, 153, 'Christiansted'),
(15232, 1210, 153, 'Kingshill'),
(15233, 1210, 153, 'St Thomas'),
(15234, 1211, 153, 'Alberta'),
(15235, 1211, 153, 'Alexandria'),
(15236, 1211, 153, 'Annandale'),
(15237, 1211, 153, 'Arlington'),
(15238, 1211, 153, 'Ashburn'),
(15239, 1211, 153, 'Atlantic'),
(15240, 1211, 153, 'Blacksburg'),
(15241, 1211, 153, 'Boston'),
(15242, 1211, 153, 'Carrollton'),
(15243, 1211, 153, 'Centreville'),
(15244, 1211, 153, 'Chantilly'),
(15245, 1211, 153, 'Charlottesville'),
(15246, 1211, 153, 'Chesapeake'),
(15247, 1211, 153, 'Chester'),
(15248, 1211, 153, 'Clifton'),
(15249, 1211, 153, 'Colonial Heights'),
(15250, 1211, 153, 'Danville'),
(15251, 1211, 153, 'Emporia'),
(15252, 1211, 153, 'Fairfax'),
(15253, 1211, 153, 'Falls Church'),
(15254, 1211, 153, 'Forest'),
(15255, 1211, 153, 'Foster'),
(15256, 1211, 153, 'Glen Allen'),
(15257, 1211, 153, 'Hampton'),
(15258, 1211, 153, 'Harrisonburg'),
(15259, 1211, 153, 'Herndon'),
(15260, 1211, 153, 'Leesburg'),
(15261, 1211, 153, 'Lynchburg'),
(15262, 1211, 153, 'Manassas'),
(15263, 1211, 153, 'Martinsville'),
(15264, 1211, 153, 'McLean'),
(15265, 1211, 153, 'Newport News'),
(15266, 1211, 153, 'Norfolk'),
(15267, 1211, 153, 'Pittsville'),
(15268, 1211, 153, 'Portsmouth'),
(15269, 1211, 153, 'Pulaski'),
(15270, 1211, 153, 'Quantico'),
(15271, 1211, 153, 'Reston'),
(15272, 1211, 153, 'Richmond'),
(15273, 1211, 153, 'Roanoke'),
(15274, 1211, 153, 'Shawsville'),
(15275, 1211, 153, 'Spotsylvania'),
(15276, 1211, 153, 'Triangle'),
(15277, 1211, 153, 'Vienna'),
(15278, 1211, 153, 'Virgilina'),
(15279, 1211, 153, 'Virginia Beach'),
(15280, 1211, 153, 'Washington'),
(15281, 1211, 153, 'Wicomico'),
(15282, 1211, 153, 'Williamsburg'),
(15283, 1211, 153, 'Winchester'),
(15284, 1211, 153, 'Woodbridge'),
(15285, 1211, 153, 'Zuni'),
(15286, 1212, 153, 'Aberdeen'),
(15287, 1212, 153, 'Almira'),
(15288, 1212, 153, 'Amanda Park'),
(15289, 1212, 153, 'Arlington'),
(15290, 1212, 153, 'Asotin'),
(15291, 1212, 153, 'Auburn'),
(15292, 1212, 153, 'Bainbridge Island'),
(15293, 1212, 153, 'Battle Ground'),
(15294, 1212, 153, 'Bellevue'),
(15295, 1212, 153, 'Bellingham'),
(15296, 1212, 153, 'Blaine'),
(15297, 1212, 153, 'Bothell'),
(15298, 1212, 153, 'Bremerton'),
(15299, 1212, 153, 'Brush Prairie'),
(15300, 1212, 153, 'Coulee Dam'),
(15301, 1212, 153, 'Creston'),
(15302, 1212, 153, 'Darrington'),
(15303, 1212, 153, 'Dayton'),
(15304, 1212, 153, 'Deer Park'),
(15305, 1212, 153, 'Edmonds'),
(15306, 1212, 153, 'Everett'),
(15307, 1212, 153, 'Federal Way'),
(15308, 1212, 153, 'Ferndale'),
(15309, 1212, 153, 'Ford'),
(15310, 1212, 153, 'Forks'),
(15311, 1212, 153, 'Fox Island'),
(15312, 1212, 153, 'Friday Harbor'),
(15313, 1212, 153, 'Gold Bar'),
(15314, 1212, 153, 'Harrington'),
(15315, 1212, 153, 'Humptulips'),
(15316, 1212, 153, 'Issaquah'),
(15317, 1212, 153, 'Kennewick'),
(15318, 1212, 153, 'Kent'),
(15319, 1212, 153, 'Kettle Falls'),
(15320, 1212, 153, 'Kirkland'),
(15321, 1212, 153, 'Lacey'),
(15322, 1212, 153, 'Lake Stevens'),
(15323, 1212, 153, 'Longview'),
(15324, 1212, 153, 'Lynnwood'),
(15325, 1212, 153, 'Marysville'),
(15326, 1212, 153, 'Medical Lake'),
(15327, 1212, 153, 'Mossyrock'),
(15328, 1212, 153, 'Ocean Park'),
(15329, 1212, 153, 'Odessa'),
(15330, 1212, 153, 'Olympia'),
(15331, 1212, 153, 'Pullman'),
(15332, 1212, 153, 'Redmond'),
(15333, 1212, 153, 'Renton'),
(15334, 1212, 153, 'Richland'),
(15335, 1212, 153, 'Roslyn'),
(15336, 1212, 153, 'Seattle'),
(15337, 1212, 153, 'Spokane'),
(15338, 1212, 153, 'Tacoma'),
(15339, 1212, 153, 'University Place'),
(15340, 1212, 153, 'Vancouver'),
(15341, 1212, 153, 'Waldron'),
(15342, 1212, 153, 'Waterville'),
(15343, 1212, 153, 'Westport'),
(15344, 1212, 153, 'Woodinville'),
(15345, 1212, 153, 'Woodland'),
(15346, 1212, 153, 'Yakima'),
(15347, 1213, 153, 'Blair'),
(15348, 1213, 153, 'Charleston'),
(15349, 1213, 153, 'Fairmont'),
(15350, 1213, 153, 'Keyser'),
(15351, 1213, 153, 'Tornado'),
(15352, 1213, 153, 'Washington'),
(15353, 1214, 153, 'Algoma'),
(15354, 1214, 153, 'Argyle'),
(15355, 1214, 153, 'Brookfield'),
(15356, 1214, 153, 'Cedarburg'),
(15357, 1214, 153, 'Clinton'),
(15358, 1214, 153, 'Cudahy'),
(15359, 1214, 153, 'Dane'),
(15360, 1214, 153, 'De Forest'),
(15361, 1214, 153, 'Eagle River'),
(15362, 1214, 153, 'Eau Claire'),
(15363, 1214, 153, 'Fond Du Lac'),
(15364, 1214, 153, 'Grafton'),
(15365, 1214, 153, 'Green Bay'),
(15366, 1214, 153, 'Hudson'),
(15367, 1214, 153, 'Janesville'),
(15368, 1214, 153, 'Jefferson'),
(15369, 1214, 153, 'Kenosha'),
(15370, 1214, 153, 'La Crosse'),
(15371, 1214, 153, 'Loyal'),
(15372, 1214, 153, 'Madison'),
(15373, 1214, 153, 'Menomonee Falls'),
(15374, 1214, 153, 'Mequon'),
(15375, 1214, 153, 'Milwaukee'),
(15376, 1214, 153, 'New Berlin'),
(15377, 1214, 153, 'Oshkosh'),
(15378, 1214, 153, 'Packwaukee'),
(15379, 1214, 153, 'Port Washington'),
(15380, 1214, 153, 'Portage'),
(15381, 1214, 153, 'Prairie Du Sac'),
(15382, 1214, 153, 'Reedsburg'),
(15383, 1214, 153, 'Rochester'),
(15384, 1214, 153, 'Sheboygan'),
(15385, 1214, 153, 'Sister Bay'),
(15386, 1214, 153, 'Sun Prairie'),
(15387, 1214, 153, 'Thiensville'),
(15388, 1214, 153, 'Waukesha'),
(15389, 1214, 153, 'Wausau'),
(15390, 1214, 153, 'West Bend'),
(15391, 1214, 153, 'Wisconsin Dells'),
(15392, 1215, 153, 'Aladdin'),
(15393, 1215, 153, 'Banner'),
(15394, 1215, 153, 'Casper'),
(15395, 1215, 153, 'Cheyenne'),
(15396, 1215, 153, 'Cody'),
(15397, 1215, 153, 'Cowley'),
(15398, 1215, 153, 'Jackson'),
(15399, 1215, 153, 'Laramie'),
(15400, 1215, 153, 'Teton Village'),
(15401, 1215, 153, 'Yoder'),
(15402, 1216, 154, 'Ахуачапан'),
(15403, 1217, 154, 'Нуэва Сан Салвадор'),
(15404, 1218, 154, 'Закатеколука'),
(15405, 1219, 154, 'Ла Унион'),
(15406, 1220, 154, 'Сан Мигуэл'),
(15407, 1221, 154, 'Сан-Сальвадор'),
(15408, 1222, 155, 'Алиа'),
(15409, 1222, 155, 'Паго-Паго'),
(15410, 1223, 156, 'Acquaviva'),
(15411, 1224, 156, 'Chiesanuova'),
(15412, 1225, 156, 'Falciano'),
(15413, 1225, 156, 'Serravalle'),
(15414, 1226, 157, 'Сан-Томе'),
(15415, 1227, 158, 'Бурайда'),
(15416, 1227, 158, 'Дамам'),
(15417, 1227, 158, 'Джидда'),
(15418, 1227, 158, 'Мекка'),
(15419, 1227, 158, 'Эль-Бир'),
(15420, 1227, 158, 'Эр-Рияд'),
(15421, 1228, 159, 'Мбабане'),
(15422, 1229, 160, 'Кастри'),
(15423, 1230, 161, 'Джеймстаун'),
(15424, 1231, 162, 'Dagu'),
(15425, 1232, 163, 'Виктория'),
(15426, 1233, 164, 'Сен-Пьер'),
(15427, 1234, 165, 'Дакар'),
(15428, 1235, 166, 'Бастер'),
(15429, 1236, 167, 'Кингстаун'),
(15430, 1237, 168, 'Западная Бачка округ'),
(15431, 1237, 168, 'Северная Бачка округ'),
(15432, 1237, 168, 'Северно-Банатский округ'),
(15433, 1237, 168, 'Средне-Банатский округ'),
(15434, 1237, 168, 'Сремский округ'),
(15435, 1237, 168, 'Южная Бачка округ'),
(15436, 1237, 168, 'Южно-Банатский округ'),
(15437, 1238, 168, 'Косовскомитровачский округ'),
(15438, 1238, 168, 'Призренский округ'),
(15439, 1239, 168, 'Белград'),
(15440, 1239, 168, 'Борский округ'),
(15441, 1239, 168, 'Заечарский округ'),
(15442, 1239, 168, 'Златиборский округ'),
(15443, 1239, 168, 'Моравичский округ'),
(15444, 1239, 168, 'Нишавский округ'),
(15445, 1239, 168, 'округ Рашка'),
(15446, 1239, 168, 'Поморавский округ'),
(15447, 1239, 168, 'Расинский округ'),
(15448, 1239, 168, 'Шумадийский округ'),
(15449, 1239, 168, 'Ябланичский округ'),
(15450, 1240, 169, 'Сингапур'),
(15451, 1241, 170, 'Дамаск'),
(15452, 1242, 171, 'Bratislava'),
(15453, 1242, 171, 'Bratislava-mesto'),
(15454, 1242, 171, 'Pozsony'),
(15455, 1243, 171, 'Kaschau'),
(15456, 1243, 171, 'Kassa'),
(15457, 1243, 171, 'Kosice'),
(15458, 1244, 171, 'Nitra'),
(15459, 1245, 171, 'Abrahamovce'),
(15460, 1245, 171, 'Aha'),
(15461, 1245, 171, 'Dunajsk Streda'),
(15462, 1245, 171, 'Michalovce'),
(15463, 1245, 171, 'Prievidza'),
(15464, 1245, 171, 'Zvolen'),
(15465, 1246, 171, 'Presov'),
(15466, 1247, 171, 'Trencin'),
(15467, 1248, 171, 'Trnava'),
(15468, 1249, 172, 'Dvori'),
(15469, 1249, 172, 'Valica'),
(15470, 1250, 172, 'Brezovec'),
(15471, 1250, 172, 'Preseka'),
(15472, 1251, 172, 'Celje'),
(15473, 1251, 172, 'Dol pri Hrastniku'),
(15474, 1251, 172, 'Ljubljana'),
(15475, 1251, 172, 'Maribor'),
(15476, 1251, 172, 'Nemcavci'),
(15477, 1251, 172, 'Nova Gorica'),
(15478, 1251, 172, 'Portorose'),
(15479, 1251, 172, 'Velenje'),
(15480, 1252, 173, 'Хониара'),
(15481, 1253, 174, 'Могадишо'),
(15482, 1254, 175, 'Вади-Хальфа'),
(15483, 1254, 175, 'Вау'),
(15484, 1254, 175, 'Джуба'),
(15485, 1254, 175, 'Малакаль'),
(15486, 1254, 175, 'Омдурман'),
(15487, 1254, 175, 'Порт-Судан'),
(15488, 1254, 175, 'Хартум'),
(15489, 1254, 175, 'Эль-Обейд'),
(15490, 1255, 176, 'Парамарибо'),
(15491, 1256, 177, 'Фритаун'),
(15492, 1257, 178, 'Ванч'),
(15493, 1257, 178, 'Вранг'),
(15494, 1257, 178, 'Ишкашим'),
(15495, 1257, 178, 'Кудара'),
(15496, 1257, 178, 'Мургаб'),
(15497, 1257, 178, 'Рушан'),
(15498, 1257, 178, 'Токтомуш'),
(15499, 1257, 178, 'Хорог'),
(15500, 1258, 178, 'Дангара'),
(15501, 1258, 178, 'Куляб'),
(15502, 1258, 178, 'Лениградский'),
(15503, 1258, 178, 'Пархар'),
(15504, 1258, 178, 'Советский'),
(15505, 1258, 178, 'Ховалинг'),
(15506, 1259, 178, 'Калининабад'),
(15507, 1259, 178, 'Колхозабад'),
(15508, 1259, 178, 'Куйбышевский'),
(15509, 1259, 178, 'Курган-Тюбе'),
(15510, 1259, 178, 'Нижний Пяндж'),
(15511, 1259, 178, 'Пяндж'),
(15512, 1259, 178, 'Шаартуз'),
(15513, 1259, 178, 'Яван'),
(15514, 1260, 178, 'Адрасман'),
(15515, 1260, 178, 'Айни'),
(15516, 1260, 178, 'Ашт'),
(15517, 1260, 178, 'Бустон'),
(15518, 1260, 178, 'Ганчи'),
(15519, 1260, 178, 'Гафуров'),
(15520, 1260, 178, 'Зафарабад'),
(15521, 1260, 178, 'Зеравшан'),
(15522, 1260, 178, 'Истаравшан (Ура-Тюбе)'),
(15523, 1260, 178, 'Исфара'),
(15524, 1260, 178, 'Кайракуум'),
(15525, 1260, 178, 'Канибадам'),
(15526, 1260, 178, 'Кансай'),
(15527, 1260, 178, 'Нау'),
(15528, 1260, 178, 'Пенджикент'),
(15529, 1260, 178, 'Пролетарск'),
(15530, 1260, 178, 'Табошар'),
(15531, 1260, 178, 'Худжанд'),
(15532, 1260, 178, 'Чкаловск'),
(15533, 1260, 178, 'Шураб'),
(15534, 1261, 178, 'Варзоб'),
(15535, 1261, 178, 'Вахш'),
(15536, 1261, 178, 'Гарм'),
(15537, 1261, 178, 'Гиссар'),
(15538, 1261, 178, 'Джиргаталь'),
(15539, 1261, 178, 'Дусти'),
(15540, 1261, 178, 'Душанбе'),
(15541, 1261, 178, 'Кофарнихон'),
(15542, 1261, 178, 'Куйбышевск'),
(15543, 1261, 178, 'Ленинский'),
(15544, 1261, 178, 'Московский'),
(15545, 1261, 178, 'Насруд'),
(15546, 1261, 178, 'Нурек'),
(15547, 1261, 178, 'Орджоникидзеабад'),
(15548, 1261, 178, 'Турсунзаде'),
(15549, 1261, 178, 'Файзабад'),
(15550, 1262, 179, 'Тайбэй'),
(15551, 1263, 180, 'Самуи'),
(15552, 1264, 180, 'Бангкок'),
(15553, 1265, 180, 'Паттая'),
(15554, 1266, 181, 'Дар-эс-Салам'),
(15555, 1266, 181, 'Додома'),
(15556, 1266, 181, 'Занзибар'),
(15557, 1266, 181, 'Мванза'),
(15558, 1267, 182, 'Ломе'),
(15559, 1268, 183, 'Факаофо'),
(15560, 1269, 184, 'Нукуалофа'),
(15561, 1270, 185, 'Порт-оф-Спейн'),
(15562, 1271, 186, 'Фунафути'),
(15563, 1272, 187, 'Nabeul'),
(15564, 1273, 188, 'Ашхабад'),
(15565, 1273, 188, 'Бахарден'),
(15566, 1273, 188, 'Безмеин'),
(15567, 1273, 188, 'Геок-Тепе'),
(15568, 1273, 188, 'Дарваза'),
(15569, 1273, 188, 'Каахка'),
(15570, 1273, 188, 'Кировск'),
(15571, 1273, 188, 'Серахс'),
(15572, 1273, 188, 'Теджен'),
(15573, 1274, 188, 'Бекдаш'),
(15574, 1274, 188, 'Гасан-Кули'),
(15575, 1274, 188, 'Джанга'),
(15576, 1274, 188, 'Казанджик'),
(15577, 1274, 188, 'Карагель'),
(15578, 1274, 188, 'Кизыл-Арват'),
(15579, 1274, 188, 'Красноводск'),
(15580, 1274, 188, 'Небит-Даг'),
(15581, 1274, 188, 'Челекен'),
(15582, 1275, 188, 'Байрам-Али'),
(15583, 1275, 188, 'Иолотань'),
(15584, 1275, 188, 'Мары'),
(15585, 1275, 188, 'Сакар-Чага'),
(15586, 1275, 188, 'Тахта-Базар'),
(15587, 1275, 188, 'Туркмен-Кала'),
(15588, 1276, 188, 'Куня-Ургенч'),
(15589, 1276, 188, 'Ташауз'),
(15590, 1277, 188, 'Аму-Дарья'),
(15591, 1277, 188, 'Газ-Ачак'),
(15592, 1277, 188, 'Гаурдак'),
(15593, 1277, 188, 'Дейнау'),
(15594, 1277, 188, 'Карабекаул'),
(15595, 1277, 188, 'Керки'),
(15596, 1277, 188, 'Мукры'),
(15597, 1277, 188, 'Нефтезаводск'),
(15598, 1277, 188, 'Сакар'),
(15599, 1277, 188, 'Саят'),
(15600, 1277, 188, 'Фараб'),
(15601, 1277, 188, 'Халач'),
(15602, 1277, 188, 'Чарджоу'),
(15603, 1277, 188, 'Чаршанга'),
(15604, 1278, 189, 'Кев'),
(15605, 1278, 189, 'Теркс-Айлендс'),
(15606, 1279, 190, 'Бартын'),
(15607, 1280, 190, 'Байбурт'),
(15608, 1281, 190, 'Карабук'),
(15609, 1282, 190, 'Адана'),
(15610, 1283, 190, 'Айдын'),
(15611, 1284, 190, 'Амасья'),
(15612, 1285, 190, 'Анкара'),
(15613, 1286, 190, 'Анталия'),
(15614, 1287, 190, 'Артвин'),
(15615, 1288, 190, 'Афьон'),
(15616, 1289, 190, 'Балыкесир'),
(15617, 1290, 190, 'Биледжик'),
(15618, 1291, 190, 'Бурса'),
(15619, 1292, 190, 'Газиантеп'),
(15620, 1293, 190, 'Денизли'),
(15621, 1294, 190, 'Измир'),
(15622, 1295, 190, 'Испарта'),
(15623, 1296, 190, 'Мерсин'),
(15624, 1297, 190, 'Кэйсери'),
(15625, 1298, 190, 'Карс'),
(15626, 1299, 190, 'Измит'),
(15627, 1299, 190, 'Кокели'),
(15628, 1300, 190, 'Кониа'),
(15629, 1301, 190, 'Кириккал'),
(15630, 1302, 190, 'Кутахиа'),
(15631, 1303, 190, 'Малатиа'),
(15632, 1304, 190, 'Маниса'),
(15633, 1305, 190, 'Адапазари'),
(15634, 1306, 190, 'Самсун'),
(15635, 1307, 190, 'Сивас'),
(15636, 1308, 190, 'Стамбул'),
(15637, 1309, 190, 'Корум'),
(15638, 1310, 190, 'Эдирн'),
(15639, 1311, 190, 'Элазиг'),
(15640, 1312, 190, 'Эрзинкан'),
(15641, 1313, 190, 'Эрзурум'),
(15642, 1314, 190, 'Ескисехир'),
(15643, 1315, 191, 'Йиня'),
(15644, 1316, 191, 'Кампала'),
(15645, 1317, 192, 'Алтынкуль'),
(15646, 1317, 192, 'Андижан'),
(15647, 1317, 192, 'Балыкчи'),
(15648, 1317, 192, 'Ленинск'),
(15649, 1317, 192, 'Мархамат'),
(15650, 1317, 192, 'Советабад'),
(15651, 1317, 192, 'Шахрихан'),
(15652, 1318, 192, 'Алат'),
(15653, 1318, 192, 'Бухара'),
(15654, 1318, 192, 'Вабкент'),
(15655, 1318, 192, 'Газли'),
(15656, 1318, 192, 'Галаасия'),
(15657, 1318, 192, 'Гиждуван'),
(15658, 1318, 192, 'Каган'),
(15659, 1318, 192, 'Каракуль'),
(15660, 1318, 192, 'Ромитан'),
(15661, 1319, 192, 'Галляарал'),
(15662, 1319, 192, 'Джизак'),
(15663, 1319, 192, 'Заамин'),
(15664, 1319, 192, 'Усмат'),
(15665, 1319, 192, 'Янгикишлак'),
(15666, 1320, 192, 'Кегейли'),
(15667, 1320, 192, 'Кунград'),
(15668, 1320, 192, 'Мангит'),
(15669, 1320, 192, 'Муйнак'),
(15670, 1320, 192, 'Нукус'),
(15671, 1320, 192, 'Тахиаташ'),
(15672, 1320, 192, 'Тахтакупыр'),
(15673, 1320, 192, 'Турткуль'),
(15674, 1320, 192, 'Ходжейли'),
(15675, 1320, 192, 'Чимбай'),
(15676, 1320, 192, 'Шуманай'),
(15677, 1321, 192, 'Бешкент'),
(15678, 1321, 192, 'Гузар'),
(15679, 1321, 192, 'Камаши'),
(15680, 1321, 192, 'Карши'),
(15681, 1321, 192, 'Касан'),
(15682, 1321, 192, 'Китаб'),
(15683, 1321, 192, 'Шахрисабз'),
(15684, 1322, 192, 'Зарафшан'),
(15685, 1322, 192, 'Навои'),
(15686, 1322, 192, 'Тамдыбулак'),
(15687, 1322, 192, 'Учкудук'),
(15688, 1323, 192, 'Касансай'),
(15689, 1323, 192, 'Наманган'),
(15690, 1323, 192, 'Пап'),
(15691, 1323, 192, 'Учкурган'),
(15692, 1323, 192, 'Чартак'),
(15693, 1323, 192, 'Чуст'),
(15694, 1323, 192, 'Янгикурган'),
(15695, 1324, 192, 'Акташ'),
(15696, 1324, 192, 'Зиадин'),
(15697, 1324, 192, 'Ингичка'),
(15698, 1324, 192, 'Каттакурган'),
(15699, 1324, 192, 'Красногвардейск'),
(15700, 1324, 192, 'Самарканд'),
(15701, 1324, 192, 'Ургут'),
(15702, 1325, 192, 'Байсун'),
(15703, 1325, 192, 'Денау'),
(15704, 1325, 192, 'Карлук'),
(15705, 1325, 192, 'Термез'),
(15706, 1325, 192, 'Узун'),
(15707, 1325, 192, 'Шерабад'),
(15708, 1325, 192, 'Шурчи'),
(15709, 1326, 192, 'Бахт'),
(15710, 1326, 192, 'Гулистан'),
(15711, 1326, 192, 'Димитровское'),
(15712, 1326, 192, 'Крестьянский'),
(15713, 1326, 192, 'Сырдарья'),
(15714, 1326, 192, 'Сырьдарья'),
(15715, 1326, 192, 'Хаваст'),
(15716, 1326, 192, 'Ширин'),
(15717, 1326, 192, 'Янгиер'),
(15718, 1327, 192, 'Алимкент'),
(15719, 1327, 192, 'Алмазар'),
(15720, 1327, 192, 'Алмалык'),
(15721, 1327, 192, 'Ангрен'),
(15722, 1327, 192, 'Ахангаран'),
(15723, 1327, 192, 'Бакабад'),
(15724, 1327, 192, 'Бекабад'),
(15725, 1327, 192, 'Бука'),
(15726, 1327, 192, 'Газалкент'),
(15727, 1327, 192, 'Искандар'),
(15728, 1327, 192, 'Келес'),
(15729, 1327, 192, 'Паркент'),
(15730, 1327, 192, 'Пскент'),
(15731, 1327, 192, 'Сиджак'),
(15732, 1327, 192, 'Солдатский'),
(15733, 1327, 192, 'Ташкент'),
(15734, 1327, 192, 'Тойтепа'),
(15735, 1327, 192, 'Чиназ'),
(15736, 1327, 192, 'Чирчик'),
(15737, 1327, 192, 'Янгиабад'),
(15738, 1327, 192, 'Янгибазар'),
(15739, 1327, 192, 'Янгиюль'),
(15740, 1328, 192, 'Алтыарык'),
(15741, 1328, 192, 'Бешарык'),
(15742, 1328, 192, 'Вуадиль'),
(15743, 1328, 192, 'Дангара'),
(15744, 1328, 192, 'Коканд'),
(15745, 1328, 192, 'Кува'),
(15746, 1328, 192, 'Кувасай'),
(15747, 1328, 192, 'Маргилан'),
(15748, 1328, 192, 'Учкуприк'),
(15749, 1328, 192, 'Фергана'),
(15750, 1328, 192, 'Яйпан'),
(15751, 1329, 192, 'Ургенч'),
(15752, 1329, 192, 'Хива'),
(15753, 1330, 193, 'Arenal'),
(15754, 1330, 193, 'Canelones'),
(15755, 1331, 193, 'Pueblo de la Paz'),
(15756, 1332, 193, 'Minas'),
(15757, 1333, 193, 'Maldonado'),
(15758, 1333, 193, 'Punta del Este'),
(15759, 1334, 193, 'Balneario Chacarita'),
(15760, 1334, 193, 'Buceo'),
(15761, 1334, 193, 'Montevideo'),
(15762, 1334, 193, 'Pocitos'),
(15763, 1334, 193, 'Villa Muoz'),
(15764, 1335, 193, 'Poblado del Borracho'),
(15765, 1336, 193, 'Sauce'),
(15766, 1337, 193, 'Cortume'),
(15767, 1337, 193, 'Los Potreros'),
(15768, 1337, 193, 'Rivera'),
(15769, 1338, 193, 'Salto'),
(15770, 1339, 193, 'Tacuaremb'),
(15771, 1340, 193, 'Arrozal Treinta y Tres'),
(15772, 1340, 193, 'Paso de Piriz'),
(15773, 1341, 194, 'Торсхавн'),
(15774, 1342, 195, 'Нукуалофа'),
(15775, 1342, 195, 'Сува'),
(15776, 1343, 196, 'Давао'),
(15777, 1343, 196, 'Замбоанга'),
(15778, 1343, 196, 'Илоило'),
(15779, 1343, 196, 'Кессон-Сити'),
(15780, 1343, 196, 'Легаспи'),
(15781, 1343, 196, 'Манила'),
(15782, 1343, 196, 'Себу'),
(15783, 1344, 197, 'kerlund'),
(15784, 1344, 197, 'Bast'),
(15785, 1344, 197, 'Bengtsble'),
(15786, 1344, 197, 'Fgl'),
(15787, 1344, 197, 'Godby'),
(15788, 1344, 197, 'Jomala'),
(15789, 1344, 197, 'Karleby'),
(15790, 1344, 197, 'Karlgrd'),
(15791, 1344, 197, 'Marianhamina'),
(15792, 1344, 197, 'Mariehamn'),
(15793, 1344, 197, 'Norrberg'),
(15794, 1345, 197, 'Aatola'),
(15795, 1345, 197, 'Ahmovaara'),
(15796, 1345, 197, 'Ahola'),
(15797, 1345, 197, 'Ahvenlahti'),
(15798, 1345, 197, 'Airaksela'),
(15799, 1345, 197, 'Egyptinkorpi'),
(15800, 1345, 197, 'Haso'),
(15801, 1345, 197, 'Heiniemi'),
(15802, 1345, 197, 'Hernejrvi'),
(15803, 1345, 197, 'Hieru'),
(15804, 1345, 197, 'Iisalmi'),
(15805, 1345, 197, 'Isal''mi'),
(15806, 1345, 197, 'Isomki'),
(15807, 1345, 197, 'Joensuu'),
(15808, 1345, 197, 'Joroinen'),
(15809, 1345, 197, 'Juankoski'),
(15810, 1345, 197, 'Juva'),
(15811, 1345, 197, 'Kaavi'),
(15812, 1345, 197, 'Kalamki'),
(15813, 1345, 197, 'Kitee'),
(15814, 1345, 197, 'Kokkola'),
(15815, 1345, 197, 'Kontioranta'),
(15816, 1345, 197, 'Kuomiokoski'),
(15817, 1345, 197, 'Kuopio'),
(15818, 1345, 197, 'Leppvirta'),
(15819, 1345, 197, 'Lieksa'),
(15820, 1345, 197, 'Mikkeli'),
(15821, 1345, 197, 'Mikkelin Maalaiskunta'),
(15822, 1345, 197, 'Nilsi'),
(15823, 1345, 197, 'Noljakka'),
(15824, 1345, 197, 'Nurmes'),
(15825, 1345, 197, 'Nurmijrvi'),
(15826, 1345, 197, 'Outokumpu'),
(15827, 1345, 197, 'Pieksmki'),
(15828, 1345, 197, 'Punkaharju'),
(15829, 1345, 197, 'Puumala'),
(15830, 1345, 197, 'Pyhjrvi'),
(15831, 1345, 197, 'Salo'),
(15832, 1345, 197, 'Savonlinna'),
(15833, 1345, 197, 'Siilinjrvi'),
(15834, 1345, 197, 'Suonenjoki'),
(15835, 1345, 197, 'Tohmajrvi'),
(15836, 1345, 197, 'Tusku'),
(15837, 1345, 197, 'Varkaus'),
(15838, 1345, 197, 'Vehmersalmi'),
(15839, 1345, 197, 'Viitasaari'),
(15840, 1346, 197, 'Aanaar'),
(15841, 1346, 197, 'Aatsinki'),
(15842, 1346, 197, 'Ahola'),
(15843, 1346, 197, 'Akanlahti'),
(15844, 1346, 197, 'Alanampa'),
(15845, 1346, 197, 'Arvola'),
(15846, 1346, 197, 'Haara'),
(15847, 1346, 197, 'Hepola'),
(15848, 1346, 197, 'Hoikkaniemi'),
(15849, 1346, 197, 'Inari'),
(15850, 1346, 197, 'Ivalo'),
(15851, 1346, 197, 'Kainuu'),
(15852, 1346, 197, 'Kemi'),
(15853, 1346, 197, 'Kemijrvi'),
(15854, 1346, 197, 'Keminmaa'),
(15855, 1346, 197, 'Ketola'),
(15856, 1346, 197, 'Kittil'),
(15857, 1346, 197, 'Koivu'),
(15858, 1346, 197, 'Kolari'),
(15859, 1346, 197, 'Kngs'),
(15860, 1346, 197, 'Lappea'),
(15861, 1346, 197, 'Pello'),
(15862, 1346, 197, 'Rovala'),
(15863, 1346, 197, 'Rovaniemi'),
(15864, 1346, 197, 'Rovanieni'),
(15865, 1346, 197, 'Runkaus'),
(15866, 1346, 197, 'Tervola'),
(15867, 1346, 197, 'Tohmo'),
(15868, 1346, 197, 'Tornio'),
(15869, 1346, 197, 'Turska'),
(15870, 1347, 197, 'Hiukkamki'),
(15871, 1347, 197, 'Kinola'),
(15872, 1347, 197, 'Ruokojrvi'),
(15873, 1347, 197, 'Vihavuoren Saha'),
(15874, 1348, 197, 'Aaita'),
(15875, 1348, 197, 'Ahenp'),
(15876, 1348, 197, 'Aho'),
(15877, 1348, 197, 'Aitta'),
(15878, 1348, 197, 'Alajrvi'),
(15879, 1348, 197, 'Auho'),
(15880, 1348, 197, 'Haapajrvi'),
(15881, 1348, 197, 'Haapavesi'),
(15882, 1348, 197, 'Haukipudas'),
(15883, 1348, 197, 'Hyrynsaimi'),
(15884, 1348, 197, 'Jrvenp'),
(15885, 1348, 197, 'Kajaani'),
(15886, 1348, 197, 'Kalajoki'),
(15887, 1348, 197, 'Kankaanp'),
(15888, 1348, 197, 'Kempele'),
(15889, 1348, 197, 'Kestil'),
(15890, 1348, 197, 'Kuhmo'),
(15891, 1348, 197, 'Kurki'),
(15892, 1348, 197, 'Kuusamo'),
(15893, 1348, 197, 'Muhos'),
(15894, 1348, 197, 'Nivala'),
(15895, 1348, 197, 'Oulainen'),
(15896, 1348, 197, 'Oulu'),
(15897, 1348, 197, 'Paltamo'),
(15898, 1348, 197, 'Puolivlinkangas'),
(15899, 1348, 197, 'Pyhsalmi'),
(15900, 1348, 197, 'Raahe'),
(15901, 1348, 197, 'Sievi'),
(15902, 1348, 197, 'Somero'),
(15903, 1348, 197, 'Sotkamo'),
(15904, 1348, 197, 'Suomusal''mi'),
(15905, 1348, 197, 'Suomussalmi'),
(15906, 1348, 197, 'Taipalo'),
(15907, 1348, 197, 'Utajrvi'),
(15908, 1348, 197, 'Vaala'),
(15909, 1348, 197, 'Vesa'),
(15910, 1348, 197, 'Vuokatti'),
(15911, 1348, 197, 'Ylivieska'),
(15912, 1349, 197, 'by'),
(15913, 1349, 197, 'Ahjo'),
(15914, 1349, 197, 'Ahola'),
(15915, 1349, 197, 'Ala-Malmi'),
(15916, 1349, 197, 'minnefors'),
(15917, 1349, 197, 'Asikkala'),
(15918, 1349, 197, 'Askola'),
(15919, 1349, 197, 'Bengtsr'),
(15920, 1349, 197, 'Borg'),
(15921, 1349, 197, 'Box'),
(15922, 1349, 197, 'Daj'),
(15923, 1349, 197, 'Epoo'),
(15924, 1349, 197, 'Esbo'),
(15925, 1349, 197, 'Espoo'),
(15926, 1349, 197, 'Forssa'),
(15927, 1349, 197, 'Haaga'),
(15928, 1349, 197, 'Hakunila'),
(15929, 1349, 197, 'Hlsinge'),
(15930, 1349, 197, 'Hmeenlinna'),
(15931, 1349, 197, 'Hamina'),
(15932, 1349, 197, 'Hanko'),
(15933, 1349, 197, 'Hanski'),
(15934, 1349, 197, 'Hauho'),
(15935, 1349, 197, 'Heimala'),
(15936, 1349, 197, 'Heinola'),
(15937, 1349, 197, 'Helsinge'),
(15938, 1349, 197, 'Helsingfors'),
(15939, 1349, 197, 'Helsinki'),
(15940, 1349, 197, 'Hyvinge'),
(15941, 1349, 197, 'Hyvink'),
(15942, 1349, 197, 'Imatra'),
(15943, 1349, 197, 'Ing'),
(15944, 1349, 197, 'Janakkala'),
(15945, 1349, 197, 'Jrvenp'),
(15946, 1349, 197, 'Joensuu'),
(15947, 1349, 197, 'Joutseno'),
(15948, 1349, 197, 'Kaipiainen'),
(15949, 1349, 197, 'Karjaa'),
(15950, 1349, 197, 'Kerava'),
(15951, 1349, 197, 'Kirkkonummi'),
(15952, 1349, 197, 'Klaukkala'),
(15953, 1349, 197, 'Kontro'),
(15954, 1349, 197, 'Kotimki'),
(15955, 1349, 197, 'Kotka'),
(15956, 1349, 197, 'Kourula'),
(15957, 1349, 197, 'Kouvola'),
(15958, 1349, 197, 'Kouvola-Tornionmki'),
(15959, 1349, 197, 'Kuopiola'),
(15960, 1349, 197, 'Kuusankoski'),
(15961, 1349, 197, 'Kymin Tehtaat'),
(15962, 1349, 197, 'Lahti'),
(15963, 1349, 197, 'Lappeenranta'),
(15964, 1349, 197, 'Lappenranta'),
(15965, 1349, 197, 'Liljendal'),
(15966, 1349, 197, 'Lohja'),
(15967, 1349, 197, 'Loviisa'),
(15968, 1349, 197, 'Lovisa'),
(15969, 1349, 197, 'Malmi'),
(15970, 1349, 197, 'Miehikkl'),
(15971, 1349, 197, 'Nummela'),
(15972, 1349, 197, 'Nurmijrvi'),
(15973, 1349, 197, 'Oulunkyl'),
(15974, 1349, 197, 'Parikkala'),
(15975, 1349, 197, 'Porvo'),
(15976, 1349, 197, 'Porvoo'),
(15977, 1349, 197, 'Pukkila'),
(15978, 1349, 197, 'Pyhjrvi'),
(15979, 1349, 197, 'Riihimki'),
(15980, 1349, 197, 'Salo'),
(15981, 1349, 197, 'Simpele'),
(15982, 1349, 197, 'Siuntio'),
(15983, 1349, 197, 'Storkrr'),
(15984, 1349, 197, 'Tammisaari'),
(15985, 1349, 197, 'Tapiola'),
(15986, 1349, 197, 'Tavastehus'),
(15987, 1349, 197, 'Tenhola'),
(15988, 1349, 197, 'Turkia'),
(15989, 1349, 197, 'Uusimaa'),
(15990, 1349, 197, 'Vainikkala'),
(15991, 1349, 197, 'Vanda'),
(15992, 1349, 197, 'Vantaa'),
(15993, 1349, 197, 'Yelsinki'),
(15994, 1350, 197, 'nekoski'),
(15995, 1350, 197, 'Aarlahti'),
(15996, 1350, 197, 'Aartuka'),
(15997, 1350, 197, 'Aasla'),
(15998, 1350, 197, 'bo'),
(15999, 1350, 197, 'Ahlholm'),
(16000, 1350, 197, 'Aho'),
(16001, 1350, 197, 'Aijala'),
(16002, 1350, 197, 'Alajrvi'),
(16003, 1350, 197, 'Alastaro'),
(16004, 1350, 197, 'Brnd'),
(16005, 1350, 197, 'Etel-Vartsala'),
(16006, 1350, 197, 'Eura'),
(16007, 1350, 197, 'Haapamki'),
(16008, 1350, 197, 'Haapasalo'),
(16009, 1350, 197, 'Halikko'),
(16010, 1350, 197, 'Helsinge'),
(16011, 1350, 197, 'Helsinki'),
(16012, 1350, 197, 'Huittinen'),
(16013, 1350, 197, 'Jakobstad'),
(16014, 1350, 197, 'Jms'),
(16015, 1350, 197, 'Jeppo'),
(16016, 1350, 197, 'Joensuu'),
(16017, 1350, 197, 'Jokela'),
(16018, 1350, 197, 'Juva'),
(16019, 1350, 197, 'Jyvskyl'),
(16020, 1350, 197, 'Jyvskyln Maalaiskunta'),
(16021, 1350, 197, 'Kaarina'),
(16022, 1350, 197, 'Kangasala'),
(16023, 1350, 197, 'Kangasniemi'),
(16024, 1350, 197, 'Kankaanp'),
(16025, 1350, 197, 'Kauhajoki'),
(16026, 1350, 197, 'Kauhava'),
(16027, 1350, 197, 'Kaustinen'),
(16028, 1350, 197, 'Keuruu'),
(16029, 1350, 197, 'Kokemki'),
(16030, 1350, 197, 'Kokkola'),
(16031, 1350, 197, 'Kotka'),
(16032, 1350, 197, 'Kouvala'),
(16033, 1350, 197, 'Kouvola'),
(16034, 1350, 197, 'Kovalanmki'),
(16035, 1350, 197, 'Kristinestad'),
(16036, 1350, 197, 'Kurejoki'),
(16037, 1350, 197, 'Kurikka'),
(16038, 1350, 197, 'Laasala'),
(16039, 1350, 197, 'Lahti'),
(16040, 1350, 197, 'Lahtinen'),
(16041, 1350, 197, 'Lappajrvi'),
(16042, 1350, 197, 'Lapua'),
(16043, 1350, 197, 'Laukaa'),
(16044, 1350, 197, 'Laupunen'),
(16045, 1350, 197, 'Lieto'),
(16046, 1350, 197, 'Loimaa'),
(16047, 1350, 197, 'Maunula'),
(16048, 1350, 197, 'Merikarvia'),
(16049, 1350, 197, 'Naantali'),
(16050, 1350, 197, 'Nrpes'),
(16051, 1350, 197, 'Nyukarlebyu'),
(16052, 1350, 197, 'Parkano'),
(16053, 1350, 197, 'Pietarsaari'),
(16054, 1350, 197, 'Pitkjrvi'),
(16055, 1350, 197, 'Pori'),
(16056, 1350, 197, 'Raisio'),
(16057, 1350, 197, 'Ramsi'),
(16058, 1350, 197, 'Rauma'),
(16059, 1350, 197, 'Redamo'),
(16060, 1350, 197, 'Riihikoski'),
(16061, 1350, 197, 'Riihimki'),
(16062, 1350, 197, 'Salo'),
(16063, 1350, 197, 'Seinjoki'),
(16064, 1350, 197, 'Somerniemi'),
(16065, 1350, 197, 'Somero'),
(16066, 1350, 197, 'Sydnmaa'),
(16067, 1350, 197, 'Tammerfors'),
(16068, 1350, 197, 'Tampere'),
(16069, 1350, 197, 'Tourula'),
(16070, 1350, 197, 'Turku'),
(16071, 1350, 197, 'Tuuri'),
(16072, 1350, 197, 'Urjala'),
(16073, 1350, 197, 'Usikaupunki'),
(16074, 1350, 197, 'Uusikaupunki'),
(16075, 1350, 197, 'Vaasa'),
(16076, 1350, 197, 'Valkeakoski'),
(16077, 1350, 197, 'Vammala'),
(16078, 1350, 197, 'Vasa'),
(16079, 1350, 197, 'Vihtavuori'),
(16080, 1350, 197, 'Virrat'),
(16081, 1350, 197, 'Vista'),
(16082, 1350, 197, 'Vuoskoski'),
(16083, 1350, 197, 'Wasa'),
(16084, 1351, 198, 'Amareins'),
(16085, 1351, 198, 'Argis'),
(16086, 1351, 198, 'Bg-la-Ville'),
(16087, 1351, 198, 'Bourg-en-Bresse'),
(16088, 1351, 198, 'Bouvent'),
(16089, 1351, 198, 'Cessy'),
(16090, 1351, 198, 'Confort'),
(16091, 1351, 198, 'Divonne-les-Bains'),
(16092, 1351, 198, 'Ferney-Voltaire'),
(16093, 1351, 198, 'Montceaux'),
(16094, 1351, 198, 'Pron'),
(16095, 1351, 198, 'Port'),
(16096, 1351, 198, 'Saint-Nizier-le-Bouchoux'),
(16097, 1351, 198, 'Saint-Vulbas'),
(16098, 1351, 198, 'Vesancy'),
(16099, 1351, 198, 'Vonnas'),
(16100, 1352, 198, 'Achery'),
(16101, 1352, 198, 'Acy'),
(16102, 1352, 198, 'Hirson'),
(16103, 1352, 198, 'Saint-Quentin'),
(16104, 1352, 198, 'Soissons'),
(16105, 1352, 198, 'Soize'),
(16106, 1353, 198, 'Abrest'),
(16107, 1353, 198, 'Bayet'),
(16108, 1353, 198, 'Charmes'),
(16109, 1353, 198, 'Montluon'),
(16110, 1353, 198, 'Vichy'),
(16111, 1354, 198, 'Argens'),
(16112, 1354, 198, 'Banon'),
(16113, 1354, 198, 'Mlan'),
(16114, 1354, 198, 'Saint-Andr-les-Alpes'),
(16115, 1355, 198, 'Aiglun'),
(16116, 1355, 198, 'Antibes'),
(16117, 1355, 198, 'Auribeau-sur-Siagne'),
(16118, 1355, 198, 'Auvare'),
(16119, 1355, 198, 'Beaulieu-sur-Mer'),
(16120, 1355, 198, 'Beausoleil'),
(16121, 1355, 198, 'Belvdre'),
(16122, 1355, 198, 'Biot'),
(16123, 1355, 198, 'Cannes'),
(16124, 1355, 198, 'Cap-d''Ail'),
(16125, 1355, 198, 'Juan-les-Pins'),
(16126, 1355, 198, 'La Tour'),
(16127, 1355, 198, 'Mandelieu-la-Napoule'),
(16128, 1355, 198, 'Menton'),
(16129, 1355, 198, 'Mougins'),
(16130, 1355, 198, 'Nice'),
(16131, 1355, 198, 'Saint-Jean-Cap-Ferrat'),
(16132, 1355, 198, 'Valbonne'),
(16133, 1355, 198, 'Villeneuve-Loubet'),
(16134, 1356, 198, 'Alboussire'),
(16135, 1356, 198, 'Aubenas'),
(16136, 1356, 198, 'Beauvne'),
(16137, 1356, 198, 'Chambonas'),
(16138, 1356, 198, 'Joyeuse'),
(16139, 1356, 198, 'La Voulte-sur-Rhne'),
(16140, 1356, 198, 'Saint-Pray'),
(16141, 1357, 198, 'Aiglemont'),
(16142, 1357, 198, 'Charleville-Mzires'),
(16143, 1357, 198, 'Rethel'),
(16144, 1357, 198, 'Sedan'),
(16145, 1358, 198, 'Aigues-Vives'),
(16146, 1358, 198, 'Albis'),
(16147, 1358, 198, 'Allires'),
(16148, 1358, 198, 'Saverdun'),
(16149, 1358, 198, 'Sem'),
(16150, 1359, 198, 'Ailleville'),
(16151, 1359, 198, 'Amance'),
(16152, 1359, 198, 'Arsonval'),
(16153, 1359, 198, 'Bar-sur-Seine'),
(16154, 1359, 198, 'Mry-sur-Seine'),
(16155, 1359, 198, 'Troyes'),
(16156, 1360, 198, 'Ajac'),
(16157, 1360, 198, 'Azille'),
(16158, 1360, 198, 'Carcassonne'),
(16159, 1360, 198, 'Castelnaudary'),
(16160, 1360, 198, 'Fa'),
(16161, 1360, 198, 'Fabrezan'),
(16162, 1360, 198, 'Lzignan-Corbires'),
(16163, 1360, 198, 'Limoux'),
(16164, 1360, 198, 'Luc-sur-Orbieu'),
(16165, 1360, 198, 'Narbonne'),
(16166, 1360, 198, 'Narbonne-Plage'),
(16167, 1360, 198, 'Villelongue-d''Aude'),
(16168, 1361, 198, 'Agen-d''Aveyron'),
(16169, 1361, 198, 'Auriac-Lagast'),
(16170, 1361, 198, 'Bozouls'),
(16171, 1361, 198, 'Brandonnet'),
(16172, 1361, 198, 'Brommat'),
(16173, 1361, 198, 'Curan'),
(16174, 1361, 198, 'Nant'),
(16175, 1361, 198, 'Rodez'),
(16176, 1361, 198, 'Saint-Beaulize'),
(16177, 1362, 198, 'Achenheim'),
(16178, 1362, 198, 'Allenwiller'),
(16179, 1362, 198, 'Altenheim'),
(16180, 1362, 198, 'Barr'),
(16181, 1362, 198, 'Illkirch-Graffenstaden'),
(16182, 1362, 198, 'Niederbronn-les-Bains'),
(16183, 1362, 198, 'Russ'),
(16184, 1362, 198, 'Saverne'),
(16185, 1362, 198, 'Schiltigheim'),
(16186, 1362, 198, 'Slestat'),
(16187, 1362, 198, 'Strasbourg'),
(16188, 1362, 198, 'Wintzenbach'),
(16189, 1363, 198, 'Aix-en-Provence'),
(16190, 1363, 198, 'Arles'),
(16191, 1363, 198, 'Aubagne'),
(16192, 1363, 198, 'Belcodne'),
(16193, 1363, 198, 'Bouc-Bel-Air'),
(16194, 1363, 198, 'Carry-le-Rouet'),
(16195, 1363, 198, 'Marseille'),
(16196, 1363, 198, 'Martigues');
INSERT INTO `city` (`id_city`, `id_region`, `id_country`, `name`) VALUES
(16197, 1363, 198, 'Saint-Paul-lez-Durance'),
(16198, 1363, 198, 'Salon-de-Provence'),
(16199, 1363, 198, 'Tarascon'),
(16200, 1364, 198, 'Ablon'),
(16201, 1364, 198, 'Anisy'),
(16202, 1364, 198, 'Caen'),
(16203, 1364, 198, 'Canon'),
(16204, 1364, 198, 'Deauville'),
(16205, 1364, 198, 'Douville-en-Auge'),
(16206, 1365, 198, 'Aurillac'),
(16207, 1365, 198, 'Bassignac'),
(16208, 1366, 198, 'Aigre'),
(16209, 1366, 198, 'Angoulme'),
(16210, 1366, 198, 'Cognac'),
(16211, 1367, 198, 'Beaugeay'),
(16212, 1367, 198, 'Benon'),
(16213, 1367, 198, 'La Rochelle'),
(16214, 1367, 198, 'Nantill'),
(16215, 1367, 198, 'Royan'),
(16216, 1367, 198, 'Saint-Georges-de-Didonne'),
(16217, 1368, 198, 'Annoix'),
(16218, 1368, 198, 'Azy'),
(16219, 1368, 198, 'Bourges'),
(16220, 1368, 198, 'Cerbois'),
(16221, 1368, 198, 'Chry'),
(16222, 1368, 198, 'Culan'),
(16223, 1368, 198, 'Uzay-le-Venon'),
(16224, 1368, 198, 'Vierzon'),
(16225, 1369, 198, 'Brive-la-Gaillarde'),
(16226, 1369, 198, 'Corrze'),
(16227, 1370, 198, 'Ajaccio'),
(16228, 1370, 198, 'Bastelica'),
(16229, 1370, 198, 'Bastia'),
(16230, 1370, 198, 'Calvi'),
(16231, 1370, 198, 'L''le-Rousse'),
(16232, 1370, 198, 'Porto'),
(16233, 1370, 198, 'Propriano'),
(16234, 1371, 198, 'Ahuy'),
(16235, 1371, 198, 'Chtillon-sur-Seine'),
(16236, 1371, 198, 'Chenve'),
(16237, 1371, 198, 'Dijon'),
(16238, 1371, 198, 'Nicey'),
(16239, 1371, 198, 'Spoy'),
(16240, 1371, 198, 'Touillon'),
(16241, 1372, 198, 'Andel'),
(16242, 1372, 198, 'Chtelaudren'),
(16243, 1372, 198, 'Guingamp'),
(16244, 1372, 198, 'Loscout-sur-Meu'),
(16245, 1372, 198, 'Plrin'),
(16246, 1372, 198, 'Saint-Brieuc'),
(16247, 1372, 198, 'Saint-Jacut-de-la-Mer'),
(16248, 1373, 198, 'Ars'),
(16249, 1373, 198, 'Guret'),
(16250, 1374, 198, 'Bressuire'),
(16251, 1374, 198, 'Chrign'),
(16252, 1374, 198, 'Niort'),
(16253, 1375, 198, 'Besse'),
(16254, 1375, 198, 'Cercles'),
(16255, 1375, 198, 'Le Bugue'),
(16256, 1375, 198, 'Monbazillac'),
(16257, 1375, 198, 'Pazayac'),
(16258, 1375, 198, 'Prigueux'),
(16259, 1375, 198, 'Sarlat-la-Canda'),
(16260, 1376, 198, 'Alaise'),
(16261, 1376, 198, 'Besanon'),
(16262, 1376, 198, 'Doubs'),
(16263, 1376, 198, 'Montbliard'),
(16264, 1376, 198, 'Sochaux'),
(16265, 1376, 198, 'Vaux-et-Chantegrue'),
(16266, 1376, 198, 'Villers-le-Lac'),
(16267, 1377, 198, 'Alixan'),
(16268, 1377, 198, 'Barbires'),
(16269, 1377, 198, 'Beauvallon'),
(16270, 1377, 198, 'Bourg-ls-Valence'),
(16271, 1377, 198, 'Montlimar'),
(16272, 1377, 198, 'Pierrelatte'),
(16273, 1377, 198, 'Romans-sur-Isre'),
(16274, 1377, 198, 'Tain-l''Hermitage'),
(16275, 1377, 198, 'Valence'),
(16276, 1378, 198, 'Bivres'),
(16277, 1378, 198, 'vry'),
(16278, 1379, 198, 'Acon'),
(16279, 1379, 198, 'Amfreville-sur-Iton'),
(16280, 1379, 198, 'Brionne'),
(16281, 1379, 198, 'vreux'),
(16282, 1379, 198, 'Vernon'),
(16283, 1380, 198, 'Anet'),
(16284, 1380, 198, 'Brou'),
(16285, 1380, 198, 'Chartres'),
(16286, 1381, 198, 'Audierne'),
(16287, 1381, 198, 'Brest'),
(16288, 1381, 198, 'Huelgoat'),
(16289, 1381, 198, 'Molan-sur-Mer'),
(16290, 1381, 198, 'Quimper'),
(16291, 1382, 198, 'Als'),
(16292, 1382, 198, 'Marguerittes'),
(16293, 1382, 198, 'Nmes'),
(16294, 1382, 198, 'Poulx'),
(16295, 1383, 198, 'Auch'),
(16296, 1383, 198, 'Gaujan'),
(16297, 1383, 198, 'Sainte-Christie-d''Armagnac'),
(16298, 1384, 198, 'Andernos-les-Bains'),
(16299, 1384, 198, 'Arcachon'),
(16300, 1384, 198, 'Aubiac'),
(16301, 1384, 198, 'Blanquefort'),
(16302, 1384, 198, 'Bordeaux'),
(16303, 1384, 198, 'Cadillac'),
(16304, 1384, 198, 'Carbon-Blanc'),
(16305, 1384, 198, 'Langon'),
(16306, 1385, 198, 'Bollwiller'),
(16307, 1385, 198, 'Colmar'),
(16308, 1385, 198, 'Illzach'),
(16309, 1385, 198, 'Mulhouse'),
(16310, 1385, 198, 'Riedisheim'),
(16311, 1385, 198, 'Saint-Amarin'),
(16312, 1385, 198, 'Saint-Louis'),
(16313, 1385, 198, 'Thann'),
(16314, 1386, 198, 'Arbas'),
(16315, 1386, 198, 'Colomiers'),
(16316, 1386, 198, 'Lavalette'),
(16317, 1386, 198, 'Lourde'),
(16318, 1386, 198, 'Menville'),
(16319, 1386, 198, 'Muret'),
(16320, 1386, 198, 'Toulouse'),
(16321, 1387, 198, 'Beaux'),
(16322, 1387, 198, 'Langeac'),
(16323, 1387, 198, 'Le Puy-en-Velay'),
(16324, 1387, 198, 'Sainte-Florine'),
(16325, 1389, 198, 'Amage'),
(16326, 1390, 198, 'Annecy'),
(16327, 1390, 198, 'Annemasse'),
(16328, 1390, 198, 'Chamonix-Mont-Blanc'),
(16329, 1390, 198, 'Cluses'),
(16330, 1390, 198, 'Douvaine'),
(16331, 1390, 198, 'vian-les-Bains'),
(16332, 1390, 198, 'Saint-Julien-en-Genevois'),
(16333, 1390, 198, 'Veigy-Foncenex'),
(16334, 1391, 198, 'Aixe-sur-Vienne'),
(16335, 1391, 198, 'Couzeix'),
(16336, 1391, 198, 'Limoges'),
(16337, 1392, 198, 'Claret'),
(16338, 1392, 198, 'Gap'),
(16339, 1392, 198, 'Orcires'),
(16340, 1392, 198, 'Vallouise'),
(16341, 1393, 198, 'Arn'),
(16342, 1393, 198, 'Lannemezan'),
(16343, 1393, 198, 'Lourdes'),
(16344, 1393, 198, 'Maulon-Barousse'),
(16345, 1393, 198, 'Tarbes'),
(16346, 1393, 198, 'Vic-en-Bigorre'),
(16347, 1394, 198, 'Bois-Colombes'),
(16348, 1394, 198, 'Boulogne-Billancourt'),
(16349, 1394, 198, 'Bourg-la-Reine'),
(16350, 1394, 198, 'Nanterre'),
(16351, 1394, 198, 'Neuilly-sur-Seine'),
(16352, 1394, 198, 'Puteaux'),
(16353, 1394, 198, 'Saint-Cloud'),
(16354, 1395, 198, 'Agde'),
(16355, 1395, 198, 'Bdarieux'),
(16356, 1395, 198, 'Bziers'),
(16357, 1395, 198, 'La Grande Motte'),
(16358, 1395, 198, 'Montpellier'),
(16359, 1395, 198, 'Plaissan'),
(16360, 1395, 198, 'Poussan'),
(16361, 1395, 198, 'Ste'),
(16362, 1396, 198, 'Baguer-Morvan'),
(16363, 1396, 198, 'Cancale'),
(16364, 1396, 198, 'Dinard'),
(16365, 1396, 198, 'Fougres'),
(16366, 1396, 198, 'Gvez'),
(16367, 1396, 198, 'Laill'),
(16368, 1396, 198, 'Rennes'),
(16369, 1396, 198, 'Saint-Malo'),
(16370, 1396, 198, 'Vitr'),
(16371, 1397, 198, 'Chteauroux'),
(16372, 1398, 198, 'Amboise'),
(16373, 1398, 198, 'Cormery'),
(16374, 1398, 198, 'Saint-Martin-le-Beau'),
(16375, 1398, 198, 'Tours'),
(16376, 1399, 198, 'Bourgoin-Jallieu'),
(16377, 1399, 198, 'Grenoble'),
(16378, 1400, 198, 'Abergement-le-Petit'),
(16379, 1400, 198, 'Besain'),
(16380, 1400, 198, 'Biarne'),
(16381, 1400, 198, 'Dole'),
(16382, 1400, 198, 'Lains'),
(16383, 1400, 198, 'Lons-le-Saunier'),
(16384, 1400, 198, 'Tavaux'),
(16385, 1401, 198, 'Aire-sur-l''Adour'),
(16386, 1401, 198, 'Azur'),
(16387, 1401, 198, 'Mont-de-Marsan'),
(16388, 1401, 198, 'Saint-Michel-Escalus'),
(16389, 1402, 198, 'Arville'),
(16390, 1402, 198, 'Blois'),
(16391, 1402, 198, 'Romorantin-Lanthenay'),
(16392, 1403, 198, 'Bard'),
(16393, 1403, 198, 'La Gresle'),
(16394, 1403, 198, 'La Valla'),
(16395, 1403, 198, 'La Versanne'),
(16396, 1403, 198, 'Lay'),
(16397, 1403, 198, 'Mably'),
(16398, 1403, 198, 'Roanne'),
(16399, 1403, 198, 'Saint-tienne'),
(16400, 1404, 198, 'Abbaretz'),
(16401, 1404, 198, 'Ancenis'),
(16402, 1404, 198, 'Casson'),
(16403, 1404, 198, 'La Baule-Escoublac'),
(16404, 1404, 198, 'La Roche-Blanche'),
(16405, 1404, 198, 'Nantes'),
(16406, 1404, 198, 'Pornic'),
(16407, 1404, 198, 'Port-Saint-Pre'),
(16408, 1404, 198, 'Saint-Lyphard'),
(16409, 1404, 198, 'Saint-Nazaire'),
(16410, 1405, 198, 'Chapelon'),
(16411, 1405, 198, 'Gien'),
(16412, 1405, 198, 'Montargis'),
(16413, 1405, 198, 'Orlans'),
(16414, 1406, 198, 'Baladou'),
(16415, 1406, 198, 'Cahors'),
(16416, 1406, 198, 'Figeac'),
(16417, 1406, 198, 'Vers'),
(16418, 1407, 198, 'Agen'),
(16419, 1407, 198, 'Estillac'),
(16420, 1407, 198, 'Laroque-Timbaut'),
(16421, 1408, 198, 'Langogne'),
(16422, 1408, 198, 'Malbouzon'),
(16423, 1408, 198, 'Mende'),
(16424, 1409, 198, 'Angers'),
(16425, 1409, 198, 'Avrill'),
(16426, 1409, 198, 'Cholet'),
(16427, 1409, 198, 'Saumur'),
(16428, 1410, 198, 'Cherbourg'),
(16429, 1410, 198, 'Margueray'),
(16430, 1410, 198, 'Pirou'),
(16431, 1410, 198, 'Saint-L'),
(16432, 1410, 198, 'Tamerville'),
(16433, 1411, 198, 'Ay'),
(16434, 1411, 198, 'Chlons-en-Champagne'),
(16435, 1411, 198, 'Cormontreuil'),
(16436, 1411, 198, 'pernay'),
(16437, 1411, 198, 'Reims'),
(16438, 1411, 198, 'Soudron'),
(16439, 1412, 198, 'Laval'),
(16440, 1412, 198, 'Montenay'),
(16441, 1413, 198, 'Avril'),
(16442, 1413, 198, 'Batilly'),
(16443, 1413, 198, 'Laneuveville-devant-Nancy'),
(16444, 1413, 198, 'Longwy'),
(16445, 1413, 198, 'Nancy'),
(16446, 1414, 198, 'tain'),
(16447, 1414, 198, 'Montsec'),
(16448, 1415, 198, 'Ambon'),
(16449, 1415, 198, 'Baden'),
(16450, 1415, 198, 'Hennebont'),
(16451, 1415, 198, 'Larmor-Plage'),
(16452, 1415, 198, 'Lorient'),
(16453, 1415, 198, 'Pontivy'),
(16454, 1415, 198, 'Vannes'),
(16455, 1416, 198, 'Amnville'),
(16456, 1416, 198, 'Ancerville'),
(16457, 1416, 198, 'Beux'),
(16458, 1416, 198, 'Forbach'),
(16459, 1416, 198, 'Hayange'),
(16460, 1416, 198, 'Holling'),
(16461, 1416, 198, 'Longeville-ls-Saint-Avold'),
(16462, 1416, 198, 'Marsal'),
(16463, 1416, 198, 'Marsilly'),
(16464, 1416, 198, 'Metz'),
(16465, 1416, 198, 'Porcelette'),
(16466, 1416, 198, 'Sarreguemines'),
(16467, 1416, 198, 'Stiring-Wendel'),
(16468, 1416, 198, 'Thimonville'),
(16469, 1416, 198, 'Thionville'),
(16470, 1417, 198, 'Bry'),
(16471, 1417, 198, 'Cambrai'),
(16472, 1417, 198, 'Cartignies'),
(16473, 1417, 198, 'Cassel'),
(16474, 1417, 198, 'Denain'),
(16475, 1417, 198, 'Douai'),
(16476, 1417, 198, 'Dunkerque'),
(16477, 1417, 198, 'Lille'),
(16478, 1417, 198, 'Roubaix'),
(16479, 1417, 198, 'Tourcoing'),
(16480, 1417, 198, 'Valenciennes'),
(16481, 1417, 198, 'Villeneuve-d''Ascq'),
(16482, 1418, 198, 'Abbecourt'),
(16483, 1418, 198, 'Beauvais'),
(16484, 1418, 198, 'Chantilly'),
(16485, 1418, 198, 'Compigne'),
(16486, 1418, 198, 'Litz'),
(16487, 1418, 198, 'Marseille-en-Beauvaisis'),
(16488, 1418, 198, 'Nogent-sur-Oise'),
(16489, 1418, 198, 'Noyon'),
(16490, 1419, 198, 'Alenon'),
(16491, 1419, 198, 'Bagnoles-de-l''Orne'),
(16492, 1420, 198, 'Paris'),
(16493, 1421, 198, 'Arras'),
(16494, 1421, 198, 'Boulogne-sur-Mer'),
(16495, 1421, 198, 'Calais'),
(16496, 1421, 198, 'taples'),
(16497, 1421, 198, 'Le Parcq'),
(16498, 1421, 198, 'Lens'),
(16499, 1422, 198, 'Aulnat'),
(16500, 1422, 198, 'Bourg-Lastic'),
(16501, 1422, 198, 'Chas'),
(16502, 1422, 198, 'Clermont-Ferrand'),
(16503, 1422, 198, 'Cournon-d''Auvergne'),
(16504, 1423, 198, 'Anglet'),
(16505, 1423, 198, 'Bastans'),
(16506, 1423, 198, 'Bayonne'),
(16507, 1423, 198, 'Biarritz'),
(16508, 1423, 198, 'Billre'),
(16509, 1423, 198, 'Hendaye'),
(16510, 1423, 198, 'Oloron-Sainte-Marie'),
(16511, 1423, 198, 'Pau'),
(16512, 1423, 198, 'Saint-Esteben'),
(16513, 1423, 198, 'Sus'),
(16514, 1424, 198, 'Baillestavy'),
(16515, 1424, 198, 'Canet-Plage'),
(16516, 1424, 198, 'Oms'),
(16517, 1424, 198, 'Perpignan'),
(16518, 1424, 198, 'Pia'),
(16519, 1424, 198, 'Saint-Laurent-de-Cerdans'),
(16520, 1424, 198, 'Thuir'),
(16521, 1424, 198, 'Toulouges'),
(16522, 1425, 198, 'Alix'),
(16523, 1425, 198, 'Ancy'),
(16524, 1425, 198, 'Bron'),
(16525, 1425, 198, 'Caluire-et-Cuire'),
(16526, 1425, 198, 'Limas'),
(16527, 1425, 198, 'Lyon'),
(16528, 1425, 198, 'Meyzieu'),
(16529, 1425, 198, 'Saint-Didier-au-Mont-d''Or'),
(16530, 1425, 198, 'Saint-tienne-des-Oullires'),
(16531, 1425, 198, 'Taluyers'),
(16532, 1425, 198, 'Vnissieux'),
(16533, 1425, 198, 'Vernaison'),
(16534, 1425, 198, 'Villefranche-sur-Sane'),
(16535, 1426, 198, 'Autun'),
(16536, 1426, 198, 'Charbonnires'),
(16537, 1426, 198, 'Mcon'),
(16538, 1426, 198, 'Paray-le-Monial'),
(16539, 1427, 198, 'Aix-les-Bains'),
(16540, 1427, 198, 'Albertville'),
(16541, 1427, 198, 'Bourdeau'),
(16542, 1427, 198, 'Chambry'),
(16543, 1427, 198, 'Courchevel'),
(16544, 1427, 198, 'Saint-Andr'),
(16545, 1428, 198, 'Amponville'),
(16546, 1428, 198, 'Chelles'),
(16547, 1428, 198, 'Coulommiers'),
(16548, 1428, 198, 'Fontainebleau'),
(16549, 1428, 198, 'Melun'),
(16550, 1429, 198, 'tretat'),
(16551, 1429, 198, 'Le Havre'),
(16552, 1429, 198, 'Rouen'),
(16553, 1429, 198, 'Vieux-Manoir'),
(16554, 1430, 198, 'Drancy'),
(16555, 1430, 198, 'Gournay-sur-Marne'),
(16556, 1430, 198, 'Le Blanc-Mesnil'),
(16557, 1430, 198, 'Neuilly-Plaisance'),
(16558, 1430, 198, 'Pantin'),
(16559, 1430, 198, 'Saint-Denis'),
(16560, 1430, 198, 'Stains'),
(16561, 1431, 198, 'Abbeville'),
(16562, 1431, 198, 'Amiens'),
(16563, 1431, 198, 'Digeon'),
(16564, 1432, 198, 'Albi'),
(16565, 1432, 198, 'Gaillac'),
(16566, 1432, 198, 'Le Vintrou'),
(16567, 1432, 198, 'Viane'),
(16568, 1433, 198, 'Bouloc'),
(16569, 1433, 198, 'Moissac'),
(16570, 1433, 198, 'Montauban'),
(16571, 1434, 198, 'Bavilliers'),
(16572, 1434, 198, 'Belfort'),
(16573, 1434, 198, 'Rchsy'),
(16574, 1435, 198, 'Ableiges'),
(16575, 1435, 198, 'Arnouville-ls-Gonesse'),
(16576, 1436, 198, 'Ablon-sur-Seine'),
(16577, 1436, 198, 'Alfortville'),
(16578, 1436, 198, 'Choisy-le-Roi'),
(16579, 1436, 198, 'Ivry-sur-Seine'),
(16580, 1436, 198, 'Limeil-Brvannes'),
(16581, 1436, 198, 'Maisons-Alfort'),
(16582, 1436, 198, 'Orly'),
(16583, 1436, 198, 'Saint-Maur-des-Fosss'),
(16584, 1436, 198, 'Vincennes'),
(16585, 1437, 198, 'Draguignan'),
(16586, 1437, 198, 'Frjus'),
(16587, 1437, 198, 'Gassin'),
(16588, 1437, 198, 'Hyres'),
(16589, 1437, 198, 'La Londe-les-Maures'),
(16590, 1437, 198, 'Le Beausset'),
(16591, 1437, 198, 'Le Lavandou'),
(16592, 1437, 198, 'Saint-Maximin-la-Sainte-Baume'),
(16593, 1437, 198, 'Saint-Raphal'),
(16594, 1437, 198, 'Saint-Tropez'),
(16595, 1437, 198, 'Sanary-sur-Mer'),
(16596, 1437, 198, 'Toulon'),
(16597, 1438, 198, 'Apt'),
(16598, 1438, 198, 'Avignon'),
(16599, 1438, 198, 'Bonnieux'),
(16600, 1438, 198, 'L''Isle-sur-la-Sorgue'),
(16601, 1438, 198, 'Montfavet'),
(16602, 1438, 198, 'Orange'),
(16603, 1438, 198, 'Saint-Christol'),
(16604, 1439, 198, 'Angles'),
(16605, 1439, 198, 'Chavagnes-les-Redoux'),
(16606, 1439, 198, 'La Roche-sur-Yon'),
(16607, 1439, 198, 'Les Sables-d''Olonne'),
(16608, 1439, 198, 'Saint-Prouant'),
(16609, 1439, 198, 'Vix'),
(16610, 1440, 198, 'Chtellerault'),
(16611, 1440, 198, 'Genay'),
(16612, 1440, 198, 'Poitiers'),
(16613, 1440, 198, 'Saint-Saviol'),
(16614, 1441, 198, 'pinal'),
(16615, 1441, 198, 'Remiremont'),
(16616, 1441, 198, 'Vittel'),
(16617, 1442, 198, 'Angely'),
(16618, 1442, 198, 'Auxerre'),
(16619, 1442, 198, 'Villeneuve-sur-Yonne'),
(16620, 1442, 198, 'Yrouerre'),
(16621, 1443, 198, 'La Celle-Saint-Cloud'),
(16622, 1443, 198, 'La Verrire'),
(16623, 1443, 198, 'Le Vsinet'),
(16624, 1443, 198, 'Marly-le-Roi'),
(16625, 1443, 198, 'Rambouillet'),
(16626, 1443, 198, 'Verneuil-sur-Seine'),
(16627, 1443, 198, 'Versailles'),
(16628, 1443, 198, 'Vert'),
(16629, 1444, 199, 'Cayenne'),
(16630, 1444, 199, 'Kourou'),
(16631, 1444, 199, 'Sinnamary'),
(16632, 1445, 200, 'Папеэте'),
(16633, 1446, 201, 'Dubrovnik'),
(16634, 1447, 201, 'Adamovec'),
(16635, 1447, 201, 'Dubrava'),
(16636, 1447, 201, 'Sesvete'),
(16637, 1447, 201, 'Zabreg'),
(16638, 1447, 201, 'Zagrabia'),
(16639, 1447, 201, 'Zagreb'),
(16640, 1448, 201, 'Abrega'),
(16641, 1448, 201, 'Materada'),
(16642, 1448, 201, 'Opatija'),
(16643, 1448, 201, 'Pazin'),
(16644, 1448, 201, 'Porec'),
(16645, 1448, 201, 'Rovinj'),
(16646, 1449, 201, 'Karlovac'),
(16647, 1450, 201, 'Cakovec'),
(16648, 1450, 201, 'Nedelisce'),
(16649, 1451, 201, 'Pula'),
(16650, 1452, 201, 'Barusic'),
(16651, 1452, 201, 'Opatija'),
(16652, 1452, 201, 'Rijeka'),
(16653, 1453, 201, 'Sebenico'),
(16654, 1453, 201, 'Sibenik'),
(16655, 1454, 201, 'Cesko Selo'),
(16656, 1454, 201, 'Sisak'),
(16657, 1455, 201, 'Spalato'),
(16658, 1455, 201, 'Split'),
(16659, 1456, 201, 'Varazdin'),
(16660, 1457, 201, 'Dubrava'),
(16661, 1457, 201, 'Topolje'),
(16662, 1457, 201, 'Vrbovec'),
(16663, 1457, 201, 'Zadar'),
(16664, 1457, 201, 'Zara'),
(16665, 1458, 202, 'Абеше'),
(16666, 1458, 202, 'Ларжо'),
(16667, 1458, 202, 'Нджамена'),
(16668, 1459, 203, 'Бар'),
(16669, 1459, 203, 'Будва'),
(16670, 1459, 203, 'Колашин'),
(16671, 1459, 203, 'Подгорица'),
(16672, 1459, 203, 'Тиват'),
(16673, 1459, 203, 'Херцег-Нови'),
(16674, 1459, 203, 'Цетинье'),
(16675, 1460, 204, 'Praha'),
(16676, 1461, 204, 'Bhmisch Budweis'),
(16677, 1461, 204, 'Budejovice'),
(16678, 1461, 204, 'Budweis'),
(16679, 1461, 204, 'Ceske Budejovice'),
(16680, 1461, 204, 'Ceske Krumlov'),
(16681, 1461, 204, 'Cesky Krumlov'),
(16682, 1461, 204, 'Krummau'),
(16683, 1461, 204, 'Psek'),
(16684, 1461, 204, 'Prachatice'),
(16685, 1461, 204, 'Prachatitz'),
(16686, 1461, 204, 'Strakonice'),
(16687, 1461, 204, 'Tbor'),
(16688, 1462, 204, 'Berno'),
(16689, 1462, 204, 'Blansko'),
(16690, 1462, 204, 'Breclav'),
(16691, 1462, 204, 'Brno'),
(16692, 1462, 204, 'Brnn'),
(16693, 1462, 204, 'Hodonn'),
(16694, 1462, 204, 'Vyskov'),
(16695, 1462, 204, 'Znojmo'),
(16696, 1463, 204, 'Carlsbad'),
(16697, 1463, 204, 'Cheb'),
(16698, 1463, 204, 'Eger'),
(16699, 1463, 204, 'Falkenau'),
(16700, 1463, 204, 'Falknov'),
(16701, 1463, 204, 'Karl Vary'),
(16702, 1463, 204, 'Karlovy Vary'),
(16703, 1463, 204, 'Karlsbad'),
(16704, 1463, 204, 'Sokolov'),
(16705, 1463, 204, 'Sokolov nad Ohri'),
(16706, 1464, 204, 'Gradets Kralove'),
(16707, 1464, 204, 'Hradec Krlov'),
(16708, 1464, 204, 'Jicin'),
(16709, 1464, 204, 'Nchod'),
(16710, 1464, 204, 'Reichenau'),
(16711, 1464, 204, 'Rychnov nad Kneznou'),
(16712, 1464, 204, 'Trutnov'),
(16713, 1465, 204, 'Ceska Lipa'),
(16714, 1465, 204, 'Jablonec'),
(16715, 1465, 204, 'Jablonec nad Nisou'),
(16716, 1465, 204, 'Liberec'),
(16717, 1465, 204, 'Lipa'),
(16718, 1465, 204, 'Reichenberg'),
(16719, 1465, 204, 'Semily'),
(16720, 1466, 204, 'Bruntl'),
(16721, 1466, 204, 'Freistadt'),
(16722, 1466, 204, 'Frdek-Mstek'),
(16723, 1466, 204, 'Karvin'),
(16724, 1466, 204, 'Novy Jicin'),
(16725, 1466, 204, 'Opava'),
(16726, 1466, 204, 'Ostrava'),
(16727, 1467, 204, 'Abaschin'),
(16728, 1467, 204, 'Adlerova Hut'),
(16729, 1467, 204, 'Brno-Kralovo'),
(16730, 1467, 204, 'Filz'),
(16731, 1467, 204, 'Jablonn nad Orlic'),
(16732, 1467, 204, 'Kladno'),
(16733, 1467, 204, 'Krupka'),
(16734, 1467, 204, 'Mal Skla'),
(16735, 1467, 204, 'Prague-Vinohrady'),
(16736, 1467, 204, 'Pretin'),
(16737, 1467, 204, 'Raabe'),
(16738, 1467, 204, 'Vsebor'),
(16739, 1468, 204, 'Jesenk'),
(16740, 1468, 204, 'Olomouc'),
(16741, 1468, 204, 'Prerov'),
(16742, 1468, 204, 'Prostejov'),
(16743, 1468, 204, 'Sumperk'),
(16744, 1469, 204, 'Chrudim'),
(16745, 1469, 204, 'Pardubice'),
(16746, 1469, 204, 'Pardubitz'),
(16747, 1469, 204, 'Svitave'),
(16748, 1469, 204, 'st nad Orlic'),
(16749, 1470, 204, 'Domazlice'),
(16750, 1470, 204, 'Klatovy'),
(16751, 1470, 204, 'Pilsen'),
(16752, 1470, 204, 'Plzen'),
(16753, 1470, 204, 'Rokycan'),
(16754, 1470, 204, 'Rokycany'),
(16755, 1470, 204, 'Tachov'),
(16756, 1471, 204, 'Benesov'),
(16757, 1471, 204, 'Beroun'),
(16758, 1471, 204, 'Kladno'),
(16759, 1471, 204, 'Koln'),
(16760, 1471, 204, 'Kutn Hora'),
(16761, 1471, 204, 'Melnik'),
(16762, 1471, 204, 'Mlad Boleslav'),
(16763, 1471, 204, 'Nimburg'),
(16764, 1471, 204, 'Nymburk'),
(16765, 1471, 204, 'Pribram'),
(16766, 1471, 204, 'Rakovnk'),
(16767, 1472, 204, 'Aussig'),
(16768, 1472, 204, 'Chomutov'),
(16769, 1472, 204, 'Decin'),
(16770, 1472, 204, 'Litomerice'),
(16771, 1472, 204, 'Louny'),
(16772, 1472, 204, 'Most'),
(16773, 1472, 204, 'Teplice'),
(16774, 1472, 204, 'Teplice-Sanov'),
(16775, 1472, 204, 'st'),
(16776, 1472, 204, 'st nad Labem'),
(16777, 1473, 204, 'Deutsch Brod'),
(16778, 1473, 204, 'Havlickuv Brod'),
(16779, 1473, 204, 'Jihlava'),
(16780, 1473, 204, 'Pelhrimov'),
(16781, 1473, 204, 'Pilgram'),
(16782, 1473, 204, 'Trebic'),
(16783, 1473, 204, 'Zdar'),
(16784, 1473, 204, 'Zdar nad Sazavou'),
(16785, 1474, 204, 'Gottwaldov'),
(16786, 1474, 204, 'Kromeriz'),
(16787, 1474, 204, 'Uherske Hradiste'),
(16788, 1474, 204, 'Vsetn'),
(16789, 1474, 204, 'Wszetyn'),
(16790, 1474, 204, 'Zln'),
(16791, 1475, 205, 'Coihaique'),
(16792, 1475, 205, 'Coyhaique'),
(16793, 1476, 205, 'Antofagasta'),
(16794, 1477, 205, 'Pucn'),
(16795, 1477, 205, 'Temuco'),
(16796, 1478, 205, 'Copiap'),
(16797, 1479, 205, 'Boca Bo-Bo'),
(16798, 1479, 205, 'Cabrero'),
(16799, 1479, 205, 'Cajn de Mela'),
(16800, 1479, 205, 'Callaqui'),
(16801, 1479, 205, 'Chilln'),
(16802, 1479, 205, 'Ciudad de Concepcion'),
(16803, 1479, 205, 'Concepcin'),
(16804, 1479, 205, 'Lota Alto'),
(16805, 1479, 205, 'Quirihue'),
(16806, 1480, 205, 'Algarrobo'),
(16807, 1480, 205, 'Illapel'),
(16808, 1480, 205, 'La Serena'),
(16809, 1480, 205, 'Ovalle'),
(16810, 1480, 205, 'Vicua'),
(16811, 1481, 205, 'Codegua'),
(16812, 1481, 205, 'Isla del Guindo'),
(16813, 1481, 205, 'Peumo'),
(16814, 1481, 205, 'Rancagua'),
(16815, 1481, 205, 'San Vicente de Taguatagua'),
(16816, 1482, 205, 'Aguas Buenas'),
(16817, 1482, 205, 'Ancud'),
(16818, 1482, 205, 'Antillanca'),
(16819, 1482, 205, 'California'),
(16820, 1482, 205, 'Castro'),
(16821, 1482, 205, 'Osorno'),
(16822, 1482, 205, 'Pichil'),
(16823, 1482, 205, 'Puerto Montt'),
(16824, 1482, 205, 'Valdivia'),
(16825, 1483, 205, 'Magallanes'),
(16826, 1483, 205, 'Punta Arenas'),
(16827, 1484, 205, 'Baos de Panimvida'),
(16828, 1484, 205, 'Caliboro'),
(16829, 1484, 205, 'Talca'),
(16830, 1485, 205, 'CiudadSantiago'),
(16831, 1485, 205, 'La Florida'),
(16832, 1485, 205, 'La Granja'),
(16833, 1485, 205, 'La Reina'),
(16834, 1485, 205, 'Lampa'),
(16835, 1485, 205, 'Maip'),
(16836, 1485, 205, 'uoa'),
(16837, 1485, 205, 'Pealoln'),
(16838, 1485, 205, 'Puente Alto'),
(16839, 1485, 205, 'Quilicura'),
(16840, 1485, 205, 'San Bernardo'),
(16841, 1485, 205, 'San Joaqun'),
(16842, 1485, 205, 'Santiago'),
(16843, 1486, 205, 'Alto del Molino'),
(16844, 1486, 205, 'Arica'),
(16845, 1486, 205, 'Iquique'),
(16846, 1487, 205, 'Calera'),
(16847, 1487, 205, 'Peablanca'),
(16848, 1487, 205, 'Placilla de Peuelas'),
(16849, 1487, 205, 'Putaendo'),
(16850, 1487, 205, 'Quilpu'),
(16851, 1487, 205, 'San Antonio'),
(16852, 1487, 205, 'Valparaso'),
(16853, 1487, 205, 'Via del Mar'),
(16854, 1488, 206, 'Aarau'),
(16855, 1488, 206, 'Aarburg'),
(16856, 1488, 206, 'Baden'),
(16857, 1488, 206, 'Birr'),
(16858, 1488, 206, 'Dttingen'),
(16859, 1488, 206, 'Frick'),
(16860, 1488, 206, 'Kaiseraugst'),
(16861, 1488, 206, 'Lenzburg'),
(16862, 1488, 206, 'Mellingen'),
(16863, 1488, 206, 'Menziken'),
(16864, 1488, 206, 'Merenschwand'),
(16865, 1488, 206, 'Mumpf'),
(16866, 1488, 206, 'Niederlenz'),
(16867, 1488, 206, 'Oberentfelden'),
(16868, 1488, 206, 'Oberrti'),
(16869, 1488, 206, 'Rheinfelden'),
(16870, 1488, 206, 'Seengen'),
(16871, 1488, 206, 'Sins'),
(16872, 1488, 206, 'Stilli'),
(16873, 1488, 206, 'Suhr'),
(16874, 1488, 206, 'Turgi'),
(16875, 1488, 206, 'Villmergen'),
(16876, 1488, 206, 'Wettingen'),
(16877, 1488, 206, 'Wrenlingen'),
(16878, 1488, 206, 'Zofingen'),
(16879, 1489, 206, 'Gais'),
(16880, 1489, 206, 'Heiden'),
(16881, 1489, 206, 'Herisau'),
(16882, 1489, 206, 'Zrchersmhle'),
(16883, 1490, 206, 'Appenzell'),
(16884, 1490, 206, 'Gonten'),
(16885, 1491, 206, 'Allschwil'),
(16886, 1491, 206, 'Arisdorf'),
(16887, 1491, 206, 'Arlesheim'),
(16888, 1491, 206, 'Binningen'),
(16889, 1491, 206, 'Ettingen'),
(16890, 1491, 206, 'Frenkendorf'),
(16891, 1491, 206, 'Laufen'),
(16892, 1491, 206, 'Liestal'),
(16893, 1491, 206, 'Mnchenstein'),
(16894, 1491, 206, 'Muttenz'),
(16895, 1491, 206, 'Sissach'),
(16896, 1492, 206, 'Basel'),
(16897, 1492, 206, 'Bettingen'),
(16898, 1493, 206, 'Arch'),
(16899, 1493, 206, 'Bellelay'),
(16900, 1493, 206, 'Belp'),
(16901, 1493, 206, 'Bern'),
(16902, 1493, 206, 'Biglen'),
(16903, 1493, 206, 'Boll'),
(16904, 1493, 206, 'Brienzwiler'),
(16905, 1493, 206, 'Corgmont'),
(16906, 1493, 206, 'Heimenschwand'),
(16907, 1493, 206, 'Herzogenbuchsee'),
(16908, 1493, 206, 'Huttwil'),
(16909, 1493, 206, 'Interlaken'),
(16910, 1493, 206, 'Langenthal'),
(16911, 1493, 206, 'Lotzwil'),
(16912, 1493, 206, 'Lyss'),
(16913, 1493, 206, 'Mrigen'),
(16914, 1493, 206, 'Nidau'),
(16915, 1493, 206, 'Steffisburg'),
(16916, 1493, 206, 'Thun'),
(16917, 1493, 206, 'Uttigen'),
(16918, 1493, 206, 'Zweiltschinen'),
(16919, 1494, 206, 'Barberche'),
(16920, 1494, 206, 'Bulle'),
(16921, 1494, 206, 'Cheyres'),
(16922, 1494, 206, 'Fribourg'),
(16923, 1495, 206, 'Bellevue'),
(16924, 1495, 206, 'Bernex'),
(16925, 1495, 206, 'Chambsy'),
(16926, 1495, 206, 'Chancy'),
(16927, 1495, 206, 'Chne-Bougeries'),
(16928, 1495, 206, 'Collonge-Bellerive'),
(16929, 1495, 206, 'Cologny'),
(16930, 1495, 206, 'Confignon'),
(16931, 1495, 206, 'Genf'),
(16932, 1495, 206, 'Hermance'),
(16933, 1495, 206, 'Jussy'),
(16934, 1495, 206, 'La Praille'),
(16935, 1495, 206, 'Le Grand-Saconnex'),
(16936, 1495, 206, 'Meyrin'),
(16937, 1495, 206, 'Onex'),
(16938, 1495, 206, 'Plan-les-Ouates'),
(16939, 1495, 206, 'Russin'),
(16940, 1495, 206, 'Vernier'),
(16941, 1495, 206, 'Versoix'),
(16942, 1495, 206, 'Vsenaz'),
(16943, 1496, 206, 'Filzbach'),
(16944, 1496, 206, 'Matt'),
(16945, 1496, 206, 'Mollis'),
(16946, 1497, 206, 'Ardez'),
(16947, 1497, 206, 'Bivio'),
(16948, 1497, 206, 'Chur'),
(16949, 1497, 206, 'Davos Platz'),
(16950, 1497, 206, 'Klosters'),
(16951, 1497, 206, 'Pontresina'),
(16952, 1497, 206, 'Poschiavo'),
(16953, 1497, 206, 'Samedan'),
(16954, 1497, 206, 'Sils im Domleschg'),
(16955, 1497, 206, 'Silvaplana'),
(16956, 1498, 206, 'Alle'),
(16957, 1498, 206, 'Delmont'),
(16958, 1498, 206, 'La Chaux-des-Breuleux'),
(16959, 1499, 206, 'Ballwil'),
(16960, 1499, 206, 'Dagmersellen'),
(16961, 1499, 206, 'Doppleschwand'),
(16962, 1499, 206, 'Ebikon'),
(16963, 1499, 206, 'Eich'),
(16964, 1499, 206, 'Emmen'),
(16965, 1499, 206, 'Gelfingen'),
(16966, 1499, 206, 'Kriens'),
(16967, 1499, 206, 'Luthern'),
(16968, 1499, 206, 'Luzern'),
(16969, 1499, 206, 'Nottwil'),
(16970, 1499, 206, 'Sursee'),
(16971, 1500, 206, 'La Chaux-de-Fonds'),
(16972, 1500, 206, 'Le Landeron'),
(16973, 1500, 206, 'Marin-Epagnier'),
(16974, 1500, 206, 'Neuchtel'),
(16975, 1501, 206, 'Beckenried'),
(16976, 1501, 206, 'Kehrsiten'),
(16977, 1501, 206, 'Stans'),
(16978, 1502, 206, 'Grafenort'),
(16979, 1503, 206, 'Bad Ragaz'),
(16980, 1503, 206, 'Flawil'),
(16981, 1503, 206, 'Flums'),
(16982, 1503, 206, 'Gams'),
(16983, 1503, 206, 'Goldach'),
(16984, 1503, 206, 'Gommiswald'),
(16985, 1503, 206, 'Heerbrugg'),
(16986, 1503, 206, 'Jona'),
(16987, 1503, 206, 'Lichtensteig'),
(16988, 1503, 206, 'Niederuzwil'),
(16989, 1503, 206, 'Rheineck'),
(16990, 1503, 206, 'Rorschacherberg'),
(16991, 1503, 206, 'Sargans'),
(16992, 1503, 206, 'Uzwil'),
(16993, 1503, 206, 'Wittenbach'),
(16994, 1504, 206, 'Beringen'),
(16995, 1504, 206, 'Schaffhausen'),
(16996, 1505, 206, 'Altendorf'),
(16997, 1505, 206, 'Brunnen'),
(16998, 1505, 206, 'Einsiedeln'),
(16999, 1505, 206, 'Sattel'),
(17000, 1505, 206, 'Schindellegi'),
(17001, 1505, 206, 'Schwyz'),
(17002, 1506, 206, 'Egerkingen'),
(17003, 1506, 206, 'Gerlafingen'),
(17004, 1506, 206, 'Grenchen'),
(17005, 1506, 206, 'Halten'),
(17006, 1506, 206, 'Obergsgen'),
(17007, 1506, 206, 'Olten'),
(17008, 1506, 206, 'Solothurn'),
(17009, 1507, 206, 'Amriswil'),
(17010, 1507, 206, 'Arbon'),
(17011, 1507, 206, 'Egnach'),
(17012, 1507, 206, 'Frauenfeld'),
(17013, 1507, 206, 'Kreuzlingen'),
(17014, 1507, 206, 'Romanshorn'),
(17015, 1507, 206, 'Schlattingen'),
(17016, 1507, 206, 'Steckborn'),
(17017, 1508, 206, 'Agno'),
(17018, 1508, 206, 'Ascona'),
(17019, 1508, 206, 'Bellinzona'),
(17020, 1508, 206, 'Locarno'),
(17021, 1508, 206, 'Lugano'),
(17022, 1508, 206, 'Stabio'),
(17023, 1508, 206, 'Tenero'),
(17024, 1509, 206, 'Erstfeld'),
(17025, 1509, 206, 'Intschi'),
(17026, 1509, 206, 'Realp'),
(17027, 1509, 206, 'Rtli'),
(17028, 1509, 206, 'Sisikon'),
(17029, 1510, 206, 'Arolla'),
(17030, 1510, 206, 'Brig'),
(17031, 1510, 206, 'Collombey'),
(17032, 1510, 206, 'Leukerbad'),
(17033, 1510, 206, 'Monthey'),
(17034, 1510, 206, 'Sierre'),
(17035, 1510, 206, 'Sion'),
(17036, 1511, 206, 'Ballaigues'),
(17037, 1511, 206, 'Belmont-sur-Lausanne'),
(17038, 1511, 206, 'Chexbres'),
(17039, 1511, 206, 'Epalinges'),
(17040, 1511, 206, 'Gryon'),
(17041, 1511, 206, 'Lausanne'),
(17042, 1511, 206, 'Leysin'),
(17043, 1511, 206, 'Montreux'),
(17044, 1511, 206, 'Nyon'),
(17045, 1511, 206, 'Rolle'),
(17046, 1511, 206, 'Vevey'),
(17047, 1511, 206, 'Yens'),
(17048, 1511, 206, 'Yverdon'),
(17049, 1512, 206, 'Baar'),
(17050, 1512, 206, 'Cham'),
(17051, 1512, 206, 'Rotkreuz'),
(17052, 1512, 206, 'Zug'),
(17053, 1513, 206, 'Adliswil'),
(17054, 1513, 206, 'Affoltern am Albis'),
(17055, 1513, 206, 'Bassersdorf'),
(17056, 1513, 206, 'Bauma'),
(17057, 1513, 206, 'Brtten'),
(17058, 1513, 206, 'Blach'),
(17059, 1513, 206, 'Dielsdorf'),
(17060, 1513, 206, 'Dietikon'),
(17061, 1513, 206, 'Dietlikon'),
(17062, 1513, 206, 'Dbendorf'),
(17063, 1513, 206, 'Feldbach'),
(17064, 1513, 206, 'Hombrechtikon'),
(17065, 1513, 206, 'Horgen'),
(17066, 1513, 206, 'Kloten'),
(17067, 1513, 206, 'Lindau'),
(17068, 1513, 206, 'Mnnedorf'),
(17069, 1513, 206, 'Stfa'),
(17070, 1513, 206, 'Thalwil'),
(17071, 1513, 206, 'Uetliberg'),
(17072, 1513, 206, 'Wdenswil'),
(17073, 1513, 206, 'Winterthur'),
(17074, 1513, 206, 'Zumikon'),
(17075, 1513, 206, 'Zrich'),
(17076, 1514, 207, 'Abborremla'),
(17077, 1514, 207, 'lmtamla'),
(17078, 1514, 207, 'Asarum'),
(17079, 1514, 207, 'Backaryd'),
(17080, 1514, 207, 'Karlshamn'),
(17081, 1514, 207, 'Karlskrona'),
(17082, 1514, 207, 'Kylinge'),
(17083, 1514, 207, 'Olofstrm'),
(17084, 1514, 207, 'Rdeby'),
(17085, 1514, 207, 'Ronneby'),
(17086, 1514, 207, 'Slvesborg'),
(17087, 1515, 207, 'Avesta'),
(17088, 1515, 207, 'Bodarna'),
(17089, 1515, 207, 'Borlnge'),
(17090, 1515, 207, 'Falun'),
(17091, 1515, 207, 'Gagnef'),
(17092, 1515, 207, 'Grngesberg'),
(17093, 1515, 207, 'Hedemora'),
(17094, 1515, 207, 'Hkberget'),
(17095, 1515, 207, 'Ludvika'),
(17096, 1515, 207, 'Mora-Noret'),
(17097, 1516, 207, 'Bollns'),
(17098, 1516, 207, 'Delsbo'),
(17099, 1516, 207, 'Gfle'),
(17100, 1516, 207, 'Gvle'),
(17101, 1516, 207, 'Hudiksvall'),
(17102, 1516, 207, 'Ljusdal'),
(17103, 1516, 207, 'Sandviken'),
(17104, 1516, 207, 'Sderhamn'),
(17105, 1516, 207, 'Valbo'),
(17106, 1517, 207, 'Alby'),
(17107, 1517, 207, 'Roma'),
(17108, 1517, 207, 'Visby'),
(17109, 1518, 207, 'Abild'),
(17110, 1518, 207, 'ker'),
(17111, 1518, 207, 'Allared'),
(17112, 1518, 207, 'Falkenberg'),
(17113, 1518, 207, 'Halmstad'),
(17114, 1518, 207, 'Hyltebruk'),
(17115, 1518, 207, 'Kpinge'),
(17116, 1518, 207, 'Kungsbacka'),
(17117, 1518, 207, 'Varberg'),
(17118, 1519, 207, 'lven'),
(17119, 1519, 207, 'stersund'),
(17120, 1519, 207, 'Stockholm'),
(17121, 1520, 207, 'Bodafors'),
(17122, 1520, 207, 'Eksj'),
(17123, 1520, 207, 'Gislaved'),
(17124, 1520, 207, 'Huskvarna'),
(17125, 1520, 207, 'Jnkping'),
(17126, 1520, 207, 'Nssj'),
(17127, 1520, 207, 'Trans'),
(17128, 1520, 207, 'Vrnamo'),
(17129, 1520, 207, 'Vetlanda'),
(17130, 1521, 207, 'Aboda'),
(17131, 1521, 207, 'Borsna'),
(17132, 1521, 207, 'Degerhamn'),
(17133, 1521, 207, 'Hgsby'),
(17134, 1521, 207, 'Hultsfred'),
(17135, 1521, 207, 'Kalmar'),
(17136, 1521, 207, 'Malm'),
(17137, 1521, 207, 'Mrlunda'),
(17138, 1521, 207, 'Oskarshamn'),
(17139, 1521, 207, 'Vstervik'),
(17140, 1521, 207, 'Vimmerby'),
(17141, 1522, 207, 'latorp'),
(17142, 1522, 207, 'lmehult'),
(17143, 1522, 207, 'Ljungby'),
(17144, 1522, 207, 'Markaryd'),
(17145, 1522, 207, 'Vxj'),
(17146, 1522, 207, 'Vexi'),
(17147, 1523, 207, 'Brmsebro'),
(17148, 1523, 207, 'Linds'),
(17149, 1523, 207, 'Lindshammar'),
(17150, 1523, 207, 'Sylarna'),
(17151, 1524, 207, 'lvsbyn'),
(17152, 1524, 207, 'Boden'),
(17153, 1524, 207, 'Bodn'),
(17154, 1524, 207, 'Gllivare'),
(17155, 1524, 207, 'Haaparanta'),
(17156, 1524, 207, 'Haparanda'),
(17157, 1524, 207, 'Kalix'),
(17158, 1524, 207, 'Kallax'),
(17159, 1524, 207, 'Kiruna'),
(17160, 1524, 207, 'Lappea'),
(17161, 1524, 207, 'Lule'),
(17162, 1524, 207, 'Malmberget'),
(17163, 1524, 207, 'Persn'),
(17164, 1524, 207, 'Pite'),
(17165, 1524, 207, 'Uumaa'),
(17166, 1525, 207, 'Backa'),
(17167, 1525, 207, 'Hallsberg'),
(17168, 1525, 207, 'Kariskoga'),
(17169, 1525, 207, 'Karlskoga'),
(17170, 1525, 207, 'Lindesberg'),
(17171, 1525, 207, 'Lund'),
(17172, 1525, 207, 'na'),
(17173, 1525, 207, 'rebro'),
(17174, 1525, 207, 'Stlldalen'),
(17175, 1526, 207, 'Finspng'),
(17176, 1526, 207, 'Linkping'),
(17177, 1526, 207, 'Mjlby'),
(17178, 1526, 207, 'Motala'),
(17179, 1526, 207, 'Norrkping'),
(17180, 1526, 207, 'Skrblacka'),
(17181, 1526, 207, 'Vadstena'),
(17182, 1527, 207, 'hus'),
(17183, 1527, 207, 'karp'),
(17184, 1527, 207, 'Alstad'),
(17185, 1527, 207, 'ngelholm'),
(17186, 1527, 207, 'Arlv'),
(17187, 1527, 207, 'storp'),
(17188, 1527, 207, 'Bjrnholm'),
(17189, 1527, 207, 'Bromma'),
(17190, 1527, 207, 'Eslv'),
(17191, 1527, 207, 'Flenninge'),
(17192, 1527, 207, 'Hlsingborg'),
(17193, 1527, 207, 'Hssleholm'),
(17194, 1527, 207, 'Helsingborg'),
(17195, 1527, 207, 'Kristianstad'),
(17196, 1527, 207, 'Landskrona'),
(17197, 1527, 207, 'Lund'),
(17198, 1527, 207, 'Malm'),
(17199, 1527, 207, 'Osby'),
(17200, 1527, 207, 'Simrishamn'),
(17201, 1527, 207, 'Stockholm'),
(17202, 1527, 207, 'Viken'),
(17203, 1527, 207, 'Yxenhult'),
(17204, 1528, 207, 'rsta'),
(17205, 1528, 207, 'Eskilstuna'),
(17206, 1528, 207, 'Flen'),
(17207, 1528, 207, 'Lundby'),
(17208, 1528, 207, 'Nykping'),
(17209, 1528, 207, 'Rosenlund'),
(17210, 1528, 207, 'Strngns'),
(17211, 1528, 207, 'Trosa'),
(17212, 1528, 207, 'Vingker'),
(17213, 1529, 207, 'Abborkroken'),
(17214, 1529, 207, 'by'),
(17215, 1529, 207, 'dala'),
(17216, 1529, 207, 'kersberg'),
(17217, 1529, 207, 'kersberga'),
(17218, 1529, 207, 'keshov'),
(17219, 1529, 207, 'Albano'),
(17220, 1529, 207, 'Alby'),
(17221, 1529, 207, 'lmora'),
(17222, 1529, 207, 'Almvik'),
(17223, 1529, 207, 'lsten'),
(17224, 1529, 207, 'Alvik'),
(17225, 1529, 207, 'lvsj'),
(17226, 1529, 207, 'rsta'),
(17227, 1529, 207, 'Aspudden'),
(17228, 1529, 207, 'Backa'),
(17229, 1529, 207, 'Barkaby'),
(17230, 1529, 207, 'Botkyrka'),
(17231, 1529, 207, 'Bro'),
(17232, 1529, 207, 'Bromma'),
(17233, 1529, 207, 'Dalar'),
(17234, 1529, 207, 'Danderyd'),
(17235, 1529, 207, 'Drottningholm'),
(17236, 1529, 207, 'Eriksund'),
(17237, 1529, 207, 'Fagersj'),
(17238, 1529, 207, 'Farsta'),
(17239, 1529, 207, 'Fiskstra'),
(17240, 1529, 207, 'Fittja'),
(17241, 1529, 207, 'Fridhem'),
(17242, 1529, 207, 'Gamla Stan'),
(17243, 1529, 207, 'Grundvik'),
(17244, 1529, 207, 'Handen'),
(17245, 1529, 207, 'Harg'),
(17246, 1529, 207, 'Hsselby'),
(17247, 1529, 207, 'Huddinge'),
(17248, 1529, 207, 'Husby'),
(17249, 1529, 207, 'Islinge'),
(17250, 1529, 207, 'Jakobsberg'),
(17251, 1529, 207, 'Karlsvik'),
(17252, 1529, 207, 'Kista'),
(17253, 1529, 207, 'Kristineberg'),
(17254, 1529, 207, 'Labben'),
(17255, 1529, 207, 'Liding'),
(17256, 1529, 207, 'Marsta'),
(17257, 1529, 207, 'Mrsta'),
(17258, 1529, 207, 'Nacka'),
(17259, 1529, 207, 'Norrtelje'),
(17260, 1529, 207, 'Norsborg'),
(17261, 1529, 207, 'Nynshamm'),
(17262, 1529, 207, 'Nynshamn'),
(17263, 1529, 207, 'Orninge'),
(17264, 1529, 207, 'stermalm'),
(17265, 1529, 207, 'Rickeby'),
(17266, 1529, 207, 'Rinkeby'),
(17267, 1529, 207, 'Saln'),
(17268, 1529, 207, 'Saltsjbaden'),
(17269, 1529, 207, 'Sigtuna'),
(17270, 1529, 207, 'Skrholmen'),
(17271, 1529, 207, 'Sdermalm'),
(17272, 1529, 207, 'Sdertlje'),
(17273, 1529, 207, 'Sollentuna'),
(17274, 1529, 207, 'Solna'),
(17275, 1529, 207, 'Sol'),
(17276, 1529, 207, 'Sotinge'),
(17277, 1529, 207, 'Spnga'),
(17278, 1529, 207, 'Stockholm'),
(17279, 1529, 207, 'Stocksund'),
(17280, 1529, 207, 'Storholmen'),
(17281, 1529, 207, 'Sundbyberg'),
(17282, 1529, 207, 'Sundyberg'),
(17283, 1529, 207, 'Svarts'),
(17284, 1529, 207, 'Svedmyra'),
(17285, 1529, 207, 'Tby'),
(17286, 1529, 207, 'Tumba'),
(17287, 1529, 207, 'Uplands Vsby'),
(17288, 1529, 207, 'Upplands-Vsby'),
(17289, 1529, 207, 'Uppsala'),
(17290, 1529, 207, 'Vllingby'),
(17291, 1529, 207, 'Vrby'),
(17292, 1529, 207, 'Vista'),
(17293, 1529, 207, 'Vitsand'),
(17294, 1530, 207, 'dalen'),
(17295, 1530, 207, 'Askskr'),
(17296, 1530, 207, 'Blsta'),
(17297, 1530, 207, 'Enkping'),
(17298, 1530, 207, 'Fiskvik'),
(17299, 1530, 207, 'Malma'),
(17300, 1530, 207, 'Skutskr'),
(17301, 1530, 207, 'Tierp'),
(17302, 1530, 207, 'Uppland'),
(17303, 1530, 207, 'Uppsala'),
(17304, 1531, 207, 'Filipstad'),
(17305, 1531, 207, 'Grums'),
(17306, 1531, 207, 'Hammar'),
(17307, 1531, 207, 'Karlstad'),
(17308, 1531, 207, 'Kristinehamn'),
(17309, 1531, 207, 'Lesjfors'),
(17310, 1531, 207, 'Linds'),
(17311, 1531, 207, 'Storfors'),
(17312, 1531, 207, 'Vesters'),
(17313, 1532, 207, 'sele'),
(17314, 1532, 207, 'Boliden'),
(17315, 1532, 207, 'Skellefte'),
(17316, 1532, 207, 'Ume'),
(17317, 1533, 207, 'Alby'),
(17318, 1533, 207, 'lfva'),
(17319, 1533, 207, 'Almsjns'),
(17320, 1533, 207, 'nge'),
(17321, 1533, 207, 'Hrnsand'),
(17322, 1533, 207, 'Husum'),
(17323, 1533, 207, 'Kramfors'),
(17324, 1533, 207, 'Lucksta'),
(17325, 1533, 207, 'rnskldsvik'),
(17326, 1533, 207, 'Sundsvall'),
(17327, 1534, 207, 'Aberga'),
(17328, 1534, 207, 'Arboga'),
(17329, 1534, 207, 'vestbo'),
(17330, 1534, 207, 'Fagersta'),
(17331, 1534, 207, 'Kping'),
(17332, 1534, 207, 'Olsta'),
(17333, 1534, 207, 'Sala'),
(17334, 1534, 207, 'Vsters'),
(17335, 1535, 207, ''),
(17336, 1535, 207, 'Bengtsfors'),
(17337, 1535, 207, 'Bjurdammen'),
(17338, 1535, 207, 'Bors'),
(17339, 1535, 207, 'Borrs'),
(17340, 1535, 207, 'Fly'),
(17341, 1535, 207, 'Goeteborg'),
(17342, 1535, 207, 'Gteborg'),
(17343, 1535, 207, 'Goteburg'),
(17344, 1535, 207, 'Gtene'),
(17345, 1535, 207, 'Gothenburg'),
(17346, 1535, 207, 'Kunglv'),
(17347, 1535, 207, 'Lidkping'),
(17348, 1535, 207, 'Malm'),
(17349, 1535, 207, 'Mariestad'),
(17350, 1535, 207, 'Mlndal'),
(17351, 1535, 207, 'Skene'),
(17352, 1535, 207, 'Skepplanda'),
(17353, 1535, 207, 'Skvde'),
(17354, 1535, 207, 'Strmstad'),
(17355, 1535, 207, 'Svinesund'),
(17356, 1535, 207, 'Trollhttan'),
(17357, 1535, 207, 'Uddevalla'),
(17358, 1535, 207, 'Ulricehamn'),
(17359, 1535, 207, 'Vnersborg'),
(17360, 1535, 207, 'Ytterstad'),
(17361, 1536, 208, 'Коломбо'),
(17362, 1537, 209, 'Cuenca'),
(17363, 1538, 209, 'Asuncin'),
(17364, 1538, 209, 'Bilovn'),
(17365, 1539, 209, 'Riobamba'),
(17366, 1540, 209, 'Alvarez'),
(17367, 1540, 209, 'Machala'),
(17368, 1541, 209, 'Puerto Ayora'),
(17369, 1542, 209, 'Alfredo Baquerizo Moreno'),
(17370, 1542, 209, 'Bella Vista'),
(17371, 1542, 209, 'Durn'),
(17372, 1542, 209, 'Guayaquil'),
(17373, 1542, 209, 'Salinas'),
(17374, 1543, 209, 'Ibarra'),
(17375, 1544, 209, 'Loja'),
(17376, 1545, 209, 'Manta'),
(17377, 1545, 209, 'Montecristi'),
(17378, 1545, 209, 'Portoviejo'),
(17379, 1545, 209, 'Rocafuerte'),
(17380, 1546, 209, 'C.J. Arosemena Tola'),
(17381, 1547, 209, 'Amazonas'),
(17382, 1548, 209, 'Arcadia'),
(17383, 1548, 209, 'Machachi'),
(17384, 1548, 209, 'Quinche'),
(17385, 1548, 209, 'Quito'),
(17386, 1548, 209, 'Santo Domingo de los Colorados'),
(17387, 1549, 209, 'Baos'),
(17388, 1549, 209, 'Benigno Vela'),
(17389, 1549, 209, 'Bentez'),
(17390, 1550, 210, 'Малабо'),
(17391, 1551, 211, 'Асмара'),
(17392, 1552, 212, 'Абья-Палуоя'),
(17393, 1552, 212, 'Азери'),
(17394, 1552, 212, 'Антсла'),
(17395, 1552, 212, 'Валга'),
(17396, 1552, 212, 'Васкнарва'),
(17397, 1552, 212, 'Вильянди'),
(17398, 1552, 212, 'Выру'),
(17399, 1552, 212, 'Йыгева'),
(17400, 1552, 212, 'Йыхви'),
(17401, 1552, 212, 'Калласте'),
(17402, 1552, 212, 'Кейла'),
(17403, 1552, 212, 'Кехра'),
(17404, 1552, 212, 'Кивиыли'),
(17405, 1552, 212, 'Килинги'),
(17406, 1552, 212, 'Килинги-Нымме'),
(17407, 1552, 212, 'Кингисепп'),
(17408, 1552, 212, 'Кохтла-Ярве'),
(17409, 1552, 212, 'Кунда'),
(17410, 1552, 212, 'Куресааре'),
(17411, 1552, 212, 'Кярдла'),
(17412, 1552, 212, 'Муствээ'),
(17413, 1552, 212, 'Мыйзакюла'),
(17414, 1552, 212, 'Нарва'),
(17415, 1552, 212, 'Пайде'),
(17416, 1552, 212, 'Палдиски'),
(17417, 1552, 212, 'Пылва'),
(17418, 1552, 212, 'Пылтсамаа'),
(17419, 1552, 212, 'Пярну'),
(17420, 1552, 212, 'Раквере'),
(17421, 1552, 212, 'Рапла'),
(17422, 1552, 212, 'Ряпино'),
(17423, 1552, 212, 'Силламяэ'),
(17424, 1552, 212, 'Сууре-Яани'),
(17425, 1552, 212, 'Таллин'),
(17426, 1552, 212, 'Тапа'),
(17427, 1552, 212, 'Тарту'),
(17428, 1552, 212, 'Тырва'),
(17429, 1552, 212, 'Хаапсалу'),
(17430, 1552, 212, 'Эльва'),
(17431, 1553, 213, 'Аддис-Абеба'),
(17432, 1553, 213, 'Гондэр'),
(17433, 1553, 213, 'Дэссе'),
(17434, 1554, 214, 'Йоханесбург'),
(17435, 1555, 215, 'Чею'),
(17436, 1556, 215, 'Кунсан'),
(17437, 1556, 215, 'Намвон'),
(17438, 1557, 215, 'Йосу'),
(17439, 1557, 215, 'Мокп''о'),
(17440, 1557, 215, 'Чечон'),
(17441, 1558, 215, 'Чонгжу'),
(17442, 1558, 215, 'Чунгжу'),
(17443, 1559, 215, 'Асан'),
(17444, 1559, 215, 'Ч''онан'),
(17445, 1560, 215, 'Инчхон'),
(17446, 1561, 215, 'Вонжу'),
(17447, 1561, 215, 'Кангнунг'),
(17448, 1561, 215, 'Тондычон'),
(17449, 1561, 215, 'Чунчон'),
(17450, 1562, 215, 'Кванчжу'),
(17451, 1563, 215, 'Йонгжу'),
(17452, 1563, 215, 'Сувон'),
(17453, 1564, 215, 'Андонг'),
(17454, 1564, 215, 'Кионгджу'),
(17455, 1564, 215, 'П''оханг'),
(17456, 1565, 215, 'Масан'),
(17457, 1565, 215, 'Мирианг'),
(17458, 1565, 215, 'Чинхэ'),
(17459, 1565, 215, 'Чиню'),
(17460, 1566, 215, 'Пусан'),
(17461, 1567, 215, 'Сеул'),
(17462, 1568, 215, 'Тэгу'),
(17463, 1569, 215, 'Тэджон'),
(17464, 1570, 215, 'Ульсан'),
(17465, 1571, 215, 'Кимпо'),
(17466, 1572, 216, 'Джава'),
(17467, 1572, 216, 'Цхинвали'),
(17468, 1574, 218, 'Ичиномия'),
(17469, 1574, 218, 'Касугаи'),
(17470, 1574, 218, 'Нагоиа'),
(17471, 1574, 218, 'Оказаки'),
(17472, 1574, 218, 'Тойота'),
(17473, 1574, 218, 'Тойохаши'),
(17474, 1575, 218, 'Аомори'),
(17475, 1575, 218, 'Гошогавара'),
(17476, 1575, 218, 'Хачинохе'),
(17477, 1575, 218, 'Хиросаки'),
(17478, 1576, 218, 'Вакэйама'),
(17479, 1576, 218, 'Шингу'),
(17480, 1577, 218, 'Кириу'),
(17481, 1577, 218, 'Маебаши'),
(17482, 1577, 218, 'Ота'),
(17483, 1577, 218, 'Такасаки'),
(17484, 1578, 218, 'Ибараки'),
(17485, 1578, 218, 'Мито'),
(17486, 1578, 218, 'Хитачи'),
(17487, 1578, 218, 'Цущиура'),
(17488, 1579, 218, 'Мииако'),
(17489, 1579, 218, 'Мориока'),
(17490, 1580, 218, 'Каназава'),
(17491, 1581, 218, 'Каноя'),
(17492, 1582, 218, 'Зуши'),
(17493, 1582, 218, 'Йокогама'),
(17494, 1582, 218, 'Йокосука'),
(17495, 1582, 218, 'Камакура'),
(17496, 1582, 218, 'Одавара'),
(17497, 1582, 218, 'Хиратсука'),
(17498, 1583, 218, 'Киото'),
(17499, 1583, 218, 'Маизуру'),
(17500, 1583, 218, 'Фукучииама'),
(17501, 1584, 218, 'Кочи'),
(17502, 1585, 218, 'Ишиномаки'),
(17503, 1585, 218, 'Матсушима'),
(17504, 1585, 218, 'Сендай'),
(17505, 1585, 218, 'Фурукава'),
(17506, 1586, 218, 'Мииазаки'),
(17507, 1586, 218, 'Мииаконойо'),
(17508, 1587, 218, 'Матсумото'),
(17509, 1587, 218, 'Нагано'),
(17510, 1587, 218, 'Саку'),
(17511, 1588, 218, 'Исахая'),
(17512, 1588, 218, 'Нагасаки'),
(17513, 1588, 218, 'Сасэбо'),
(17514, 1589, 218, 'Нара'),
(17515, 1590, 218, 'Нагаока'),
(17516, 1590, 218, 'Ниигата'),
(17517, 1590, 218, 'Цубаме'),
(17518, 1590, 218, 'Шибата'),
(17519, 1591, 218, 'Окэйама'),
(17520, 1592, 218, 'Ишигаки'),
(17521, 1592, 218, 'Наха'),
(17522, 1593, 218, 'Даито'),
(17523, 1593, 218, 'Матсубара'),
(17524, 1593, 218, 'Ниагава'),
(17525, 1593, 218, 'Осака'),
(17526, 1593, 218, 'Хираката'),
(17527, 1593, 218, 'Яо'),
(17528, 1594, 218, 'Каратсу'),
(17529, 1594, 218, 'Сага'),
(17530, 1595, 218, 'Вараби'),
(17531, 1595, 218, 'Иватсуки'),
(17532, 1595, 218, 'Йоно'),
(17533, 1595, 218, 'Кавагоэ'),
(17534, 1595, 218, 'Кавагучи'),
(17535, 1595, 218, 'Кошигэйа'),
(17536, 1595, 218, 'Кумагэйа'),
(17537, 1595, 218, 'Сока'),
(17538, 1595, 218, 'Ханно'),
(17539, 1596, 218, 'Отсу'),
(17540, 1596, 218, 'Хикон'),
(17541, 1597, 218, 'Атами'),
(17542, 1597, 218, 'Фуджи'),
(17543, 1598, 218, 'Ичикава'),
(17544, 1598, 218, 'Кашива'),
(17545, 1598, 218, 'Нода'),
(17546, 1598, 218, 'Фунабаши'),
(17547, 1598, 218, 'Чиба'),
(17548, 1599, 218, 'Кодаира'),
(17549, 1599, 218, 'Мачида'),
(17550, 1599, 218, 'Митака'),
(17551, 1599, 218, 'Мусашино'),
(17552, 1599, 218, 'Тачикава'),
(17553, 1599, 218, 'Токио'),
(17554, 1599, 218, 'Хачиойи'),
(17555, 1599, 218, 'Хофу'),
(17556, 1600, 218, 'Токушима'),
(17557, 1601, 218, 'Ашикага'),
(17558, 1601, 218, 'Отавара'),
(17559, 1601, 218, 'Утсуномииа'),
(17560, 1602, 218, 'Такаока'),
(17561, 1602, 218, 'Тояма'),
(17562, 1603, 218, 'Оно'),
(17563, 1603, 218, 'Фукуи'),
(17564, 1604, 218, 'Китакиушу'),
(17565, 1604, 218, 'Ногата'),
(17566, 1604, 218, 'Омута'),
(17567, 1604, 218, 'Фукуока'),
(17568, 1605, 218, 'Иваки'),
(17569, 1605, 218, 'Корииама'),
(17570, 1606, 218, 'Фукуиама'),
(17571, 1606, 218, 'Хирошима'),
(17572, 1607, 218, 'Абашири'),
(17573, 1607, 218, 'Асахигава'),
(17574, 1607, 218, 'Вакканаи'),
(17575, 1607, 218, 'Китами'),
(17576, 1607, 218, 'Куширо'),
(17577, 1607, 218, 'Обихиро'),
(17578, 1607, 218, 'Отару'),
(17579, 1607, 218, 'Саппоро'),
(17580, 1607, 218, 'Томакомаи'),
(17581, 1607, 218, 'Хакодата'),
(17582, 1608, 218, 'Акаши'),
(17583, 1608, 218, 'Какогава'),
(17584, 1608, 218, 'Химейи'),
(17585, 1609, 218, 'Увайима'),
(17586, 1610, 218, 'Ивакуни'),
(17587, 1610, 218, 'Токуиама'),
(17588, 1610, 218, 'Ямагучи'),
(17589, 1611, 218, 'Кофу');

-- --------------------------------------------------------

--
-- Структура таблицы `country`
--

CREATE TABLE IF NOT EXISTS `country` (
  `id_country` mediumint(8) unsigned NOT NULL auto_increment,
  `name` varchar(50) character set utf8 collate utf8_unicode_ci NOT NULL,
  PRIMARY KEY  (`id_country`)
) ENGINE=MyISAM  DEFAULT CHARSET=cp1251 AUTO_INCREMENT=219 ;

--
-- Дамп данных таблицы `country`
--

INSERT INTO `country` (`id_country`, `name`) VALUES
(1, 'Россия'),
(2, 'Украина'),
(3, 'Абхазия'),
(4, 'Австралия'),
(5, 'Австрия'),
(6, 'Азербайджан'),
(7, 'Албания'),
(8, 'Алжир'),
(9, 'Ангола'),
(10, 'Ангуилья'),
(11, 'Андорра'),
(12, 'Антигуа и Барбуда'),
(13, 'Антильские о-ва'),
(14, 'Аргентина'),
(15, 'Армения'),
(16, 'Арулько'),
(17, 'Афганистан'),
(18, 'Багамские о-ва'),
(19, 'Бангладеш'),
(20, 'Барбадос'),
(21, 'Бахрейн'),
(22, 'Беларусь'),
(23, 'Белиз'),
(24, 'Бельгия'),
(25, 'Бенин'),
(26, 'Бермуды'),
(27, 'Болгария'),
(28, 'Боливия'),
(29, 'Босния/Герцеговина'),
(30, 'Ботсвана'),
(31, 'Бразилия'),
(32, 'Британские Виргинские о-ва'),
(33, 'Бруней'),
(34, 'Буркина Фасо'),
(35, 'Бурунди'),
(36, 'Бутан'),
(37, 'Валлис и Футуна о-ва'),
(38, 'Вануату'),
(39, 'Великобритания'),
(40, 'Венгрия'),
(41, 'Венесуэла'),
(42, 'Восточный Тимор'),
(43, 'Вьетнам'),
(44, 'Габон'),
(45, 'Гаити'),
(46, 'Гайана'),
(47, 'Гамбия'),
(48, 'Гана'),
(49, 'Гваделупа'),
(50, 'Гватемала'),
(51, 'Гвинея'),
(52, 'Гвинея-Бисау'),
(53, 'Германия'),
(54, 'Гернси о-в'),
(55, 'Гибралтар'),
(56, 'Гондурас'),
(57, 'Гонконг'),
(58, 'Гренада'),
(59, 'Гренландия'),
(60, 'Греция'),
(61, 'Грузия'),
(62, 'Дания'),
(63, 'Джерси о-в'),
(64, 'Джибути'),
(65, 'Доминиканская республика'),
(66, 'Египет'),
(67, 'Замбия'),
(68, 'Западная Сахара'),
(69, 'Зимбабве'),
(70, 'Израиль'),
(71, 'Индия'),
(72, 'Индонезия'),
(73, 'Иордания'),
(74, 'Ирак'),
(75, 'Иран'),
(76, 'Ирландия'),
(77, 'Исландия'),
(78, 'Испания'),
(79, 'Италия'),
(80, 'Йемен'),
(81, 'Кабо-Верде'),
(82, 'Казахстан'),
(83, 'Камбоджа'),
(84, 'Камерун'),
(85, 'Канада'),
(86, 'Катар'),
(87, 'Кения'),
(88, 'Кипр'),
(89, 'Кирибати'),
(90, 'Китай'),
(91, 'Колумбия'),
(92, 'Коморские о-ва'),
(93, 'Конго (Brazzaville)'),
(94, 'Конго (Kinshasa)'),
(95, 'Коста-Рика'),
(96, 'Кот-д''Ивуар'),
(97, 'Куба'),
(98, 'Кувейт'),
(99, 'Кука о-ва'),
(100, 'Кыргызстан'),
(101, 'Лаос'),
(102, 'Латвия'),
(103, 'Лесото'),
(104, 'Либерия'),
(105, 'Ливан'),
(106, 'Ливия'),
(107, 'Литва'),
(108, 'Лихтенштейн'),
(109, 'Люксембург'),
(110, 'Маврикий'),
(111, 'Мавритания'),
(112, 'Мадагаскар'),
(113, 'Македония'),
(114, 'Малави'),
(115, 'Малайзия'),
(116, 'Мали'),
(117, 'Мальдивские о-ва'),
(118, 'Мальта'),
(119, 'Мартиника о-в'),
(120, 'Мексика'),
(121, 'Мозамбик'),
(122, 'Молдова'),
(123, 'Монако'),
(124, 'Монголия'),
(125, 'Марокко'),
(126, 'Мьянма (Бирма)'),
(127, 'Мэн о-в'),
(128, 'Намибия'),
(129, 'Науру'),
(130, 'Непал'),
(131, 'Нигер'),
(132, 'Нигерия'),
(133, 'Нидерланды (Голландия)'),
(134, 'Никарагуа'),
(135, 'Новая Зеландия'),
(136, 'Новая Каледония о-в'),
(137, 'Норвегия'),
(138, 'Норфолк о-в'),
(139, 'О.А.Э.'),
(140, 'Оман'),
(141, 'Пакистан'),
(142, 'Панама'),
(143, 'Папуа Новая Гвинея'),
(144, 'Парагвай'),
(145, 'Перу'),
(146, 'Питкэрн о-в'),
(147, 'Польша'),
(148, 'Португалия'),
(149, 'Пуэрто Рико'),
(150, 'Реюньон'),
(151, 'Руанда'),
(152, 'Румыния'),
(153, 'США'),
(154, 'Сальвадор'),
(155, 'Самоа'),
(156, 'Сан-Марино'),
(157, 'Сан-Томе и Принсипи'),
(158, 'Саудовская Аравия'),
(159, 'Свазиленд'),
(160, 'Святая Люсия'),
(161, 'Святой Елены о-в'),
(162, 'Северная Корея'),
(163, 'Сейшеллы'),
(164, 'Сен-Пьер и Микелон'),
(165, 'Сенегал'),
(166, 'Сент Китс и Невис'),
(167, 'Сент-Винсент и Гренадины'),
(168, 'Сербия'),
(169, 'Сингапур'),
(170, 'Сирия'),
(171, 'Словакия'),
(172, 'Словения'),
(173, 'Соломоновы о-ва'),
(174, 'Сомали'),
(175, 'Судан'),
(176, 'Суринам'),
(177, 'Сьерра-Леоне'),
(178, 'Таджикистан'),
(179, 'Тайвань'),
(180, 'Таиланд'),
(181, 'Танзания'),
(182, 'Того'),
(183, 'Токелау о-ва'),
(184, 'Тонга'),
(185, 'Тринидад и Тобаго'),
(186, 'Тувалу'),
(187, 'Тунис'),
(188, 'Туркменистан'),
(189, 'Туркс и Кейкос'),
(190, 'Турция'),
(191, 'Уганда'),
(192, 'Узбекистан'),
(193, 'Уругвай'),
(194, 'Фарерские о-ва'),
(195, 'Фиджи'),
(196, 'Филиппины'),
(197, 'Финляндия'),
(198, 'Франция'),
(199, 'Французская Гвинея'),
(200, 'Французская Полинезия'),
(201, 'Хорватия'),
(202, 'Чад'),
(203, 'Черногория'),
(204, 'Чехия'),
(205, 'Чили'),
(206, 'Швейцария'),
(207, 'Швеция'),
(208, 'Шри-Ланка'),
(209, 'Эквадор'),
(210, 'Экваториальная Гвинея'),
(211, 'Эритрея'),
(212, 'Эстония'),
(213, 'Эфиопия'),
(214, 'ЮАР'),
(215, 'Южная Корея'),
(216, 'Южная Осетия'),
(217, 'Ямайка'),
(218, 'Япония');

-- --------------------------------------------------------

--
-- Структура таблицы `region`
--

CREATE TABLE IF NOT EXISTS `region` (
  `id_region` int(10) unsigned NOT NULL auto_increment,
  `id_country` mediumint(8) unsigned NOT NULL,
  `name` varchar(255) character set utf8 collate utf8_unicode_ci default NULL,
  PRIMARY KEY  (`id_region`),
  KEY `id_country` (`id_country`)
) ENGINE=MyISAM  DEFAULT CHARSET=cp1251 AUTO_INCREMENT=1612 ;

--
-- Дамп данных таблицы `region`
--

INSERT INTO `region` (`id_region`, `id_country`, `name`) VALUES
(1, 1, 'Москва и Московская обл.'),
(2, 1, 'Санкт-Петербург и область'),
(3, 1, 'Адыгея'),
(4, 1, 'Алтайский край'),
(5, 1, 'Амурская обл.'),
(6, 1, 'Архангельская обл.'),
(7, 1, 'Астраханская обл.'),
(8, 1, 'Башкортостан(Башкирия)'),
(9, 1, 'Белгородская обл.'),
(10, 1, 'Брянская обл.'),
(11, 1, 'Бурятия'),
(12, 1, 'Владимирская обл.'),
(13, 1, 'Волгоградская обл.'),
(14, 1, 'Вологодская обл.'),
(15, 1, 'Воронежская обл.'),
(16, 1, 'Дагестан'),
(17, 1, 'Еврейская обл.'),
(18, 1, 'Ивановская обл.'),
(19, 1, 'Иркутская обл.'),
(20, 1, 'Кабардино-Балкария'),
(21, 1, 'Калининградская обл.'),
(22, 1, 'Калмыкия'),
(23, 1, 'Калужская обл.'),
(24, 1, 'Камчатская обл.'),
(25, 1, 'Карелия'),
(26, 1, 'Кемеровская обл.'),
(27, 1, 'Кировская обл.'),
(28, 1, 'Коми'),
(29, 1, 'Костромская обл.'),
(30, 1, 'Краснодарский край'),
(31, 1, 'Красноярский край'),
(32, 1, 'Курганская обл.'),
(33, 1, 'Курская обл.'),
(34, 1, 'Липецкая обл.'),
(35, 1, 'Магаданская обл.'),
(36, 1, 'Марий Эл'),
(37, 1, 'Мордовия'),
(38, 1, 'Мурманская обл.'),
(39, 1, 'Нижегородская (Горьковская)'),
(40, 1, 'Новгородская обл.'),
(41, 1, 'Новосибирская обл.'),
(42, 1, 'Омская обл.'),
(43, 1, 'Оренбургская обл.'),
(44, 1, 'Орловская обл.'),
(45, 1, 'Пензенская обл.'),
(46, 1, 'Пермский край'),
(47, 1, 'Приморский край'),
(48, 1, 'Псковская обл.'),
(49, 1, 'Ростовская обл.'),
(50, 1, 'Рязанская обл.'),
(51, 1, 'Самарская обл.'),
(52, 1, 'Саратовская обл.'),
(53, 1, 'Саха (Якутия)'),
(54, 1, 'Сахалин'),
(55, 1, 'Свердловская обл.'),
(56, 1, 'Северная Осетия'),
(57, 1, 'Смоленская обл.'),
(58, 1, 'Ставропольский край'),
(59, 1, 'Тамбовская обл.'),
(60, 1, 'Татарстан'),
(61, 1, 'Тверская обл.'),
(62, 1, 'Томская обл.'),
(63, 1, 'Тува (Тувинская Респ.)'),
(64, 1, 'Тульская обл.'),
(65, 1, 'Тюменская обл. и Ханты-Мансийский АО'),
(66, 1, 'Удмуртия'),
(67, 1, 'Ульяновская обл.'),
(68, 1, 'Уральская обл.'),
(69, 1, 'Хабаровский край'),
(70, 1, 'Хакасия'),
(71, 1, 'Челябинская обл.'),
(72, 1, 'Чечено-Ингушетия'),
(73, 1, 'Читинская обл.'),
(74, 1, 'Чувашия'),
(75, 1, 'Чукотский АО'),
(76, 1, 'Ямало-Ненецкий АО'),
(77, 1, 'Ярославская обл.'),
(78, 1, 'Карачаево-Черкесская Республика'),
(79, 2, 'Винницкая обл.'),
(80, 2, 'Волынская обл.'),
(81, 2, 'Днепропетровская обл.'),
(82, 2, 'Донецкая обл.'),
(83, 2, 'Житомирская обл.'),
(84, 2, 'Закарпатская обл.'),
(85, 2, 'Запорожская обл.'),
(86, 2, 'Ивано-Франковская обл.'),
(87, 2, 'Киевская обл.'),
(88, 2, 'Кировоградская обл.'),
(89, 2, 'Крымская обл.'),
(90, 2, 'Луганская обл.'),
(91, 2, 'Львовская обл.'),
(92, 2, 'Николаевская обл.'),
(93, 2, 'Одесская обл.'),
(94, 2, 'Полтавская обл.'),
(95, 2, 'Ровенская обл.'),
(96, 2, 'Сумская обл.'),
(97, 2, 'Тернопольская обл.'),
(98, 2, 'Украина'),
(99, 2, 'Харьковская обл.'),
(100, 2, 'Херсонская обл.'),
(101, 2, 'Хмельницкая обл.'),
(102, 2, 'Черкасская обл.'),
(103, 2, 'Черниговская обл.'),
(104, 2, 'Черновицкая обл.'),
(105, 3, 'Абхазия'),
(106, 4, 'Australian Capital Territory'),
(107, 4, 'New South Wales'),
(108, 4, 'None'),
(109, 4, 'Northern Territory'),
(110, 4, 'Queensland'),
(111, 4, 'South Australia'),
(112, 4, 'Tasmania'),
(113, 4, 'Victoria'),
(114, 4, 'Western Australia'),
(115, 5, 'Burgenland'),
(116, 5, 'Krnten'),
(117, 5, 'Niedersterreich'),
(118, 5, 'Obersterreich'),
(119, 5, 'Salzburg'),
(120, 5, 'Steiermark'),
(121, 5, 'Tirol'),
(122, 5, 'Vorarlberg'),
(123, 5, 'Wien'),
(124, 6, 'Азербайджан'),
(125, 6, 'Нагорный Карабах'),
(126, 6, 'Нахичеванская обл.'),
(127, 7, 'Berat'),
(128, 7, 'Diber'),
(129, 7, 'Durres'),
(130, 7, 'Elbasan'),
(131, 7, 'Fier'),
(132, 7, 'Gjirokaster'),
(133, 7, 'Korce'),
(134, 7, 'Kukes'),
(135, 7, 'None'),
(136, 7, 'Shkoder'),
(137, 7, 'Tirane'),
(138, 7, 'Vlore'),
(139, 8, 'Алжир'),
(140, 9, 'Ангола'),
(141, 10, 'Anguilla'),
(142, 11, 'Andorra la Vella'),
(143, 11, 'Canillo'),
(144, 11, 'Encamp'),
(145, 11, 'Escaldes-Engordany'),
(146, 11, 'La Massana'),
(147, 11, 'None'),
(148, 11, 'Ordino'),
(149, 11, 'Sant Julia de Loria'),
(150, 12, 'Антигуа и Барбуда'),
(151, 13, 'Виллемстад'),
(152, 14, 'Buenos Aires'),
(153, 14, 'Catamarca'),
(154, 14, 'Chaco'),
(155, 14, 'Chubut'),
(156, 14, 'Crdoba'),
(157, 14, 'Corrientes'),
(158, 14, 'Distrito Federal'),
(159, 14, 'Entre Ros'),
(160, 14, 'Formosa'),
(161, 14, 'Jujuy'),
(162, 14, 'La Pampa'),
(163, 14, 'La Rioja'),
(164, 14, 'Mendoza'),
(165, 14, 'Misiones'),
(166, 14, 'Neuqun'),
(167, 14, 'Ro Negro'),
(168, 14, 'Salta'),
(169, 14, 'San Juan'),
(170, 14, 'San Luis'),
(171, 14, 'Santa Cruz'),
(172, 14, 'Santa Fe'),
(173, 14, 'Santiago del Estero'),
(174, 14, 'Tierra del Fuego'),
(175, 14, 'Tucumn'),
(176, 15, 'Aragatsotn'),
(177, 15, 'Ararat'),
(178, 15, 'Armavir'),
(179, 15, 'Geghark''unik'''),
(180, 15, 'Kotayk'''),
(181, 15, 'Lorri'),
(182, 15, 'None'),
(183, 15, 'Shirak'),
(184, 15, 'Syunik'''),
(185, 15, 'Tavush'),
(186, 15, 'Vayots'' Dzor'),
(187, 15, 'Yerevan'),
(188, 16, 'Арулько'),
(189, 17, 'Афганистан'),
(190, 18, 'Багамы'),
(191, 19, 'Бангладеш'),
(192, 20, 'Барбадос'),
(193, 21, 'Бахрейн'),
(194, 22, 'Брестская обл.'),
(195, 22, 'Витебская обл.'),
(196, 22, 'Гомельская обл.'),
(197, 22, 'Гродненская обл.'),
(198, 22, 'Минская обл.'),
(199, 22, 'Могилевская обл.'),
(200, 23, 'Belize'),
(201, 24, 'Antwerpen'),
(202, 24, 'Brabant Wallon'),
(203, 24, 'Bruxelles'),
(204, 24, 'Hainaut'),
(205, 24, 'Lige'),
(206, 24, 'Limburg'),
(207, 24, 'Luxembourg'),
(208, 24, 'Namur'),
(209, 24, 'Oost-Vlaanderen'),
(210, 24, 'Vlaams Brabant'),
(211, 24, 'West-Vlaanderen'),
(212, 25, 'Бенин'),
(213, 26, 'Hamilton'),
(214, 27, 'Blagoevgrad'),
(215, 27, 'Burgas'),
(216, 27, 'Dobrich'),
(217, 27, 'Gabrovo'),
(218, 27, 'Grad Sofiya'),
(219, 27, 'Khaskovo'),
(220, 27, 'Kurdzhali'),
(221, 27, 'Kyustendil'),
(222, 27, 'Lovech'),
(223, 27, 'Montana'),
(224, 27, 'None'),
(225, 27, 'Pazardzhik'),
(226, 27, 'Pernik'),
(227, 27, 'Pleven'),
(228, 27, 'Plovdiv'),
(229, 27, 'Razgrad'),
(230, 27, 'Ruse'),
(231, 27, 'Shumen'),
(232, 27, 'Silistra'),
(233, 27, 'Sliven'),
(234, 27, 'Smolyan'),
(235, 27, 'Sofiya'),
(236, 27, 'Stara Zagora'),
(237, 27, 'Turgovishte'),
(238, 27, 'Varna'),
(239, 27, 'Veliko Turnovo'),
(240, 27, 'Vidin'),
(241, 27, 'Vratsa'),
(242, 27, 'Yambol'),
(243, 28, 'Chuquisaca'),
(244, 28, 'Cochabamba'),
(245, 28, 'El Beni'),
(246, 28, 'La Paz'),
(247, 28, 'None'),
(248, 28, 'Oruro'),
(249, 28, 'Potos'),
(250, 28, 'Santa Cruz'),
(251, 29, 'Federation of Bosnia and Herzegovina'),
(252, 29, 'None'),
(253, 29, 'Republika Srpska'),
(254, 30, 'Ботсвана'),
(255, 31, 'Acre'),
(256, 31, 'Alagoas'),
(257, 31, 'Amapa'),
(258, 31, 'Amazonas'),
(259, 31, 'Bahia'),
(260, 31, 'Ceara'),
(261, 31, 'Distrito Federal'),
(262, 31, 'Espirito Santo'),
(263, 31, 'Goias'),
(264, 31, 'Maranhao'),
(265, 31, 'Minas Gerais'),
(266, 31, 'Paraiba'),
(267, 31, 'Parana'),
(268, 31, 'Rio de Janeiro'),
(269, 31, 'Rio Grande do Norte'),
(270, 31, 'Rio Grande do Sul'),
(271, 31, 'Rondonia'),
(272, 31, 'Roraima'),
(273, 31, 'Santa Catarina'),
(274, 31, 'Sao Paulo'),
(275, 31, 'Sergipe'),
(276, 32, 'Род-Таун'),
(277, 33, 'Бруней'),
(278, 34, 'Буркина Фасо'),
(279, 35, 'Бурунди'),
(280, 36, 'Бутан'),
(281, 37, 'Мата-Уту'),
(282, 38, 'Вануату'),
(283, 39, 'Channel Islands'),
(284, 39, 'England - East'),
(285, 39, 'England - East Midlands'),
(286, 39, 'England - London'),
(287, 39, 'England - North East'),
(288, 39, 'England - North West'),
(289, 39, 'England - South East'),
(290, 39, 'England - South West'),
(291, 39, 'England - West Midlands'),
(292, 39, 'England - Yorks & Humber'),
(293, 39, 'Isle of Man'),
(294, 39, 'Northern Ireland'),
(295, 39, 'Scotland Central'),
(296, 39, 'Scotland North'),
(297, 39, 'Scotland South'),
(298, 39, 'Wales North'),
(299, 39, 'Wales South'),
(300, 40, 'Bacs-Kiskun'),
(301, 40, 'Bekes'),
(302, 40, 'Borsod-Abauj-Zemplen'),
(303, 40, 'Budapest'),
(304, 40, 'Csongrad'),
(305, 40, 'Debrecen'),
(306, 40, 'Fejer'),
(307, 40, 'Gyor'),
(308, 40, 'Gyor-Moson-Sopron'),
(309, 40, 'Heves'),
(310, 40, 'Jasz-Nagykun-Szolnok'),
(311, 40, 'Komarom-Esztergom'),
(312, 40, 'Miskolc'),
(313, 40, 'Nograd'),
(314, 40, 'Pecs'),
(315, 40, 'Pest'),
(316, 40, 'Somogy'),
(317, 40, 'Szabolcs-Szatmar-Bereg'),
(318, 40, 'Szeged'),
(319, 40, 'Tolna'),
(320, 40, 'Vas'),
(321, 40, 'Veszprem'),
(322, 40, 'Zala'),
(323, 41, 'Amazonas'),
(324, 41, 'Anzoategui'),
(325, 41, 'Apure'),
(326, 41, 'Aragua'),
(327, 41, 'Barinas'),
(328, 41, 'Bolvar'),
(329, 41, 'Carabobo'),
(330, 41, 'Cojedes'),
(331, 41, 'Delta Amacuro'),
(332, 41, 'Distrito Federal'),
(333, 41, 'Falcn'),
(334, 41, 'Gurico'),
(335, 41, 'Lara'),
(336, 41, 'Mrida'),
(337, 41, 'Miranda'),
(338, 41, 'Monagas'),
(339, 41, 'None'),
(340, 41, 'Nueva Esparta'),
(341, 41, 'Portuguesa'),
(342, 41, 'Sucre'),
(343, 41, 'Tchira'),
(344, 41, 'Yaracuy'),
(345, 41, 'Zulia'),
(346, 42, 'Восточный Тимор'),
(347, 43, 'Dong Bang Song Hong'),
(348, 43, 'Dong Nam Bo'),
(349, 43, 'Duyen Hai Mien Trung'),
(350, 43, 'Khu Bon Cu'),
(351, 43, 'Mien Nui Va Trung Du'),
(352, 43, 'Thai Nguyen'),
(353, 44, 'Габон'),
(354, 45, 'Artibonite'),
(355, 45, 'Grand''Anse'),
(356, 45, 'Nord-Ouest'),
(357, 45, 'Ouest'),
(358, 45, 'Sud'),
(359, 45, 'Sud-Est'),
(360, 46, 'Гайана'),
(361, 47, 'Гамбия'),
(362, 48, 'Гана'),
(363, 49, 'Grande-Terre'),
(364, 49, 'Бас-Тер'),
(365, 50, 'Alta Verapaz'),
(366, 50, 'Baja Verapaz'),
(367, 50, 'Chimaltenango'),
(368, 50, 'Chiquimula'),
(369, 50, 'Escuintla'),
(370, 50, 'Guatemala'),
(371, 50, 'Jutiapa'),
(372, 50, 'Petn'),
(373, 50, 'Quetzaltenango'),
(374, 50, 'Totonicapn'),
(375, 50, 'Zacapa'),
(376, 51, 'Гвинея'),
(377, 52, 'Бисау'),
(378, 53, 'Baden-Wrttemberg'),
(379, 53, 'Bayern'),
(380, 53, 'Berlin'),
(381, 53, 'Brandenburg'),
(382, 53, 'Bremen'),
(383, 53, 'Hamburg'),
(384, 53, 'Hessen'),
(385, 53, 'Mecklenburg-Vorpommern'),
(386, 53, 'Niedersachsen'),
(387, 53, 'Nordrhein-Westfalen'),
(388, 53, 'Rheinland-Pfalz'),
(389, 53, 'Saarland'),
(390, 53, 'Sachsen'),
(391, 53, 'Sachsen-Anhalt'),
(392, 53, 'Schleswig-Holstein'),
(393, 53, 'Thringen'),
(394, 54, 'Сент-Питер-Порт'),
(395, 55, 'Gibraltar'),
(396, 56, 'Тегусигальпа'),
(397, 57, 'Гонконг'),
(398, 58, 'Сент-Джорджес'),
(399, 59, 'Гренландия'),
(400, 60, 'Aitolia kai Akarnania'),
(401, 60, 'Akhaia'),
(402, 60, 'Argolis'),
(403, 60, 'Arkadhia'),
(404, 60, 'Arta'),
(405, 60, 'Attiki'),
(406, 60, 'Dhodhekanisos'),
(407, 60, 'Drama'),
(408, 60, 'Evritania'),
(409, 60, 'Evros'),
(410, 60, 'Evvoia'),
(411, 60, 'Florina'),
(412, 60, 'Fthiotis'),
(413, 60, 'Grevena'),
(414, 60, 'Ilia'),
(415, 60, 'Imathia'),
(416, 60, 'Ioannina'),
(417, 60, 'Iraklion'),
(418, 60, 'Kardhitsa'),
(419, 60, 'Kastoria'),
(420, 60, 'Kavala'),
(421, 60, 'Kefallinia'),
(422, 60, 'Kerkira'),
(423, 60, 'Khalkidhiki'),
(424, 60, 'Khania'),
(425, 60, 'Khios'),
(426, 60, 'Kikladhes'),
(427, 60, 'Kilkis'),
(428, 60, 'Korinthia'),
(429, 60, 'Kozani'),
(430, 60, 'Lakonia'),
(431, 60, 'Larisa'),
(432, 60, 'Lasithi'),
(433, 60, 'Lesvos'),
(434, 60, 'Levkas'),
(435, 60, 'Magnisia'),
(436, 60, 'Messinia'),
(437, 60, 'None'),
(438, 60, 'Pella'),
(439, 60, 'Pieria'),
(440, 60, 'Preveza'),
(441, 60, 'Rethimni'),
(442, 60, 'Rodhopi'),
(443, 60, 'Samos'),
(444, 60, 'Serrai'),
(445, 60, 'Thesprotia'),
(446, 60, 'Thessaloniki'),
(447, 60, 'Trikala'),
(448, 60, 'Voiotia'),
(449, 60, 'Xanthi'),
(450, 60, 'Zakinthos'),
(451, 61, 'Аджария'),
(452, 61, 'Грузия'),
(453, 62, 'Arhus'),
(454, 62, 'Bornholm'),
(455, 62, 'Frederiksborg'),
(456, 62, 'Fyn'),
(457, 62, 'Kobenhavn'),
(458, 62, 'None'),
(459, 62, 'Nordjylland'),
(460, 62, 'Ribe'),
(461, 62, 'Ringkobing'),
(462, 62, 'Roskilde'),
(463, 62, 'Sonderjylland'),
(464, 62, 'Staden Kobenhavn'),
(465, 62, 'Storstrom'),
(466, 62, 'Vejle'),
(467, 62, 'Vestsjalland'),
(468, 62, 'Viborg'),
(469, 63, 'Сент-Элье'),
(470, 64, 'Джибути'),
(471, 65, 'Санто-доминго'),
(472, 66, 'Аль-Кахира'),
(473, 66, 'Асуан'),
(474, 66, 'Асьют'),
(475, 66, 'Бени-Суэйф'),
(476, 66, 'Гарбия'),
(477, 66, 'Думьят'),
(478, 66, 'Египет'),
(479, 66, 'Синай'),
(480, 67, 'Замбия'),
(481, 68, 'Западная Сахара'),
(482, 69, 'Зимбабве'),
(483, 70, 'Вади-Ара'),
(484, 70, 'Иерусалим'),
(485, 70, 'Рамат ХаГолан'),
(486, 70, 'Тель-Авив'),
(487, 70, 'Хадаром'),
(488, 70, 'Хайфа'),
(489, 70, 'Хамерказ'),
(490, 70, 'Хацафон'),
(491, 71, 'Bangla'),
(492, 71, 'Chhattisgarh'),
(493, 71, 'Karnataka'),
(494, 71, 'Андхра-Прадеш'),
(495, 71, 'Ассам'),
(496, 71, 'Бихар'),
(497, 71, 'Гуджарат'),
(498, 71, 'Джамму и Кашмир'),
(499, 71, 'Индия'),
(500, 71, 'Керала'),
(501, 71, 'Мадхья-Прадеш'),
(502, 71, 'Манипур'),
(503, 71, 'Махараштра'),
(504, 71, 'Орисса'),
(505, 71, 'Пенджаб'),
(506, 71, 'Пондишери'),
(507, 71, 'Раджастхан'),
(508, 71, 'Тамилнад'),
(509, 71, 'Трипура'),
(510, 71, 'Уттар-Прадеш'),
(511, 71, 'Харьяна'),
(512, 71, 'Чандигарх'),
(513, 72, 'Индонезия'),
(514, 73, 'Иордания'),
(515, 74, 'Багдад'),
(516, 74, 'Басра'),
(517, 74, 'Мосул'),
(518, 75, 'Azarbayjan-e Khavari'),
(519, 75, 'Esfahan'),
(520, 75, 'Hamadan'),
(521, 75, 'Kordestan'),
(522, 75, 'Yazd'),
(523, 75, 'Керман'),
(524, 75, 'Керманшахан'),
(525, 75, 'Мазендеран'),
(526, 75, 'Тегеран'),
(527, 75, 'Фарс'),
(528, 75, 'Хорасан'),
(529, 75, 'Хузистан'),
(530, 76, 'Carlow'),
(531, 76, 'Cavan'),
(532, 76, 'Clare'),
(533, 76, 'Cork'),
(534, 76, 'Donegal'),
(535, 76, 'Dublin'),
(536, 76, 'Galway'),
(537, 76, 'Kerry'),
(538, 76, 'Kildare'),
(539, 76, 'Kilkenny'),
(540, 76, 'Laois'),
(541, 76, 'Leitrim'),
(542, 76, 'Limerick'),
(543, 76, 'Longford'),
(544, 76, 'Louth'),
(545, 76, 'Mayo'),
(546, 76, 'Meath'),
(547, 76, 'Monaghan'),
(548, 76, 'Offaly'),
(549, 76, 'Roscommon'),
(550, 76, 'Sligo'),
(551, 76, 'Tipperary'),
(552, 76, 'Waterford'),
(553, 76, 'Westmeath'),
(554, 76, 'Wexford'),
(555, 76, 'Wicklow'),
(556, 77, 'Arnessysla'),
(557, 77, 'Austur-Hunavatnssysla'),
(558, 77, 'Borgarfjardarsysla'),
(559, 77, 'Eyjafjardarsysla'),
(560, 77, 'Gullbringusysla'),
(561, 77, 'Myrasysla'),
(562, 77, 'None'),
(563, 77, 'Nordur-Tingeyjarsysla'),
(564, 77, 'Strandasysla'),
(565, 77, 'Sudur-Mulasysla'),
(566, 77, 'Vestur-Bardastrandarsysla'),
(567, 78, 'A Corua'),
(568, 78, 'lava'),
(569, 78, 'Albacete'),
(570, 78, 'Alicante/Alacant'),
(571, 78, 'Almera'),
(572, 78, 'Asturias'),
(573, 78, 'vila'),
(574, 78, 'Badajoz'),
(575, 78, 'Barcelona'),
(576, 78, 'Burgos'),
(577, 78, 'Cceres'),
(578, 78, 'Cdiz'),
(579, 78, 'Cantabria'),
(580, 78, 'Castelln/Castell'),
(581, 78, 'Ceuta'),
(582, 78, 'Ciudad Real'),
(583, 78, 'Crdoba'),
(584, 78, 'Cuenca'),
(585, 78, 'Girona'),
(586, 78, 'Granada'),
(587, 78, 'Guadalajara'),
(588, 78, 'Guipzcoa'),
(589, 78, 'Huelva'),
(590, 78, 'Huesca'),
(591, 78, 'Illes Balears'),
(592, 78, 'Jan'),
(593, 78, 'La Rioja'),
(594, 78, 'Las Palmas'),
(595, 78, 'Len'),
(596, 78, 'Lleida'),
(597, 78, 'Lugo'),
(598, 78, 'Madrid'),
(599, 78, 'Mlaga'),
(600, 78, 'Melilla'),
(601, 78, 'Murcia'),
(602, 78, 'Navarra'),
(603, 78, 'Ourense'),
(604, 78, 'Palencia'),
(605, 78, 'Pontevedra'),
(606, 78, 'Salamanca'),
(607, 78, 'Santa Cruz de Tenerife'),
(608, 78, 'Segovia'),
(609, 78, 'Sevilla'),
(610, 78, 'Soria'),
(611, 78, 'Tarragona'),
(612, 78, 'Teruel'),
(613, 78, 'Toledo'),
(614, 78, 'Valncia'),
(615, 78, 'Valladolid'),
(616, 78, 'Vizcaya'),
(617, 78, 'Zamora'),
(618, 78, 'Zaragoza'),
(619, 79, 'Abruzzo - Chieti'),
(620, 79, 'Abruzzo - L''Aquila'),
(621, 79, 'Abruzzo - Pescara'),
(622, 79, 'Abruzzo - Teramo'),
(623, 79, 'Basilicata - Matera'),
(624, 79, 'Basilicata - Potenza'),
(625, 79, 'Calabria - Catanzaro'),
(626, 79, 'Calabria - Cosenza'),
(627, 79, 'Calabria - Crotone'),
(628, 79, 'Calabria - Reggio Calabria'),
(629, 79, 'Calabria - Vibo Valentia'),
(630, 79, 'Campania - Avellino'),
(631, 79, 'Campania - Benevento'),
(632, 79, 'Campania - Caserta'),
(633, 79, 'Campania - Napoli'),
(634, 79, 'Campania - Salerno'),
(635, 79, 'Emilia Romagna - Bologna'),
(636, 79, 'Emilia Romagna - Ferrara'),
(637, 79, 'Emilia Romagna - Forl-Cesena'),
(638, 79, 'Emilia Romagna - Modena'),
(639, 79, 'Emilia Romagna - Parma'),
(640, 79, 'Emilia Romagna - Piacenza'),
(641, 79, 'Emilia Romagna - Ravenna'),
(642, 79, 'Emilia Romagna - Reggio Emilia'),
(643, 79, 'Emilia Romagna - Rimini'),
(644, 79, 'Friuli Venezia Giulia - Gorizia'),
(645, 79, 'Friuli Venezia Giulia - Pordenone'),
(646, 79, 'Friuli Venezia Giulia - Trieste'),
(647, 79, 'Friuli Venezia Giulia - Udine'),
(648, 79, 'Lazio - Frosinone'),
(649, 79, 'Lazio - Latina'),
(650, 79, 'Lazio - Rieti'),
(651, 79, 'Lazio - Roma'),
(652, 79, 'Lazio - Viterbo'),
(653, 79, 'Liguria - Genova'),
(654, 79, 'Liguria - Imperia'),
(655, 79, 'Liguria - La Spezia'),
(656, 79, 'Liguria - Savona'),
(657, 79, 'Lombardia - Bergamo'),
(658, 79, 'Lombardia - Brescia'),
(659, 79, 'Lombardia - Como'),
(660, 79, 'Lombardia - Cremona'),
(661, 79, 'Lombardia - Lecco'),
(662, 79, 'Lombardia - Lodi'),
(663, 79, 'Lombardia - Mantova'),
(664, 79, 'Lombardia - Milano'),
(665, 79, 'Lombardia - Pavia'),
(666, 79, 'Lombardia - Sondrio'),
(667, 79, 'Lombardia - Varese'),
(668, 79, 'Marche - Ancona'),
(669, 79, 'Marche - Ascoli Piceno'),
(670, 79, 'Marche - Macerata'),
(671, 79, 'Marche - Pesaro - Urbino'),
(672, 79, 'Molise - Campobasso'),
(673, 79, 'Molise - Isernia'),
(674, 79, 'Piemonte - Alessandria'),
(675, 79, 'Piemonte - Biella'),
(676, 79, 'Piemonte - Cuneo'),
(677, 79, 'Piemonte - Novara'),
(678, 79, 'Piemonte - Torino'),
(679, 79, 'Piemonte - Verbania'),
(680, 79, 'Piemonte - Vercelli'),
(681, 79, 'Puglia - Bari'),
(682, 79, 'Puglia - Brindisi'),
(683, 79, 'Puglia - Foggia'),
(684, 79, 'Puglia - Lecce'),
(685, 79, 'Puglia - Taranto'),
(686, 79, 'Sardegna - Cagliari'),
(687, 79, 'Sardegna - Nuoro'),
(688, 79, 'Sardegna - Oristano'),
(689, 79, 'Sardegna - Sassari'),
(690, 79, 'Sicilia - Agrigento'),
(691, 79, 'Sicilia - Catania'),
(692, 79, 'Sicilia - Messina'),
(693, 79, 'Sicilia - Palermo'),
(694, 79, 'Sicilia - Ragusa'),
(695, 79, 'Sicilia - Siracusa'),
(696, 79, 'Sicilia - Trapani'),
(697, 79, 'Toscana - Arezzo'),
(698, 79, 'Toscana - Firenze'),
(699, 79, 'Toscana - Grosseto'),
(700, 79, 'Toscana - Livorno'),
(701, 79, 'Toscana - Lucca'),
(702, 79, 'Toscana - Massa Carrara'),
(703, 79, 'Toscana - Pisa'),
(704, 79, 'Toscana - Pistoia'),
(705, 79, 'Toscana - Prato'),
(706, 79, 'Toscana - Siena'),
(707, 79, 'Trentino Alto Adige - Bolzano'),
(708, 79, 'Trentino Alto Adige - Trento'),
(709, 79, 'Umbria - Perugia'),
(710, 79, 'Umbria - Terni'),
(711, 79, 'Valle d''Aosta - Aosta'),
(712, 79, 'Veneto - Belluno'),
(713, 79, 'Veneto - Padova'),
(714, 79, 'Veneto - Rovigo'),
(715, 79, 'Veneto - Treviso'),
(716, 79, 'Veneto - Venezia'),
(717, 79, 'Veneto - Verona'),
(718, 79, 'Veneto - Vicenza'),
(719, 80, 'Йемен'),
(720, 81, 'Кабо-Верде'),
(721, 82, 'Акмолинская обл. (Целиноградская обл.)'),
(722, 82, 'Актюбинская обл.'),
(723, 82, 'Алма-Атинская обл.'),
(724, 82, 'Восточно-Казахстанская обл.'),
(725, 82, 'Гурьевская обл.'),
(726, 82, 'Джезказганская обл.'),
(727, 82, 'Жамбылская обл. (Джамбулская обл.)'),
(728, 82, 'Западно-Казахстанская обл.'),
(729, 82, 'Казахстан'),
(730, 82, 'Карагандинская обл.'),
(731, 82, 'Кзылординская обл.'),
(732, 82, 'Кокчетавская обл.'),
(733, 82, 'Кустанайская обл.'),
(734, 82, 'Мангыстауская (Мангышлакская обл.)'),
(735, 82, 'Павлодарская обл.'),
(736, 82, 'Северо-Казахстанская обл.'),
(737, 82, 'Талды-Курганская обл.'),
(738, 82, 'Тургайская обл.'),
(739, 82, 'Чимкентская обл.'),
(740, 83, 'Камбоджа'),
(741, 84, 'Littoral'),
(742, 84, 'Sudouest'),
(743, 84, 'Северная'),
(744, 84, 'Центральная'),
(745, 85, 'Alberta'),
(746, 85, 'British Columbia'),
(747, 85, 'Manitoba'),
(748, 85, 'New Brunswick'),
(749, 85, 'Newfoundland'),
(750, 85, 'Northwest Territories'),
(751, 85, 'Nova Scotia'),
(752, 85, 'Nunavut'),
(753, 85, 'Ontario'),
(754, 85, 'Prince Edward Island'),
(755, 85, 'Quebec'),
(756, 85, 'Saskatchewan'),
(757, 85, 'Yukon Territory'),
(758, 86, 'Доха'),
(759, 87, 'Central'),
(760, 87, 'Coast'),
(761, 87, 'Nairobi Area'),
(762, 87, 'North-Eastern'),
(763, 87, 'Western'),
(764, 88, 'Government controlled area'),
(765, 88, 'Turkish controlled area'),
(766, 89, 'None'),
(767, 90, 'Anhui'),
(768, 90, 'Beijing'),
(769, 90, 'Chongqing'),
(770, 90, 'Fujian'),
(771, 90, 'Gansu'),
(772, 90, 'Guangdong'),
(773, 90, 'Guangxi'),
(774, 90, 'Guizhou'),
(775, 90, 'Hainan'),
(776, 90, 'Hebei'),
(777, 90, 'Heilongjiang'),
(778, 90, 'Henan'),
(779, 90, 'Hubei'),
(780, 90, 'Hunan'),
(781, 90, 'Jiangsu'),
(782, 90, 'Jiangxi'),
(783, 90, 'Jilin'),
(784, 90, 'Liaoning'),
(785, 90, 'Nei Mongol'),
(786, 90, 'Ningxia'),
(787, 90, 'Qinghai'),
(788, 90, 'Shaanxi'),
(789, 90, 'Shandong'),
(790, 90, 'Shanghai'),
(791, 90, 'Shanxi'),
(792, 90, 'Sichuan'),
(793, 90, 'Tianjin'),
(794, 90, 'Xinjiang'),
(795, 90, 'Yunnan'),
(796, 90, 'Zhejiang'),
(797, 91, 'Amazonas'),
(798, 91, 'Antioquia'),
(799, 91, 'Atlntico'),
(800, 91, 'Casanare'),
(801, 91, 'Cauca'),
(802, 91, 'Csar'),
(803, 91, 'Choc'),
(804, 91, 'Crdoba'),
(805, 91, 'Cundinamarca'),
(806, 91, 'Distrito Especial'),
(807, 91, 'Huila'),
(808, 91, 'La Guajira'),
(809, 91, 'Meta'),
(810, 91, 'Narino'),
(811, 91, 'Norte de Santander'),
(812, 91, 'Quindo'),
(813, 91, 'Risaralda'),
(814, 91, 'Santander'),
(815, 91, 'Tolima'),
(816, 92, 'Коморские'),
(817, 93, 'Конго (Brazzaville)'),
(818, 94, 'Конго'),
(819, 95, 'Alajuela'),
(820, 95, 'Cartago'),
(821, 95, 'Guanacaste'),
(822, 95, 'Heredia'),
(823, 95, 'Limn'),
(824, 95, 'Puntarenas'),
(825, 95, 'San Jos'),
(826, 96, 'Кот-д''Ивуар'),
(827, 97, 'Camaguey'),
(828, 97, 'Ciego de Avila'),
(829, 97, 'Ciudad de la Habana'),
(830, 97, 'Granma'),
(831, 97, 'Guantanamo'),
(832, 97, 'Holguin'),
(833, 97, 'Isla de la Juventud'),
(834, 97, 'La Habana'),
(835, 97, 'Las Tunas'),
(836, 97, 'Matanzas'),
(837, 97, 'None'),
(838, 97, 'Pinar del Rio'),
(839, 97, 'Sancti Spiritus'),
(840, 97, 'Santiago de Cuba'),
(841, 97, 'Villa Clara'),
(842, 98, 'al-Jahra'),
(843, 98, 'al-Kuwayt'),
(844, 99, 'Аваруа'),
(845, 100, 'Иссык-Кульская обл.'),
(846, 100, 'Кыргызстан'),
(847, 100, 'Нарынская обл.'),
(848, 100, 'Ошская обл.'),
(849, 100, 'Таласская обл.'),
(850, 101, 'Лаос'),
(851, 102, 'Латвия'),
(852, 103, 'Лесото'),
(853, 104, 'Либерия'),
(854, 105, 'Бейрут'),
(855, 106, 'Tarabulus'),
(856, 106, 'Бенгази'),
(857, 107, 'Литва'),
(858, 108, 'Balzers'),
(859, 108, 'Eschen'),
(860, 108, 'Ruggell'),
(861, 108, 'Schellenberg'),
(862, 108, 'Triesen'),
(863, 108, 'Vaduz'),
(864, 109, 'Diekirch'),
(865, 109, 'Grevenmacher'),
(866, 109, 'Luxembourg'),
(867, 109, 'None'),
(868, 110, 'Маврикий'),
(869, 111, 'Мавритания'),
(870, 112, 'Мадагаскар'),
(871, 113, 'Aracinovo'),
(872, 113, 'Berovo'),
(873, 113, 'Bitola'),
(874, 113, 'Bosilovo'),
(875, 113, 'Dolna Banjica'),
(876, 113, 'Drugovo'),
(877, 113, 'Gevgelija'),
(878, 113, 'Gostivar'),
(879, 113, 'Karpos'),
(880, 113, 'Kavadarci'),
(881, 113, 'Kisela Voda'),
(882, 113, 'Kumanovo'),
(883, 113, 'Makedonska Kamenica'),
(884, 113, 'Negotino'),
(885, 113, 'Ohrid'),
(886, 113, 'Prilep'),
(887, 113, 'Radovis'),
(888, 113, 'Saraj'),
(889, 113, 'Star Dojran'),
(890, 113, 'Struga'),
(891, 113, 'Strumica'),
(892, 113, 'Sveti Nikole'),
(893, 113, 'Tetovo'),
(894, 113, 'Veles'),
(895, 114, 'Малави'),
(896, 115, 'Малайзия'),
(897, 116, 'Мали'),
(898, 117, 'Мальдивские о-ва'),
(899, 118, 'Malta'),
(900, 119, 'Фор-де-Франс'),
(901, 120, 'Aguascalientes'),
(902, 120, 'Baja California'),
(903, 120, 'Baja California Sur'),
(904, 120, 'Campeche'),
(905, 120, 'Chiapas'),
(906, 120, 'Chihuahua'),
(907, 120, 'Coahuila de Zaragoza'),
(908, 120, 'Colima'),
(909, 120, 'Distrito Federal'),
(910, 120, 'Durango'),
(911, 120, 'Guanajuato'),
(912, 120, 'Guerrero'),
(913, 120, 'Hidalgo'),
(914, 120, 'Jalisco'),
(915, 120, 'Mxico'),
(916, 120, 'Michoacn de Ocampo'),
(917, 120, 'Morelos'),
(918, 120, 'Nayarit'),
(919, 120, 'None'),
(920, 120, 'Nuevo Len'),
(921, 120, 'Oaxaca'),
(922, 120, 'Puebla'),
(923, 120, 'Quertaro de Arteaga'),
(924, 120, 'Quintana Roo'),
(925, 120, 'San Luis Potos'),
(926, 120, 'Sinaloa'),
(927, 120, 'Sonora'),
(928, 120, 'Tabasco'),
(929, 120, 'Tamaulipas'),
(930, 120, 'Tlaxcala'),
(931, 120, 'Veracruz-Llave'),
(932, 120, 'Yucatn'),
(933, 121, 'Мозамбик'),
(934, 122, 'Молдова'),
(935, 123, 'Monaco'),
(936, 124, 'Улан-Батор'),
(937, 125, 'Марокко'),
(938, 125, 'Танжер'),
(939, 126, 'Мьянма (Бирма)'),
(940, 127, 'Остров Мэн'),
(941, 128, 'Намибия'),
(942, 129, 'Науру'),
(943, 130, 'Непал'),
(944, 131, 'Нигер'),
(945, 132, 'Нигерия'),
(946, 133, 'Drenthe'),
(947, 133, 'Flevoland'),
(948, 133, 'Friesland'),
(949, 133, 'Gelderland'),
(950, 133, 'Groningen'),
(951, 133, 'Limburg'),
(952, 133, 'Noord-Brabant'),
(953, 133, 'Noord-Holland'),
(954, 133, 'Overijssel'),
(955, 133, 'Utrecht'),
(956, 133, 'Zeeland'),
(957, 133, 'Zuid-Holland'),
(958, 134, 'Granada'),
(959, 134, 'Len'),
(960, 134, 'Managua'),
(961, 134, 'Rio San Juan'),
(962, 135, 'Auckland'),
(963, 135, 'Bay of Plenty'),
(964, 135, 'Canterbury'),
(965, 135, 'Gisborne'),
(966, 135, 'Manawatu-Wanganui'),
(967, 135, 'Marlborough'),
(968, 135, 'Nelson'),
(969, 135, 'Northland'),
(970, 135, 'Otago'),
(971, 135, 'Southland'),
(972, 135, 'Taranaki'),
(973, 135, 'Tasman'),
(974, 135, 'Wellington'),
(975, 135, 'West Coast'),
(976, 136, 'Нумеа'),
(977, 137, 'Akershus'),
(978, 137, 'Aust-Agder'),
(979, 137, 'Buskerud'),
(980, 137, 'Finnmark'),
(981, 137, 'Hedmark'),
(982, 137, 'Hordaland'),
(983, 137, 'More og Romsdal'),
(984, 137, 'None'),
(985, 137, 'Nord-Trondelag'),
(986, 137, 'Nordland'),
(987, 137, 'Oppland'),
(988, 137, 'Oslo'),
(989, 137, 'Ostfold'),
(990, 137, 'Rogaland'),
(991, 137, 'Sogn og Fjordane'),
(992, 137, 'Sor-Trondelag'),
(993, 137, 'Telemark'),
(994, 137, 'Troms'),
(995, 137, 'Vest-Agder'),
(996, 137, 'Vestfold'),
(997, 138, 'Кингстон'),
(998, 139, 'Абу Даби'),
(999, 139, 'Дубаи'),
(1000, 140, 'Оман'),
(1001, 141, 'Пакистан'),
(1002, 142, 'Chiriqu'),
(1003, 142, 'Cocl'),
(1004, 142, 'Herrera'),
(1005, 142, 'Los Santos'),
(1006, 142, 'Panam'),
(1007, 143, 'Папуа Новая Гвинея'),
(1008, 144, 'Alto Paran'),
(1009, 144, 'Central'),
(1010, 144, 'Cordillera'),
(1011, 144, 'Paraguar'),
(1012, 144, 'San Pedro'),
(1013, 145, 'Amazonas'),
(1014, 145, 'Ancash'),
(1015, 145, 'Arequipa'),
(1016, 145, 'Ayacucho'),
(1017, 145, 'Cajamarca'),
(1018, 145, 'Callao'),
(1019, 145, 'Cusco'),
(1020, 145, 'Hunuco'),
(1021, 145, 'Ica'),
(1022, 145, 'Junn'),
(1023, 145, 'La Libertad'),
(1024, 145, 'Lambayeque'),
(1025, 145, 'Lima'),
(1026, 145, 'Loreto'),
(1027, 145, 'Madre de Dios'),
(1028, 145, 'None'),
(1029, 145, 'Pasco'),
(1030, 145, 'Piura'),
(1031, 145, 'Puno'),
(1032, 145, 'San Martn'),
(1033, 145, 'Tacna'),
(1034, 145, 'Tumbes'),
(1035, 145, 'Ucayali'),
(1036, 146, 'Адамстаун'),
(1037, 147, 'Biala Podlaska'),
(1038, 147, 'Bialystok'),
(1039, 147, 'Bielsko'),
(1040, 147, 'Bydgoszcz'),
(1041, 147, 'Chelm'),
(1042, 147, 'Czestochowa'),
(1043, 147, 'Dolnoslaskie'),
(1044, 147, 'Elblag'),
(1045, 147, 'Gdansk'),
(1046, 147, 'Gorzow'),
(1047, 147, 'Jelenia Gora'),
(1048, 147, 'Kalisz'),
(1049, 147, 'Katowice'),
(1050, 147, 'Kielce'),
(1051, 147, 'Konin'),
(1052, 147, 'Koszalin'),
(1053, 147, 'Krakow'),
(1054, 147, 'Kujawsko-Pomorskie'),
(1055, 147, 'Legnica'),
(1056, 147, 'Leszno'),
(1057, 147, 'Lodz'),
(1058, 147, 'Lodzkie'),
(1059, 147, 'Lomza'),
(1060, 147, 'Lublin'),
(1061, 147, 'Lubuskie'),
(1062, 147, 'Malopolskie'),
(1063, 147, 'Mazowieckie'),
(1064, 147, 'None'),
(1065, 147, 'Nowy Sacz'),
(1066, 147, 'Olsztyn'),
(1067, 147, 'Opole'),
(1068, 147, 'Ostroleka'),
(1069, 147, 'Pila'),
(1070, 147, 'Piotrkow'),
(1071, 147, 'Plock'),
(1072, 147, 'Podkarpackie'),
(1073, 147, 'Pomorskie'),
(1074, 147, 'Poznan'),
(1075, 147, 'Przemysl'),
(1076, 147, 'Radom'),
(1077, 147, 'Rzeszow'),
(1078, 147, 'Siedlce'),
(1079, 147, 'Sieradz'),
(1080, 147, 'Skierniewice'),
(1081, 147, 'Slaskie'),
(1082, 147, 'Slupsk'),
(1083, 147, 'Suwalki'),
(1084, 147, 'Swietokrzyskie'),
(1085, 147, 'Tarnobrzeg'),
(1086, 147, 'Tarnow'),
(1087, 147, 'Torun'),
(1088, 147, 'Walbrzych'),
(1089, 147, 'Warminsko-Mazurskie'),
(1090, 147, 'Warszawa'),
(1091, 147, 'Wielkopolskie'),
(1092, 147, 'Wloclawek'),
(1093, 147, 'Wroclaw'),
(1094, 147, 'Zachodniopomorskie'),
(1095, 147, 'Zamosc'),
(1096, 147, 'Zielona Gora'),
(1097, 148, 'Aveiro'),
(1098, 148, 'Azores'),
(1099, 148, 'Beja'),
(1100, 148, 'Braga'),
(1101, 148, 'Braganca'),
(1102, 148, 'Castelo Branco'),
(1103, 148, 'Coimbra'),
(1104, 148, 'Evora'),
(1105, 148, 'Faro'),
(1106, 148, 'Guarda'),
(1107, 148, 'Leiria'),
(1108, 148, 'Lisboa'),
(1109, 148, 'Madeira'),
(1110, 148, 'None'),
(1111, 148, 'Portalegre'),
(1112, 148, 'Porto'),
(1113, 148, 'Santarem'),
(1114, 148, 'Setubal'),
(1115, 148, 'Viana do Castelo'),
(1116, 148, 'Vila Real'),
(1117, 148, 'Viseu'),
(1118, 149, 'Puerto Rico'),
(1119, 150, 'Saint-Denis'),
(1120, 151, 'Руанда'),
(1121, 152, 'Alba'),
(1122, 152, 'Arad'),
(1123, 152, 'Arges'),
(1124, 152, 'Bacau'),
(1125, 152, 'Bihor'),
(1126, 152, 'Bistrita-Nasaud'),
(1127, 152, 'Botosani'),
(1128, 152, 'Braila'),
(1129, 152, 'Brasov'),
(1130, 152, 'Bucuresti'),
(1131, 152, 'Buzau'),
(1132, 152, 'Calarasi'),
(1133, 152, 'Caras-Severin'),
(1134, 152, 'Cluj'),
(1135, 152, 'Constanta'),
(1136, 152, 'Covasna'),
(1137, 152, 'Dambovita'),
(1138, 152, 'Dolj'),
(1139, 152, 'Galati'),
(1140, 152, 'Giurgiu'),
(1141, 152, 'Gorj'),
(1142, 152, 'Harghita'),
(1143, 152, 'Hunedoara'),
(1144, 152, 'Ialomita'),
(1145, 152, 'Iasi'),
(1146, 152, 'Ilfov'),
(1147, 152, 'Maramures'),
(1148, 152, 'Mehedinti'),
(1149, 152, 'Mures'),
(1150, 152, 'Neamt'),
(1151, 152, 'Olt'),
(1152, 152, 'Prahova'),
(1153, 152, 'Salaj'),
(1154, 152, 'Satu Mare'),
(1155, 152, 'Sibiu'),
(1156, 152, 'Suceava'),
(1157, 152, 'Teleorman'),
(1158, 152, 'Timis'),
(1159, 152, 'Tulcea'),
(1160, 152, 'Valcea'),
(1161, 152, 'Vaslui'),
(1162, 152, 'Vrancea'),
(1163, 153, 'Alabama'),
(1164, 153, 'Alaska'),
(1165, 153, 'American Samoa'),
(1166, 153, 'Arizona'),
(1167, 153, 'Arkansas'),
(1168, 153, 'California'),
(1169, 153, 'Colorado'),
(1170, 153, 'Connecticut'),
(1171, 153, 'Delaware'),
(1172, 153, 'District of Columbia'),
(1173, 153, 'Florida'),
(1174, 153, 'Georgia'),
(1175, 153, 'Hawaii'),
(1176, 153, 'Idaho'),
(1177, 153, 'Illinois'),
(1178, 153, 'Indiana'),
(1179, 153, 'Iowa'),
(1180, 153, 'Kansas'),
(1181, 153, 'Kentucky'),
(1182, 153, 'Louisiana'),
(1183, 153, 'Maine'),
(1184, 153, 'Maryland'),
(1185, 153, 'Massachusetts'),
(1186, 153, 'Michigan'),
(1187, 153, 'Minnesota'),
(1188, 153, 'Mississippi'),
(1189, 153, 'Missouri'),
(1190, 153, 'Montana'),
(1191, 153, 'Nebraska'),
(1192, 153, 'Nevada'),
(1193, 153, 'New Hampshire'),
(1194, 153, 'New Jersey'),
(1195, 153, 'New Mexico'),
(1196, 153, 'New York'),
(1197, 153, 'North Carolina'),
(1198, 153, 'North Dakota'),
(1199, 153, 'Ohio'),
(1200, 153, 'Oklahoma'),
(1201, 153, 'Oregon'),
(1202, 153, 'Pennsylvania'),
(1203, 153, 'Rhode Island'),
(1204, 153, 'South Carolina'),
(1205, 153, 'South Dakota'),
(1206, 153, 'Tennessee'),
(1207, 153, 'Texas'),
(1208, 153, 'Utah'),
(1209, 153, 'Vermont'),
(1210, 153, 'Virgin Islands'),
(1211, 153, 'Virginia'),
(1212, 153, 'Washington'),
(1213, 153, 'West Virginia'),
(1214, 153, 'Wisconsin'),
(1215, 153, 'Wyoming'),
(1216, 154, 'Ahuachapan'),
(1217, 154, 'La Libertad'),
(1218, 154, 'La Paz'),
(1219, 154, 'La Union'),
(1220, 154, 'San Miguel'),
(1221, 154, 'San Salvador'),
(1222, 155, 'Самоа'),
(1223, 156, 'Acquaviva'),
(1224, 156, 'Chiesanuova'),
(1225, 156, 'Serravalle'),
(1226, 157, 'Сан-Томе'),
(1227, 158, 'Саудовская Аравия'),
(1228, 159, 'Свазиленд'),
(1229, 160, 'Кастри'),
(1230, 161, 'Джеймстаун'),
(1231, 162, 'Korea'),
(1232, 163, 'Сейшеллы'),
(1233, 164, 'Сен-Пьер'),
(1234, 165, 'Сенегал'),
(1235, 166, 'Бастер'),
(1236, 167, 'Кингстаун'),
(1237, 168, 'Воеводина'),
(1238, 168, 'Косово и Метохия'),
(1239, 168, 'Центральная Сербия'),
(1240, 169, 'Сингапур'),
(1241, 170, 'Дамаск'),
(1242, 171, 'Bratislava'),
(1243, 171, 'Kosice'),
(1244, 171, 'Nitra'),
(1245, 171, 'None'),
(1246, 171, 'Presov'),
(1247, 171, 'Trencin'),
(1248, 171, 'Trnava'),
(1249, 172, 'Bohinj'),
(1250, 172, 'Brezovica'),
(1251, 172, 'None'),
(1252, 173, 'Соломоновы о-ва'),
(1253, 174, 'Могадишо'),
(1254, 175, 'Судан'),
(1255, 176, 'Paramaribo'),
(1256, 177, 'Фритаун'),
(1257, 178, 'Горно-Бадахшанская обл.'),
(1258, 178, 'Кулябская обл.'),
(1259, 178, 'Курган-Тюбинская обл.'),
(1260, 178, 'Согдийская обл.'),
(1261, 178, 'Таджикистан'),
(1262, 179, 'Тайвань'),
(1263, 180, 'Сураттани'),
(1264, 180, 'Тайланд'),
(1265, 180, 'Чон Бури'),
(1266, 181, 'Танзания'),
(1267, 182, 'Того'),
(1268, 183, 'Факаофо'),
(1269, 184, 'Тонга'),
(1270, 185, 'Порт-оф-Спейн'),
(1271, 186, 'Тувалу'),
(1272, 187, 'Tunisia'),
(1273, 188, 'Ашхабадская обл.'),
(1274, 188, 'Красноводская обл.'),
(1275, 188, 'Марыйская обл.'),
(1276, 188, 'Ташаузская обл.'),
(1277, 188, 'Чарджоуская обл.'),
(1278, 189, 'Grand Turk'),
(1279, 190, 'Bartin'),
(1280, 190, 'Bayburt'),
(1281, 190, 'Karabuk'),
(1282, 190, 'Адана'),
(1283, 190, 'Айдын'),
(1284, 190, 'Амасья'),
(1285, 190, 'Анкара'),
(1286, 190, 'Анталья'),
(1287, 190, 'Артвин'),
(1288, 190, 'Афьон'),
(1289, 190, 'Балыкесир'),
(1290, 190, 'Биледжик'),
(1291, 190, 'Бурса'),
(1292, 190, 'Газиантеп'),
(1293, 190, 'Денизли'),
(1294, 190, 'Измир'),
(1295, 190, 'Испарта'),
(1296, 190, 'Ичель'),
(1297, 190, 'Кайсери'),
(1298, 190, 'Карс'),
(1299, 190, 'Коджаэли'),
(1300, 190, 'Конья'),
(1301, 190, 'Кыркларели'),
(1302, 190, 'Кютахья'),
(1303, 190, 'Малатья'),
(1304, 190, 'Маниса'),
(1305, 190, 'Сакарья'),
(1306, 190, 'Самсун'),
(1307, 190, 'Сивас'),
(1308, 190, 'Стамбул'),
(1309, 190, 'Чорум'),
(1310, 190, 'Эдирне'),
(1311, 190, 'Элязыг'),
(1312, 190, 'Эрзинджан'),
(1313, 190, 'Эрзурум'),
(1314, 190, 'Эскишехир'),
(1315, 191, 'Jinja'),
(1316, 191, 'Kampala'),
(1317, 192, 'Андижанская обл.'),
(1318, 192, 'Бухарская обл.'),
(1319, 192, 'Джизакская обл.'),
(1320, 192, 'Каракалпакия'),
(1321, 192, 'Кашкадарьинская обл.'),
(1322, 192, 'Навоийская обл.'),
(1323, 192, 'Наманганская обл.'),
(1324, 192, 'Самаркандская обл.'),
(1325, 192, 'Сурхандарьинская обл.'),
(1326, 192, 'Сырдарьинская обл.'),
(1327, 192, 'Ташкентская обл.'),
(1328, 192, 'Ферганская обл.'),
(1329, 192, 'Хорезмская обл.'),
(1330, 193, 'Canelones'),
(1331, 193, 'Colonia'),
(1332, 193, 'Lavalleja'),
(1333, 193, 'Maldonado'),
(1334, 193, 'Montevideo'),
(1335, 193, 'Paysand'),
(1336, 193, 'Ro Negro'),
(1337, 193, 'Rivera'),
(1338, 193, 'Salto'),
(1339, 193, 'Tacuaremb'),
(1340, 193, 'Treinta y Tres'),
(1341, 194, 'Торсхавн'),
(1342, 195, 'Фиджи'),
(1343, 196, 'Филиппины'),
(1344, 197, '•land'),
(1345, 197, 'Eastern Finland'),
(1346, 197, 'Lapland'),
(1347, 197, 'None'),
(1348, 197, 'Oulu'),
(1349, 197, 'Southern Finland'),
(1350, 197, 'Western Finland'),
(1351, 198, 'Ain'),
(1352, 198, 'Aisne'),
(1353, 198, 'Allier'),
(1354, 198, 'Alpes-de-Haute-Provence'),
(1355, 198, 'Alpes-Maritimes'),
(1356, 198, 'Ardche'),
(1357, 198, 'Ardennes'),
(1358, 198, 'Arige'),
(1359, 198, 'Aube'),
(1360, 198, 'Aude'),
(1361, 198, 'Aveyron'),
(1362, 198, 'Bas Rhin'),
(1363, 198, 'Bouches-du-Rhne'),
(1364, 198, 'Calvados'),
(1365, 198, 'Cantal'),
(1366, 198, 'Charente'),
(1367, 198, 'Charente Maritime'),
(1368, 198, 'Cher'),
(1369, 198, 'Corrze'),
(1370, 198, 'Corse'),
(1371, 198, 'Cte d''Or'),
(1372, 198, 'Ctes d''Armor'),
(1373, 198, 'Creuse'),
(1374, 198, 'Deux-Svres'),
(1375, 198, 'Dordogne'),
(1376, 198, 'Doubs'),
(1377, 198, 'Drme'),
(1378, 198, 'Essone'),
(1379, 198, 'Eure'),
(1380, 198, 'Eure-et-Loire'),
(1381, 198, 'Finistre'),
(1382, 198, 'Gard'),
(1383, 198, 'Gers'),
(1384, 198, 'Gironde'),
(1385, 198, 'Haut Rhin'),
(1386, 198, 'Haute-Garonne'),
(1387, 198, 'Haute-Loire'),
(1388, 198, 'Haute-Marne'),
(1389, 198, 'Haute-Sane'),
(1390, 198, 'Haute-Savoie'),
(1391, 198, 'Haute-Vienne'),
(1392, 198, 'Hautes-Alpes'),
(1393, 198, 'Hautes-Pyrnes'),
(1394, 198, 'Hauts-de-Seine'),
(1395, 198, 'Hrault'),
(1396, 198, 'Ille et Vilaine'),
(1397, 198, 'Indre'),
(1398, 198, 'Indre-et-Loire'),
(1399, 198, 'Isre'),
(1400, 198, 'Jura'),
(1401, 198, 'Landes'),
(1402, 198, 'Loir-et-Cher'),
(1403, 198, 'Loire'),
(1404, 198, 'Loire Atlantique'),
(1405, 198, 'Loiret'),
(1406, 198, 'Lot'),
(1407, 198, 'Lot-et-Garonne'),
(1408, 198, 'Lozre'),
(1409, 198, 'Maine et Loire'),
(1410, 198, 'Manche'),
(1411, 198, 'Marne'),
(1412, 198, 'Mayenne'),
(1413, 198, 'Meurthe-et-Moselle'),
(1414, 198, 'Meuse'),
(1415, 198, 'Morbihan'),
(1416, 198, 'Moselle'),
(1417, 198, 'Nord'),
(1418, 198, 'Oise'),
(1419, 198, 'Orne'),
(1420, 198, 'Paris'),
(1421, 198, 'Pas-de-Calais'),
(1422, 198, 'Puy-de-Dme'),
(1423, 198, 'Pyrnes-Atlantiques'),
(1424, 198, 'Pyrnes-Orientales'),
(1425, 198, 'Rhne'),
(1426, 198, 'Sane et Loire'),
(1427, 198, 'Savoie'),
(1428, 198, 'Seine-et-Marne'),
(1429, 198, 'Seine-Maritime'),
(1430, 198, 'Seine-Saint-Denis'),
(1431, 198, 'Somme'),
(1432, 198, 'Tarn'),
(1433, 198, 'Tarn-et-Garonne'),
(1434, 198, 'Territoire de Belfort'),
(1435, 198, 'Val-d''Oise'),
(1436, 198, 'Val-de-Marne'),
(1437, 198, 'Var'),
(1438, 198, 'Vaucluse'),
(1439, 198, 'Vende'),
(1440, 198, 'Vienne'),
(1441, 198, 'Vosges'),
(1442, 198, 'Yonne'),
(1443, 198, 'Yvelines'),
(1444, 199, 'Caennes'),
(1445, 200, 'Папеэте'),
(1446, 201, 'Dubrovacko-Neretvanska'),
(1447, 201, 'Grad Zagreb'),
(1448, 201, 'Istarska'),
(1449, 201, 'Karlovacka'),
(1450, 201, 'Medimurska'),
(1451, 201, 'None'),
(1452, 201, 'Primorsko-Goranska'),
(1453, 201, 'Sibensko-Kninska'),
(1454, 201, 'Sisacko-Moslavacka'),
(1455, 201, 'Splitsko-Dalmatinska'),
(1456, 201, 'Varazdinska'),
(1457, 201, 'Zagrebacka'),
(1458, 202, 'Чад'),
(1459, 203, 'Черногория'),
(1460, 204, 'Hlavni Mesto Praha'),
(1461, 204, 'Jihocesky Kraj'),
(1462, 204, 'Jihomoravsky Kraj'),
(1463, 204, 'Karlovarsky Kraj'),
(1464, 204, 'Kralovehradecky Kraj'),
(1465, 204, 'Liberecky Kraj'),
(1466, 204, 'Moravskoslezsky Kraj'),
(1467, 204, 'None'),
(1468, 204, 'Olomoucky Kraj'),
(1469, 204, 'Pardubicky Kraj'),
(1470, 204, 'Plzensky Kraj'),
(1471, 204, 'Stredocesky Kraj'),
(1472, 204, 'Ustecky Kraj'),
(1473, 204, 'Vysocina'),
(1474, 204, 'Zlinsky Kraj'),
(1475, 205, 'Aisn del General Carlos Ibnez del Campo'),
(1476, 205, 'Antofagasta'),
(1477, 205, 'Araucana'),
(1478, 205, 'Atacama'),
(1479, 205, 'Bo-Bo'),
(1480, 205, 'Coquimbo'),
(1481, 205, 'Libertador General Bernardo O''Higgins'),
(1482, 205, 'Los Lagos'),
(1483, 205, 'Magallanes y de la Antrtica Chilena'),
(1484, 205, 'Maule'),
(1485, 205, 'Region Metropolitana'),
(1486, 205, 'Tarapac'),
(1487, 205, 'Valparaso'),
(1488, 206, 'Aargau'),
(1489, 206, 'Appenzell Ausserrhoden'),
(1490, 206, 'Appenzell Innerrhoden'),
(1491, 206, 'Basel-Landschaft'),
(1492, 206, 'Basel-Stadt'),
(1493, 206, 'Bern'),
(1494, 206, 'Fribourg'),
(1495, 206, 'Genve'),
(1496, 206, 'Glarus'),
(1497, 206, 'Graubnden'),
(1498, 206, 'Jura'),
(1499, 206, 'Luzern'),
(1500, 206, 'Neuchtel'),
(1501, 206, 'Nidwalden'),
(1502, 206, 'Obwalden'),
(1503, 206, 'Sankt Gallen'),
(1504, 206, 'Schaffhausen'),
(1505, 206, 'Schwyz'),
(1506, 206, 'Solothurn'),
(1507, 206, 'Thurgau'),
(1508, 206, 'Ticino'),
(1509, 206, 'Uri'),
(1510, 206, 'Valais'),
(1511, 206, 'Vaud'),
(1512, 206, 'Zug'),
(1513, 206, 'Zrich'),
(1514, 207, 'Blekinge Lan'),
(1515, 207, 'Dalarnas Lan'),
(1516, 207, 'Gavleborgs Lan'),
(1517, 207, 'Gotlands Lan'),
(1518, 207, 'Hallands Lan'),
(1519, 207, 'Jamtlands Lan'),
(1520, 207, 'Jonkopings Lan'),
(1521, 207, 'Kalmar Lan'),
(1522, 207, 'Kronobergs Lan'),
(1523, 207, 'None'),
(1524, 207, 'Norrbottens Lan'),
(1525, 207, 'Orebro Lan'),
(1526, 207, 'Ostergotlands Lan'),
(1527, 207, 'Skane Lan'),
(1528, 207, 'Sodermanlands Lan'),
(1529, 207, 'Stockholms Lan'),
(1530, 207, 'Uppsala Lan'),
(1531, 207, 'Varmlands Lan'),
(1532, 207, 'Vasterbottens Lan'),
(1533, 207, 'Vasternorrlands Lan'),
(1534, 207, 'Vastmanlands Lan'),
(1535, 207, 'Vastra Gotaland'),
(1536, 208, 'Шри-Ланка'),
(1537, 209, 'Azuay'),
(1538, 209, 'Bolvar'),
(1539, 209, 'Chimborazo'),
(1540, 209, 'El Oro'),
(1541, 209, 'Galpagos'),
(1542, 209, 'Guayas'),
(1543, 209, 'Imbabura'),
(1544, 209, 'Loja'),
(1545, 209, 'Manab'),
(1546, 209, 'Napo'),
(1547, 209, 'Pastaza'),
(1548, 209, 'Pichincha'),
(1549, 209, 'Tungurahua'),
(1550, 210, 'Малабо'),
(1551, 211, 'Эритрея'),
(1552, 212, 'Эстония'),
(1553, 213, 'Эфиопия'),
(1554, 214, 'Йоханесбург'),
(1555, 215, 'Cheju'),
(1556, 215, 'Chollabuk'),
(1557, 215, 'Chollanam'),
(1558, 215, 'Chungcheongbuk'),
(1559, 215, 'Chungcheongnam'),
(1560, 215, 'Incheon'),
(1561, 215, 'Kangweon'),
(1562, 215, 'Kwangju'),
(1563, 215, 'Kyeonggi'),
(1564, 215, 'Kyeongsangbuk'),
(1565, 215, 'Kyeongsangnam'),
(1566, 215, 'Pusan'),
(1567, 215, 'Seoul'),
(1568, 215, 'Taegu'),
(1569, 215, 'Taejeon'),
(1570, 215, 'Ulsan'),
(1571, 215, 'Южная Корея'),
(1572, 216, 'Южная Осетия'),
(1573, 217, 'Ямайка'),
(1574, 218, 'Айти'),
(1575, 218, 'Аомори'),
(1576, 218, 'Вакаяма'),
(1577, 218, 'Гумма'),
(1578, 218, 'Ибараки'),
(1579, 218, 'Ивате'),
(1580, 218, 'Исикава'),
(1581, 218, 'Кагосима'),
(1582, 218, 'Канагава'),
(1583, 218, 'Киото'),
(1584, 218, 'Коти'),
(1585, 218, 'Мияги'),
(1586, 218, 'Миядзаки'),
(1587, 218, 'Нагано'),
(1588, 218, 'Нагасаки'),
(1589, 218, 'Нара'),
(1590, 218, 'Ниигата'),
(1591, 218, 'Окаяма'),
(1592, 218, 'Окинава'),
(1593, 218, 'Осака'),
(1594, 218, 'Сага'),
(1595, 218, 'Сайтама'),
(1596, 218, 'Сига'),
(1597, 218, 'Сидзуока'),
(1598, 218, 'Тиба'),
(1599, 218, 'Токио'),
(1600, 218, 'Токусима'),
(1601, 218, 'Тотиги'),
(1602, 218, 'Тояма'),
(1603, 218, 'Фукуи'),
(1604, 218, 'Фукуока'),
(1605, 218, 'Фукусима'),
(1606, 218, 'Хиросима'),
(1607, 218, 'Хоккайдо'),
(1608, 218, 'Хпого'),
(1609, 218, 'Эхиме'),
(1610, 218, 'Ямагути'),
(1611, 218, 'Яманаси');
