CREATE TABLE IF NOT EXISTS `reg_mail` (
  `id` int(11) NOT NULL AUTO_INCREMENT,
  `id_user` int(11) NOT NULL,
  `mail` varchar(64) NOT NULL,
  PRIMARY KEY (`id`),
  UNIQUE KEY `mail` (`mail`),
  KEY `id_user` (`id_user`)
) ENGINE=MyISAM DEFAULT CHARSET=utf8 AUTO_INCREMENT=1 ;

-- --------------------------------------------------------

--
-- Структура таблицы `rekl`
--

CREATE TABLE IF NOT EXISTS `rekl` (
  `id` int(11) NOT NULL AUTO_INCREMENT,
  `name` varchar(32) NOT NULL,
  `img` varchar(64) NOT NULL,
  `link` varchar(64) NOT NULL,
  `time_last` int(11) NOT NULL,
  `sel` set('1','2','3','4') NOT NULL DEFAULT '1',
  `count` int(11) NOT NULL DEFAULT '0',
  `dop_str` set('0','1') NOT NULL DEFAULT '1',
  PRIMARY KEY (`id`),
  KEY `sel` (`sel`),
  KEY `time_last` (`time_last`)
) ENGINE=MyISAM  DEFAULT CHARSET=utf8 AUTO_INCREMENT=8 ;

-- --------------------------------------------------------

--
-- Структура таблицы `rp3_accounts`
--

CREATE TABLE IF NOT EXISTS `rp3_accounts` (
  `id` int(11) NOT NULL AUTO_INCREMENT,
  `user_id` int(11) NOT NULL,
  `amount` int(11) NOT NULL,
  `create_date` datetime NOT NULL,
  `payed` tinyint(1) NOT NULL DEFAULT '0',
  `payed_date` datetime DEFAULT NULL,
  `lmi_sys_invs_no` int(11) DEFAULT NULL,
  `lmi_sys_trans_no` int(11) DEFAULT NULL,
  `pay_system` enum('WMZ','WMR','NAL','LC','ZP','RC','PC','PIN','MBR','MBRR','MBH','MBA','MBAPI','IK','MBC','MBW') NOT NULL DEFAULT 'WMZ',
  `amount_usd` varchar(15) DEFAULT NULL,
  `payed_type` enum('auto','manual') DEFAULT 'auto',
  `lmi_sys_trans_date` datetime DEFAULT NULL,
  `lmi_payer_purse` varchar(20) DEFAULT NULL,
  `lmi_payer_wm` varchar(20) DEFAULT NULL,
  PRIMARY KEY (`id`),
  KEY `user_id` (`user_id`)
) ENGINE=MyISAM  DEFAULT CHARSET=cp1251 AUTO_INCREMENT=3 ;

--
-- Дамп данных таблицы `rp3_accounts`
--

INSERT INTO `rp3_accounts` (`id`, `user_id`, `amount`, `create_date`, `payed`, `payed_date`, `lmi_sys_invs_no`, `lmi_sys_trans_no`, `pay_system`, `amount_usd`, `payed_type`, `lmi_sys_trans_date`, `lmi_payer_purse`, `lmi_payer_wm`) VALUES
(1, 1, 1000, '2013-01-21 20:00:11', 1, '2013-01-21 20:00:11', 0, 0, 'NAL', '32.32', 'manual', '0000-00-00 00:00:00', '', ''),
(2, 1, 99, '2013-01-21 20:37:41', 1, '2013-01-21 20:37:41', 0, 0, 'MBH', '3.21', 'auto', '0000-00-00 00:00:00', '', '');

-- --------------------------------------------------------

--
-- Структура таблицы `rp3_admin`
--

CREATE TABLE IF NOT EXISTS `rp3_admin` (
  `id` int(11) unsigned NOT NULL AUTO_INCREMENT,
  `email` varchar(255) NOT NULL,
  `passwd` varchar(100) NOT NULL,
  `first_name` varchar(30) NOT NULL,
  `last_name` varchar(30) NOT NULL,
  `support_phone` varchar(20) DEFAULT NULL,
  `support_icq` varchar(20) DEFAULT NULL,
  `support_email` varchar(100) DEFAULT NULL,
  `reg_code` char(72) DEFAULT NULL,
  `enabled` tinyint(1) NOT NULL DEFAULT '0',
  PRIMARY KEY (`id`)
) ENGINE=MyISAM  DEFAULT CHARSET=cp1251 AUTO_INCREMENT=3 ;

--
-- Дамп данных таблицы `rp3_admin`
--

INSERT INTO `rp3_admin` (`id`, `email`, `passwd`, `first_name`, `last_name`, `support_phone`, `support_icq`, `support_email`, `reg_code`, `enabled`) VALUES
(1, 'fox-vip@ya.ru', '7cf9ba3f43273b204c7e06a976540404', '', '', NULL, NULL, NULL, NULL, 0),
(2, 'fox-vip@ya.ru', '7cf9ba3f43273b204c7e06a976540404', 'Иван', 'Лисицин', NULL, NULL, NULL, NULL, 0);

-- --------------------------------------------------------

--
-- Структура таблицы `rp3_admin_bad_auth`
--

CREATE TABLE IF NOT EXISTS `rp3_admin_bad_auth` (
  `id` int(11) NOT NULL AUTO_INCREMENT,
  `email` varchar(255) NOT NULL,
  `ts` timestamp NOT NULL DEFAULT CURRENT_TIMESTAMP,
  `ip` varchar(15) DEFAULT NULL,
  PRIMARY KEY (`id`)
) ENGINE=MyISAM DEFAULT CHARSET=cp1251 AUTO_INCREMENT=1 ;

-- --------------------------------------------------------

--
-- Структура таблицы `rp3_admin_login_stat`
--

CREATE TABLE IF NOT EXISTS `rp3_admin_login_stat` (
  `id` int(11) unsigned NOT NULL AUTO_INCREMENT,
  `email` varchar(255) NOT NULL,
  `ts` timestamp NOT NULL DEFAULT CURRENT_TIMESTAMP,
  `ip` varchar(15) DEFAULT NULL,
  PRIMARY KEY (`id`)
) ENGINE=MyISAM  DEFAULT CHARSET=cp1251 AUTO_INCREMENT=2 ;

--
-- Дамп данных таблицы `rp3_admin_login_stat`
--

INSERT INTO `rp3_admin_login_stat` (`id`, `email`, `ts`, `ip`) VALUES
(1, 'fox-vip@ya.ru', '2013-01-21 15:23:41', '85.26.241.97');

-- --------------------------------------------------------

--
-- Структура таблицы `rp3_api2_log`
--

CREATE TABLE IF NOT EXISTS `rp3_api2_log` (
  `id` int(11) NOT NULL AUTO_INCREMENT,
  `ts` timestamp NULL DEFAULT CURRENT_TIMESTAMP,
  `request` mediumtext,
  `answer` mediumtext,
  PRIMARY KEY (`id`)
) ENGINE=MyISAM DEFAULT CHARSET=cp1251 AUTO_INCREMENT=1 ;

-- --------------------------------------------------------

--
-- Структура таблицы `rp3_api_log`
--

CREATE TABLE IF NOT EXISTS `rp3_api_log` (
  `id` int(11) NOT NULL AUTO_INCREMENT,
  `user_id` int(11) NOT NULL,
  `date` datetime NOT NULL,
  `action` varchar(50) NOT NULL,
  `data` text,
  `answer` longtext,
  PRIMARY KEY (`id`),
  KEY `user_id` (`user_id`)
) ENGINE=MyISAM DEFAULT CHARSET=cp1251 AUTO_INCREMENT=1 ;

-- --------------------------------------------------------

--
-- Структура таблицы `rp3_balance_log`
--

CREATE TABLE IF NOT EXISTS `rp3_balance_log` (
  `id` int(11) NOT NULL AUTO_INCREMENT,
  `user_id` int(11) NOT NULL,
  `amount` int(11) NOT NULL DEFAULT '0',
  `in_out` enum('in','out') NOT NULL,
  `account_order_num` int(11) NOT NULL DEFAULT '0',
  `timestamp` timestamp NOT NULL DEFAULT CURRENT_TIMESTAMP,
  `pay_system` enum('WMZ','WMR','NAL','LC','ZP','RC','PC','PIN','MBR','MBRR','MBH','MBA','MBAPI','IK','MBC','MBW') NOT NULL DEFAULT 'WMZ',
  `comment` varchar(200) DEFAULT NULL,
  `payed_type` enum('auto','manual') DEFAULT 'auto',
  PRIMARY KEY (`id`),
  KEY `user_id` (`user_id`),
  KEY `account_order_num` (`account_order_num`)
) ENGINE=MyISAM  DEFAULT CHARSET=cp1251 AUTO_INCREMENT=4 ;

--
-- Дамп данных таблицы `rp3_balance_log`
--

INSERT INTO `rp3_balance_log` (`id`, `user_id`, `amount`, `in_out`, `account_order_num`, `timestamp`, `pay_system`, `comment`, `payed_type`) VALUES
(1, 1, 1000, 'in', 1, '2013-01-21 16:00:11', 'NAL', '', 'manual'),
(2, 1, 99, 'out', 1, '2013-01-21 16:01:34', 'LC', NULL, 'auto'),
(3, 1, 99, 'in', 2, '2013-01-21 16:37:41', 'MBH', 'Возврат по счёту №1 за хостинг &mdash; vtulun.ru', 'auto');

-- --------------------------------------------------------

--
-- Структура таблицы `rp3_config`
--

CREATE TABLE IF NOT EXISTS `rp3_config` (
  `id` int(11) NOT NULL AUTO_INCREMENT,
  `db_structure_version` tinyint(3) NOT NULL DEFAULT '0',
  `session_time_out` int(11) NOT NULL DEFAULT '900',
  `merch_z` varchar(13) NOT NULL DEFAULT 'Z000000000000',
  `merch_r` varchar(13) NOT NULL DEFAULT 'R000000000000',
  `secret_key` varchar(200) DEFAULT NULL,
  `min_pass_len` tinyint(2) NOT NULL DEFAULT '6',
  `max_pass_len` tinyint(3) NOT NULL DEFAULT '32',
  `per_page` int(3) NOT NULL DEFAULT '25',
  `pages_link_count` int(2) NOT NULL DEFAULT '15',
  `index_rows_count` int(2) NOT NULL DEFAULT '10',
  `mailer` enum('mail','smtp') NOT NULL DEFAULT 'mail',
  `mailer_host` varchar(200) DEFAULT NULL,
  `mailer_smtpauth` varchar(5) NOT NULL DEFAULT 'false',
  `mailer_username` varchar(200) DEFAULT NULL,
  `mailer_password` varchar(200) DEFAULT NULL,
  `mailer_hostname` varchar(200) DEFAULT NULL,
  `mailer_from` varchar(200) DEFAULT NULL,
  `mailer_fromname` varchar(200) NOT NULL DEFAULT 'REG.Panel',
  `mailer_smtpsecure` varchar(3) DEFAULT NULL,
  `mailer_port` mediumint(9) NOT NULL DEFAULT '25',
  `main_gw_url` varchar(200) NOT NULL DEFAULT 'https://api.reg.ru/api/regru2',
  `gw_user` varchar(100) DEFAULT NULL,
  `gw_passwd` varchar(100) DEFAULT NULL,
  `user_default_actived` tinyint(1) NOT NULL DEFAULT '1',
  `min_pay_sum` int(11) NOT NULL DEFAULT '100',
  `send_merch_notification` tinyint(1) NOT NULL DEFAULT '0',
  `auto_activated` tinyint(1) NOT NULL DEFAULT '0',
  `ballance_percent` tinyint(3) NOT NULL DEFAULT '30',
  `skin_dir` varchar(100) NOT NULL DEFAULT 'default',
  `wm_enable` tinyint(1) NOT NULL DEFAULT '0',
  `zp_enable` tinyint(1) NOT NULL DEFAULT '0',
  `zp_merch` varchar(10) NOT NULL DEFAULT 'ZP00000000',
  `zp_desc_pay` varchar(255) DEFAULT NULL,
  `zp_secret_key` varchar(200) DEFAULT NULL,
  `zp_mag_init_pass` varchar(255) DEFAULT NULL,
  `zp_mag_id` int(11) NOT NULL DEFAULT '0',
  `rc_pay_init_pass` varchar(255) DEFAULT NULL,
  `rc_desc_pay` varchar(255) DEFAULT NULL,
  `rc_enable` tinyint(1) NOT NULL DEFAULT '0',
  `rc_login` varchar(255) DEFAULT NULL,
  `rc_pay_inform_pass` varchar(255) DEFAULT NULL,
  `pc_desc_pay` varchar(100) DEFAULT NULL,
  `pc_secret_key` varchar(255) DEFAULT NULL,
  `pc_enable` tinyint(1) NOT NULL DEFAULT '0',
  `pc_client` int(11) NOT NULL DEFAULT '0',
  `pc_ra` int(11) NOT NULL DEFAULT '0',
  `captcha_enable` tinyint(1) NOT NULL DEFAULT '0',
  `bonus_sum` int(11) NOT NULL DEFAULT '100',
  `informer_uid` int(11) NOT NULL DEFAULT '0',
  `informer_limit` int(11) DEFAULT NULL,
  `informer_min_cy` int(11) DEFAULT NULL,
  `informer_min_pr` tinyint(2) DEFAULT NULL,
  `informer_max_chars` tinyint(2) DEFAULT NULL,
  `informer_zone` varchar(3) NOT NULL DEFAULT 'all',
  `rates_type` tinyint(1) NOT NULL DEFAULT '1',
  `user_usd_rate` varchar(10) DEFAULT NULL,
  `user_cb_percent_rate` tinyint(3) NOT NULL DEFAULT '0',
  `hcd` date DEFAULT NULL,
  `hcr` tinyint(1) NOT NULL DEFAULT '0',
  `rel_date` date DEFAULT NULL,
  `local_api_enabled` tinyint(1) NOT NULL DEFAULT '1',
  `auto_local_api_enabled` tinyint(1) NOT NULL DEFAULT '1',
  `nv` tinyint(3) DEFAULT NULL,
  `nv_ts` timestamp NOT NULL DEFAULT CURRENT_TIMESTAMP,
  `nv_text` varchar(20) DEFAULT NULL,
  `hpu_ts` timestamp NOT NULL DEFAULT '0000-00-00 00:00:00',
  `dpu_ts` timestamp NOT NULL DEFAULT '0000-00-00 00:00:00',
  `max_balance` int(11) NOT NULL DEFAULT '300000',
  `hosting_gw_user` varchar(100) DEFAULT NULL,
  `hosting_gw_passwd` varchar(100) DEFAULT NULL,
  `rules_enabled` tinyint(1) NOT NULL DEFAULT '1',
  `pc_commission` tinyint(3) NOT NULL DEFAULT '10',
  `rc_commission` tinyint(3) NOT NULL DEFAULT '0',
  `zp_commission` tinyint(3) NOT NULL DEFAULT '0',
  `wm_commission` tinyint(3) NOT NULL DEFAULT '0',
  `ret_remember` tinyint(1) NOT NULL DEFAULT '1',
  `rc_out_type` varchar(20) DEFAULT NULL,
  `pc_out_type` varchar(20) DEFAULT NULL,
  `default_ps` varchar(20) DEFAULT NULL,
  `preventive_work` tinyint(1) DEFAULT '0',
  `ik_enable` tinyint(1) NOT NULL DEFAULT '0',
  `ik_shop_id` varchar(255) DEFAULT NULL,
  `ik_secret_key` varchar(255) DEFAULT NULL,
  `admin_session_auto_logout` tinyint(1) NOT NULL DEFAULT '0',
  `secret_word_remember` tinyint(1) NOT NULL DEFAULT '1',
  `registration_disabled` tinyint(1) NOT NULL DEFAULT '0',
  `spu_ts` timestamp NOT NULL DEFAULT '0000-00-00 00:00:00',
  `move_to_other_account` tinyint(1) DEFAULT '1',
  `gw_type` enum('https','http') NOT NULL DEFAULT 'https',
  PRIMARY KEY (`id`)
) ENGINE=MyISAM  DEFAULT CHARSET=cp1251 AUTO_INCREMENT=2 ;

--
-- Дамп данных таблицы `rp3_config`
--

INSERT INTO `rp3_config` (`id`, `db_structure_version`, `session_time_out`, `merch_z`, `merch_r`, `secret_key`, `min_pass_len`, `max_pass_len`, `per_page`, `pages_link_count`, `index_rows_count`, `mailer`, `mailer_host`, `mailer_smtpauth`, `mailer_username`, `mailer_password`, `mailer_hostname`, `mailer_from`, `mailer_fromname`, `mailer_smtpsecure`, `mailer_port`, `main_gw_url`, `gw_user`, `gw_passwd`, `user_default_actived`, `min_pay_sum`, `send_merch_notification`, `auto_activated`, `ballance_percent`, `skin_dir`, `wm_enable`, `zp_enable`, `zp_merch`, `zp_desc_pay`, `zp_secret_key`, `zp_mag_init_pass`, `zp_mag_id`, `rc_pay_init_pass`, `rc_desc_pay`, `rc_enable`, `rc_login`, `rc_pay_inform_pass`, `pc_desc_pay`, `pc_secret_key`, `pc_enable`, `pc_client`, `pc_ra`, `captcha_enable`, `bonus_sum`, `informer_uid`, `informer_limit`, `informer_min_cy`, `informer_min_pr`, `informer_max_chars`, `informer_zone`, `rates_type`, `user_usd_rate`, `user_cb_percent_rate`, `hcd`, `hcr`, `rel_date`, `local_api_enabled`, `auto_local_api_enabled`, `nv`, `nv_ts`, `nv_text`, `hpu_ts`, `dpu_ts`, `max_balance`, `hosting_gw_user`, `hosting_gw_passwd`, `rules_enabled`, `pc_commission`, `rc_commission`, `zp_commission`, `wm_commission`, `ret_remember`, `rc_out_type`, `pc_out_type`, `default_ps`, `preventive_work`, `ik_enable`, `ik_shop_id`, `ik_secret_key`, `admin_session_auto_logout`, `secret_word_remember`, `registration_disabled`, `spu_ts`, `move_to_other_account`, `gw_type`) VALUES
(1, 73, 900, 'Z000000000000', 'R000000000000', NULL, 6, 32, 25, 15, 10, 'mail', '', 'false', '', '', '', 'fox-vip@ya.ru', 'REG.Panel on-sim.ru', '', 25, 'https://api.reg.ru/api/regru2', NULL, NULL, 1, 100, 0, 0, 30, 'default', 0, 0, 'ZP00000000', NULL, NULL, NULL, 0, NULL, NULL, 0, NULL, NULL, NULL, NULL, 0, 0, 0, 0, 100, 0, NULL, NULL, NULL, NULL, '', 1, NULL, 0, '2009-04-29', 0, '2009-05-05', 1, 1, 127, '2013-01-21 15:23:42', 'version 3.29', '0000-00-00 00:00:00', '0000-00-00 00:00:00', 300000, NULL, NULL, 0, 10, 0, 0, 0, 1, 'WMR', 'WMR', 'WMR', 0, 0, NULL, NULL, 0, 1, 0, '2013-01-21 15:23:03', 1, 'http');

-- --------------------------------------------------------

--
-- Структура таблицы `rp3_countrys`
--

CREATE TABLE IF NOT EXISTS `rp3_countrys` (
  `id` int(11) unsigned NOT NULL AUTO_INCREMENT,
  `iso` varchar(2) NOT NULL,
  `country` varchar(100) NOT NULL,
  PRIMARY KEY (`id`)
) ENGINE=MyISAM  DEFAULT CHARSET=cp1251 AUTO_INCREMENT=240 ;

--
-- Дамп данных таблицы `rp3_countrys`
--

INSERT INTO `rp3_countrys` (`id`, `iso`, `country`) VALUES
(1, 'AF', 'Афганистан'),
(2, 'AZ', 'Азербайджан'),
(3, 'AL', 'Албания'),
(4, 'DZ', 'Алжир'),
(5, 'VI', 'Виргинские Острова (США)'),
(6, 'AS', 'Восточное Самоа'),
(7, 'AI', 'Ангилья'),
(8, 'AO', 'Ангола'),
(9, 'AD', 'Андорра'),
(10, 'AQ', 'Антарктика'),
(11, 'AG', 'Антигуа и Барбуда'),
(12, 'AR', 'Аргентина'),
(13, 'AW', 'Аруба'),
(14, 'AU', 'Австралия'),
(15, 'AT', 'Австрия'),
(16, 'BD', 'Бангладеш'),
(17, 'BB', 'Барбадос'),
(18, 'BS', 'Багамские Острова'),
(19, 'BH', 'Бахрейн'),
(20, 'BE', 'Бельгия'),
(21, 'BZ', 'Белиз'),
(22, 'BY', 'Белоруссия (Беларусь)'),
(23, 'BJ', 'Бенин'),
(24, 'BM', 'Бермудские Острова'),
(25, 'CX', 'Рождества (Кристмас), Остров'),
(26, 'BO', 'Боливия'),
(27, 'BA', 'Босния и Герцеговина'),
(28, 'BW', 'Ботсвана'),
(29, 'BR', 'Бразилия'),
(30, 'VG', 'Виргинские Острова (Британские)'),
(31, 'IO', 'Британская территория в Индийском океане'),
(32, 'BN', 'Бруней'),
(33, 'BV', 'Буве, остров'),
(34, 'BG', 'Болгария'),
(35, 'BF', 'Буркина-Фасо'),
(36, 'BI', 'Бурунди'),
(37, 'BT', 'Бутан'),
(38, 'WF', 'Уоллис и Футуна'),
(39, 'VU', 'Вануату'),
(40, 'VA', 'Ватикан'),
(41, 'VE', 'Венесуэла'),
(42, 'VN', 'Вьетнам'),
(43, 'GA', 'Габон'),
(44, 'GM', 'Гамбия'),
(45, 'GH', 'Гана'),
(46, 'GP', 'Гваделупа'),
(47, 'GT', 'Гватемала'),
(48, 'GN', 'Гвинея'),
(49, 'GW', 'Гвинея-Бисау'),
(50, 'GI', 'Гибралтар'),
(51, 'GY', 'Гайана'),
(52, 'GD', 'Гренада'),
(53, 'GL', 'Гренландия'),
(54, 'GE', 'Грузия'),
(55, 'GR', 'Греция'),
(56, 'GU', 'Гуам'),
(57, 'DK', 'Дания'),
(58, 'DM', 'Доминика'),
(59, 'DO', 'Доминиканская Республика'),
(60, 'EG', 'Египет'),
(61, 'EC', 'Эквадор'),
(62, 'GQ', 'Экваториальная Гвинея'),
(63, 'ER', 'Эритрея'),
(64, 'EE', 'Эстония'),
(65, 'ET', 'Эфиопия'),
(66, 'ZR', 'Заир'),
(67, 'ZM', 'Замбия'),
(68, 'EH', 'Западная Сахара'),
(69, 'CV', 'Кабо-Верде'),
(70, 'ZW', 'Зимбабве'),
(71, 'IL', 'Израиль'),
(72, 'IN', 'Индия'),
(73, 'ID', 'Индонезия'),
(74, 'IQ', 'Ирак'),
(75, 'IR', 'Иран'),
(76, 'IE', 'Ирландия'),
(77, 'IS', 'Исландия'),
(78, 'TP', 'Восточный Тимор'),
(79, 'IT', 'Италия'),
(80, 'JM', 'Ямайка'),
(81, 'JP', 'Япония'),
(82, 'YE', 'Йемен'),
(83, 'AM', 'Армения'),
(84, 'JO', 'Иордания'),
(85, 'YU', 'Югославия'),
(86, 'GS', 'Южная Георгия и Южные Сандвичевы острова'),
(87, 'KR', 'Корея, Республика'),
(88, 'ZA', 'Южно-Африканская Республика'),
(89, 'KZ', 'Казахстан'),
(90, 'KH', 'Камбоджа'),
(91, 'CM', 'Камерун'),
(92, 'CA', 'Канада'),
(93, 'QA', 'Катар'),
(94, 'KY', 'Кайман, Острова'),
(95, 'KE', 'Кения'),
(96, 'CN', 'Китай'),
(97, 'CY', 'Кипр'),
(98, 'KG', 'Киргизия (Кыргызстан)'),
(99, 'KI', 'Кирибати'),
(100, 'CC', 'Кокосовые (Килинг) острова'),
(101, 'CO', 'Колумбия'),
(102, 'KM', 'Коморские Острова'),
(103, 'CG', 'Конго'),
(104, 'CR', 'Коста-Рика'),
(105, 'CU', 'Куба'),
(106, 'KW', 'Кувейт'),
(107, 'CK', 'Кука, Острова'),
(108, 'LA', 'Лаос'),
(109, 'LS', 'Лесото'),
(110, 'LV', 'Латвия'),
(111, 'LB', 'Ливан'),
(112, 'LR', 'Либерия'),
(113, 'LY', 'Ливия'),
(114, 'LT', 'Литва'),
(115, 'LI', 'Лихтенштейн'),
(116, 'LU', 'Люксембург'),
(117, 'MG', 'Мадагаскар'),
(118, 'MO', 'Аомынь (Макао)'),
(119, 'MK', 'Македония'),
(120, 'MW', 'Малави'),
(121, 'MV', 'Мальдивы'),
(122, 'MY', 'Малайзия'),
(123, 'ML', 'Мали'),
(124, 'MT', 'Мальта'),
(125, 'MA', 'Марокко'),
(126, 'MQ', 'Мартиника'),
(127, 'MH', 'Маршалловы Острова'),
(128, 'MR', 'Мавритания'),
(129, 'MU', 'Маврикий'),
(130, 'HU', 'Венгрия'),
(131, 'YT', 'Маоре (Майотта)'),
(132, 'UM', 'Мелкие отдаленные острова США'),
(133, 'MX', 'Мексика'),
(134, 'MM', 'Мьянма'),
(135, 'FM', 'Микронезия (Федеративные Штаты Микронезии)'),
(136, 'MZ', 'Мозамбик'),
(137, 'MD', 'Молдавия (Молдова)'),
(138, 'MC', 'Монако'),
(139, 'MN', 'Монголия'),
(140, 'MS', 'Монтсеррат'),
(141, 'NA', 'Намибия'),
(142, 'NR', 'Науру'),
(143, 'DE', 'Германия'),
(144, 'NP', 'Непал'),
(145, 'NE', 'Нигер'),
(146, 'NG', 'Нигерия'),
(147, 'NI', 'Никарагуа'),
(148, 'NU', 'Ниуэ'),
(149, 'NC', 'Новая Каледония'),
(150, 'NZ', 'Новая Зеландия'),
(151, 'NO', 'Норвегия'),
(152, 'NF', 'Норфолк'),
(153, 'CI', 'Кот-д Ивуар'),
(154, 'OM', 'Оман'),
(155, 'PN', 'Питкэрн'),
(156, 'TC', 'Теркс и Кайкос'),
(157, 'HM', 'Херд и Макдональд, острова'),
(158, 'PK', 'Пакистан'),
(159, 'PW', 'Палау'),
(160, 'PA', 'Панама'),
(161, 'PG', 'Папуа — Новая Гвинея'),
(162, 'PY', 'Парагвай'),
(163, 'PE', 'Перу'),
(164, 'PR', 'Пуэрто-Рико'),
(165, 'PT', 'Португалия'),
(166, 'PL', 'Польша'),
(167, 'RE', 'Реюньон'),
(168, 'RW', 'Руанда'),
(169, 'RO', 'Румыния'),
(170, 'RU', 'Российская Федерация'),
(171, 'SV', 'Сальвадор'),
(172, 'WS', 'Западное Самоа'),
(173, 'SM', 'Сан-Марино'),
(174, 'ST', 'Сан-Томе и Принсипи'),
(175, 'SA', 'Саудовская Аравия'),
(176, 'SZ', 'Свазиленд'),
(177, 'SJ', 'Свальбард и Ян-Майен'),
(178, 'SH', 'Святой Елены, Остров'),
(179, 'LC', 'Сент-Люсия'),
(180, 'VC', 'Сент-Винсент и Гренадины'),
(181, 'KN', 'Сент-Китс и Невис'),
(182, 'PM', 'Сен-Пьер и Микелон'),
(183, 'KP', 'Корейская Народно- Демократическая Республика'),
(184, 'MP', 'Северные Марианские Острова'),
(185, 'SN', 'Сенегал'),
(186, 'SC', 'Сейшельские Острова'),
(187, 'SG', 'Сингапур'),
(188, 'SY', 'Сирия'),
(189, 'SL', 'Сьерра-Леоне'),
(190, 'SK', 'Словакия'),
(191, 'SI', 'Словения'),
(192, 'SB', 'Соломоновы Острова'),
(193, 'SO', 'Сомали'),
(194, 'SD', 'Судан'),
(195, 'SR', 'Суринам'),
(196, 'US', 'Соединенные Штаты Америки (США)'),
(197, 'TZ', 'Танзания'),
(198, 'TW', 'Тайвань (провинция Китая)'),
(199, 'TH', 'Таиланд'),
(200, 'TJ', 'Таджикистан'),
(201, 'TG', 'Того'),
(202, 'TK', 'Токелау'),
(203, 'TO', 'Тонга'),
(204, 'TT', 'Тринидад и Тобаго'),
(205, 'TV', 'Тувалу'),
(206, 'TN', 'Тунис'),
(207, 'TM', 'Туркменистан'),
(208, 'TR', 'Турция'),
(209, 'UG', 'Уганда'),
(210, 'UZ', 'Узбекистан'),
(211, 'UA', 'Украина'),
(212, 'UY', 'Уругвай'),
(213, 'AE', 'Объединенные Арабские Эмираты'),
(214, 'GB', 'Великобритания'),
(215, 'FO', 'Фарерские острова'),
(216, 'PH', 'Филиппины'),
(217, 'FI', 'Финляндия'),
(218, 'FJ', 'Фиджи'),
(219, 'FK', 'Фолклендские (Мальвинские) Острова'),
(220, 'FR', 'Франция'),
(221, 'FX', 'Франция, Метрополия'),
(222, 'GF', 'Гвиана Французская'),
(223, 'PF', 'Французская Полинезия'),
(224, 'TF', 'Французские Южные территории'),
(225, 'HT', 'Гаити'),
(226, 'NL', 'Нидерланды'),
(227, 'AN', 'Антильские Острова (Нидерландские)'),
(228, 'HK', 'Сянган (Гонгонг)'),
(229, 'HN', 'Гондурас'),
(230, 'HR', 'Хорватия'),
(231, 'CF', 'Центральноафриканская Республика'),
(232, 'TD', 'Чад'),
(233, 'CZ', 'Чешская Республика'),
(234, 'CL', 'Чили'),
(235, 'DJ', 'Джибути'),
(236, 'CH', 'Швейцария'),
(237, 'SE', 'Швеция'),
(238, 'ES', 'Испания'),
(239, 'LK', 'Шри-Ланка');

-- --------------------------------------------------------

--
-- Структура таблицы `rp3_dns_srv_data`
--

CREATE TABLE IF NOT EXISTS `rp3_dns_srv_data` (
  `id` int(11) NOT NULL AUTO_INCREMENT,
  `srv_id` int(11) NOT NULL,
  `srv_name` varchar(255) NOT NULL,
  `rectype` enum('A','CNAME','MX','NS','TXT','SRV') DEFAULT NULL,
  `data_1` varchar(255) DEFAULT NULL,
  `priority` varchar(255) DEFAULT NULL,
  `ipaddr` varchar(255) DEFAULT NULL,
  `subdomain` varchar(255) DEFAULT NULL,
  `data_2` varchar(255) DEFAULT NULL,
  PRIMARY KEY (`id`)
) ENGINE=MyISAM  DEFAULT CHARSET=cp1251 AUTO_INCREMENT=15 ;

--
-- Дамп данных таблицы `rp3_dns_srv_data`
--

INSERT INTO `rp3_dns_srv_data` (`id`, `srv_id`, `srv_name`, `rectype`, `data_1`, `priority`, `ipaddr`, `subdomain`, `data_2`) VALUES
(1, 1, 'Google mail', 'MX', 'ASPMX.L.GOOGLE.COM.', '10', NULL, NULL, NULL),
(2, 1, 'Google mail', 'MX', 'ALT1.ASPMX.L.GOOGLE.COM.', '20', NULL, NULL, NULL),
(3, 1, 'Google mail', 'MX', 'ALT2.ASPMX.L.GOOGLE.COM.', '20', NULL, NULL, NULL),
(4, 1, 'Google mail', 'MX', 'ASPMX2.GOOGLEMAIL.COM.', '30', NULL, NULL, NULL),
(5, 1, 'Google mail', 'MX', 'ASPMX3.GOOGLEMAIL.COM.', '30', NULL, NULL, NULL),
(6, 1, 'Google mail', 'MX', 'ASPMX4.GOOGLEMAIL.COM.', '30', NULL, NULL, NULL),
(7, 1, 'Google mail', 'MX', 'ASPMX5.GOOGLEMAIL.COM.', '30', NULL, NULL, NULL),
(8, 1, 'Google mail', 'CNAME', 'ghs.google.com.', '', NULL, 'mail', NULL),
(9, 2, 'Livejournal (Живой Журнал)', 'CNAME', 'livejournal.com.', NULL, NULL, NULL, NULL),
(10, 2, 'Livejournal (Живой Журнал)', 'CNAME', 'livejournal.com.', NULL, NULL, 'www', NULL),
(11, 3, 'Live Internet', 'A', NULL, NULL, '88.212.196.87', NULL, NULL),
(12, 3, 'Live Internet', 'CNAME', 'www.liveinternet.ru.', NULL, NULL, 'www', NULL),
(13, 4, 'Мир Тесен!', 'A', NULL, NULL, '95.131.27.20', NULL, NULL),
(14, 4, 'Мир Тесен!', 'CNAME', 'mhs.mirtesen.ru.', NULL, NULL, 'www', NULL);

-- --------------------------------------------------------

--
-- Структура таблицы `rp3_domains`
--

CREATE TABLE IF NOT EXISTS `rp3_domains` (
  `id` int(11) NOT NULL AUTO_INCREMENT,
  `domain` varchar(67) NOT NULL,
  `created` datetime NOT NULL,
  `descr` varchar(255) DEFAULT NULL,
  `paid_till` date NOT NULL,
  `changed` timestamp NOT NULL DEFAULT CURRENT_TIMESTAMP,
  `ns0` varchar(80) DEFAULT NULL,
  `ns1` varchar(80) DEFAULT NULL,
  `ns2` varchar(80) DEFAULT NULL,
  `ns3` varchar(80) DEFAULT NULL,
  `ns0ip` varchar(15) DEFAULT NULL,
  `ns1ip` varchar(15) DEFAULT NULL,
  `ns2ip` varchar(15) DEFAULT NULL,
  `ns3ip` varchar(15) DEFAULT NULL,
  `folder_id` int(11) NOT NULL DEFAULT '0',
  `user_id` int(11) NOT NULL,
  `type` char(1) NOT NULL DEFAULT 'f',
  `code` bigint(12) DEFAULT NULL,
  `country` char(2) NOT NULL,
  `p_addr` text,
  `phone` text NOT NULL,
  `fax` text,
  `email` text NOT NULL,
  `org` text,
  `org_r` text,
  `kpp` varchar(9) DEFAULT NULL,
  `address_r` text,
  `person` varchar(64) DEFAULT NULL,
  `person_r` varchar(64) DEFAULT NULL,
  `passport` text,
  `birth_date` date DEFAULT NULL,
  `create_from` enum('panel','api') NOT NULL DEFAULT 'panel',
  `eng_phone` varchar(20) DEFAULT NULL,
  `eng_addr` varchar(80) DEFAULT NULL,
  `eng_city` varchar(80) DEFAULT NULL,
  `eng_state` varchar(40) DEFAULT NULL,
  `eng_postcode` int(10) DEFAULT NULL,
  `eng_fax` varchar(20) DEFAULT NULL,
  `eng_org` varchar(60) DEFAULT NULL,
  `eng_first_name` varchar(40) DEFAULT NULL,
  `eng_last_name` varchar(40) DEFAULT NULL,
  `private_flag` tinyint(1) NOT NULL DEFAULT '0',
  `import` tinyint(1) NOT NULL DEFAULT '0',
  `remote_system` varchar(200) DEFAULT NULL,
  `chup_set` tinyint(1) DEFAULT '0',
  `chup_user` varchar(200) DEFAULT NULL,
  `verified` tinyint(1) DEFAULT '0',
  `docs_upload_sid` varchar(255) DEFAULT '0',
  `undelegated` tinyint(1) DEFAULT '0',
  `cert_ordered` tinyint(1) DEFAULT '0',
  `punycode` varchar(250) DEFAULT NULL,
  `webfwd` tinyint(1) DEFAULT '0',
  `ya_mail` tinyint(1) DEFAULT '0',
  `service_id` int(11) DEFAULT '0',
  `state` varchar(20) DEFAULT NULL,
  `o_company` varchar(80) DEFAULT NULL,
  `o_first_name` varchar(40) DEFAULT NULL,
  `o_last_name` varchar(40) DEFAULT NULL,
  `o_email` varchar(90) DEFAULT NULL,
  `o_phone` varchar(20) DEFAULT NULL,
  `o_fax` varchar(20) DEFAULT NULL,
  `o_addr` varchar(80) DEFAULT NULL,
  `o_city` varchar(80) DEFAULT NULL,
  `o_state` varchar(40) DEFAULT NULL,
  `o_postcode` varchar(10) DEFAULT NULL,
  `o_country_code` char(2) DEFAULT NULL,
  `a_company` varchar(80) DEFAULT NULL,
  `a_first_name` varchar(40) DEFAULT NULL,
  `a_last_name` varchar(40) DEFAULT NULL,
  `a_email` varchar(90) DEFAULT NULL,
  `a_phone` varchar(20) DEFAULT NULL,
  `a_fax` varchar(20) DEFAULT NULL,
  `a_addr` varchar(80) DEFAULT NULL,
  `a_city` varchar(80) DEFAULT NULL,
  `a_state` varchar(40) DEFAULT NULL,
  `a_postcode` varchar(10) DEFAULT NULL,
  `a_country_code` char(2) DEFAULT NULL,
  `t_company` varchar(80) DEFAULT NULL,
  `t_first_name` varchar(40) DEFAULT NULL,
  `t_last_name` varchar(40) DEFAULT NULL,
  `t_email` varchar(90) DEFAULT NULL,
  `t_phone` varchar(20) DEFAULT NULL,
  `t_fax` varchar(20) DEFAULT NULL,
  `t_addr` varchar(80) DEFAULT NULL,
  `t_city` varchar(80) DEFAULT NULL,
  `t_state` varchar(40) DEFAULT NULL,
  `t_postcode` varchar(10) DEFAULT NULL,
  `t_country_code` char(2) DEFAULT NULL,
  `b_company` varchar(80) DEFAULT NULL,
  `b_first_name` varchar(40) DEFAULT NULL,
  `b_last_name` varchar(40) DEFAULT NULL,
  `b_email` varchar(90) DEFAULT NULL,
  `b_phone` varchar(20) DEFAULT NULL,
  `b_fax` varchar(20) DEFAULT NULL,
  `b_addr` varchar(80) DEFAULT NULL,
  `b_city` varchar(80) DEFAULT NULL,
  `b_state` varchar(40) DEFAULT NULL,
  `b_postcode` varchar(10) DEFAULT NULL,
  `b_country_code` char(2) DEFAULT NULL,
  `user_servid` varchar(50) DEFAULT NULL,
  `sm_date` date DEFAULT NULL,
  PRIMARY KEY (`id`),
  KEY `i_service_id` (`service_id`),
  KEY `user_id` (`user_id`)
) ENGINE=MyISAM DEFAULT CHARSET=cp1251 AUTO_INCREMENT=1 ;

-- --------------------------------------------------------

--
-- Структура таблицы `rp3_domain_folders`
--

CREATE TABLE IF NOT EXISTS `rp3_domain_folders` (
  `id` int(11) NOT NULL AUTO_INCREMENT,
  `user_id` int(11) NOT NULL,
  `name` varchar(200) NOT NULL,
  PRIMARY KEY (`id`),
  KEY `user_id` (`user_id`)
) ENGINE=MyISAM DEFAULT CHARSET=cp1251 AUTO_INCREMENT=1 ;

-- --------------------------------------------------------

--
-- Структура таблицы `rp3_domain_manager`
--

CREATE TABLE IF NOT EXISTS `rp3_domain_manager` (
  `id` int(11) NOT NULL AUTO_INCREMENT,
  `user_id` int(11) NOT NULL,
  `type` char(1) NOT NULL DEFAULT 'f',
  `date` date NOT NULL,
  `code` varchar(12) DEFAULT NULL,
  `country` char(2) NOT NULL,
  `phone` text NOT NULL,
  `fax` text,
  `email` text NOT NULL,
  `org` text,
  `org_r` text,
  `kpp` varchar(9) DEFAULT NULL,
  `address_r` text,
  `first_name` varchar(40) DEFAULT NULL,
  `last_name` varchar(40) DEFAULT NULL,
  `middle_name` varchar(1) DEFAULT NULL,
  `birth_date` date DEFAULT NULL,
  `create_from` enum('panel','api') NOT NULL DEFAULT 'panel',
  `eng_phone` varchar(20) DEFAULT NULL,
  `eng_addr` varchar(80) DEFAULT NULL,
  `eng_city` varchar(80) DEFAULT NULL,
  `eng_state` varchar(40) DEFAULT NULL,
  `eng_postcode` int(10) DEFAULT NULL,
  `eng_fax` varchar(20) DEFAULT NULL,
  `eng_org` varchar(80) DEFAULT NULL,
  `person_r_fname` varchar(64) DEFAULT NULL,
  `person_r_lname` varchar(64) DEFAULT NULL,
  `person_r_ot` varchar(64) DEFAULT NULL,
  `passport_num` varchar(15) DEFAULT NULL,
  `passport_kem_vidan` varchar(200) DEFAULT NULL,
  `passport_date` date DEFAULT NULL,
  `p_addr_zip` varchar(6) DEFAULT NULL,
  `p_addr_area` varchar(200) DEFAULT NULL,
  `p_addr_city` varchar(200) DEFAULT NULL,
  `p_addr_addr` varchar(200) DEFAULT NULL,
  `p_addr_recipient` varchar(200) DEFAULT NULL,
  `private_person_flag` tinyint(1) NOT NULL DEFAULT '0',
  `profile_name` varchar(200) NOT NULL,
  `default_profile` tinyint(1) NOT NULL DEFAULT '0',
  `o_company` varchar(80) DEFAULT NULL,
  `o_first_name` varchar(40) DEFAULT NULL,
  `o_last_name` varchar(40) DEFAULT NULL,
  `o_email` varchar(90) DEFAULT NULL,
  `o_phone` varchar(20) DEFAULT NULL,
  `o_fax` varchar(20) DEFAULT NULL,
  `o_addr` varchar(80) DEFAULT NULL,
  `o_city` varchar(80) DEFAULT NULL,
  `o_state` varchar(40) DEFAULT NULL,
  `o_postcode` varchar(10) DEFAULT NULL,
  `o_country_code` char(2) DEFAULT NULL,
  `a_company` varchar(80) DEFAULT NULL,
  `a_first_name` varchar(40) DEFAULT NULL,
  `a_last_name` varchar(40) DEFAULT NULL,
  `a_email` varchar(90) DEFAULT NULL,
  `a_phone` varchar(20) DEFAULT NULL,
  `a_fax` varchar(20) DEFAULT NULL,
  `a_addr` varchar(80) DEFAULT NULL,
  `a_city` varchar(80) DEFAULT NULL,
  `a_state` varchar(40) DEFAULT NULL,
  `a_postcode` varchar(10) DEFAULT NULL,
  `a_country_code` char(2) DEFAULT NULL,
  `t_company` varchar(80) DEFAULT NULL,
  `t_first_name` varchar(40) DEFAULT NULL,
  `t_last_name` varchar(40) DEFAULT NULL,
  `t_email` varchar(90) DEFAULT NULL,
  `t_phone` varchar(20) DEFAULT NULL,
  `t_fax` varchar(20) DEFAULT NULL,
  `t_addr` varchar(80) DEFAULT NULL,
  `t_city` varchar(80) DEFAULT NULL,
  `t_state` varchar(40) DEFAULT NULL,
  `t_postcode` varchar(10) DEFAULT NULL,
  `t_country_code` char(2) DEFAULT NULL,
  `b_company` varchar(80) DEFAULT NULL,
  `b_first_name` varchar(40) DEFAULT NULL,
  `b_last_name` varchar(40) DEFAULT NULL,
  `b_email` varchar(90) DEFAULT NULL,
  `b_phone` varchar(20) DEFAULT NULL,
  `b_fax` varchar(20) DEFAULT NULL,
  `b_addr` varchar(80) DEFAULT NULL,
  `b_city` varchar(80) DEFAULT NULL,
  `b_state` varchar(40) DEFAULT NULL,
  `b_postcode` varchar(10) DEFAULT NULL,
  `b_country_code` char(2) DEFAULT NULL,
  PRIMARY KEY (`id`),
  KEY `user_id` (`user_id`)
) ENGINE=MyISAM DEFAULT CHARSET=cp1251 AUTO_INCREMENT=1 ;

-- --------------------------------------------------------

--
-- Структура таблицы `rp3_d_move_log`
--

CREATE TABLE IF NOT EXISTS `rp3_d_move_log` (
  `id` int(11) NOT NULL AUTO_INCREMENT,
  `ts` timestamp NULL DEFAULT CURRENT_TIMESTAMP,
  `ip` varchar(15) DEFAULT NULL,
  `old_user_id` int(11) NOT NULL,
  `new_user_id` int(11) NOT NULL,
  `domain` varchar(200) NOT NULL,
  `wf_service_id` int(11) NOT NULL DEFAULT '0',
  PRIMARY KEY (`id`)
) ENGINE=MyISAM DEFAULT CHARSET=cp1251 AUTO_INCREMENT=1 ;

-- --------------------------------------------------------

--
-- Структура таблицы `rp3_faq`
--

CREATE TABLE IF NOT EXISTS `rp3_faq` (
  `id` int(11) NOT NULL AUTO_INCREMENT,
  `user_id` int(11) DEFAULT '0',
  `question` text,
  `question_dt` datetime DEFAULT NULL,
  `answer` text,
  `answer_dt` datetime DEFAULT NULL,
  `publish` tinyint(1) DEFAULT '0',
  `publish_all` tinyint(1) DEFAULT '0',
  PRIMARY KEY (`id`),
  KEY `user_id` (`user_id`)
) ENGINE=MyISAM DEFAULT CHARSET=cp1251 AUTO_INCREMENT=1 ;

-- --------------------------------------------------------

--
-- Структура таблицы `rp3_float_tarifs_rules`
--

CREATE TABLE IF NOT EXISTS `rp3_float_tarifs_rules` (
  `id` int(11) NOT NULL AUTO_INCREMENT,
  `user_id` int(11) NOT NULL,
  `from_domains_count` int(11) NOT NULL,
  `tariff_id` int(11) NOT NULL,
  `executed` tinyint(1) NOT NULL DEFAULT '0',
  PRIMARY KEY (`id`),
  KEY `user_id` (`user_id`)
) ENGINE=MyISAM DEFAULT CHARSET=cp1251 AUTO_INCREMENT=1 ;

-- --------------------------------------------------------

--
-- Структура таблицы `rp3_float_tarifs_rules_general`
--

CREATE TABLE IF NOT EXISTS `rp3_float_tarifs_rules_general` (
  `id` int(11) NOT NULL AUTO_INCREMENT,
  `name` varchar(200) NOT NULL,
  `from_domains_count` int(11) NOT NULL,
  `tariff_id` int(11) NOT NULL,
  PRIMARY KEY (`id`)
) ENGINE=MyISAM DEFAULT CHARSET=cp1251 AUTO_INCREMENT=1 ;

-- --------------------------------------------------------

--
-- Структура таблицы `rp3_friend_code_history`
--

CREATE TABLE IF NOT EXISTS `rp3_friend_code_history` (
  `id` int(11) NOT NULL AUTO_INCREMENT,
  `code_owner_id` int(11) NOT NULL,
  `new_user_id` int(11) NOT NULL,
  `ts` timestamp NOT NULL DEFAULT CURRENT_TIMESTAMP,
  PRIMARY KEY (`id`)
) ENGINE=MyISAM DEFAULT CHARSET=cp1251 AUTO_INCREMENT=1 ;

-- --------------------------------------------------------

--
-- Структура таблицы `rp3_global_debug`
--

CREATE TABLE IF NOT EXISTS `rp3_global_debug` (
  `id` int(11) NOT NULL AUTO_INCREMENT,
  `ts` timestamp NULL DEFAULT CURRENT_TIMESTAMP,
  `rec_type` tinyint(1) NOT NULL,
  `rec_key` char(32) NOT NULL,
  `curlopt_url` text,
  `curl_post` text,
  `curl_answer` longtext,
  `curl_error_txt` text,
  `curl_error_num` text,
  `curl_getinfo` text,
  PRIMARY KEY (`id`),
  KEY `rec_key` (`rec_key`)
) ENGINE=MyISAM DEFAULT CHARSET=cp1251 AUTO_INCREMENT=1 ;

-- --------------------------------------------------------

--
-- Структура таблицы `rp3_history_tariff_changes`
--

CREATE TABLE IF NOT EXISTS `rp3_history_tariff_changes` (
  `id` int(11) NOT NULL AUTO_INCREMENT,
  `user_id` int(11) NOT NULL,
  `old_tariff_id` int(11) NOT NULL,
  `new_tariff_id` int(11) NOT NULL,
  `ts` timestamp NOT NULL DEFAULT CURRENT_TIMESTAMP,
  `who_change` enum('admin','rule_gen','rule_ind','promo_pin') NOT NULL,
  PRIMARY KEY (`id`)
) ENGINE=MyISAM DEFAULT CHARSET=cp1251 AUTO_INCREMENT=1 ;

-- --------------------------------------------------------

--
-- Структура таблицы `rp3_login_stat`
--

CREATE TABLE IF NOT EXISTS `rp3_login_stat` (
  `id` int(11) unsigned NOT NULL AUTO_INCREMENT,
  `email` varchar(255) NOT NULL,
  `ts` timestamp NOT NULL DEFAULT CURRENT_TIMESTAMP,
  `ip` varchar(15) DEFAULT NULL,
  PRIMARY KEY (`id`)
) ENGINE=MyISAM  DEFAULT CHARSET=cp1251 AUTO_INCREMENT=2 ;

--
-- Дамп данных таблицы `rp3_login_stat`
--

INSERT INTO `rp3_login_stat` (`id`, `email`, `ts`, `ip`) VALUES
(1, 'fox-vip@ya.ru', '2013-01-21 15:55:07', '85.26.241.97');

-- --------------------------------------------------------

--
-- Структура таблицы `rp3_msg_for_users`
--

CREATE TABLE IF NOT EXISTS `rp3_msg_for_users` (
  `id` int(11) NOT NULL AUTO_INCREMENT,
  `for_user_id` int(11) DEFAULT '0',
  `ts` timestamp NULL DEFAULT CURRENT_TIMESTAMP,
  `enable` tinyint(1) NOT NULL DEFAULT '0',
  `msg_text` text,
  PRIMARY KEY (`id`),
  KEY `for_user_id` (`for_user_id`)
) ENGINE=MyISAM DEFAULT CHARSET=cp1251 AUTO_INCREMENT=1 ;

-- --------------------------------------------------------

--
-- Структура таблицы `rp3_msg_for_users_stat`
--

CREATE TABLE IF NOT EXISTS `rp3_msg_for_users_stat` (
  `id` int(11) NOT NULL AUTO_INCREMENT,
  `msg_id` int(11) NOT NULL,
  `user_id` int(11) NOT NULL,
  `ts` timestamp NULL DEFAULT CURRENT_TIMESTAMP,
  PRIMARY KEY (`id`),
  KEY `msg_id` (`msg_id`),
  KEY `user_id` (`user_id`)
) ENGINE=MyISAM DEFAULT CHARSET=cp1251 AUTO_INCREMENT=1 ;

-- --------------------------------------------------------

--
-- Структура таблицы `rp3_news`
--

CREATE TABLE IF NOT EXISTS `rp3_news` (
  `id` int(11) NOT NULL AUTO_INCREMENT,
  `news_date` date DEFAULT NULL,
  `header` text,
  `news_text` mediumtext,
  PRIMARY KEY (`id`),
  KEY `news_date` (`news_date`)
) ENGINE=MyISAM  DEFAULT CHARSET=cp1251 AUTO_INCREMENT=2 ;

--
-- Дамп данных таблицы `rp3_news`
--

INSERT INTO `rp3_news` (`id`, `news_date`, `header`, `news_text`) VALUES
(1, '2013-01-21', 'Открытие центра регистрации домеов', 'Регистрируйте домены и получайте скидки=)');

-- --------------------------------------------------------

--
-- Структура таблицы `rp3_orders`
--

CREATE TABLE IF NOT EXISTS `rp3_orders` (
  `id` int(11) NOT NULL AUTO_INCREMENT,
  `user_id` int(11) NOT NULL,
  `operation` enum('reg','re_reg','hosting','hosting_re_new','manual','certificate','webfwd','vps','addip','addip_other','isp_lic_lite','isp_lic_pro') NOT NULL,
  `domain` varchar(67) NOT NULL,
  `punycode` varchar(250) DEFAULT NULL,
  `sum` int(11) NOT NULL,
  `timestamp` timestamp NOT NULL DEFAULT CURRENT_TIMESTAMP,
  `operation_from` enum('panel','api') NOT NULL,
  `status` tinyint(2) NOT NULL DEFAULT '99',
  `update_ts` datetime DEFAULT NULL,
  `email` text,
  `person` varchar(64) DEFAULT NULL,
  `mb` tinyint(1) DEFAULT '0',
  `folder_id` int(11) NOT NULL DEFAULT '0',
  `bonus_sum` int(11) NOT NULL DEFAULT '0',
  `payed_sum` int(11) NOT NULL DEFAULT '0',
  `h_tariff_name` varchar(100) DEFAULT NULL,
  `h_t_name` varchar(100) DEFAULT NULL,
  `domain_id` int(11) DEFAULT NULL,
  `period` tinyint(2) DEFAULT NULL,
  `local_srv_id` int(11) DEFAULT '0',
  `service_id` int(11) DEFAULT '0',
  `servtype` enum('srv_hosting_cpanel','domain','srv_webfwd','srv_parking','srv_dns_both','srv_hosting_ispmgr','srv_certificate','srv_vps','srv_license_isp','srv_addip','srv_yandex_mail') DEFAULT NULL,
  `oper_type` enum('new','renew','upgrade') DEFAULT NULL,
  `user_servid` varchar(50) DEFAULT NULL,
  PRIMARY KEY (`id`),
  KEY `user_id` (`user_id`),
  KEY `i_operation` (`operation`),
  KEY `i_status` (`status`),
  KEY `i_timestamp` (`timestamp`)
) ENGINE=MyISAM  DEFAULT CHARSET=cp1251 AUTO_INCREMENT=2 ;

--
-- Дамп данных таблицы `rp3_orders`
--

INSERT INTO `rp3_orders` (`id`, `user_id`, `operation`, `domain`, `punycode`, `sum`, `timestamp`, `operation_from`, `status`, `update_ts`, `email`, `person`, `mb`, `folder_id`, `bonus_sum`, `payed_sum`, `h_tariff_name`, `h_t_name`, `domain_id`, `period`, `local_srv_id`, `service_id`, `servtype`, `oper_type`, `user_servid`) VALUES
(1, 1, 'hosting', 'vtulun.ru', '', 99, '2013-01-21 16:01:34', 'panel', 7, '2013-01-21 20:37:41', NULL, NULL, 1, 0, 0, 84, 'Host-Lite', 'Host-Lite-0910', 0, 1, 1, 0, 'srv_hosting_ispmgr', 'new', 'dda3e5a5dee3d0a640936eb9cf451bea');

-- --------------------------------------------------------

--
-- Структура таблицы `rp3_price`
--

CREATE TABLE IF NOT EXISTS `rp3_price` (
  `id` int(11) NOT NULL AUTO_INCREMENT,
  `name` varchar(50) NOT NULL,
  `create_data` date NOT NULL,
  `default_tariff` tinyint(1) NOT NULL DEFAULT '0',
  `enabled` tinyint(1) NOT NULL DEFAULT '1',
  PRIMARY KEY (`id`)
) ENGINE=MyISAM  DEFAULT CHARSET=cp1251 AUTO_INCREMENT=2 ;

--
-- Дамп данных таблицы `rp3_price`
--

INSERT INTO `rp3_price` (`id`, `name`, `create_data`, `default_tariff`, `enabled`) VALUES
(1, 'Розничный тариф', '2013-01-21', 1, 1);

-- --------------------------------------------------------

--
-- Структура таблицы `rp3_price_zone`
--

CREATE TABLE IF NOT EXISTS `rp3_price_zone` (
  `id` int(11) NOT NULL AUTO_INCREMENT,
  `price_id` int(11) NOT NULL DEFAULT '1',
  `zone` varchar(10) NOT NULL,
  `reg_price` int(6) unsigned NOT NULL,
  `re_reg_price` int(6) unsigned NOT NULL,
  `regru_reg_price` int(6) NOT NULL DEFAULT '0',
  `regru_re_reg_price` int(6) NOT NULL DEFAULT '0',
  `enabled` tinyint(1) NOT NULL DEFAULT '0',
  `bonus_sum` int(11) NOT NULL DEFAULT '0',
  `sort_id` tinyint(1) DEFAULT '0',
  PRIMARY KEY (`id`)
) ENGINE=MyISAM  DEFAULT CHARSET=cp1251 AUTO_INCREMENT=41 ;

--
-- Дамп данных таблицы `rp3_price_zone`
--

INSERT INTO `rp3_price_zone` (`id`, `price_id`, `zone`, `reg_price`, `re_reg_price`, `regru_reg_price`, `regru_re_reg_price`, `enabled`, `bonus_sum`, `sort_id`) VALUES
(1, 1, '.рф', 1200, 1200, 0, 0, 1, 0, 0),
(2, 1, '.ru', 590, 450, 0, 0, 1, 0, 1),
(3, 1, '.su', 600, 600, 0, 0, 1, 0, 2),
(4, 1, '.ru.com', 1800, 1800, 0, 0, 1, 0, 3),
(5, 1, '.kiev.ua', 290, 290, 0, 0, 1, 0, 4),
(6, 1, '.com.ua', 410, 410, 0, 0, 1, 0, 5),
(7, 1, '.pp.ua', 100, 100, 0, 0, 1, 0, 6),
(8, 1, '.kz', 720, 720, 0, 0, 1, 0, 7),
(9, 1, '.com.kz', 720, 720, 0, 0, 1, 0, 8),
(10, 1, '.org.kz', 720, 720, 0, 0, 1, 0, 9),
(11, 1, '.am', 2050, 2050, 0, 0, 1, 0, 10),
(12, 1, '.co.am', 2050, 2050, 0, 0, 1, 0, 11),
(13, 1, '.com.am', 2050, 2050, 0, 0, 1, 0, 12),
(14, 1, '.net.am', 2050, 2050, 0, 0, 1, 0, 13),
(15, 1, '.org.am', 2050, 2050, 0, 0, 1, 0, 14),
(16, 1, '.com', 450, 450, 0, 0, 1, 0, 15),
(17, 1, '.__idn.com', 960, 960, 0, 0, 1, 0, 16),
(18, 1, '.net', 450, 450, 0, 0, 1, 0, 17),
(19, 1, '.__idn.net', 960, 960, 0, 0, 1, 0, 18),
(20, 1, '.org', 450, 450, 0, 0, 1, 0, 19),
(21, 1, '.biz', 450, 450, 0, 0, 1, 0, 20),
(22, 1, '.name', 450, 450, 0, 0, 1, 0, 21),
(23, 1, '.info', 450, 450, 0, 0, 1, 0, 22),
(24, 1, '.mobi', 980, 980, 0, 0, 1, 0, 23),
(25, 1, '.tw', 2200, 2200, 0, 0, 1, 0, 24),
(26, 1, '.in', 940, 940, 0, 0, 1, 0, 25),
(27, 1, '.co.in', 470, 470, 0, 0, 1, 0, 26),
(28, 1, '.net.in', 470, 470, 0, 0, 1, 0, 27),
(29, 1, '.org.in', 470, 470, 0, 0, 1, 0, 28),
(30, 1, '.gen.in', 470, 470, 0, 0, 1, 0, 29),
(31, 1, '.firm.in', 470, 470, 0, 0, 1, 0, 30),
(32, 1, '.ind.in', 470, 470, 0, 0, 1, 0, 31),
(33, 1, '.mn', 1900, 1900, 0, 0, 1, 0, 32),
(34, 1, '.cc', 1070, 1070, 0, 0, 1, 0, 33),
(35, 1, '.ws', 500, 500, 0, 0, 1, 0, 34),
(36, 1, '.bz', 1100, 1100, 0, 0, 1, 0, 35),
(37, 1, '.za.com', 1800, 1800, 0, 0, 1, 0, 36),
(38, 1, '.uy.com', 1800, 1800, 0, 0, 1, 0, 37),
(39, 1, '.br.com', 1800, 1800, 0, 0, 1, 0, 38),
(40, 1, '.tv', 1200, 1200, 0, 0, 1, 0, 39);

-- --------------------------------------------------------

--
-- Структура таблицы `rp3_promo_pin`
--

CREATE TABLE IF NOT EXISTS `rp3_promo_pin` (
  `id` int(11) NOT NULL AUTO_INCREMENT,
  `pin_create_date` timestamp NOT NULL DEFAULT CURRENT_TIMESTAMP,
  `permanent` tinyint(1) NOT NULL DEFAULT '0',
  `pin` varchar(20) NOT NULL,
  `tariff_id` int(11) NOT NULL DEFAULT '0',
  `sum` int(11) NOT NULL DEFAULT '0',
  `executed` tinyint(1) NOT NULL DEFAULT '0',
  `pin_executed_date` timestamp NOT NULL DEFAULT '0000-00-00 00:00:00',
  PRIMARY KEY (`id`)
) ENGINE=MyISAM DEFAULT CHARSET=cp1251 AUTO_INCREMENT=1 ;

-- --------------------------------------------------------

--
-- Структура таблицы `rp3_promo_pin_history`
--

CREATE TABLE IF NOT EXISTS `rp3_promo_pin_history` (
  `id` int(11) NOT NULL AUTO_INCREMENT,
  `promo_pin_id` int(11) NOT NULL,
  `user_id` int(11) NOT NULL,
  `ts` timestamp NOT NULL DEFAULT CURRENT_TIMESTAMP,
  PRIMARY KEY (`id`),
  KEY `user_id` (`user_id`)
) ENGINE=MyISAM DEFAULT CHARSET=cp1251 AUTO_INCREMENT=1 ;

-- --------------------------------------------------------

--
-- Структура таблицы `rp3_rates`
--

CREATE TABLE IF NOT EXISTS `rp3_rates` (
  `id` int(11) NOT NULL AUTO_INCREMENT,
  `usd_to_rub` varchar(10) DEFAULT NULL,
  `eur_to_rub` varchar(10) DEFAULT NULL,
  `date` date DEFAULT NULL,
  `ts` timestamp NOT NULL DEFAULT CURRENT_TIMESTAMP,
  PRIMARY KEY (`id`)
) ENGINE=MyISAM  DEFAULT CHARSET=cp1251 AUTO_INCREMENT=3 ;

--
-- Дамп данных таблицы `rp3_rates`
--

INSERT INTO `rp3_rates` (`id`, `usd_to_rub`, `eur_to_rub`, `date`, `ts`) VALUES
(1, '30.9490', '42.3568', '2010-11-22', '2013-01-21 15:23:03'),
(2, '30.9490', '42.3568', '2013-01-21', '2013-01-21 15:23:11');

-- --------------------------------------------------------

--
-- Структура таблицы `rp3_sendmail_tmp`
--

CREATE TABLE IF NOT EXISTS `rp3_sendmail_tmp` (
  `id` int(11) NOT NULL AUTO_INCREMENT,
  `to_email` varchar(255) NOT NULL,
  `msg_subject` varchar(255) NOT NULL,
  `msg` mediumtext,
  `ts` timestamp NULL DEFAULT CURRENT_TIMESTAMP,
  PRIMARY KEY (`id`)
) ENGINE=MyISAM DEFAULT CHARSET=cp1251 AUTO_INCREMENT=1 ;

-- --------------------------------------------------------

--
-- Структура таблицы `rp3_spread`
--

CREATE TABLE IF NOT EXISTS `rp3_spread` (
  `id` int(11) NOT NULL AUTO_INCREMENT,
  `user_id` int(11) DEFAULT NULL,
  `order_id` int(11) DEFAULT NULL,
  `ts` timestamp NULL DEFAULT CURRENT_TIMESTAMP,
  `create_from` enum('panel','api') NOT NULL DEFAULT 'panel',
  `operation_type` enum('reg','re_reg','hosting','hosting_re_new','certificate','webfwd','vps','vps_re_new') DEFAULT NULL,
  `spread` int(11) DEFAULT NULL,
  `oper_type` enum('new','renew','upgrade') DEFAULT NULL,
  PRIMARY KEY (`id`),
  KEY `index1` (`user_id`,`ts`,`operation_type`)
) ENGINE=MyISAM DEFAULT CHARSET=cp1251 AUTO_INCREMENT=1 ;

-- --------------------------------------------------------

--
-- Структура таблицы `rp3_srv_price`
--

CREATE TABLE IF NOT EXISTS `rp3_srv_price` (
  `id` int(11) NOT NULL AUTO_INCREMENT,
  `price_id` int(11) NOT NULL,
  `servtype` enum('srv_hosting_cpanel','srv_webfwd','srv_parking','srv_dns_both','srv_hosting_ispmgr','srv_certificate','srv_vps','srv_license_isp','srv_addip','srv_yandex_mail') NOT NULL,
  `subtype` varchar(100) DEFAULT NULL,
  `period` tinyint(2) NOT NULL,
  `srv_name` varchar(100) DEFAULT NULL,
  `regru_price` int(11) NOT NULL,
  `user_price` int(11) NOT NULL,
  `srv_in_arc` tinyint(1) NOT NULL DEFAULT '0',
  `bonus_sum` int(11) NOT NULL DEFAULT '0',
  `add_ts` timestamp NULL DEFAULT CURRENT_TIMESTAMP,
  PRIMARY KEY (`id`)
) ENGINE=MyISAM  DEFAULT CHARSET=cp1251 AUTO_INCREMENT=22 ;

--
-- Дамп данных таблицы `rp3_srv_price`
--

INSERT INTO `rp3_srv_price` (`id`, `price_id`, `servtype`, `subtype`, `period`, `srv_name`, `regru_price`, `user_price`, `srv_in_arc`, `bonus_sum`, `add_ts`) VALUES
(1, 1, 'srv_certificate', NULL, 0, NULL, 200, 250, 0, 0, '2013-01-21 15:23:03'),
(2, 1, 'srv_webfwd', NULL, 1, NULL, 90, 120, 0, 0, '2013-01-21 15:23:03'),
(3, 1, 'srv_vps', 'VPS-1', 1, 'VPS-1', 315, 350, 0, 0, '2013-01-21 15:23:03'),
(4, 1, 'srv_vps', 'VPS-2', 1, 'VPS-2', 630, 700, 0, 0, '2013-01-21 15:23:03'),
(5, 1, 'srv_vps', 'VPS-3', 1, 'VPS-3', 1260, 1400, 0, 0, '2013-01-21 15:23:03'),
(6, 1, 'srv_vps', 'VPS-4', 1, 'VPS-4', 2520, 2800, 0, 0, '2013-01-21 15:23:03'),
(7, 1, 'srv_license_isp', 'lite', 1, '', 135, 150, 0, 0, '2013-01-21 15:23:03'),
(8, 1, 'srv_license_isp', 'pro', 1, '', 225, 250, 0, 0, '2013-01-21 15:23:03'),
(9, 1, 'srv_addip', '', 1, '', 25, 30, 0, 0, '2013-01-21 15:23:03'),
(10, 1, 'srv_addip', 'other_subnet', 1, '', 50, 60, 0, 0, '2013-01-21 15:23:03'),
(11, 1, 'srv_hosting_ispmgr', 'Host-Lite-0910', 1, 'Host-Lite', 84, 99, 0, 0, '2013-01-21 15:23:03'),
(12, 1, 'srv_hosting_ispmgr', 'Host-0-0910', 1, 'Host-0', 127, 149, 0, 0, '2013-01-21 15:23:03'),
(13, 1, 'srv_hosting_ispmgr', 'Host-1-1209', 1, 'Host-1', 212, 249, 0, 0, '2013-01-21 15:23:03'),
(14, 1, 'srv_hosting_ispmgr', 'Host-2-1209', 1, 'Host-2', 297, 349, 0, 0, '2013-01-21 15:23:03'),
(15, 1, 'srv_hosting_ispmgr', 'Host-3-1209', 1, 'Host-3', 424, 499, 0, 0, '2013-01-21 15:23:03'),
(16, 1, 'srv_hosting_ispmgr', 'Host-CMS-1209', 1, 'Host-CMS', 849, 999, 0, 0, '2013-01-21 15:23:03'),
(17, 1, 'srv_hosting_cpanel', 'Host-0', 1, 'Host-0', 127, 149, 0, 0, '2013-01-21 15:23:03'),
(18, 1, 'srv_hosting_cpanel', 'Host-1', 1, 'Host-1', 212, 249, 0, 0, '2013-01-21 15:23:03'),
(19, 1, 'srv_hosting_cpanel', 'Host-2', 1, 'Host-2', 297, 349, 0, 0, '2013-01-21 15:23:03'),
(20, 1, 'srv_hosting_cpanel', 'Host-3', 1, 'Host-3', 424, 499, 0, 0, '2013-01-21 15:23:03'),
(21, 1, 'srv_hosting_cpanel', 'Host-CMS', 1, 'Host-CMS', 849, 999, 0, 0, '2013-01-21 15:23:03');

-- --------------------------------------------------------

--
-- Структура таблицы `rp3_srv_services`
--

CREATE TABLE IF NOT EXISTS `rp3_srv_services` (
  `id` int(11) NOT NULL AUTO_INCREMENT,
  `parent_srv_id` int(11) NOT NULL DEFAULT '0',
  `user_id` int(11) NOT NULL,
  `servtype` enum('srv_hosting_cpanel','srv_webfwd','srv_parking','srv_dns_both','srv_hosting_ispmgr','srv_certificate','srv_vps','srv_license_isp','srv_addip','srv_yandex_mail') DEFAULT NULL,
  `subtype` varchar(100) DEFAULT NULL,
  `srv_name` varchar(100) DEFAULT NULL,
  `creation_date` date NOT NULL,
  `expiration_date` date NOT NULL,
  `domain` varchar(100) DEFAULT NULL,
  `punycode` varchar(250) DEFAULT NULL,
  `domain_id` int(11) NOT NULL DEFAULT '0',
  `service_id` int(11) NOT NULL DEFAULT '0',
  `uplink_service_id` int(11) NOT NULL DEFAULT '0',
  `state` varchar(20) NOT NULL DEFAULT 'N',
  `email` varchar(255) DEFAULT NULL,
  `vps_name` varchar(255) DEFAULT NULL,
  `vps_ostmpl` varchar(100) DEFAULT NULL,
  `vps_ip` varchar(15) DEFAULT NULL,
  `vps_verified` tinyint(1) DEFAULT '0',
  `doc_upload_sid` varchar(255) DEFAULT NULL,
  `user_servid` varchar(50) DEFAULT NULL,
  `folder_id` int(11) NOT NULL DEFAULT '0',
  `create_from` enum('panel','api') NOT NULL DEFAULT 'panel',
  `option_srv_type` enum('hosting','vps','other') NOT NULL DEFAULT 'other',
  PRIMARY KEY (`id`),
  KEY `user_id` (`user_id`)
) ENGINE=MyISAM  DEFAULT CHARSET=cp1251 AUTO_INCREMENT=2 ;

--
-- Дамп данных таблицы `rp3_srv_services`
--

INSERT INTO `rp3_srv_services` (`id`, `parent_srv_id`, `user_id`, `servtype`, `subtype`, `srv_name`, `creation_date`, `expiration_date`, `domain`, `punycode`, `domain_id`, `service_id`, `uplink_service_id`, `state`, `email`, `vps_name`, `vps_ostmpl`, `vps_ip`, `vps_verified`, `doc_upload_sid`, `user_servid`, `folder_id`, `create_from`, `option_srv_type`) VALUES
(1, 0, 1, 'srv_hosting_ispmgr', 'Host-Lite-0910', 'Host-Lite', '2013-01-21', '2013-02-21', 'vtulun.ru', '', 0, 0, 0, 'N', 'fox-vip@ya.ru', '', '', '', 0, NULL, 'dda3e5a5dee3d0a640936eb9cf451bea', 0, 'panel', 'hosting');

-- --------------------------------------------------------

--
-- Структура таблицы `rp3_staff_permissions`
--

CREATE TABLE IF NOT EXISTS `rp3_staff_permissions` (
  `id` int(11) NOT NULL AUTO_INCREMENT,
  `admin_id` int(11) NOT NULL,
  `perm_1` tinyint(1) NOT NULL DEFAULT '0',
  `perm_2` tinyint(1) NOT NULL DEFAULT '0',
  `perm_3` tinyint(1) NOT NULL DEFAULT '0',
  `perm_4` tinyint(1) NOT NULL DEFAULT '0',
  `perm_5` tinyint(1) NOT NULL DEFAULT '0',
  `perm_6` tinyint(1) NOT NULL DEFAULT '0',
  `perm_7` tinyint(1) NOT NULL DEFAULT '0',
  `perm_8` tinyint(1) NOT NULL DEFAULT '0',
  `perm_9` tinyint(1) NOT NULL DEFAULT '0',
  `perm_10` tinyint(1) NOT NULL DEFAULT '0',
  `perm_11` tinyint(1) NOT NULL DEFAULT '0',
  `perm_12` tinyint(1) NOT NULL DEFAULT '0',
  `perm_13` tinyint(1) NOT NULL DEFAULT '0',
  `perm_14` tinyint(1) NOT NULL DEFAULT '0',
  `perm_15` tinyint(1) NOT NULL DEFAULT '0',
  `perm_16` tinyint(1) NOT NULL DEFAULT '0',
  `perm_17` tinyint(1) NOT NULL DEFAULT '0',
  `perm_18` tinyint(1) NOT NULL DEFAULT '0',
  `perm_19` tinyint(1) NOT NULL DEFAULT '0',
  `perm_20` tinyint(1) NOT NULL DEFAULT '0',
  `perm_21` tinyint(1) NOT NULL DEFAULT '0',
  `perm_22` tinyint(1) NOT NULL DEFAULT '0',
  `perm_23` tinyint(1) NOT NULL DEFAULT '0',
  `perm_24` tinyint(1) NOT NULL DEFAULT '0',
  `perm_25` tinyint(1) NOT NULL DEFAULT '0',
  `perm_26` tinyint(1) NOT NULL DEFAULT '0',
  `perm_27` tinyint(1) NOT NULL DEFAULT '0',
  `perm_28` tinyint(1) NOT NULL DEFAULT '0',
  `perm_29` tinyint(1) NOT NULL DEFAULT '0',
  `perm_30` tinyint(1) NOT NULL DEFAULT '0',
  `perm_31` tinyint(1) NOT NULL DEFAULT '0',
  `perm_32` tinyint(1) NOT NULL DEFAULT '0',
  `perm_33` tinyint(1) NOT NULL DEFAULT '0',
  `perm_34` tinyint(1) NOT NULL DEFAULT '0',
  `perm_35` tinyint(1) NOT NULL DEFAULT '0',
  `perm_36` tinyint(1) NOT NULL DEFAULT '0',
  `perm_37` tinyint(1) NOT NULL DEFAULT '0',
  `perm_38` tinyint(1) NOT NULL DEFAULT '0',
  `perm_39` tinyint(1) NOT NULL DEFAULT '0',
  `perm_40` tinyint(1) NOT NULL DEFAULT '0',
  `perm_41` tinyint(1) NOT NULL DEFAULT '0',
  `perm_42` tinyint(1) NOT NULL DEFAULT '0',
  `perm_43` tinyint(1) NOT NULL DEFAULT '0',
  `perm_44` tinyint(1) NOT NULL DEFAULT '0',
  `perm_45` tinyint(1) NOT NULL DEFAULT '0',
  `perm_46` tinyint(1) NOT NULL DEFAULT '0',
  `perm_47` tinyint(1) NOT NULL DEFAULT '0',
  `perm_48` tinyint(1) NOT NULL DEFAULT '0',
  `perm_49` tinyint(1) NOT NULL DEFAULT '0',
  `perm_50` tinyint(1) NOT NULL DEFAULT '0',
  `perm_51` tinyint(1) NOT NULL DEFAULT '0',
  `perm_52` tinyint(1) NOT NULL DEFAULT '0',
  `perm_53` tinyint(1) NOT NULL DEFAULT '0',
  `perm_54` tinyint(1) NOT NULL DEFAULT '0',
  `perm_55` tinyint(1) NOT NULL DEFAULT '0',
  `perm_56` tinyint(1) NOT NULL DEFAULT '0',
  `perm_57` tinyint(1) NOT NULL DEFAULT '0',
  `perm_58` tinyint(1) NOT NULL DEFAULT '0',
  `perm_59` tinyint(1) NOT NULL DEFAULT '0',
  `perm_60` tinyint(1) NOT NULL DEFAULT '0',
  `perm_61` tinyint(1) NOT NULL DEFAULT '0',
  `perm_62` tinyint(1) NOT NULL DEFAULT '0',
  `perm_63` tinyint(1) NOT NULL DEFAULT '0',
  `perm_64` tinyint(1) NOT NULL DEFAULT '0',
  `perm_65` tinyint(1) NOT NULL DEFAULT '0',
  `perm_66` tinyint(1) NOT NULL DEFAULT '0',
  `perm_67` tinyint(1) NOT NULL DEFAULT '0',
  `perm_68` tinyint(1) NOT NULL DEFAULT '0',
  `perm_69` tinyint(1) NOT NULL DEFAULT '0',
  `perm_70` tinyint(1) NOT NULL DEFAULT '0',
  `perm_71` tinyint(1) NOT NULL DEFAULT '0',
  `perm_72` tinyint(1) NOT NULL DEFAULT '0',
  `perm_73` tinyint(1) NOT NULL DEFAULT '0',
  `perm_74` tinyint(1) NOT NULL DEFAULT '0',
  `perm_75` tinyint(1) NOT NULL DEFAULT '0',
  `perm_76` tinyint(1) NOT NULL DEFAULT '0',
  `perm_77` tinyint(1) NOT NULL DEFAULT '0',
  `perm_78` tinyint(1) NOT NULL DEFAULT '0',
  `perm_79` tinyint(1) NOT NULL DEFAULT '0',
  `perm_80` tinyint(1) NOT NULL DEFAULT '0',
  PRIMARY KEY (`id`)
) ENGINE=MyISAM  DEFAULT CHARSET=cp1251 AUTO_INCREMENT=2 ;

--
-- Дамп данных таблицы `rp3_staff_permissions`
--

INSERT INTO `rp3_staff_permissions` (`id`, `admin_id`, `perm_1`, `perm_2`, `perm_3`, `perm_4`, `perm_5`, `perm_6`, `perm_7`, `perm_8`, `perm_9`, `perm_10`, `perm_11`, `perm_12`, `perm_13`, `perm_14`, `perm_15`, `perm_16`, `perm_17`, `perm_18`, `perm_19`, `perm_20`, `perm_21`, `perm_22`, `perm_23`, `perm_24`, `perm_25`, `perm_26`, `perm_27`, `perm_28`, `perm_29`, `perm_30`, `perm_31`, `perm_32`, `perm_33`, `perm_34`, `perm_35`, `perm_36`, `perm_37`, `perm_38`, `perm_39`, `perm_40`, `perm_41`, `perm_42`, `perm_43`, `perm_44`, `perm_45`, `perm_46`, `perm_47`, `perm_48`, `perm_49`, `perm_50`, `perm_51`, `perm_52`, `perm_53`, `perm_54`, `perm_55`, `perm_56`, `perm_57`, `perm_58`, `perm_59`, `perm_60`, `perm_61`, `perm_62`, `perm_63`, `perm_64`, `perm_65`, `perm_66`, `perm_67`, `perm_68`, `perm_69`, `perm_70`, `perm_71`, `perm_72`, `perm_73`, `perm_74`, `perm_75`, `perm_76`, `perm_77`, `perm_78`, `perm_79`, `perm_80`) VALUES
(1, 1, 1, 1, 1, 1, 1, 1, 1, 1, 1, 1, 1, 1, 1, 1, 1, 1, 1, 1, 1, 1, 1, 1, 1, 1, 1, 1, 1, 1, 1, 1, 1, 1, 1, 1, 1, 1, 1, 1, 0, 0, 1, 1, 1, 1, 1, 1, 1, 1, 1, 1, 1, 1, 1, 1, 1, 1, 1, 1, 1, 1, 1, 1, 1, 1, 1, 1, 0, 0, 0, 0, 0, 0, 0, 0, 0, 0, 0, 0, 0, 0);

-- --------------------------------------------------------

--
-- Структура таблицы `rp3_templates`
--

CREATE TABLE IF NOT EXISTS `rp3_templates` (
  `id` int(11) NOT NULL AUTO_INCREMENT,
  `name` varchar(100) NOT NULL,
  `data` text,
  PRIMARY KEY (`id`),
  UNIQUE KEY `name` (`name`)
) ENGINE=MyISAM  DEFAULT CHARSET=cp1251 AUTO_INCREMENT=14 ;

--
-- Дамп данных таблицы `rp3_templates`
--

INSERT INTO `rp3_templates` (`id`, `name`, `data`) VALUES
(1, 'mail_reg', 'Уважаемый (я), {user_name} поздравляем Вас!\r\nВы успешно прошли регистрацию на сайте {site_name}.\r\n\r\nВаши регистрационные данные:\r\n\r\n1. Персональная информация:\r\nФамилия: {first_name}\r\nИмя: {last_name}\r\nE-mail (логин): {email}\r\nПароль: {passwd}\r\n\r\n2. Кодовое слово:\r\nКодовое слово: {secret_word}\r\n\r\n3: Восстановление пароля по E-mail (Секретный вопрос):\r\nСекретный вопрос: {secret_question}\r\nОтвет на вопрос: {secret_answer}\r\n\r\n\r\nДля активации Вашего аккаунта перейдите по ссылке {activation_link} или скопируйте ее в адресную строку браузера и нажмите «Enter».\r\n\r\n\r\nСпасибо за Ваше доверие к нашему проекту!\r\n'),
(2, 'mail_rem', 'Уважаемый, пользователь!\nДля восстановления пароля на сайт {site_name} пройдите по ссылке.\n\nСсылка: {user_getpass_link}\n\nСпасибо!'),
(3, 'support', '<p><span><strong>{site_name}</strong> знает как важна оперативная помощь, именно поэтому мы создали комфортные условия для решения вопросов любым удобным для Вас способом:</span></p>\r\n<p><br /></p>\r\n<p>\r\n1. По телефону - <span><strong>{support_phone}</strong></span><br />\r\n2. По ICQ - <span><strong>{support_icq}</strong></span><br />\r\n3. Электронной почте - <span><strong><a href="mailto:{support_email}">{support_email}</a></strong></span><br />\r\n</p>\r\n<p><br /></p>\r\n<p><strong>Служба технической поддержки работает с 8.00-20.00 в будние дни и с 9.00-18.00 в субботу и воскресение.</strong></p>'),
(4, 'reg_dog', '<table>\r\n	<tr><td>Публичный договор-оферта о предоставлении услуг в адрес физических и юридических лиц</td></tr>\r\n	<tr><td>1. Предмет договора</td></tr>\r\n	<tr><td>1.1. Исполнитель на основании заявок Заказчика оказывает услуги по регистрации (перерегистрации) доменов, а также иные услуги в соответствии с перечнем услуг, расположенным на веб-сайте Исполнителя {site_url}, а Заказчик обязуется принять и оплатить услуги Исполнителя в соответствии с условиями настоящего Договора.</td></tr>\r\n	<tr><td>1.2. Регистрация доменных имен в зоне .RU производится в соответствии с текущей версией документа Координационного центра национального домена сети Интернет Правила регистрации доменных имен в домене RU опубликованной на веб-сайте http://www.cctld.ru/.</td></tr>\r\n	<tr><td>1.3. Регистрация доменных имен в зоне .SU производится в соответствии с текущей версией документа Фонда Развития Интернет Положение о регистрации доменных имен в домене SU, опубликованной на веб-сайте http://www.fid.ru/projects/Registrars/dog_domain.php/#POLO-SU.</td></tr>\r\n	<tr><td>1.4. Регистрация доменных имен второго уровня в международных зонах производится в соответствии с установленными Правилами о регистрации доменных имен, утвержденными Регистратором доменных имен в выбранной для регистрации домена международной зоне. Для регистрации доменных имен в международных зонах Исполнитель самостоятельно выбирает Регистратора из числа тех, с которыми у Исполнителя заключены договоры.</td></tr>\r\n	<tr><td>1.5. Настоящий договор считается заключенным в следующих случаях:</td></tr>\r\n	<tr><td>1.5.1. После подписания Договора Сторонами.</td></tr>\r\n	<tr><td>1.5.2. В случае поступления предварительной оплаты за услуги, что будет являться акцептом настоящей оферты. Предварительная оплата за услуги должна поступать со ссылкой на номер Договора, выданный Исполнителем после заполнения анкеты.</td></tr>\r\n	<tr><td>1.5.3. В случае передачи по инициативе Заказчика доменного имени или иных услуг на обслуживание к Исполнителю от иного Регистратора или Партнера Исполнителя. Акцептом настоящей оферты в данном случае будет являться направленное в адрес Исполнителя письмо Заказчика о передаче услуг по установленной Исполнителем форме.</td></tr>\r\n	<tr><td>1.5.4. В случае передачи Заказчику от иного лица права администрирования доменного имени или иных услуг. Акцептом настоящей оферты в таком случае будет являться направленное в адрес Исполнителя письмо Заказчика о приеме услуг по установленной Исполнителем форме.</td></tr>\r\n	<tr><td>2. Общие положения</td></tr>\r\n	<tr><td>2.1. Заказчик является Администратором регистрируемого им домена и осуществляет все необходимые платежи Исполнителю.</td></tr>\r\n	<tr><td>2.2. Услуга по регистрации домена считается оказанной с момента присвоения регистрируемому домену в базе данных Исполнителя статуса зарегистрированного (REGISTERED).</td></tr>\r\n	<tr><td>2.3. По настоящему Договору Заказчик имеет право зарегистрировать любое количество доменов.</td></tr>\r\n	<tr><td>2.4. По настоящему Договору Заказчик соглашается с тем, что при регистрации доменного имени указанные данные Администратора (а именно ФИО) будут отображаться в общедоступном сервисе WHOIS.</td></tr>\r\n	<tr><td>3. Обязанности Сторон</td></tr>\r\n	<tr><td>3.1. Исполнитель обязуется:</td></tr>\r\n	<tr><td>3.1.1. Выполнять положения настоящего Договора.</td></tr>\r\n	<tr><td>3.1.2. Оказывать консультации по вопросам проведения регистрационных процедур в офисе Исполнителя, по телефону и электронной почте.</td></tr>\r\n	<tr><td>3.1.3. Обеспечивать обновление информации в базе данных доменных имен второго уровня при изменении реквизитов администратора доменов.</td></tr>\r\n	<tr><td>3.1.4. Предпринять все зависящие от него действия для регистрации выбранного Заказчиком имени домена. Однако Исполнитель не гарантирует Заказчику, что выбранное им доменное имя не будет занято третьей стороной за время оплаты счета Заказчиком и время выполнения технических процедур по регистрации.</td></tr>\r\n	<tr><td>3.1.5. Исполнитель обязуется на основании заявок Заказчика осуществлять услуги по автоматическому продлению регистрации (перерегистрации) домена, независимо от срока окончания регистрации. Услуга по продлению регистрации домена (перерегистрации) считается оказанной в момент внесения в Реестр сведений о продлении регистрации. При этом регистрация домена продлевается на 1 (Один) год от ранее установленной даты окончания срока регистрации домена.</td></tr>\r\n	<tr><td>3.1.6. В случае внесения Исполнителем изменений в Договор Исполнитель обязуется оповестить Заказчика о факте изменений по каналам связи и одновременно опубликовать указанные изменения на WEB-сервере по адресу {site_name}.</td></tr>\r\n	<tr><td>3.1.7. Изменения вступают в силу не менее чем через 10 (Десять) календарных дней с момента оповещения и опубликования.</td></tr>\r\n	<tr><td>3.1.8. В случае согласия Заказчика с такими изменениями настоящий Договор продолжает свое действие с учетом указанных изменений.</td></tr>\r\n	<tr><td>3.1.9. В случае несогласия Заказчика он обязуется оповестить об этом Исполнителя в течение срока, указанного в пункте 3.1.6 официальным письмом с уведомлением о вручении, в этом случае Договор прекращает свое действие с момента вступления в силу изменений.</td></tr>\r\n	<tr><td>3.1.10. В случае получения Исполнителем официального письма после вступления в силу изменений Договор прекращает свое действие с даты получения уведомления. Услуги, полученные Заказчиком со дня введения в действие изменений до даты получения уведомления включительно, оказываются Заказчику с учетом введенных изменений.</td></tr>\r\n	<tr><td>3.2. Заказчик обязуется:</td></tr>\r\n	<tr><td>3.2.1. Выполнять положения настоящего Договора.</td></tr>\r\n	<tr><td>3.2.2. Предоставлять достоверную информацию, необходимую для внесения в базу данных Исполнителя.</td></tr>\r\n	<tr><td>3.2.3. Своевременно оплачивать услуги, предоставленные Исполнителем.</td></tr>\r\n	<tr><td>3.2.4. Не производить несанкционированные массовые рассылки электронных писем (СПАМ) с рекламой или любым упоминанием в рассылаемых письмах доменов (или электронных адресов на базе доменов), зарегистрированных заказчиком по данному договору.</td></tr>\r\n	<tr><td>3.2.5. Не использовать домены, зарегистрированные по данному договору, в качестве адресов для ресурсов, содержащих материалы, противоречащие законодательству РФ или содержащих нелицензионное программное обеспечение.</td></tr>\r\n	<tr><td>3.2.6. Самостоятельно следить за актуальным состоянием информации о доменах и объектах, зарегистрированных в базе данных Исполнителя.</td></tr>\r\n	<tr><td>3.2.7. Самостоятельно обеспечивать конфиденциальность своей авторизационной информации (имя пользователя и пароль для доступа в базу данных Исполнителя) и нести ответственность за все действия, совершенные с использованием его пароля, нести риск неблагоприятных последствий, связанных с его утерей.</td></tr>\r\n	<tr><td>4. Стоимость услуг и порядок оплаты</td></tr>\r\n	<tr><td>4.1. Стоимость услуг для резидентов устанавливается в рублях и определяется тарифами на услуги.</td></tr>\r\n	<tr><td>4.2. Стоимость услуг для нерезидентов устанавливается в валюте, выбираемой Заказчиком при оплате услуги.</td></tr>\r\n	<tr><td>4.3. Заказ услуги является согласием Заказчика оплатить услугу по ценам, действующим на день начала исполнения заказа.</td></tr>\r\n	<tr><td>4.4. Услуги оказываются в случае наличия достаточной суммы для оплаты заказанных услуг на лицевом счёте Заказчика.</td></tr>\r\n	<tr><td>4.5. При неуплате Заказчиком продления услуг за соответствующий период, Исполнитель вправе приостановить предоставление Заказчику не продлённых услуг. Возобновление предоставления услуг Заказчику производится после оплаты продления соответствующих услуг.</td></tr>\r\n	<tr><td>4.6. Возврат остатка неиспользованных средств со счета Заказчика при расторжении Договора либо в случае предъявления Заказчиком доводов о невозможности воспользоваться Услугами производится в 10-дневный срок при наличии письменного заявления Заказчика с указанием полных реквизитов для возврата платежа. Остаток средств возвращается за вычетом сумм стоимости Услуг, которыми Заказчик воспользовался с момента заключения Договора.</td></tr>\r\n	<tr><td>4.7. Заказчик самостоятельно следит за состоянием своего Лицевого счета, обеспечивает своевременную оплату оказываемых услуг, несет расходы по поступлению оплаты (оплачивает операционные расходы банков).</td></tr>\r\n	<tr><td>5.Переписка Сторон</td></tr>\r\n	<tr><td>5.1. Стороны по настоящему Договору признают юридическую силу текстов документов, полученных по каналам связи наравне с документами, исполненными в простой письменной форме. Исключение из этого правила составляют:</td></tr>\r\n	<tr><td>1. заключение настоящего Договора,</td></tr>\r\n	<tr><td>2. уведомление о расторжении и изменении Договора, кроме случаев, оговоренных в п. 3.1.5,</td></tr>\r\n	<tr><td>3. обмен претензиями, для которых простая письменная форма обязательна,</td></tr>\r\n	<tr><td>4. официальные письма с запросами о смене идентификационных данных администратора, об аннулировании регистрации, о передаче/приёме доменов между администраторами и регистраторами и прочие официальные письма, перечисленные в официальной документации, опубликованной на сайте.</td></tr>\r\n	<tr><td>5.2. Каналы связи в терминах настоящего Договора - это контактные телефоны и адреса электронной почты, опубликованные на web-сайте Исполнителя.</td></tr>\r\n	<tr><td>5.3. Стороны принимают на себя всю ответственность за действия сотрудников, имеющих доступ к каналам связи.</td></tr>\r\n	<tr><td>5.4. Основным каналом связи с Заказчиком является адрес электронной почты, указанный Заказчиком при регистрации на web-сайте Исполнителя и при заключении Договора. В случае получения посредством электронной почты письма или иного уведомления от Исполнителя, требующего ответа, Заказчик обязан ответить на полученное письмо в течение 5 (Пяти) дней с момента получения.</td></tr>\r\n	<tr><td>6. Ответственность Сторон</td></tr>\r\n	<tr><td>6.1. За неисполнение или ненадлежащее исполнение обязательств по настоящему Договору, Стороны несут ответственность, предусмотренную действующим законодательством Российской Федерации с учетом условий, установленных настоящим Договором.</td></tr>\r\n	<tr><td>6.2. Заказчик несет ответственность за достоверность предоставленной им необходимой в целях исполнения Договора информации, и своевременность ее предоставления.</td></tr>\r\n	<tr><td>6.3. В случае невыполнения Заказчиком обязательств, изложенных в п. 3.2.1-3.2.5 настоящего Договора, Исполнитель вправе отказать Заказчику в оказании услуг.</td></tr>\r\n	<tr><td>6.4. При заказе услуги по регистрации доменного имени в международной зоне Исполнитель не несет ответственности в случае невозможности оказания услуги не по вине Исполнителя, в том числе, когда регистрация домена невозможна по вине Регистратора доменных имен в международных зонах.</td></tr>\r\n	<tr><td>6.5. Исполнитель не несет ответственности за содержание информации, расположенной на зарегистрированном Заказчиком домене.</td></tr>\r\n	<tr><td>6.6. Исполнитель не несет ответственности за содержание поля "descr" (описание домена), которое Заказчик выбирает по своему усмотрению.</td></tr>\r\n	<tr><td>7. Обстоятельства непреодолимой силы</td></tr>\r\n	<tr><td>7.1. Стороны освобождаются от ответственности за частичное или полное неисполнение обязательств по настоящему Договору, вызванное обстоятельствами непреодолимой силы, возникшими после его заключения.</td></tr>\r\n	<tr><td>7.2. К таким обстоятельствам, в частности, Стороны относят: стихийные бедствия; природные и промышленные катастрофы; террористические акты; военные действия; гражданские беспорядки; принятие органами государственной власти или органами местного самоуправления актов, содержащих запреты или ограничения в отношении деятельности Сторон по настоящему Договору; иные обстоятельства, которые не могут быть заранее предвидены или предотвращены Сторонами и делают невозможным исполнение обязательств Сторон по Договору.</td></tr>\r\n	<tr><td>7.3. Сторона, желающая быть освобожденной от ответственности, незамедлительно, но не позднее 3 (Трех) рабочих дней извещает о таких обстоятельствах другую Сторону. Несвоевременное уведомление о наступлении обстоятельств непреодолимой силы лишает Сторону права на освобождение от ответственности.</td></tr>\r\n	<tr><td>7.4. При наступлении обстоятельств непреодолимой силы, препятствующих исполнению обязательств по настоящему Договору, срок выполнения Сторонами таких обязательств переносится соразмерно времени действия таких обстоятельств, а также времени, требуемого для устранения их последствий, но не более 60 (Шестидесяти) календарных дней. В случае если обстоятельства непреодолимой силы продолжают действовать более указанного срока, либо когда при их наступлении обеим Сторонам становится очевидным, что они будут действовать более этого срока, Стороны обязуются обсудить возможности альтернативных способов исполнения настоящего Договора или его прекращения без возмещения убытков.</td></tr>\r\n	<tr><td>8. Срок действия Договора</td></tr>\r\n	<tr><td>8.1. Настоящий Договор вступает в силу с момента заключения и действует до окончания текущего календарного года. Договор автоматически пролонгируется на последующие периоды продолжительностью в 1(Один) календарный год, если ни одна из Сторон не заявит о прекращении действия настоящего Договора до 30 ноября соответствующего календарного года.</td></tr>\r\n	<tr><td>8.2. Настоящий Договор может быть прекращен досрочно:</td></tr>\r\n	<tr><td>8.2.1. По инициативе любой из Сторон - при несостоятельности (банкротства) любой из Сторон, или в случае, предусмотренном пунктом 7.4 настоящего Договора.</td></tr>\r\n	<tr><td>8.2.2. В одностороннем порядке со стороны Исполнителя:</td></tr>\r\n	<tr><td>* при неисполнении Заказчиком обязательств, принятых им на себя в соответствии с условиями, изложенными в п. 3.2.2 - 3.2.5 настоящего Договора.</td></tr>\r\n	<tr><td>* при совершении Заказчиком технических и иных действий, не предусмотренных Договором, несанкционированных Исполнителем, повлекших или могущих повлечь причинение ущерба Исполнителю, третьим лицам.</td></tr>\r\n	<tr><td>8.2.3. По соглашению Сторон.</td></tr>\r\n	<tr><td>8.2.4. В соответствии с п. 3.1.8.</td></tr>\r\n	<tr><td>9. Прочие условия</td></tr>\r\n	<tr><td>9.1. Ни одна из Сторон не может переуступить свои права и обязанности по настоящему Договору без согласия другой Стороны.</td></tr>\r\n	<tr><td>9.2. Споры, возникающие из настоящего Договора, в том числе в связи с его исполнением, нарушением, прекращением, недействительностью подлежат разрешению путем личных переговоров представителей Сторон. При отсутствии достижения согласия, споры передаются на рассмотрение компетентного судебного органа при обязательном соблюдении предварительного претензионного порядка разрешения споров с установлением срока ответа на письменную претензию 10 (Десять) календарных дней с момента ее получения.</td></tr>\r\n	<tr><td>9.3. Настоящий Договор составлен в 2 (Двух) экземплярах, имеющих одинаковую юридическую силу. Договор содержит окончательные и полные условия соглашения Сторон и заменяет всю предшествующую переписку и предварительные переговоры Сторон по его предмету.</td></tr>\r\n	<tr><td>9.4. Внесение в настоящий текст Договора изменений или дополнений производится только в установленном в настоящем Договоре порядке.</td></tr>\r\n	<tr><td>9.5. Заказчик согласен с тем, что предоставляемая им Исполнителю информация посредством заполнения заявок, иных документов, в том числе в электронной форме, путем помещения ее Заказчиком в разделы указанных документов с пометкой "общедоступна", будет размещаться Исполнителем в поисковых сервисах, и доступна неопределенному кругу лиц.</td></tr>\r\n	<tr><td>9.6. Заказчик гарантирует Исполнителю достоверность и своевременность предоставления информации.</td></tr>\r\n	<tr><td>9.7. Правом, регулирующим отношения Сторон, является законодательство Российской Федерации.</td></tr>\r\n</table>'),
(5, 'title', 'Система регистрации доменных имен в зонах .RU/.SU/.РФ и международных зонах'),
(6, 'news', '<p><span><strong>Новостей на сегодня нет.</strong></span></p>'),
(7, 'pay_methods', '<p><span><strong>Методы пополнения баланса.</strong></span></p>'),
(10, 'mail_balcor', 'Уважаемый, пользователь!\r\n\r\nАдминистратор системы произвел корректировку вашего лицевого счета:\r\nСумма: {sum} руб.\r\nКомментарий: {comment}\r\n\r\nСпасибо!'),
(8, 'hosting', 'Уважаемый (я), {user_name}!\r\n\r\nДля Вас успешно создан хостинг для домена {hosting_domain_name}.\r\n\r\nДомен: {hosting_domain_name}\r\nПанель управления: http://panel.hosting.reg.ru/\r\nЛогин: {hosting_login}\r\nПароль: {hosting_passwd}\r\nNS1: ns5.hosting.reg.ru\r\nNS2: ns6.hosting.reg.ru\r\n\r\nВнимание!!!\r\nВы обязательно должны сменить DNS-сервера для данного домена на:\r\nNS1: ns5.hosting.reg.ru\r\nNS2: ns6.hosting.reg.ru\r\n\r\nСпасибо за доверие!'),
(9, 'main_menu', '<li {active_0}><a href="{site_url}/">Главная</a></li>\r\n<li {active_1}><a href="{site_url}/domains/">Домены</a></li>\r\n<li {active_2}><a href="{site_url}/hosting/">Хостинг</a></li>\r\n<li {active_3}><a href="{site_url}/billing/">Баланс</a></li>\r\n<li {active_4}><a href="{site_url}/profiles/">Профили</a></li>\r\n<li {active_5}><a href="{site_url}/profile/">Настройки</a></li>\r\n<li {active_6}><a href="{site_url}/whois/">WHOIS</a></li>\r\n<li {active_7}><a href="{site_url}/d_reg/">Зарегистрировать домен</a></li>\r\n<li {active_8}><a href="{site_url}/promo/pin/">Акции</a></li>\r\n<li {active_9}><a href="{site_url}/released_domains/">Освобождающиеся домены</a></li>'),
(11, 'preventive_work', 'Уважаемый пользователь!<br /><br />Система находится в профилактическом режиме.<br />Приносим свои извинения.'),
(12, 'registration_disabled', 'Уважаемый пользователь!<br /><br />Регистрация новых пользователей временно приостановлена.<br />Приносим свои извинения.'),
(13, 'domain_renew', 'Уважаемый (я), {user_name}!\r\n\r\nВас приветствует {site_url}.\r\n\r\nСрок регистрации  домена {domain_name} истекает {expiration_date}.\r\n\r\nДля продления регистрации домена авторизуйтесь на {site_url},\r\nперейдите в раздел "Домены" / "Выберите домен  {domain_name}" /\r\n"Домен необходимо продлить", далее следуйте указаниям системы.\r\n\r\nС уважением, {site_url}!');

-- --------------------------------------------------------

--
-- Структура таблицы `rp3_txt_tips`
--

CREATE TABLE IF NOT EXISTS `rp3_txt_tips` (
  `id` int(11) NOT NULL AUTO_INCREMENT,
  `razdel_id` int(11) NOT NULL DEFAULT '0',
  `enabled` tinyint(1) NOT NULL DEFAULT '0',
  `tip` text NOT NULL,
  PRIMARY KEY (`id`)
) ENGINE=MyISAM  DEFAULT CHARSET=cp1251 AUTO_INCREMENT=11 ;

--
-- Дамп данных таблицы `rp3_txt_tips`
--

INSERT INTO `rp3_txt_tips` (`id`, `razdel_id`, `enabled`, `tip`) VALUES
(1, 0, 1, 'Вы можете самостоятельно изменять контактные данные владельца домена (телефон, факс, E-mail, почтовый адрес). Меню Домены» / «Имя домена» / «Контакты Администратора»'),
(2, 0, 1, 'REG.RU может выступить гарантом продажи / покупки домена, обеспечив корректность передачи прав и оплаты. Подробнее <a href="http://www.reg.ru/service/guarantee" target="_blank">«Гарант продаж»</a>'),
(3, 0, 1, 'Используйте DNS-серверы REG.RU для своих доменов бесплатно! Меню «Домены» / «Имя домена» / «Управление DNS-серверами / Делегирование»'),
(4, 0, 1, 'Услуга скрытия персональных данных (Private person) бесплатно! Меню «Домены» / «Имя домена»'),
(5, 0, 1, 'Переадресация домена на любой другой сайт всего за 10 руб. в месяц! Меню «Домены» / «Имя домена» / «Заказать услугу «Переадресация домена / Web-forwarding»'),
(6, 0, 1, 'Создайте профили на постоянных клиентов и забудьте о многократном введении данных при каждой регистрации! Меню «Профили»'),
(7, 0, 1, 'Вы можете вывести свои домены в виде простого текста. «Домены» / «Список всех доменов в виде простого текста»'),
(8, 0, 1, 'Вы можете совершать массовые операции с доменами. Меню «Домены»'),
(9, 0, 1, 'Регистрация домена .РФ в приоритетный и открытый период!'),
(10, 0, 1, 'Услуга Переадресация домена (называемая также Web-forwarding, URL-forwarding, Web-redirect, HTTP-redirect) обеспечивает перенаправление запроса к Вашему доменному имени на веб-страницу с другим адресом.');

-- --------------------------------------------------------

--
-- Структура таблицы `rp3_unknown_errors`
--

CREATE TABLE IF NOT EXISTS `rp3_unknown_errors` (
  `id` int(11) NOT NULL AUTO_INCREMENT,
  `ts` timestamp NOT NULL DEFAULT CURRENT_TIMESTAMP,
  `error` text,
  `operation_type` enum('reg','re_reg','hosting','hosting_re_new','certificate','webfwd') DEFAULT NULL,
  PRIMARY KEY (`id`)
) ENGINE=MyISAM  DEFAULT CHARSET=cp1251 AUTO_INCREMENT=2 ;

--
-- Дамп данных таблицы `rp3_unknown_errors`
--

INSERT INTO `rp3_unknown_errors` (`id`, `ts`, `error`, `operation_type`) VALUES
(1, '2013-01-21 16:01:34', '', 'hosting');

-- --------------------------------------------------------

--
-- Структура таблицы `rp3_users`
--

CREATE TABLE IF NOT EXISTS `rp3_users` (
  `id` int(11) unsigned NOT NULL AUTO_INCREMENT,
  `enabled` tinyint(1) NOT NULL DEFAULT '1',
  `activated` tinyint(1) unsigned NOT NULL DEFAULT '0',
  `email` varchar(255) NOT NULL,
  `passwd` varchar(100) NOT NULL,
  `reg_date` datetime NOT NULL,
  `first_name` varchar(30) NOT NULL,
  `last_name` varchar(30) NOT NULL,
  `icq` varchar(15) DEFAULT NULL,
  `phone` varchar(30) DEFAULT NULL,
  `fax` varchar(30) DEFAULT NULL,
  `email2` varchar(255) DEFAULT NULL,
  `reg_code` char(72) NOT NULL,
  `price_id` int(11) NOT NULL DEFAULT '1',
  `balance` int(11) NOT NULL DEFAULT '0',
  `ns0` varchar(80) DEFAULT NULL,
  `ns1` varchar(80) DEFAULT NULL,
  `ns2` varchar(80) DEFAULT NULL,
  `ns3` varchar(80) DEFAULT NULL,
  `folder_created` tinyint(1) NOT NULL DEFAULT '0',
  `admin_full_access` tinyint(1) NOT NULL DEFAULT '0',
  `code_for_friend` varchar(15) NOT NULL DEFAULT '0',
  `bonus_sum` int(11) NOT NULL DEFAULT '0',
  `last_online_ts` datetime DEFAULT NULL,
  `local_api_enabled` tinyint(1) NOT NULL DEFAULT '1',
  `secret_word` varchar(255) DEFAULT NULL,
  `secret_question` varchar(255) DEFAULT NULL,
  `secret_answer` varchar(255) DEFAULT NULL,
  `rules_enabled` tinyint(1) NOT NULL DEFAULT '1',
  `notes` mediumtext,
  `password_rm_e` varchar(255) DEFAULT NULL,
  `hosting_folder_created` tinyint(1) NOT NULL DEFAULT '0',
  PRIMARY KEY (`id`),
  KEY `email` (`email`),
  KEY `i_bal` (`balance`),
  KEY `price_id` (`price_id`)
) ENGINE=MyISAM  DEFAULT CHARSET=cp1251 AUTO_INCREMENT=2 ;

--
-- Дамп данных таблицы `rp3_users`
--

INSERT INTO `rp3_users` (`id`, `enabled`, `activated`, `email`, `passwd`, `reg_date`, `first_name`, `last_name`, `icq`, `phone`, `fax`, `email2`, `reg_code`, `price_id`, `balance`, `ns0`, `ns1`, `ns2`, `ns3`, `folder_created`, `admin_full_access`, `code_for_friend`, `bonus_sum`, `last_online_ts`, `local_api_enabled`, `secret_word`, `secret_question`, `secret_answer`, `rules_enabled`, `notes`, `password_rm_e`, `hosting_folder_created`) VALUES
(1, 1, 1, 'fox-vip@ya.ru', '7cf9ba3f43273b204c7e06a976540404', '2013-01-21 19:44:49', 'Иван', 'Лисицин', NULL, NULL, NULL, NULL, '929e30bd4954b5ef07cca4f3cd5e57005b1ed85b27a38ec8772c0133bd03cf3a18680092', 1, 1000, NULL, NULL, NULL, NULL, 1, 0, '612603455283343', 0, '2013-01-21 20:10:33', 1, '123456789', 'Любимое животное', '123456789', 1, NULL, NULL, 1);

-- --------------------------------------------------------

--
-- Структура таблицы `rp3_users_change_passwd_history`
--

CREATE TABLE IF NOT EXISTS `rp3_users_change_passwd_history` (
  `id` int(11) NOT NULL AUTO_INCREMENT,
  `who` enum('user','admin') NOT NULL DEFAULT 'user',
  `user_id` int(11) NOT NULL,
  `ts` timestamp NULL DEFAULT CURRENT_TIMESTAMP,
  `ip` varchar(15) DEFAULT NULL,
  `old_passwd_md5` varchar(100) DEFAULT NULL,
  `new_passwd_md5` varchar(100) DEFAULT NULL,
  PRIMARY KEY (`id`),
  KEY `user_id` (`user_id`)
) ENGINE=MyISAM DEFAULT CHARSET=cp1251 AUTO_INCREMENT=1 ;

-- --------------------------------------------------------

--
-- Структура таблицы `rp3_users_payed_bonus`
--

CREATE TABLE IF NOT EXISTS `rp3_users_payed_bonus` (
  `id` int(11) NOT NULL AUTO_INCREMENT,
  `user_id` int(11) NOT NULL,
  `domain` varchar(67) DEFAULT NULL,
  `bonus_sum` int(11) NOT NULL,
  `ts` timestamp NULL DEFAULT CURRENT_TIMESTAMP,
  `comment_for_user` text,
  `order_id` int(11) NOT NULL DEFAULT '0',
  `operation` varchar(20) DEFAULT NULL,
  PRIMARY KEY (`id`),
  KEY `user_id` (`user_id`)
) ENGINE=MyISAM DEFAULT CHARSET=cp1251 AUTO_INCREMENT=1 ;

-- --------------------------------------------------------

--
-- Структура таблицы `smile`
--

CREATE TABLE IF NOT EXISTS `smile` (
  `id` int(11) NOT NULL AUTO_INCREMENT,
  `name` varchar(32) NOT NULL,
  `smile` varchar(64) NOT NULL,
  `dir` int(11) NOT NULL,
  PRIMARY KEY (`id`)
) ENGINE=MyISAM  DEFAULT CHARSET=utf8 AUTO_INCREMENT=1179 ;

--
-- Дамп данных таблицы `smile`
--

INSERT INTO `smile` (`id`, `name`, `smile`, `dir`) VALUES
(3, '2serdca.gif', '.2сердца.', 11),
(18, 'kiss.gif', '.кис.', 11),
(4, 'amur.gif', '.амур.', 11),
(5, 'banany.gif', '.бананы.', 11),
(6, 'celuet.gif', '.целует.', 11),
(7, 'chmok.gif', '.чмок.', 11),
(8, 'chmok2.gif', '.чмок2.', 11),
(9, 'd.gif', '.дев.', 11),
(10, 'daryserd.gif', '.дарюсерд.', 11),
(11, 'feministka.gif', '.феминистка.', 11),
(12, 'flirt.gif', '.флирт.', 11),
(13, 'flirt2.gif', '.флирт2.', 11),
(14, 'glazavglaza.gif', '.глазавглаза.', 11),
(15, 'inlav.gif', '.инлав.', 11),
(16, 'inlove.gif', '.инлове.', 11),
(17, 'kacheli.gif', '.качели.', 11),
(19, 'kiss2.gif', '.кис2.', 11),
(20, 'kiss3.gif', '.кис3.', 11),
(21, 'krasitgub.gif', '.краситгуб.', 11),
(22, 'kruzhit.gif', '.кружит.', 11),
(23, 'lapuwka.gif', '.лапушка.', 11),
(24, 'lasso.gif', '.лассо.', 11),
(25, 'lesbi.gif', '.лесби.', 11),
(26, 'love.gif', '.любовь.', 11),
(28, 'lyaguschka.gif', '.лягушка.', 11),
(29, 'lyaguschka2.gif', '.лягушка2.', 11),
(30, 'm.gif', '.м.', 11),
(31, 'manjuta.gif', '.манюта.', 11),
(32, 'miwka.gif', '.мишка.', 11),
(44, 'nravitsya.gif', '.нравится.', 11),
(43, 'nezhno.gif', '.нежно.', 11),
(45, 'obnimki.gif', '.обнимки.', 11),
(46, 'pink.gif', '.пинк.', 11),
(47, 'pocelui.gif', '.поц.', 11),
(48, 'podmigivaet2.gif', '.подмиг2.', 11),
(49, 'pokrasnela.gif', '.покраснела.', 11),
(50, 'porukam3.gif', '.порукам3.', 11),
(51, 'pwag.gif', '.пшаг.', 11),
(52, 'risuet.gif', '.рисует.', 11),
(53, 'schastlivye.gif', '.счастливые.', 11),
(54, 'seks.gif', '.секс.', 11),
(55, 'seks2.gif', '.секс2.', 11),
(56, 'serdce.gif', '.сердце.', 11),
(57, 'serdce2.gif', '.сердце2.', 11),
(58, 'serdce3.gif', '.сердце3.', 11),
(59, 'serenada.gif', '.серенада.', 11),
(60, 'shekochet.gif', '.щекочет.', 11),
(61, 'stesnit.gif', '.стеснит.', 11),
(62, 'stesnit2.gif', '.стеснит2.', 11),
(63, 'strela2.gif', '.стрела2.', 11),
(64, 'tancuyut.gif', '.танцуют.', 11),
(65, 'vkusna.gif', '.вкусно.', 11),
(66, 'vozdp.gif', '.воздпоц.', 11),
(67, 'vruku.gif', '.вруку.', 11),
(68, 'vzasos.gif', '.взасос.', 11),
(69, 'yo.gif', '.йоу.', 11),
(70, 'zaruki.gif', '.заруки.', 11),
(78, 'bis.gif', '.бис.', 20),
(77, 'ah.gif', '.ах.', 20),
(76, 'aaa.gif', '.ааа.', 20),
(79, 'blabla.gif', '.бла.', 20),
(80, 'blabla2.gif', '.бла2.', 20),
(81, 'bravo.gif', '.браво.', 20),
(82, 'bravo2.gif', '.браво2.', 20),
(83, 'bur2.gif', '.бур2.', 20),
(84, 'cool.gif', '.кул.', 20),
(85, 'dik.gif', '.дик.', 20),
(86, 'dovolen.gif', '.доволен.', 20),
(87, 'dovolen2.gif', '.доволен2.', 20),
(88, 'dovolen4.gif', '.доволен4.', 20),
(89, 'dum.gif', '.дум.', 20),
(90, 'dumaet.gif', '.думает.', 20),
(91, 'figase.gif', '.фигасе.', 20),
(92, 'fing.gif', '.финг.', 20),
(93, 'flirt.gif', '.флирт3.', 20),
(94, 'fu.gif', '.фу.', 20),
(95, 'fuu.gif', '.фуу.', 20),
(96, 'glaza.gif', '.глаза.', 20),
(97, 'glazami.gif', '.глазами.', 20),
(98, 'glazza.gif', '.глаза2.', 20),
(99, 'goo.gif', '.го.', 20),
(100, 'gordo.gif', '.гордо.', 20),
(101, 'grustit.gif', '.грустит.', 20),
(102, 'haha.gif', '.хаха.', 20),
(103, 'hm.gif', '.хм.', 20),
(104, 'hnyk.gif', '.хнык.', 20),
(105, 'idea.gif', '.идея.', 20),
(106, 'ideya.gif', '.идея2.', 20),
(107, 'ik2.gif', '.ик2.', 20),
(108, 'ispug.gif', '.испуг.', 20),
(109, 'isterika.gif', '.истерика.', 20),
(110, 'jahu.gif', '.яху.', 20),
(111, 'jeh2.gif', '.ех2.', 20),
(112, 'krasn.gif', '.красн.', 20),
(113, 'kruk.gif', '.крик.', 20),
(114, 'lol.gif', '.лол2.', 20),
(115, 'lol2.gif', '.лол.', 20),
(116, 'mat.gif', '.мат.', 20),
(117, 'mda.gif', '.мда.', 20),
(118, 'molcha.gif', '.молча.', 20),
(119, 'naglo.gif', '.нагло.', 20),
(120, 'nais.gif', '.наис.', 20),
(121, 'nervy.gif', '.нервы.', 20),
(122, 'net.gif', '.нет.', 20),
(123, 'nevozm.gif', '.невозм.', 20),
(124, 'neya.gif', '.нея.', 20),
(125, 'nifiga.gif', '.нифига.', 20),
(126, 'no.gif', '.но.', 20),
(127, 'novichek.gif', '.новичек.', 20),
(128, 'nutzo.gif', '.совсем.', 20),
(129, 'nyam.gif', '.ням.', 20),
(130, 'obizhen.gif', '.обижен.', 20),
(131, 'obizhena.gif', '.обижена.', 20),
(132, 'ochendovolen.gif', '.оченьдоволен.', 20),
(133, 'ohboy.gif', '.охбой.', 20),
(134, 'ok.gif', '.ок.', 20),
(135, 'okno.gif', '.окно.', 20),
(136, 'or.gif', '.ор.', 20),
(137, 'otryv.gif', '.отрыв.', 20),
(138, 'otstoy.gif', '.отстой.', 20),
(139, 'pardon.gif', '.пардон.', 20),
(140, 'pardon2.gif', '.пардон2.', 20),
(141, 'pasiba.gif', '.пасиба.', 20),
(142, 'plachet.gif', '.плачет.', 20),
(143, 'plachet2.gif', '.плачет2.', 20),
(144, 'plak.gif', '.плак.', 20),
(145, 'plaksa.gif', '.плакса.', 20),
(146, 'plushit.gif', '.плющит.', 20),
(147, 'pocelui2.gif', '.поцелуй2.', 20),
(148, 'podmigivaet.gif', '.подмиг.', 20),
(149, 'podmorg.gif', '.подморг.', 20),
(150, 'poh.gif', '.пох.', 20),
(151, 'poimal.gif', '.поймал.', 20),
(152, 'poka2.gif', '.пока2.', 20),
(153, 'poklon.gif', '.поклон.', 20),
(154, 'povesilnos.gif', '.носвис.', 20),
(155, 'pozelenel.gif', '.позеленел.', 20),
(156, 'prelest.gif', '.прелесть.', 20),
(157, 'razmaz.gif', '.размаз.', 20),
(158, 'rock.gif', '.рок.', 20),
(160, 'sad.gif', '.сад.', 20),
(161, 'sarkastik.gif', '.саркастик.', 20),
(162, 'sarkastik2.gif', '.саркастик2.', 20),
(163, 'serdit.gif', '.сердит.', 20),
(164, 'serdito.gif', '.сердито.', 20),
(165, 'serdito2.gif', '.сердито2.', 20),
(166, 'shutyat.gif', '.шутят.', 20),
(167, 'skutchaet.gif', '.скучает.', 20),
(168, 'slunyavit.gif', '.слюнявит.', 20),
(169, 'smeh.gif', '.смех.', 20),
(170, 'smeh2.gif', '.смех2.', 20),
(171, 'smex.gif', '.смех3.', 20),
(172, 'smile.gif', '.улыбка.', 20),
(173, 'sonno.gif', '.сонно.', 20),
(174, 'sorri.gif', '.сорри.', 20),
(175, 'stesnit3.gif', '.стеснит3.', 20),
(176, 'surpriz.gif', '.сюрприз.', 20),
(177, 'svist.gif', '.свист.', 20),
(178, 'tancuet.gif', '.танцует.', 20),
(179, 'tanz.gif', '.танц.', 20),
(180, 'tongue.gif', '.тонгуе.', 20),
(181, 'udivlen.gif', '.удивлен.', 20),
(182, 'ura2.gif', '.ура2.', 20),
(183, 'usnul.gif', '.уснул.', 20),
(184, 'ustal.gif', '.устал.', 20),
(185, 'veselo.gif', '.весело.', 20),
(186, 'volnuetsya.gif', '.волнуется.', 20),
(187, 'vopros.gif', '.вопрос.', 20),
(188, 'vosadok.gif', '.восадок.', 20),
(189, 'wink.gif', '.шинк.', 20),
(190, 'wutka.gif', '.шутка.', 20),
(191, 'yazik.gif', '.язык.', 20),
(192, 'yeh.gif', '.еа.', 20),
(193, 'zharko.gif', '.жарко.', 20),
(194, 'zhdu.gif', '.жду.', 20),
(195, 'zhdu2.gif', '.жду2.', 20),
(196, 'zloj.gif', '.злой.', 20),
(197, 'zloy.gif', '.злой2.', 20),
(198, 'zloy3.gif', '.злой3.', 20),
(199, 'zvezdy.gif', '.звезды.', 20),
(200, 'zloy4.gif', '.злой4.', 20),
(201, 'zvezdy2.gif', '.звезды2.', 20),
(202, 'zvezdy3.gif', '.звезды3.', 20),
(206, 'disketa.gif', '.дискета.', 18),
(207, 'f1.gif', '.ф1.', 18),
(208, 'f12.gif', '.ф2.', 18),
(209, 'kpk.gif', '.кпк.', 18),
(210, 'mashinist.gif', '.машинист.', 18),
(211, 'moto.gif', '.мото.', 18),
(212, 'nalodke.gif', '.налодке.', 18),
(213, 'namoto.gif', '.намото.', 18),
(214, 'nout.gif', '.ноут.', 18),
(215, 'parovoz1.gif', '.паровоз.', 18),
(216, 'parovoz2.gif', '.паровоз2.', 18),
(217, 'samolet.gif', '.самолет.', 18),
(218, 'samolet2.gif', '.самолет2.', 18),
(219, 'schar.gif', '.шар.', 18),
(220, 'skuter.gif', '.скутер.', 18),
(221, 'tachka.gif', '.тачка.', 18),
(222, 'tank.gif', '.танк.', 18),
(223, 'velo.gif', '.вело.', 18),
(224, 'ventilator.gif', '.вентилятор.', 18),
(225, 'zakompom.gif', '.закомпом.', 18),
(226, 'zakompom2.gif', '.закомпом2.', 18),
(227, 'zakompom3.gif', '.закомпом3.', 18),
(228, 'zamonitorom.gif', '.монитор.', 18),
(229, 'zamonitorom2.gif', '.монитор2.', 18),
(230, 'budilnik2.gif', '.будильник2.', 15),
(231, 'kloun2.gif', '.клоун2.', 15),
(232, 'osen.gif', '.осень.', 15),
(233, 'ploho.gif', '.плохо.', 15),
(234, 'prazdnik.gif', '.праздник.', 15),
(235, 'ru.gif', '.ру.', 15),
(236, 'schariki.gif', '.шарики.', 15),
(237, 'solnce.gif', '.солнце.', 15),
(238, 'srogami.gif', '.срогами.', 15),
(239, 'vkapuste.gif', '.вкапусте.', 15),
(240, 'zasteklom.gif', '.застеклом.', 15),
(241, 'zatushil.gif', '.затушил.', 15),
(246, 'Alert.gif', '.алерт.', 10),
(247, 'angel4.gif', '.ангел4.', 10),
(248, 'baj.gif', '.бай.', 10),
(249, 'ban.gif', '.бан.', 10),
(250, 'beeline.gif', '.билайн.', 10),
(251, 'goodpost.gif', '.пост.', 10),
(252, 'google.gif', '.гугл.', 10),
(253, 'google2.gif', '.гугл2.', 10),
(254, 'gugl.gif', '.гугл3.', 10),
(255, 'icq.gif', '.ася.', 10),
(256, 'JC_OMG_sign.gif', '.омг.', 10),
(257, 'kiss1.gif', '.кисс.', 10),
(258, 'kissme.gif', '.кисми.', 10),
(259, 'kleva.gif', '.клева.', 10),
(260, 'link.gif', '.линк.', 10),
(261, 'linuxman.gif', '.лин.', 10),
(262, 'lol3.gif', '.лол3.', 10),
(263, 'Moder1.gif', '.спам.', 10),
(264, 'Moder3.gif', '.джд.', 10),
(265, 'opera.gif', '.опера.', 10),
(266, 'opera2.gif', '.опера2.', 10),
(267, 'ops.gif', '.упс.', 10),
(268, 'owibochka.gif', '.ошибочка.', 10),
(269, 'perv.gif', '.перв.', 10),
(270, 'pivanet.gif', '.пиванет.', 10),
(271, 'postcount.gif', '.каунт.', 10),
(272, 'ps.gif', '.пс.', 10),
(273, 'rock2.gif', '.рок2.', 10),
(274, 'russkij.gif', '.русский.', 10),
(275, 'servis.gif', '.сервис.', 10),
(276, 'super.gif', '.супер.', 10),
(277, 'ThankYou.gif', '.феньк.', 10),
(278, 'translit.gif', '.транслит.', 10),
(279, 'vsempr.gif', '.всемпр.', 10),
(280, 'vt.gif', '.вт.', 10),
(281, 'yy.gif', '.ыы.', 10),
(283, 'angel2.gif', '.ангел2.', 4),
(284, 'angel3.gif', '.ангел3.', 4),
(285, 'cherep.gif', '.череп.', 4),
(286, 'demon.gif', '.демон.', 4),
(287, 'frankie.gif', '.френки.', 4),
(288, 'gdevil.gif', '.гдевил.', 4),
(289, 'ispug.gif', '.испуг2.', 4),
(290, 'mertvec.gif', '.мертвец.', 4),
(291, 'molitva.gif', '.молитва.', 4),
(292, 'neangel.gif', '.неангел.', 4),
(293, 'skosoj.gif', '.скосой.', 4),
(295, 'vampir2.gif', '.вампир2.', 4),
(296, 'vedqma.gif', '.ведьма.', 4),
(297, '2pistoleta.gif', '.2пистолета.', 5),
(298, 'asasin.gif', '.асасин.', 5),
(299, 'atata.gif', '.атата.', 5),
(300, 'benzopila.gif', '.пила.', 5),
(301, 'bomba.gif', '.бомба.', 5),
(302, 'bomba2.gif', '.бомба2.', 5),
(303, 'draka.gif', '.драка.', 5),
(304, 'granatomet.gif', '.гранатомет.', 5),
(305, 'hrjas.gif', '.хрясь.', 5),
(306, 'karate.gif', '.карате.', 5),
(307, 'luchnik.gif', '.лучник.', 5),
(308, 'molotkom.gif', '.молотком.', 5),
(309, 'nozh.gif', '.нож.', 5),
(310, 'orc.gif', '.орк.', 5),
(311, 'palach.gif', '.палач.', 5),
(312, 'paladin.gif', '.паладин.', 5),
(313, 'pifpaf.gif', '.пифпаф.', 5),
(314, 'pistoleta2.gif', '.пистолеты.', 5),
(315, 'pogolove.gif', '.поголове.', 5),
(316, 'popope.gif', '.попопе.', 5),
(317, 'puwki2.gif', '.пушки.', 5),
(318, 'russoldat.gif', '.руссолдат.', 5),
(319, 'star.gif', '.стар.', 5),
(320, 'varvar.gif', '.варвар.', 5),
(321, 'vglaz.gif', '.вглаз.', 5),
(322, 'vinsent.gif', '.винсент.', 5),
(323, 'vis.gif', '.висит.', 5),
(324, 'vis2.gif', '.висит2.', 5),
(325, 'viselica.gif', '.виселица.', 5),
(326, 'wahidy.gif', '.шахиды.', 5),
(327, 'zakosu.gif', '.закосу.', 5),
(328, 'zdayus.gif', '.сдаюсь.', 5),
(329, 'angelok.gif', '.ангел.', 4),
(330, 'ah.gif', '.ах.', 21),
(331, 'biggrin2.gif', '=)', 21),
(344, 'ded_snegur2.gif', '.дедвнучка.', 13),
(345, 'elka.gif', '.елка.', 13),
(346, 'elka2.gif', '.елка2.', 13),
(347, 'goblin.gif', '.гоблин.', 13),
(348, 'moroz.gif', '.мороз2.', 13),
(349, 'newyear.gif', '.ньюеар.', 13),
(350, 'prazdnik.gif', '.праздник2.', 13),
(351, 'salut.gif', '.салют.', 13),
(352, 'santa.gif', '.санта.', 13),
(353, 'santa2.gif', '.санта2.', 13),
(354, 'santa3.gif', '.санта3.', 13),
(355, 'santa4.gif', '.санта4.', 13),
(356, 'shelkun.gif', '.щелкун.', 13),
(357, 'snegovik.gif', '.снеговик.', 13),
(358, 'snegur.gif', '.снегур.', 13),
(359, 'snegur2.gif', '.снегур2.', 13),
(360, 'snezhok.gif', '.снежок.', 13),
(361, 'xmas2.gif', '.хмас.', 13),
(362, 'zamerzla.gif', '.замерзла.', 13),
(363, 'zima.gif', '.зима.', 13),
(364, 'alergiya.gif', '.аллергия.', 6),
(365, 'ciklop.gif', '.циклоп.', 6),
(366, 'dash1.gif', '.стена.', 6),
(367, 'dash2.gif', '.стена2.', 6),
(368, 'dash3.gif', '.стена3.', 6),
(369, 'gy.gif', '.гы.', 6),
(370, 'gyy.gif', '.гыы.', 6),
(371, 'idiot.gif', '.идиот.', 6),
(372, 'idiot2.gif', '.идиот2.', 6),
(373, 'nark.gif', '.нарк.', 6),
(374, 'pilot.gif', '.пилот.', 6),
(375, 'pilotidiot.gif', '.пилот2.', 6),
(376, 'poves.gif', '.повес.', 6),
(377, 'rusruletka.gif', '.русрулетка.', 6),
(378, 'suicid.gif', '.суицид.', 6),
(379, 'suicid2.gif', '.суицид2.', 6),
(380, 'tormoz.gif', '.тормоз.', 6),
(381, 'vonyuchka.gif', '.пук.', 6),
(382, 'wutnik.gif', '.шутник.', 6),
(383, 'yad.gif', '.яд.', 6),
(384, 'yazyk.gif', '.язык3.', 6),
(396, 'alkash.gif', '.алкаш.', 7),
(397, 'alkawi.gif', '.алкаши.', 7),
(398, 'alkogolik.gif', '.алкоголик.', 7),
(399, 'apelsin.gif', '.апельсин.', 7),
(400, 'arbuz.gif', '.арбуз.', 7),
(401, 'banka.gif', '.банка.', 7),
(402, 'barbeq.gif', '.барб.', 7),
(403, 'bokaly.gif', '.бокалы.', 7),
(404, 'butylki.gif', '.бутылки.', 7),
(405, 'coctail.gif', '.коктейль.', 7),
(406, 'coffe2.gif', '.кофе2.', 7),
(407, 'coffee.gif', '.кофе.', 7),
(408, 'denvarenya.gif', '.дв.', 7),
(409, 'ik.gif', '.ик.', 7),
(410, 'kataet.gif', '.катает.', 7),
(411, 'koffe.gif', '.кофе3.', 7),
(412, 'koktel.gif', '.коктел.', 7),
(413, 'konfeta.gif', '.конфета.', 7),
(414, 'konfeta2.gif', '.конфета2.', 7),
(415, 'kruzhki.gif', '.кружки.', 7),
(416, 'kushaet.gif', '.кушает.', 7),
(417, 'kushaet2.gif', '.кушает2.', 7),
(418, 'Laie_86.gif', '.лай.', 7),
(419, 'ledenec.gif', '.леденец.', 7),
(420, 'lemon.gif', '.лимон.', 7),
(421, 'morkovka.gif', '.морковка.', 7),
(422, 'morozheno.gif', '.морож.', 7),
(423, 'napitok.gif', '.напиток.', 7),
(424, 'oguryum.gif', '.огурюм.', 7),
(425, 'palochki.gif', '.палочки.', 7),
(426, 'pechenka2.gif', '.печенька2.', 7),
(427, 'pichenka.gif', '.печенька.', 7),
(428, 'pil.gif', '.пил.', 7),
(429, 'pila.gif', '.пила.', 7),
(430, 'pirozhenka.gif', '.пирож.', 7),
(431, 'pivo.gif', '.пиво.', 7),
(432, 'pivo2.gif', '.пиво2.', 7),
(433, 'pizza.gif', '.пицца.', 7),
(434, 'pizza2.gif', '.пицца2.', 7),
(435, 'popcorn.gif', '.попкорн.', 7),
(436, 'popivu.gif', '.попиву.', 7),
(437, 'popivu2.gif', '.попиву2.', 7),
(438, 'povar.gif', '.повар.', 7),
(439, 'rybka.gif', '.рыбка.', 7),
(440, 'rybu.gif', '.рыбу.', 7),
(441, 'smakuet.gif', '.смакует.', 7),
(442, 'stakan.gif', '.стакан.', 7),
(443, 'tort.gif', '.торт.', 7),
(444, 'toster.gif', '.тостер.', 7),
(445, 'toster2.gif', '.тостер2.', 7),
(446, 'ura.gif', '.ага.', 7),
(447, 'vilkanozh.gif', '.вилка.', 7),
(448, 'vino.gif', '.вино.', 7),
(449, 'vischnya.gif', '.вишня.', 7),
(450, 'vypil.gif', '.выпил.', 7),
(451, 'wampanskoe.gif', '.шамп.', 7),
(452, 'woko.gif', '.шоко.', 7),
(453, 'yabloko.gif', '.яблоко.', 7),
(454, 'zharit.gif', '.жарит.', 7),
(455, 'akula.gif', '.акула.', 9),
(456, 'chebur.gif', '.чебур.', 9),
(457, 'chervyak.gif', '.червяк.', 9),
(458, 'chudo.gif', '.чудо.', 9),
(459, 'chudo2.gif', '.чудо2.', 9),
(460, 'chudo3.gif', '.чудо3.', 9),
(461, 'chudo4.gif', '.чудо4.', 9),
(462, 'chudo5.gif', '.чудо5.', 9),
(463, 'chudo6.gif', '.чудо6.', 9),
(464, 'cyplenok.gif', '.цыпленок.', 9),
(465, 'ezh.gif', '.еж.', 9),
(466, 'ezh1.gif', '.еж2.', 9),
(467, 'ezh2.gif', '.еж3.', 9),
(468, 'ezh3.gif', '.еж4.', 9),
(469, 'gladit.gif', '.гладит.', 9),
(470, 'kisa.gif', '.киса.', 9),
(471, 'kon.gif', '.конь.', 9),
(472, 'korova.gif', '.корова.', 9),
(473, 'kot.gif', '.кот.', 9),
(474, 'kot2.gif', '.кот2.', 9),
(475, 'krolik.gif', '.кролик.', 9),
(476, 'lev.gif', '.лев.', 9),
(477, 'lion.gif', '.лев2.', 9),
(478, 'lisa.gif', '.лиса.', 9),
(479, 'los.gif', '.лось.', 9),
(480, 'mashka2.gif', '.мишка2.', 9),
(481, 'maus.gif', '.мышь.', 9),
(482, 'med.gif', '.мед.', 9),
(483, 'mishka.gif', '.мишка.', 9),
(484, 'mishki.gif', '.мишки.', 9),
(485, 'morkovka.gif', '.морковка2.', 9),
(486, 'nusya.gif', '.нуся.', 9),
(487, 'olen.gif', '.олень.', 9),
(488, 'olen2.gif', '.олень2.', 9),
(489, 'olen3.gif', '.олень3.', 9),
(490, 'pacman.gif', '.пакман.', 9),
(491, 'papamishka.gif', '.папамишка.', 9),
(492, 'pauk.gif', '.паук.', 9),
(493, 'pchela.gif', '.пчела.', 9),
(494, 'petuh.gif', '.петух.', 9),
(495, 'pingvenok.gif', '.пингвин.', 9),
(496, 'pogolove2.gif', '.поголове2.', 9),
(497, 'priwel.gif', '.пришел.', 9),
(498, 'puh.gif', '.пух.', 9),
(499, 'puh1.gif', '.пух1.', 9),
(500, 'puh2.gif', '.пух2.', 9),
(501, 'puh3.gif', '.пух3.', 9),
(502, 'puhvis.gif', '.пухвис.', 9),
(503, 'rak.gif', '.рак.', 9),
(504, 'ribka2.gif', '.рыбка2.', 9),
(519, 'sobaka2.gif', '.собака2.', 9),
(518, 'sobaka.gif', '.собака.', 9),
(517, 'slonik.gif', '.слоник.', 9),
(516, 'slon.gif', '.слон.', 9),
(515, 'skunsyi.gif', '.скунсы.', 9),
(520, 'sobaka3.gif', '.собака3.', 9),
(521, 'svenya.gif', '.свинья.', 9),
(522, 'ulitka.gif', '.улитка.', 9),
(525, 'zaec.gif', '.заяц.', 9),
(524, 'viannen.gif', '.вианен.', 9),
(526, 'zayac2.gif', '.заяц2.', 9),
(527, 'zhaba.gif', '.жаба.', 9),
(528, 'zhuk.gif', '.жук.', 9),
(529, 'baraban.gif', '.барабан.', 12),
(530, 'baraban2.gif', '.барабан2.', 12),
(531, 'disko.gif', '.диско.', 12),
(532, 'disko2.gif', '.диско2.', 12),
(533, 'disko3.gif', '.диско3.', 12),
(534, 'dj.gif', '.диджей.', 12),
(535, 'dudka.gif', '.дудка.', 12),
(536, 'elvis.gif', '.элвис.', 12),
(537, 'gitara.gif', '.гитара.', 12),
(538, 'gitara2.gif', '.гитара2.', 12),
(539, 'gitara3.gif', '.гитара3.', 12),
(540, 'gitara4.gif', '.гитара4.', 12),
(541, 'gitara5.gif', '.гитара5.', 12),
(542, 'gitara6.gif', '.гитара6.', 12),
(543, 'harp.gif', '.харп.', 12),
(544, 'igraet.gif', '.играет.', 12),
(545, 'muzon.gif', '.музон.', 12),
(546, 'nabayane.gif', '.баян.', 12),
(547, 'nagitarah.gif', '.2гитары.', 12),
(548, 'natrube.gif', '.натрубе.', 12),
(549, 'noty.gif', '.ноты.', 12),
(550, 'pank.gif', '.панк.', 12),
(551, 'pianino.gif', '.пианино.', 12),
(552, 'piano.gif', '.пианино2.', 12),
(553, 'saxofon.gif', '.сакс.', 12),
(554, 'sgitaroy.gif', '.сгитарой.', 12),
(555, 'skripka.gif', '.скрипка.', 12),
(556, 'smuzykoy.gif', '.смузыкой.', 12),
(557, 'sopilka.gif', '.сопилка.', 12),
(558, 'stereo.gif', '.стерео.', 12),
(559, 'truba4.gif', '.труба4.', 12),
(560, 'truby.gif', '.трубы.', 12),
(561, 'xor.gif', '.хор.', 12),
(562, '2pal.gif', '.2пал.', 8),
(563, 'acute.gif', '.акут.', 8),
(564, 'apl.gif', '.апл.', 8),
(565, 'bezpaniki.gif', '.безпаники.', 8),
(566, 'figa.gif', '.фига.', 8),
(567, 'figa2.gif', '.фига2.', 8),
(568, 'figa3.gif', '.фига3.', 8),
(569, 'hlopaet.gif', '.хлопает.', 8),
(570, 'horow.gif', '.хорош.', 8),
(571, 'kul.gif', '.кул.', 8),
(572, 'kul2.gif', '.кул2.', 8),
(573, 'kul3.gif', '.кул3.', 8),
(574, 'lapa.gif', '.лапа.', 8),
(575, 'nea.gif', '.неа.', 8),
(576, 'nenado.gif', '.ненадо.', 8),
(577, 'neochem.gif', '.неочем.', 8),
(578, 'neya.gif', '.нея.', 8),
(579, 'neznaet.gif', '.незнаю.', 8),
(580, 'ok.gif', '.ок.', 8),
(581, 'ploho.gif', '.плохо.', 8),
(582, 'poklon.gif', '.поклон.', 8),
(583, 'pora.gif', '.пора.', 8),
(584, 'preved.gif', '.привет.', 8),
(585, 'privet.gif', '.прив.', 8),
(586, 'reverans.gif', '.ревер.', 8),
(587, 'sumas.gif', '.сумас.', 8),
(588, 'sumas2.gif', '.сумас2.', 8),
(589, 'yes.gif', '.ес.', 8),
(590, 'zhopa.gif', '.жопа.', 8),
(605, 'babulka.gif', '.бабулька.', 16),
(606, 'babulka2.gif', '.бабулька2.', 16),
(607, 'ded2.gif', '.дед2.', 16),
(608, 'kachaet.gif', '.качает.', 16),
(609, 'kiddi.gif', '.киди.', 16),
(610, 'kormit.gif', '.кормит.', 16),
(611, 'kot.gif', '.кот3.', 16),
(612, 'kubiki.gif', '.кубики.', 16),
(613, 'kubiki2.gif', '.кубики2.', 16),
(614, 'kubiki3.gif', '.кубики3.', 16),
(615, 'mladenec.gif', '.младенец.', 16),
(616, 'mladenec2.gif', '.младенец2.', 16),
(617, 'molozhody.gif', '.женаты.', 16),
(618, 'nevizhu.gif', '.невижу.', 16),
(619, 'plachet.gif', '.плачет3.', 16),
(620, 'rebyuenok.gif', '.ребенок.', 16),
(621, 'sdetmi.gif', '.сдетьми.', 16),
(622, 'semya.gif', '.семья.', 16),
(623, 'semya2.gif', '.семья2.', 16),
(624, 'semya3.gif', '.семья3.', 16),
(625, 'smishkoy.gif', '.смишкой.', 16),
(626, 'soska.gif', '.соска.', 16),
(627, 'ssoskoy.gif', '.ссоской.', 16),
(628, 'vkrovatke.gif', '.вкроват.', 16),
(629, 'vkrovatke2.gif', '.вкроват2.', 16),
(630, 'vkrovatke3.gif', '.вкроват3.', 16),
(631, 'vkrovatke4.gif', '.вкроват4.', 16),
(632, 'wvanoy.gif', '.вванной.', 16),
(633, 'zmey.gif', '.змей.', 16),
(636, 'anjutki.gif', '.анютки.', 19),
(637, 'clover.gif', '.клевер.', 19),
(638, 'cveto.gif', '.цвето.', 19),
(669, 'amkar.gif', '.амкар.', 22),
(642, 'cvetok2.gif', '.цветок2.', 19),
(643, 'cvetok3.gif', '.цветок3.', 19),
(644, 'cvetok4.gif', '.цветок4.', 19),
(645, 'cvetok5.gif', '.цветок5.', 19),
(646, 'cvetok6.gif', '.цветок6.', 19),
(647, 'cvetok7.gif', '.цветок7.', 19),
(648, 'cvetok8.gif', '.цветок8.', 19),
(668, 'aikido.gif', '.айкидо.', 22),
(650, 'daryrozu.gif', '.дарюрозу.', 19),
(651, 'klever.gif', '.клевер2.', 19),
(653, 'romashka.gif', '.ромашка.', 19),
(654, 'romawki.gif', '.ромашки.', 19),
(655, 'roza.gif', '.роза.', 19),
(656, 'roza10.gif', '.роза1.', 19),
(657, 'roza2.gif', '.роза2.', 19),
(658, 'roza3.gif', '.роза3.', 19),
(659, 'roza4.gif', '.роза4.', 19),
(660, 'roza5.gif', '.роза5.', 19),
(661, 'roza6.gif', '.роза6.', 19),
(662, 'roza7.gif', '.роза7.', 19),
(663, 'roza8.gif', '.роза8.', 19),
(664, 'roza9.gif', '.роза9.', 19),
(665, 'sromashkoy.gif', '.сромашкой.', 19),
(670, 'basket.gif', '.баскет.', 22),
(667, 'tjulpan.gif', '.тюльпан.', 19),
(671, 'basketbol.gif', '.баскетбол.', 22),
(672, 'begun.gif', '.бегун.', 22),
(673, 'beisbol.gif', '.бейсбол.', 22),
(674, 'best.gif', '.бест.', 22),
(675, 'bobslej.gif', '.бобслей.', 22),
(676, 'bodibild.gif', '.бодибилд.', 22),
(677, 'bodibild2.gif', '.бодибилд2.', 22),
(678, 'bokser.gif', '.боксер.', 22),
(679, 'box.gif', '.бокс.', 22),
(680, 'cska.gif', '.цска.', 22),
(681, 'daiver.gif', '.дайвер.', 22),
(682, 'daiver2.gif', '.дайвер2.', 22),
(683, 'dinamo.gif', '.динамо.', 22),
(684, 'dinamo2.gif', '.динамо2.', 22),
(685, 'fanat.gif', '.фанат.', 22),
(686, 'fanaty.gif', '.фанаты.', 22),
(687, 'futb.gif', '.футб.', 22),
(688, 'ganteli.gif', '.гантели.', 22),
(689, 'golf.gif', '.гольф.', 22),
(690, 'himki.gif', '.химки.', 22),
(691, 'kach.gif', '.кач.', 22),
(692, 'kyban.gif', '.кубань.', 22),
(693, 'lizhnik.gif', '.лыжник.', 22),
(694, 'lizhnik2.gif', '.лыжник2.', 22),
(695, 'loko.gif', '.локо.', 22),
(696, 'mjach.gif', '.мяч.', 22),
(697, 'moscow.gif', '.москва.', 22),
(698, 'nalizhah.gif', '.налыжах.', 22),
(699, 'nhl.gif', '.нхл.', 22),
(700, 'obruch.gif', '.обруч.', 22),
(701, 'olimp.gif', '.олимп.', 22),
(708, 'rybin.gif', '.рубин.', 22),
(703, 'parus.gif', '.парус.', 22),
(704, 'plavaet.gif', '.плавает.', 22),
(705, 'podvodoy.gif', '.подводой.', 22),
(706, 'rostov.gif', '.ростов.', 22),
(707, 'rybalka2.gif', '.рыбалка2.', 22),
(709, 'satyrn.gif', '.сатурн.', 22),
(710, 'schamaty.gif', '.шахматы.', 22),
(711, 'serfer.gif', '.серфер.', 22),
(712, 'sflagom.gif', '.сфлагом.', 22),
(713, 'skakalka.gif', '.скакалка.', 22),
(714, 'skakalka2.gif', '.скакалка2.', 22),
(715, 'skeit.gif', '.скейт.', 22),
(716, 'slukom.gif', '.слуком.', 22),
(717, 'spam.gif', '.спартак.', 22),
(718, 'surf.gif', '.серф.', 22),
(719, 'tenis.gif', '.теннис.', 22),
(720, 'tenis2.gif', '.теннис2.', 22),
(721, 'trening.gif', '.тренинг.', 22),
(722, 'velo.gif', '.вело1.', 22),
(723, 'velo2.gif', '.вело2.', 22),
(724, 'velo3.gif', '.вело3.', 22),
(725, 'vodolaz.gif', '.водолаз.', 22),
(726, 'vodolaz2.gif', '.водолаз2.', 22),
(727, 'vplav.gif', '.вплавь.', 22),
(728, 'wtanga.gif', '.штанга.', 22),
(729, 'wtanga2.gif', '.штанга2.', 22),
(730, 'wtanga3.gif', '.штанга3.', 22),
(731, 'zenit.gif', '.зенит.', 22),
(732, 'zenit2.gif', '.зенит2.', 22),
(733, 'zhangler.gif', '.жанглер.', 22),
(734, 'baskov.gif', '.басков.', 14),
(735, 'boleyu.gif', '.болею.', 14),
(736, 'boss.gif', '.босс.', 14),
(737, 'buba.gif', '.буба.', 14),
(738, 'cactus.gif', '.кактус.', 14),
(739, 'chel.gif', '.чел.', 14),
(740, 'comando.gif', '.командо.', 14),
(741, 'comando2.gif', '.командо2.', 14),
(742, 'darov.gif', '.даров.', 14),
(743, 'dev.gif', '.дева.', 14),
(744, 'dev2.gif', '.дева2.', 14),
(745, 'elektrik.gif', '.электрик.', 14),
(746, 'evrej.gif', '.еврей.', 14),
(747, 'fanat2.gif', '.фанат2.', 14),
(748, 'fokusnik.gif', '.фокусник.', 14),
(749, 'hitler.gif', '.гитлер.', 14),
(750, 'indeets.gif', '.индеец.', 14),
(751, 'kanabis.gif', '.канабис.', 14),
(752, 'kapitan.gif', '.капитан.', 14),
(753, 'king.gif', '.кинг.', 14),
(754, 'kleopatra.gif', '.клео.', 14),
(755, 'kloun.gif', '.клоун.', 14),
(756, 'kloun2.gif', '.клоун2.', 14),
(757, 'kloun3.gif', '.клоун3.', 14),
(758, 'koldun.gif', '.колдун.', 14),
(759, 'koldun2.gif', '.колдун2.', 14),
(760, 'korol.gif', '.король.', 14),
(761, 'korol2.gif', '.король2.', 14),
(762, 'korol3.gif', '.король3.', 14),
(763, 'koroleva.gif', '.королева.', 14),
(764, 'kovboy.gif', '.ковбой.', 14),
(765, 'kovboy2.gif', '.ковбой2.', 14),
(766, 'krut.gif', '.крут.', 14),
(767, 'kurit.gif', '.курит.', 14),
(768, 'larisu.gif', '.ларису.', 14),
(769, 'letaet.gif', '.летает.', 14),
(770, 'luchnik1.gif', '.лучник1.', 14),
(771, 'mafiya.gif', '.мафия.', 14),
(772, 'mag.gif', '.маг.', 14),
(773, 'man2.gif', '.ман2.', 14),
(774, 'man3.gif', '.ман3.', 14),
(775, 'ment.gif', '.мент.', 14),
(776, 'mexicanets.gif', '.мексиканец.', 14),
(777, 'mushketer.gif', '.мушкетер.', 14),
(778, 'mexicanets2.gif', '.мексиканец2.', 14),
(779, 'nakone.gif', '.наконе.', 14),
(780, 'napoleon.gif', '.наполеон.', 14),
(781, 'neo.gif', '.нео.', 14),
(782, 'nitki.gif', '.нитки.', 14),
(783, 'novrus.gif', '.новрус.', 14),
(784, 'ohotnik.gif', '.охотник.', 14),
(785, 'pac.gif', '.пак.', 14),
(786, 'pioner.gif', '.пионер.', 14),
(787, 'pirat.gif', '.пират.', 14),
(788, 'pirat2.gif', '.пират2.', 14),
(789, 'piska.gif', '.писька.', 14),
(790, 'pogran.gif', '.погран.', 14),
(791, 'poryadok.gif', '.порядок.', 14),
(792, 'potter.gif', '.потер.', 14),
(793, 'princesa.gif', '.принцесса.', 14),
(794, 'princesa2.gif', '.принцесса2.', 14),
(795, 'puf.gif', '.пуф.', 14),
(796, 'rap.gif', '.реп.', 14),
(797, 'ribak.gif', '.рыбак.', 14),
(798, 'ritsar.gif', '.рыцарь.', 14),
(799, 'rus.gif', '.рус.', 14),
(800, 'rus2.gif', '.рус2.', 14),
(801, 'rusalka.gif', '.русалка.', 14),
(802, 'rybak.gif', '.рыбак2.', 14),
(803, 'sestra.gif', '.сестра.', 14),
(804, 'shrek.gif', '.шрек.', 14),
(805, 'shut.gif', '.шут.', 14),
(806, 'soldat.gif', '.солдат.', 14),
(807, 'student.gif', '.студент.', 14),
(808, 'student2.gif', '.студент2.', 14),
(809, 'student3.gif', '.студент3.', 14),
(810, 'tommi.gif', '.томми.', 14),
(811, 'triniti.gif', '.тринити.', 14),
(812, 'uchen.gif', '.учен.', 14),
(813, 'ukr.gif', '.укр.', 14),
(814, 'usa.gif', '.юса.', 14),
(815, 'ukr2.gif', '.укр2.', 14),
(816, 'vorobey.gif', '.воробей.', 14),
(817, 'yaponets.gif', '.японец.', 14),
(818, 'zabolel.gif', '.заболел.', 14),
(819, 'zamerz.gif', '.замерз.', 14),
(820, 'zk.gif', '.зк.', 14),
(821, 'zvezda.gif', '.звезда.', 14),
(822, 'aplodismenty.gif', '.апл2.', 3),
(823, 'begu.gif', '.бегу.', 3),
(824, 'begu2.gif', '.бегу2.', 3),
(825, 'bezponyatia.gif', '.безпон.', 3),
(826, 'blin.gif', '.блин.', 3),
(827, 'bolelshaca.gif', '.болельщица.', 3),
(828, 'bolen.gif', '.болен.', 3),
(829, 'brietsya.gif', '.бреется.', 3),
(830, 'budilnak2.gif', '.будильник2.', 3),
(831, 'budilnik.gif', '.будильник.', 3),
(832, 'chai.gif', '.чай.', 3),
(833, 'chest.gif', '.честь.', 3),
(834, 'chest2.gif', '.честь2.', 3),
(835, 'chiffa.gif', '.чифа.', 3),
(836, 'chih.gif', '.чих.', 3),
(837, 'chistzubyi.gif', '.чистзуб.', 3),
(838, 'chit.gif', '.чит.', 3),
(839, 'chit2.gif', '.чит2.', 3),
(840, 'chit3.gif', '.чит3.', 3),
(841, 'chitaet.gif', '.читает.', 3),
(842, 'chmok.gif', '.чм.', 3),
(844, 'dance.gif', '.дансе.', 3),
(845, 'darit.gif', '.дарит.', 3),
(846, 'ded.gif', '.дед.', 3),
(847, 'dovolno.gif', '.довольно.', 3),
(848, 'dozhd.gif', '.дождь.', 3),
(849, 'dozhd2.gif', '.дождь2.', 3),
(850, 'draznilka.gif', '.дразнилка.', 3),
(851, 'drel.gif', '.дрель.', 3),
(852, 'druzhba.gif', '.дружба.', 3),
(853, 'dush.gif', '.душ.', 3),
(854, 'duw.gif', '.душ2.', 3),
(855, 'dveri.gif', '.двери.', 3),
(856, 'dvornik.gif', '.дворник.', 3),
(857, 'dzhentelmen.gif', '.джентл.', 3),
(858, 'edu.gif', '.еду.', 3),
(859, 'fen.gif', '.фен.', 3),
(860, 'foto.gif', '.фото.', 3),
(861, 'fotograf.gif', '.фотограф.', 3),
(862, 'galstuk3.gif', '.галстук3.', 3),
(863, 'gazeta.gif', '.газета.', 3),
(864, 'geimery.gif', '.геймеры.', 3),
(865, 'gladit.gif', '.утюг.', 3),
(866, 'gnomy.gif', '.гномы.', 3),
(867, 'gonchar.gif', '.гончар.', 3),
(868, 'grebet.gif', '.гребет.', 3),
(869, 'gud.gif', '.гуд.', 3),
(870, 'helpme.gif', '.хелпми.', 3),
(871, 'hudozh.gif', '.худож.', 3),
(872, 'igra.gif', '.игра.', 3),
(873, 'igraet.gif', '.играет2.', 3),
(874, 'igrayut.gif', '.играют.', 3),
(875, 'invalidy.gif', '.инвалиды.', 3),
(876, 'ironia.gif', '.ирония.', 3),
(877, 'izneotkuda.gif', '.изне.', 3),
(878, 'izpola.gif', '.изпола.', 3),
(879, 'jazyk.gif', '.язык3.', 3),
(880, 'kartezhnik.gif', '.картежник.', 3),
(881, 'karty.gif', '.карты.', 3),
(882, 'kleit.gif', '.клеит.', 3),
(883, 'kolbasit.gif', '.колбасит.', 3),
(884, 'kolokol.gif', '.колокол.', 3),
(885, 'kompolom.gif', '.комполом.', 3),
(886, 'konvert.gif', '.конверт.', 3),
(887, 'kopilka.gif', '.копилка.', 3),
(888, 'kovyr2.gif', '.ковыр2.', 3),
(889, 'kovyr.gif', '.ковыр.', 3),
(890, 'krasit.gif', '.красит.', 3),
(891, 'krasit2.gif', '.красит2.', 3),
(892, 'krik.gif', '.крик.', 3),
(893, 'krivitsya.gif', '.кривится.', 3),
(894, 'krug.gif', '.круг.', 3),
(895, 'kubik.gif', '.куб.', 3),
(896, 'kubiki.gif', '.куб2.', 3),
(897, 'kuku.gif', '.куку.', 3),
(898, 'kuku2.gif', '.куку2.', 3),
(899, 'kur.gif', '.кур.', 3),
(900, 'kur2.gif', '.кур2.', 3),
(901, 'kurica.gif', '.курица.', 3),
(902, 'lak.gif', '.лак1.', 3),
(903, 'manit.gif', '.манит.', 3),
(904, 'marionetka.gif', '.марионетка.', 3),
(905, 'marionetka2.gif', '.марионетка2.', 3),
(906, 'matematik.gif', '.математик.', 3),
(907, 'meditaciya.gif', '.медит.', 3),
(908, 'mob.gif', '.моб.', 3),
(909, 'moitpol.gif', '.моетпол.', 3),
(910, 'monashka.gif', '.монашка.', 3),
(911, 'moto.gif', '.мото2.', 3),
(912, 'muha.gif', '.муха.', 3),
(913, 'nakachele.gif', '.накачели.', 3),
(914, 'nakone2.gif', '.наконе2.', 3),
(915, 'nalune.gif', '.налуне.', 3),
(916, 'nametle.gif', '.наметле.', 3),
(917, 'narozliv.gif', '.наразлив.', 3),
(918, 'nauho.gif', '.наухо.', 3),
(919, 'nazamok.gif', '.назамок.', 3),
(920, 'neotkr.gif', '.неоткр.', 3),
(921, 'nevedimka.gif', '.невидим.', 3),
(922, 'night.gif', '.найт.', 3),
(923, 'obruch.gif', '.обруч2.', 3),
(924, 'ocenki.gif', '.оценки.', 3),
(925, 'palets.gif', '.палец.', 3),
(926, 'pasmo.gif', '.письмо.', 3),
(927, 'pazzl.gif', '.пазл.', 3),
(928, 'pepper.gif', '.пепер.', 3),
(929, 'pilesos.gif', '.пылесос.', 3),
(930, 'pilyaet.gif', '.пилит.', 3),
(931, 'piosmok.gif', '.пиосмок.', 3),
(932, 'pishu.gif', '.пишу.', 3),
(933, 'podarok.gif', '.подарок.', 3),
(934, 'podarok2.gif', '.подарок2.', 3),
(935, 'podarok3.gif', '.подарок3.', 3),
(936, 'podderzhka.gif', '.поддержка.', 3),
(937, 'pogolove.gif', '.поголове4.', 3),
(938, 'polivaet.gif', '.поливает.', 3),
(939, 'porukam.gif', '.порукам.', 3),
(940, 'porukam2.gif', '.порукам2.', 3),
(941, 'porukam3.gif', '.порукам3.', 3),
(942, 'pospisku.gif', '.посписку.', 3),
(943, 'potelefonu.gif', '.потелефону.', 3),
(944, 'potyag.gif', '.потяг.', 3),
(945, 'pousham.gif', '.поушам.', 3),
(946, 'privet.gif', '.привет1.', 3),
(947, 'privet2.gif', '.привет2.', 3),
(948, 'privet3.gif', '.привет3.', 3),
(949, 'probezhala.gif', '.пробежала.', 3),
(950, 'puzirki.gif', '.пузырьки.', 3),
(951, 'puzzle.gif', '.пазл2.', 3),
(952, 'pyot.gif', '.пьет.', 3),
(953, 'pyot2.gif', '.пьет2.', 3),
(954, 'rakushka.gif', '.ракушка.', 3),
(955, 'rniga.gif', '.книга.', 3),
(956, 'roga.gif', '.рога2.', 3),
(957, 'rogatka.gif', '.рогатка.', 3),
(958, 'rubanok.gif', '.рубанок.', 3),
(959, 'rubik.gif', '.рубик.', 3),
(960, 'salon.gif', '.салон.', 3),
(961, 'salto.gif', '.сальто.', 3),
(962, 'scharik.gif', '.шарик.', 3),
(963, 'schlyapki.gif', '.шляпки.', 3),
(964, 'sfenom.gif', '.фен.', 3),
(965, 'sgalstukom.gif', '.сгалстуком.', 3),
(966, 'shelkaet.gif', '.щелкает.', 3),
(967, 'skluchem.gif', '.сключем.', 3),
(968, 'skubkom.gif', '.скубком.', 3),
(969, 'sleep.gif', '.спит.', 3),
(970, 'slupoi.gif', '.слупой.', 3),
(971, 'slupoy.gif', '.слупой2.', 3),
(972, 'smeshkom.gif', '.смешком.', 3),
(973, 'spisok.gif', '.список.', 3),
(974, 'spit.gif', '.спит2.', 3),
(975, 'spyat.gif', '.спят.', 3),
(976, 'stoporom.gif', '.стопором.', 3),
(977, 'svenikom.gif', '.свеником.', 3),
(978, 'svistit.gif', '.свистит.', 3),
(979, 'svistun.gif', '.свистун.', 3),
(980, 'tabletku.gif', '.таблетки.', 3),
(981, 'tel.gif', '.тел.', 3),
(982, 'tel2.gif', '.тел2.', 3),
(983, 'tomat.gif', '.томат.', 3),
(984, 'ukaz.gif', '.указ.', 3),
(985, 'uletelszontom.gif', '.улетел.', 3),
(986, 'umnik.gif', '.умник.', 3),
(987, 'upravlyaet.gif', '.управ.', 3),
(988, 'vazon.gif', '.вазон.', 3),
(989, 'vbanker.gif', '.вбанке.', 3),
(990, 'vdushe.gif', '.вдуше.', 3),
(991, 'venok.gif', '.венок.', 3),
(992, 'vertushka.gif', '.вертушка.', 3),
(993, 'vkresle.gif', '.вкресле.', 3),
(994, 'vkresle2.gif', '.вкресле2.', 3),
(995, 'vluzhu.gif', '.влужу.', 3),
(996, 'vnebo.gif', '.внебо.', 3),
(997, 'vo.gif', '.во.', 3),
(998, 'vochkah.gif', '.вочках.', 3),
(999, 'vokrug.gif', '.вокруг.', 3),
(1000, 'vremya.gif', '.время.', 3),
(1001, 'vudu.gif', '.вуду.', 3),
(1002, 'vuhe.gif', '.вухе.', 3),
(1003, 'vwanuyu.gif', '.вванную.', 3),
(1004, 'vyazhit.gif', '.вяжет.', 3),
(1005, 'vyglyadivaet.gif', '.выглядывает.', 3),
(1006, 'vyshivaet.gif', '.вышивает.', 3),
(1007, 'vyshivaet2.gif', '.вышивает2.', 3),
(1008, 'vzryvatel.gif', '.взрыватель.', 3),
(1009, 'wellkom.gif', '.велком.', 3),
(1010, 'ximiya.gif', '.химия.', 3),
(1011, 'xo.gif', '.хо.', 3),
(1012, 'yazik.gif', '.язык4.', 3),
(1013, 'yoyo.gif', '.йойо.', 3),
(1014, 'yues.gif', '.уес.', 3),
(1015, 'yues2.gif', '.уес2.', 3),
(1016, 'zabivaet.gif', '.забивает.', 3),
(1017, 'zadumalsya.gif', '.задумался.', 3),
(1018, 'zadumchivo.gif', '.задумчиво.', 3),
(1019, 'zakositshki.gif', '.закосички.', 3),
(1020, 'zaradka.gif', '.зарядка.', 3),
(1021, 'zasyp.gif', '.засып.', 3),
(1022, 'zavolosy.gif', '.заволосы.', 3),
(1023, 'zawtoroj.gif', '.зашторой.', 3),
(1024, 'zerkalo.gif', '.зеркало.', 3),
(1025, 'zerkalo2.gif', '.зеркало2.', 3),
(1026, 'zevaet.gif', '.зевает.', 3),
(1027, 'zhopoy.gif', '.жопой.', 3),
(1028, 'zhuw.gif', '.жиш.', 3),
(1029, 'zombie.gif', '.зомби.', 3),
(1030, 'zont.gif', '.зонт.', 3),
(1031, 'zubch.gif', '.зубч.', 3),
(1049, 'zub.gif', '.зуб.', 6),
(1050, 'zuby.gif', '.зуб2.', 6),
(1051, 'gg.gif', '.гг.', 6),
(1054, '1317812723.gif', '.ахуеть.', 10),
(1053, '1317812949.gif', '.ценз.', 10),
(1055, '1317812998.gif', '.зоо.', 23),
(1056, 'yjas.png', '.позор.', 20),
(1072, 'kgam.gif', '.кгам.', 4),
(1073, 'sim.png', '.симбас.', 14),
(1074, 'icon_157.gif', '.пивос.', 7),
(1076, '02.gif', ':сердит', 24),
(1077, '04b.gif', ':улыбка', 24),
(1078, '06a.gif', ':грусть', 24),
(1079, '07a.gif', ':дум', 24),
(1080, '01.gif', ':хмур', 24),
(1081, '03a.gif', ':сум', 24),
(1082, '09a.gif', ':подмиг', 24),
(1083, '10a.gif', ':злой', 24),
(1084, '11a.gif', ':лыба', 24),
(1085, '13a.gif', ':плак', 24),
(1086, '14a.gif', ':язык', 24),
(1087, '26a.gif', ':ах', 24),
(1088, '27a.gif', ':фигасе', 24),
(1089, '41b.gif', ':мечт', 24),
(1090, '44a.gif', ':люб', 24),
(1091, '46a.gif', ':сплю', 24),
(1092, '51a.gif', ':рад', 24),
(1093, '28a.gif', ':зев', 24),
(1094, '47a.gif', '(H)', 24),
(1095, 'doublehuy.gif', '.йух2.', 23),
(1097, '34.gif', ':simsim', 10),
(1098, 'sonno.gif', '.зеваю.', 20),
(1152, 'privideniya-3.gif', '.мумия.', 13),
(1153, 'privideniya-1.gif', '.приведение1.', 13),
(1154, 'hellouin-112.gif', '.тыква.', 13),
(1155, 'hellouin-105.gif', '.приведение2.', 13),
(1156, 'hellouin-83.gif', '.дракула1.', 13),
(1157, 'hellouin-79.gif', '.хэллоуин.', 13),
(1158, 'hellouin.gif', '.хэллоуин1.', 13),
(1168, '4e.gif', '.че.', 21),
(1169, 'bad.gif', ':(', 21),
(1170, 'biggrin.gif', ':D', 21),
(1171, 'glaza.gif', '.глаза.', 21),
(1172, 'kiss.gif', '.кисс.', 21),
(1173, 'mig.gif', '.миг.', 21),
(1174, 'o4ki.gif', '.крут.', 21),
(1175, 'secret.gif', '.секрет.', 21),
(1176, 'serdit.gif', '.сердит.', 21),
(1177, 'smile.gif', ':)', 21),
(1178, 'yazik.gif', '.язык.', 21);

-- --------------------------------------------------------

--
-- Структура таблицы `smile_dir`
--

CREATE TABLE IF NOT EXISTS `smile_dir` (
  `id` int(11) NOT NULL AUTO_INCREMENT,
  `name` varchar(32) NOT NULL,
  `opis` varchar(320) NOT NULL,
  PRIMARY KEY (`id`)
) ENGINE=MyISAM  DEFAULT CHARSET=utf8 AUTO_INCREMENT=27 ;

--
-- Дамп данных таблицы `smile_dir`
--

INSERT INTO `smile_dir` (`id`, `name`, `opis`) VALUES
(3, 'Действия', ''),
(4, 'Добро и Зло', ''),
(5, 'Драки и Оружие', ''),
(6, 'Дурдом', ''),
(7, 'Еда и Напитки', ''),
(8, 'Жесты', ''),
(9, 'Животные', ''),
(10, 'Значки и Надписи', ''),
(11, 'Любовь', ''),
(12, 'Музыка', ''),
(13, 'Праздники', ''),
(14, 'Персонажи', ''),
(15, 'Разное', ''),
(16, 'Семья', ''),
(22, 'Спорт', ''),
(18, 'Техника', ''),
(19, 'Цветы', ''),
(20, 'Эмоции', ''),
(21, 'Общие', ''),
(23, 'Секс', ''),
(24, 'Квадратные', '');

-- --------------------------------------------------------

--
-- Структура таблицы `spamus`
--

CREATE TABLE IF NOT EXISTS `spamus` (
  `id` int(11) NOT NULL AUTO_INCREMENT,
  `id_user` int(11) NOT NULL,
  `msg` varchar(512) DEFAULT NULL,
  `razdel` varchar(40) DEFAULT NULL,
  `id_spam` int(11) NOT NULL,
  `types` int(11) DEFAULT '0',
  `time` int(12) DEFAULT NULL,
  `id_post` int(111) DEFAULT NULL,
  `spam` varchar(1000) DEFAULT NULL,
  `id_object` int(1) DEFAULT '0',
  PRIMARY KEY (`id`)
) ENGINE=MyISAM  DEFAULT CHARSET=utf8 AUTO_INCREMENT=2 ;

-- --------------------------------------------------------

--
-- Структура таблицы `status`
--

CREATE TABLE IF NOT EXISTS `status` (
  `id` int(11) NOT NULL AUTO_INCREMENT,
  `id_user` int(11) NOT NULL,
  `msg` varchar(1024) NOT NULL,
  `like` int(11) NOT NULL,
  `time` int(11) NOT NULL,
  `pokaz` int(11) NOT NULL,
  `rating` int(11) DEFAULT '0',
  PRIMARY KEY (`id`)
) ENGINE=MyISAM  DEFAULT CHARSET=utf8 AUTO_INCREMENT=10 ;

--
-- Дамп данных таблицы `status`
--

INSERT INTO `status` (`id`, `id_user`, `msg`, `like`, `time`, `pokaz`, `rating`) VALUES
(1, 1, '.пост.', 0, 1358863317, 0, 0),
(3, 1, 'Здрасте=)', 0, 1358863516, 1, 0),
(4, 3, 'Хэ=)', 0, 1358865314, 1, 0),
(5, 4, 'Тест :)', 0, 1358872284, 1, 0);

-- --------------------------------------------------------

--
-- Структура таблицы `status_komm`
--

CREATE TABLE IF NOT EXISTS `status_komm` (
  `id` int(11) NOT NULL AUTO_INCREMENT,
  `id_user` int(11) NOT NULL,
  `msg` varchar(1024) NOT NULL,
  `like` int(11) NOT NULL,
  `time` int(11) NOT NULL,
  `id_status` int(11) NOT NULL,
  PRIMARY KEY (`id`)
) ENGINE=MyISAM DEFAULT CHARSET=utf8 AUTO_INCREMENT=1 ;

-- --------------------------------------------------------

--
-- Структура таблицы `status_like`
--

CREATE TABLE IF NOT EXISTS `status_like` (
  `id` int(11) NOT NULL AUTO_INCREMENT,
  `id_user` int(11) NOT NULL,
  `time` int(11) NOT NULL,
  `id_status` int(11) NOT NULL,
  PRIMARY KEY (`id`)
) ENGINE=MyISAM  DEFAULT CHARSET=utf8 AUTO_INCREMENT=6 ;

--
-- Дамп данных таблицы `status_like`
--

INSERT INTO `status_like` (`id`, `id_user`, `time`, `id_status`) VALUES
(1, 1, 1359046473, 7),
(2, 1, 1359092143, 8),
(3, 59, 1359436699, 3),
(4, 1, 1359731479, 9);

-- --------------------------------------------------------

--
-- Структура таблицы `stena`
--

CREATE TABLE IF NOT EXISTS `stena` (
  `id` int(11) NOT NULL AUTO_INCREMENT,
  `id_user` int(11) NOT NULL,
  `id_stena` int(11) NOT NULL,
  `time` int(11) NOT NULL,
  `msg` varchar(1024) CHARACTER SET utf8 COLLATE utf8_unicode_ci DEFAULT NULL,
  `read` int(11) DEFAULT '1',
  PRIMARY KEY (`id`),
  KEY `time` (`time`)
) ENGINE=MyISAM  DEFAULT CHARSET=utf8 AUTO_INCREMENT=4 ;

--
-- Дамп данных таблицы `stena`
--

INSERT INTO `stena` (`id`, `id_user`, `id_stena`, `time`, `msg`, `read`) VALUES
(1, 3, 3, 1358865369, ':-D  :-D  :-D  :-D  :-D  :-D', 1),
(2, 3, 3, 1358865384, ':diablo:', 1);

-- --------------------------------------------------------

--
-- Структура таблицы `stena_like`
--

CREATE TABLE IF NOT EXISTS `stena_like` (
  `id` int(11) NOT NULL AUTO_INCREMENT,
  `id_user` int(11) NOT NULL,
  `id_stena` int(11) NOT NULL,
  PRIMARY KEY (`id`)
) ENGINE=MyISAM  DEFAULT CHARSET=utf8 AUTO_INCREMENT=2 ;

-- --------------------------------------------------------

--
-- Структура таблицы `supergonki`
--

CREATE TABLE IF NOT EXISTS `supergonki` (
  `id` int(11) NOT NULL AUTO_INCREMENT,
  `id_u` int(11) NOT NULL,
  `car` int(5) NOT NULL DEFAULT '1',
  `speed` int(11) NOT NULL DEFAULT '75',
  `uprav` int(11) NOT NULL DEFAULT '25',
  `color` int(3) NOT NULL,
  `win` int(11) NOT NULL,
  `race_last` int(11) NOT NULL,
  `race_kol` int(4) NOT NULL,
  `racer` int(11) NOT NULL,
  `shina` int(11) NOT NULL DEFAULT '1',
  `za` int(11) NOT NULL DEFAULT '1',
  `cz` int(11) NOT NULL DEFAULT '1',
  `zak` int(11) NOT NULL DEFAULT '1',
  `podv` int(11) NOT NULL DEFAULT '1',
  `vpusk` int(11) NOT NULL DEFAULT '1',
  `lose` int(11) NOT NULL,
  `exp` int(11) NOT NULL,
  `money` int(11) NOT NULL DEFAULT '6500',
  `baks` int(11) NOT NULL DEFAULT '10',
  `level` int(11) NOT NULL,
  `resp` int(11) NOT NULL,
  `samoobl` int(11) NOT NULL,
  `reak` int(11) NOT NULL,
  `nextlevel` int(11) NOT NULL DEFAULT '6',
  PRIMARY KEY (`id`)
) ENGINE=MyISAM  DEFAULT CHARSET=utf8 AUTO_INCREMENT=341 ;

--
-- Дамп данных таблицы `supergonki`
--

INSERT INTO `supergonki` (`id`, `id_u`, `car`, `speed`, `uprav`, `color`, `win`, `race_last`, `race_kol`, `racer`, `shina`, `za`, `cz`, `zak`, `podv`, `vpusk`, `lose`, `exp`, `money`, `baks`, `level`, `resp`, `samoobl`, `reak`, `nextlevel`) VALUES
(338, 1, 1, 75, 25, 0, 0, 0, 0, 0, 1, 1, 1, 1, 1, 1, 0, 0, 6500, 10, 0, 0, 0, 0, 6),
(339, 12, 9, 70, 70, 0, 0, 0, 0, 0, 1, 1, 1, 1, 1, 1, 0, 0, 5060, 10, 0, 0, 0, 0, 6),
(340, 64, 1, 75, 25, 0, 0, 0, 0, 0, 1, 1, 1, 1, 1, 1, 0, 0, 6500, 10, 0, 0, 0, 0, 6);

-- --------------------------------------------------------

--
-- Структура таблицы `super_car`
--

CREATE TABLE IF NOT EXISTS `super_car` (
  `id` int(11) NOT NULL AUTO_INCREMENT,
  `level` int(11) NOT NULL,
  `name` varchar(128) NOT NULL,
  `color` int(3) NOT NULL,
  `screen` varchar(128) NOT NULL,
  `class` varchar(128) NOT NULL,
  `m_speed` int(11) NOT NULL,
  `uprav` int(11) NOT NULL,
  `cost` int(11) NOT NULL,
  PRIMARY KEY (`id`)
) ENGINE=MyISAM  DEFAULT CHARSET=utf8 AUTO_INCREMENT=43 ;

--
-- Дамп данных таблицы `super_car`
--

INSERT INTO `super_car` (`id`, `level`, `name`, `color`, `screen`, `class`, `m_speed`, `uprav`, `cost`) VALUES
(1, 0, 'Vaz 2107', 0, 'Vaz_2107.png', 'd', 75, 15, 900),
(2, 0, 'Vaz 2109', 0, 'Vaz_2109.png', 'd', 80, 30, 1200),
(3, 0, 'Vaz Niva', 0, 'Vaz_Niva.png', 'd', 90, 90, 1800),
(4, 0, 'Vaz 2112', 0, 'Vaz_2112.png', 'd', 110, 110, 4500),
(5, 0, 'Vaz Priora', 0, 'Vaz_Priora.png', 'd', 110, 110, 4000),
(6, 0, 'Mercedes W123', 0, 'Mercedes_W123.png', 'd', 85, 85, 1350),
(7, 0, 'Nissan Micra', 0, 'Nissan_Micra.png', 'd', 105, 105, 4250),
(8, 0, 'Renault Logan', 0, 'Renault_Logan.png', 'd', 98, 98, 5300),
(9, 0, 'Smart Car', 0, 'Smart_Car.png', 'd', 70, 70, 720),
(10, 0, 'Subaru Impreza', 0, 'Subaru_Impreza.png', 'd', 195, 195, 7900),
(11, 0, 'Koenigsegg CCXR', 0, 'Koenigsegg_CCXR.png', 'd', 1034, 1034, 3280000),
(15, 0, 'BMW Vision', 0, 'BMW_Vision.png', 'd', 1010, 1010, 2900000),
(16, 0, 'Endora SC-1', 0, 'Endora SC-1.png', 'd', 1296, 1296, 4130000),
(18, 0, 'Bugatti Veyron 16.4', 0, 'Bugatti_Veyron.png', 'd', 1001, 1001, 2800000),
(19, 0, 'Dagger GT', 0, 'Dagger_GT.png', 'd', 1299, 1299, 4180000),
(20, 0, 'Lamborghini Canto', 0, 'Lamborghini_Canto.png', 'd', 1299, 1299, 4180000),
(21, 0, 'Ferrari F1 2007', 0, 'Ferrari_F1_2007.png', 'd', 1400, 1400, 5000000),
(22, 0, 'Marussia B2', 0, 'Marussia_B2.png', 'd', 995, 260, 1900000),
(23, 0, 'Lamborghini Embolado', 0, 'Lamborghini_Embolado.png', 'd', 1060, 1060, 3990000),
(24, 0, 'Lamborghini Sesto Elemento', 0, 'Lamborghini_Sesto_Elemento.png', 'd', 990, 990, 1850000),
(25, 0, 'Audi A9', 0, 'Audi_A9.png', 'd', 1080, 1080, 3995000),
(26, 0, 'Alfa Romeo TZ3 Stradale', 0, 'Alfa_Romeo_TZ3_Stradale.png', 'd', 1298, 1298, 4150000),
(28, 0, 'Ferrari F25', 0, 'Ferrari_F25.png', 'd', 1305, 1305, 4290000),
(29, 0, 'Lambopghini Freccia', 0, 'Lamborghini_Freccia.png', 'd', 1330, 1330, 4430000),
(30, 0, 'R999', 0, 'R999.png', 'd', 1298, 1298, 4150000),
(31, 0, 'Ford Fusion Nascar', 0, 'Ford_Fusion_NASCAR.png', 'd', 1298, 1298, 4150000),
(32, 0, 'Citroen GT', 0, 'Citroen_GT.png', 'd', 896, 896, 805000),
(34, 0, 'Lexus LF-LC', 0, 'Lexus_LF-LC.png', 'd', 1060, 1060, 3990000),
(35, 0, 'Bugatti Veyron Super Sport', 0, 'Bugatti_Veyron_SS_new.png', 'x', 1200, 398, 100),
(36, 0, 'Honda Hot Wheels', 0, 'honda_hot_wheels.png', 'x', 1205, 398, 100),
(37, 0, 'Aston Martin V8 GT2', 0, 'Aston_Martin_V8_GT2.png', 'x', 1409, 1409, 99999999),
(38, 0, 'Mercedes-Benz Silver Arrow', 0, 'Mercedes-Benz_Silver_Arrow.png', 'x', 1210, 400, 500),
(39, 0, 'Lamborghini Aventador', 0, 'Lamborghini-Aventador-LP-700.png', 'x', 700, 200, 75),
(40, 0, 'Audi Q7', 0, 'audi-q7.png', 'x', 654, 205, 260),
(41, 0, 'Rolls-Royce Ghost Coupe', 0, 'Rolls-Royce_Ghost_Coupe.png', 'd', 1340, 1340, 4690000),
(12, 0, 'Maserati MC12 Corsa', 0, 'Maserati_MC12_Corsa.png', 'd', 1012, 1012, 2910000),
(42, 0, 'Audi RSQ', 0, 'Audi_RSQ.png', 'x', 901, 901, 30000000);

-- --------------------------------------------------------

--
-- Структура таблицы `super_exc`
--

CREATE TABLE IF NOT EXISTS `super_exc` (
  `id` int(11) NOT NULL AUTO_INCREMENT,
  `level` int(11) NOT NULL,
  `name` varchar(128) NOT NULL,
  `color` int(3) NOT NULL,
  `screen` varchar(128) NOT NULL,
  `class` varchar(128) NOT NULL,
  `m_speed` int(11) NOT NULL,
  `uprav` int(11) NOT NULL,
  `baks` int(11) NOT NULL,
  PRIMARY KEY (`id`)
) ENGINE=MyISAM  DEFAULT CHARSET=utf8 AUTO_INCREMENT=43 ;

--
-- Дамп данных таблицы `super_exc`
--

INSERT INTO `super_exc` (`id`, `level`, `name`, `color`, `screen`, `class`, `m_speed`, `uprav`, `baks`) VALUES
(39, 0, 'Lamborghini Aventador', 0, 'Lamborghini_Aventador.png', 'd', 700, 200, 75),
(38, 0, 'Mercedes-Benz Silver Arrow', 0, 'Mercedes-Benz_Silver_Arrow.png', 'd', 1210, 400, 500),
(37, 0, 'Aston Martin V8 GT2', 0, 'Aston_Martin_V8_GT2.png', 'x', 1409, 460, 2999),
(36, 0, 'Honda Hot Wheels', 0, 'Honda_Hot_Wheels.png', 'd', 1205, 410, 480),
(35, 0, 'Bugatti Veyron Super Sport', 0, 'Bugatti_Veyron_SS.png', 'd', 1200, 1200, 440),
(40, 0, 'Audi Q7', 0, 'Audi_Q7.png', 'd', 654, 205, 260),
(42, 0, 'Audi RSQ', 0, 'Audi_RSQ.png', 'd', 901, 901, 300);

-- --------------------------------------------------------

--
-- Структура таблицы `super_race`
--

CREATE TABLE IF NOT EXISTS `super_race` (
  `id` int(11) NOT NULL AUTO_INCREMENT,
  `id_1` int(11) NOT NULL,
  `id_2` int(11) NOT NULL,
  `who_win` int(8) NOT NULL,
  `act` enum('0','1') DEFAULT '0',
  PRIMARY KEY (`id`)
) ENGINE=MyISAM  DEFAULT CHARSET=utf8 AUTO_INCREMENT=743 ;

--
-- Дамп данных таблицы `super_race`
--

INSERT INTO `super_race` (`id`, `id_1`, `id_2`, `who_win`, `act`) VALUES
(378, 871, 870, 0, '1'),
(486, 15, 26, 0, '0'),
(389, 7, 13, 0, '0'),
(402, 7, 4, 0, '0'),
(392, 7, 9, 0, '0'),
(393, 7, 10, 0, '0'),
(533, 15, 32, 0, '0'),
(396, 7, 5, 0, '0'),
(713, 2, 5, 0, '0'),
(572, 30, 38, 0, '0'),
(408, 12, 16, 0, '0'),
(411, 12, 13, 0, '0'),
(413, 12, 9, 0, '0'),
(414, 12, 8, 0, '0'),
(417, 17, 13, 0, '0'),
(419, 17, 10, 0, '0'),
(434, 15, 21, 0, '0'),
(631, 48, 47, 0, '0'),
(425, 19, 16, 0, '0'),
(466, 22, 21, 0, '0'),
(440, 15, 13, 0, '0'),
(430, 20, 16, 0, '0'),
(443, 15, 16, 0, '0'),
(444, 15, 19, 0, '0'),
(446, 15, 12, 0, '0'),
(448, 15, 9, 0, '0'),
(449, 15, 10, 0, '0'),
(450, 15, 8, 0, '0'),
(588, 35, 41, 0, '0'),
(452, 15, 5, 0, '0'),
(453, 15, 4, 0, '0'),
(685, 55, 0, 0, '0'),
(457, 23, 21, 0, '0'),
(459, 23, 8, 0, '0'),
(534, 33, 32, 0, '0'),
(704, 20, 22, 0, '0'),
(462, 17, 21, 0, '0'),
(463, 17, 16, 0, '0'),
(468, 22, 19, 0, '0'),
(526, 15, 31, 0, '0'),
(470, 22, 16, 0, '0'),
(569, 15, 38, 0, '0'),
(699, 24, 0, 0, '0'),
(705, 20, 0, 0, '0'),
(478, 17, 19, 0, '0'),
(604, 40, 42, 0, '0'),
(703, 20, 54, 0, '0'),
(484, 17, 26, 0, '0'),
(535, 34, 32, 0, '0'),
(529, 15, 25, 0, '0'),
(567, 35, 38, 0, '0'),
(525, 30, 31, 0, '0'),
(635, 15, 48, 0, '0'),
(518, 6, 26, 0, '0'),
(519, 6, 12, 0, '0'),
(633, 15, 50, 0, '0'),
(532, 32, 26, 0, '0'),
(536, 15, 33, 0, '0'),
(539, 34, 26, 0, '0'),
(538, 34, 31, 0, '0'),
(541, 34, 9, 0, '0'),
(542, 34, 10, 0, '0'),
(543, 34, 8, 0, '0'),
(544, 34, 5, 0, '0'),
(591, 39, 41, 0, '0'),
(549, 35, 32, 0, '0'),
(550, 35, 31, 0, '0'),
(551, 35, 34, 0, '0'),
(552, 35, 33, 0, '0'),
(553, 35, 25, 0, '0'),
(590, 35, 36, 0, '0'),
(600, 39, 42, 0, '0'),
(556, 15, 34, 0, '0'),
(634, 15, 49, 0, '0'),
(597, 39, 33, 0, '0'),
(561, 35, 26, 0, '0'),
(593, 39, 32, 0, '0'),
(596, 39, 34, 0, '0'),
(568, 35, 37, 0, '0'),
(565, 37, 32, 0, '0'),
(566, 38, 37, 0, '0'),
(570, 15, 37, 0, '0'),
(573, 17, 38, 0, '0'),
(575, 17, 37, 0, '0'),
(598, 42, 41, 0, '0'),
(599, 35, 42, 0, '0'),
(578, 17, 34, 0, '0'),
(579, 17, 33, 0, '0'),
(580, 17, 32, 0, '0'),
(581, 17, 31, 0, '0'),
(594, 39, 31, 0, '0'),
(601, 39, 40, 0, '0'),
(652, 17, 40, 0, '0'),
(605, 40, 38, 0, '0'),
(606, 40, 41, 0, '0'),
(607, 40, 32, 0, '0'),
(608, 43, 42, 0, '0'),
(609, 43, 41, 0, '0'),
(610, 44, 41, 0, '0'),
(611, 45, 44, 0, '0'),
(613, 45, 38, 0, '0'),
(614, 45, 42, 0, '0'),
(619, 35, 43, 0, '0'),
(617, 35, 45, 0, '0'),
(618, 35, 44, 0, '0'),
(620, 46, 45, 0, '0'),
(621, 46, 44, 0, '0'),
(625, 39, 47, 0, '0'),
(623, 46, 41, 0, '0'),
(624, 46, 38, 0, '0'),
(626, 39, 46, 0, '0'),
(627, 39, 45, 0, '0'),
(628, 39, 43, 0, '0'),
(629, 39, 38, 0, '0'),
(632, 48, 46, 0, '0'),
(636, 15, 47, 0, '0'),
(637, 15, 46, 0, '0'),
(638, 15, 45, 0, '0'),
(639, 15, 44, 0, '0'),
(640, 15, 43, 0, '0'),
(641, 15, 42, 0, '0'),
(642, 15, 41, 0, '0'),
(651, 17, 52, 0, '0'),
(646, 39, 51, 0, '0'),
(681, 54, 53, 0, '0'),
(648, 35, 0, 0, '0'),
(653, 17, 36, 0, '0'),
(665, 15, 40, 0, '0'),
(655, 17, 51, 0, '0'),
(664, 15, 52, 0, '0'),
(679, 53, 28, 0, '0'),
(659, 39, 52, 0, '0'),
(660, 39, 36, 0, '0'),
(661, 39, 0, 0, '0'),
(686, 15, 55, 0, '0'),
(666, 15, 36, 0, '0'),
(682, 54, 0, 0, '0'),
(669, 15, 0, 0, '0'),
(702, 6, 54, 0, '0'),
(671, 15, 51, 0, '0'),
(680, 53, 0, 0, '0'),
(675, 1, 0, 0, '0'),
(689, 15, 53, 0, '0'),
(690, 15, 28, 0, '0'),
(697, 19, 0, 0, '0'),
(700, 22, 0, 0, '0'),
(701, 15, 22, 0, '0'),
(714, 6, 5, 0, '0'),
(725, 6, 4, 0, '0'),
(723, 2, 3, 0, '0'),
(729, 8, 4, 0, '0'),
(730, 2, 8, 0, '0'),
(733, 2, 4, 0, '0'),
(735, 2, 6, 0, '0'),
(736, 2, 9, 0, '0'),
(737, 11, 12, 0, '0'),
(738, 11, 8, 0, '0'),
(739, 11, 6, 0, '0'),
(742, 14, 11, 0, '0');

-- --------------------------------------------------------

--
-- Структура таблицы `super_vist`
--

CREATE TABLE IF NOT EXISTS `super_vist` (
  `id` int(11) NOT NULL AUTO_INCREMENT,
  `id_u` int(11) NOT NULL,
  `car` int(5) NOT NULL DEFAULT '1',
  `speed` int(11) NOT NULL DEFAULT '100',
  `uprav` int(11) NOT NULL DEFAULT '25',
  `color` int(3) NOT NULL,
  `win` int(11) NOT NULL,
  `race_last` int(11) NOT NULL,
  `race_kol` int(4) NOT NULL,
  `racer` int(11) NOT NULL,
  `shina` int(11) NOT NULL DEFAULT '1',
  `za` int(11) NOT NULL DEFAULT '1',
  `cz` int(11) NOT NULL DEFAULT '1',
  `zak` int(11) NOT NULL DEFAULT '1',
  `podv` int(11) NOT NULL DEFAULT '1',
  `vpusk` int(11) NOT NULL DEFAULT '1',
  `lose` int(11) NOT NULL,
  `exp` int(11) NOT NULL,
  `money` int(11) NOT NULL DEFAULT '1000',
  `level` int(11) NOT NULL,
  `resp` int(11) NOT NULL,
  `samoobl` int(11) NOT NULL,
  `reak` int(11) NOT NULL,
  `nextlevel` int(11) NOT NULL DEFAULT '6',
  PRIMARY KEY (`id`)
) ENGINE=MyISAM  DEFAULT CHARSET=utf8 AUTO_INCREMENT=250 ;

-- --------------------------------------------------------

--
-- Структура таблицы `survey_r`
--

CREATE TABLE IF NOT EXISTS `survey_r` (
  `id` int(11) NOT NULL AUTO_INCREMENT,
  `id_sur` int(11) NOT NULL,
  `msg` varchar(1024) NOT NULL,
  PRIMARY KEY (`id`),
  KEY `id_sur` (`id_sur`)
) ENGINE=MyISAM DEFAULT CHARSET=utf8 AUTO_INCREMENT=1 ;

-- --------------------------------------------------------

--
-- Структура таблицы `survey_s`
--

CREATE TABLE IF NOT EXISTS `survey_s` (
  `id` int(10) unsigned NOT NULL AUTO_INCREMENT,
  `surv` varchar(1024) NOT NULL,
  `time` int(11) NOT NULL,
  `time_close` int(11) NOT NULL,
  PRIMARY KEY (`id`),
  KEY `time_close` (`time_close`),
  KEY `time` (`time`)
) ENGINE=MyISAM DEFAULT CHARSET=utf8 AUTO_INCREMENT=1 ;

-- --------------------------------------------------------

--
-- Структура таблицы `survey_v`
--

CREATE TABLE IF NOT EXISTS `survey_v` (
  `id_s` int(11) NOT NULL,
  `id_r` int(11) NOT NULL,
  `id_user` int(11) NOT NULL,
  `time` int(11) NOT NULL,
  KEY `id_s` (`id_s`,`id_r`,`id_user`)
) ENGINE=MyISAM DEFAULT CHARSET=utf8;

-- --------------------------------------------------------

--
-- Структура таблицы `tape`
--

CREATE TABLE IF NOT EXISTS `tape` (
  `id` int(11) NOT NULL AUTO_INCREMENT,
  `id_user` int(11) NOT NULL,
  `count` int(11) NOT NULL,
  `id_file` int(11) NOT NULL,
  `avtor` int(11) NOT NULL,
  `time` int(11) NOT NULL,
  `type` varchar(24) NOT NULL,
  `read` set('0','1') NOT NULL DEFAULT '0',
  `avatar` int(11) DEFAULT '0',
  `ot_kogo` int(11) DEFAULT NULL,
  PRIMARY KEY (`id`),
  KEY `id_user` (`id_user`,`avtor`),
  KEY `read` (`read`)
) ENGINE=MyISAM  DEFAULT CHARSET=utf8 AUTO_INCREMENT=72 ;

--
-- Дамп данных таблицы `tape`
--

INSERT INTO `tape` (`id`, `id_user`, `count`, `id_file`, `avtor`, `time`, `type`, `read`, `avatar`, `ot_kogo`) VALUES
(63, 12, 1, 1, 1, 1360331128, 'obmen', '0', 0, NULL),
(19, 12, 0, 3, 1, 1359093031, 'notes', '1', 0, NULL),
(22, 12, 0, 4, 1, 1359093229, 'notes', '1', 0, NULL),
(25, 12, 0, 5, 1, 1359093495, 'them', '1', 0, NULL),
(28, 12, 0, 6, 1, 1359098296, 'them', '1', 0, NULL),
(31, 12, 0, 7, 1, 1359214798, 'them', '1', 0, NULL),
(32, 14, 0, 7, 1, 1359214798, 'them', '0', 0, NULL),
(33, 23, 0, 7, 1, 1359214798, 'them', '1', 0, NULL),
(36, 12, 0, 8, 1, 1359292980, 'them', '1', 0, NULL),
(37, 14, 0, 8, 1, 1359292980, 'them', '0', 0, NULL),
(38, 23, 0, 8, 1, 1359292980, 'them', '1', 0, NULL),
(39, 43, 0, 8, 1, 1359292980, 'them', '0', 0, NULL),
(40, 53, 0, 8, 1, 1359292980, 'them', '0', 0, NULL),
(64, 14, 1, 1, 1, 1360331128, 'obmen', '0', 0, NULL),
(65, 23, 1, 1, 1, 1360331128, 'obmen', '1', 0, NULL),
(66, 42, 1, 1, 1, 1360331128, 'obmen', '0', 0, NULL),
(67, 43, 1, 1, 1, 1360331128, 'obmen', '0', 0, NULL),
(68, 53, 1, 1, 1, 1360331128, 'obmen', '0', 0, NULL),
(69, 59, 1, 1, 1, 1360331128, 'obmen', '0', 0, NULL);

-- --------------------------------------------------------

--
-- Структура таблицы `tape_set`
--

CREATE TABLE IF NOT EXISTS `tape_set` (
  `id` int(11) NOT NULL AUTO_INCREMENT,
  `id_user` int(11) NOT NULL,
  `lenta_status_like` int(11) DEFAULT '1',
  `lenta_status` int(11) DEFAULT '1',
  `lenta_foto` int(11) DEFAULT '1',
  `lenta_files` int(11) DEFAULT '1',
  `lenta_forum` int(11) DEFAULT '1',
  `lenta_notes` int(11) DEFAULT '1',
  `lenta_avatar` int(11) DEFAULT '1',
  `lenta_frends` int(11) DEFAULT '1',
  PRIMARY KEY (`id`)
) ENGINE=MyISAM  DEFAULT CHARSET=utf8 AUTO_INCREMENT=44 ;

--
-- Дамп данных таблицы `tape_set`
--

INSERT INTO `tape_set` (`id`, `id_user`, `lenta_status_like`, `lenta_status`, `lenta_foto`, `lenta_files`, `lenta_forum`, `lenta_notes`, `lenta_avatar`, `lenta_frends`) VALUES
(1, 1, 1, 1, 1, 1, 1, 1, 1, 1),
(3, 3, 1, 1, 1, 1, 1, 1, 1, 1),
(4, 4, 1, 1, 1, 1, 1, 1, 1, 1),
(7, 7, 1, 1, 1, 1, 1, 1, 1, 1),
(12, 12, 1, 1, 1, 1, 1, 1, 1, 1),
(13, 13, 1, 1, 1, 1, 1, 1, 1, 1),
(14, 14, 1, 1, 1, 1, 1, 1, 1, 1),
(15, 15, 1, 1, 1, 1, 1, 1, 1, 1),
(16, 16, 1, 1, 1, 1, 1, 1, 1, 1),
(18, 22, 1, 1, 1, 1, 1, 1, 1, 1),
(19, 23, 1, 1, 1, 1, 1, 1, 1, 1),
(20, 24, 1, 1, 1, 1, 1, 1, 1, 1),
(21, 39, 1, 1, 1, 1, 1, 1, 1, 1),
(22, 40, 1, 1, 1, 1, 1, 1, 1, 1),
(23, 41, 1, 1, 1, 1, 1, 1, 1, 1),
(24, 42, 1, 1, 1, 1, 1, 1, 1, 1),
(25, 43, 1, 1, 1, 1, 1, 1, 1, 1),
(26, 44, 1, 1, 1, 1, 1, 1, 1, 1),
(27, 45, 1, 1, 1, 1, 1, 1, 1, 1),
(28, 53, 1, 1, 1, 1, 1, 1, 1, 1),
(30, 55, 1, 1, 1, 1, 1, 1, 1, 1),
(31, 56, 1, 1, 1, 1, 1, 1, 1, 1),
(32, 57, 1, 1, 1, 1, 1, 1, 1, 1),
(33, 58, 1, 1, 1, 1, 1, 1, 1, 1),
(34, 59, 1, 1, 1, 1, 1, 1, 1, 1),
(35, 60, 1, 1, 1, 1, 1, 1, 1, 1),
(36, 61, 1, 1, 1, 1, 1, 1, 1, 1),
(37, 62, 1, 1, 1, 1, 1, 1, 1, 1),
(38, 63, 1, 1, 1, 1, 1, 1, 1, 1),
(40, 65, 1, 1, 1, 1, 1, 1, 1, 1),
(42, 67, 1, 1, 1, 1, 1, 1, 1, 1);

-- --------------------------------------------------------

--
-- Структура таблицы `user`
--

CREATE TABLE IF NOT EXISTS `user` (
  `id` int(11) NOT NULL AUTO_INCREMENT,
  `nick` varchar(32) NOT NULL,
  `pass` varchar(32) NOT NULL,
  `sess` varchar(32) DEFAULT NULL,
  `activation` varchar(32) DEFAULT NULL,
  `ban` int(11) NOT NULL DEFAULT '0',
  `ban_pr` varchar(64) DEFAULT NULL,
  `ip` bigint(20) NOT NULL DEFAULT '0',
  `ip_cl` bigint(20) NOT NULL DEFAULT '0',
  `ip_xff` bigint(20) NOT NULL DEFAULT '0',
  `ua` varchar(32) DEFAULT NULL,
  `date_reg` int(11) NOT NULL DEFAULT '0',
  `time` int(11) NOT NULL,
  `date_aut` int(11) NOT NULL DEFAULT '0',
  `date_last` int(11) NOT NULL DEFAULT '0',
  `balls` int(11) NOT NULL DEFAULT '0',
  `rating` int(11) NOT NULL DEFAULT '0',
  `level` enum('0','1','2','3','4') NOT NULL DEFAULT '0',
  `group_access` int(10) unsigned NOT NULL DEFAULT '0',
  `pol` enum('0','1') NOT NULL DEFAULT '1',
  `url` varchar(64) NOT NULL DEFAULT '/',
  `show_url` enum('0','1') NOT NULL DEFAULT '1',
  `ank_g_r` int(4) DEFAULT NULL,
  `ank_m_r` int(2) DEFAULT NULL,
  `ank_d_r` int(2) DEFAULT NULL,
  `ank_city` varchar(32) DEFAULT NULL,
  `ank_o_sebe` varchar(512) DEFAULT NULL,
  `ank_icq` int(9) DEFAULT NULL,
  `ank_skype` varchar(16) DEFAULT NULL,
  `ank_mail` varchar(32) DEFAULT NULL,
  `ank_n_tel` varchar(11) DEFAULT NULL,
  `ank_name` varchar(32) DEFAULT NULL,
  `set_time_chat` int(11) DEFAULT '30',
  `set_p_str` int(11) DEFAULT '7',
  `set_show_icon` set('0','1','2') DEFAULT '1',
  `set_translit` enum('0','1') NOT NULL DEFAULT '1',
  `set_files` enum('0','1') NOT NULL DEFAULT '0',
  `set_timesdvig` int(11) NOT NULL DEFAULT '0',
  `set_news_to_mail` enum('0','1') NOT NULL DEFAULT '0',
  `set_show_mail` enum('0','1') NOT NULL DEFAULT '0',
  `set_them` varchar(32) DEFAULT 'default',
  `set_them2` varchar(32) DEFAULT 'default',
  `meteo_country` int(11) NOT NULL DEFAULT '0',
  `autorization` enum('0','1') NOT NULL DEFAULT '0',
  `add_konts` enum('0','1','2') NOT NULL DEFAULT '1',
  `wall` int(1) DEFAULT '1',
  `browser` varchar(3) DEFAULT 'wap',
  `ank_rost` int(11) DEFAULT NULL,
  `ank_ves` int(11) DEFAULT NULL,
  `ank_telosl` int(1) NOT NULL,
  `ank_cvet_glas` varchar(11) NOT NULL,
  `ank_volos` varchar(11) NOT NULL,
  `ank_orien` int(1) DEFAULT '0',
  `ank_lov_1` int(11) DEFAULT '0',
  `ank_lov_2` int(11) DEFAULT '0',
  `ank_lov_3` int(11) DEFAULT '0',
  `ank_lov_4` int(11) DEFAULT '0',
  `ank_lov_5` int(11) DEFAULT '0',
  `ank_lov_6` int(11) DEFAULT '0',
  `ank_lov_7` int(11) DEFAULT '0',
  `ank_lov_8` int(11) DEFAULT '0',
  `ank_lov_9` int(11) DEFAULT '0',
  `ank_lov_10` int(11) DEFAULT '0',
  `ank_lov_11` int(11) DEFAULT '0',
  `ank_lov_12` int(11) DEFAULT '0',
  `ank_lov_13` int(11) DEFAULT '0',
  `ank_lov_14` int(11) DEFAULT '0',
  `ank_lov_15` int(11) DEFAULT '0',
  `ank_o_par` varchar(215) NOT NULL,
  `ank_zan` varchar(215) NOT NULL,
  `ank_smok` int(11) NOT NULL,
  `ank_mat_pol` int(11) NOT NULL,
  `ank_proj` int(11) NOT NULL,
  `ank_baby` int(11) NOT NULL,
  `ank_avto` varchar(215) NOT NULL,
  `ank_avto_n` int(11) NOT NULL,
  `ank_alko` varchar(215) DEFAULT NULL,
  `ank_alko_n` int(11) DEFAULT '0',
  `ank_nark` int(11) DEFAULT '0',
  `rating_tmp` int(11) DEFAULT '0',
  `sort` int(1) DEFAULT '0',
  `news_read` int(1) DEFAULT '0',
  `ban_where` varchar(10) DEFAULT NULL,
  `abuld` int(1) DEFAULT '0',
  `vk_id` int(11) DEFAULT NULL,
  `type_reg` varchar(100) DEFAULT NULL,
  `identity` varchar(100) DEFAULT NULL,
  `set_nick` int(1) DEFAULT '0',
  `money` int(11) DEFAULT '0',
  `bot` int(11) NOT NULL DEFAULT '0',
  `on_time` int(11) NOT NULL DEFAULT '0',
  `gorod_life` smallint(6) NOT NULL,
  `gorod_eda_time` bigint(20) NOT NULL,
  `gorod_money` bigint(20) NOT NULL,
  `gorod_ohota_time` bigint(20) NOT NULL,
  `gorod_brak` varchar(32) NOT NULL,
  `gorod_tamag` varchar(32) NOT NULL,
  `gorod_tamag_life` smallint(6) NOT NULL,
  `gorod_tamag_time` bigint(20) NOT NULL,
  `gorod_voodoo` int(11) NOT NULL,
  `gorod_voodoo_name` varchar(32) NOT NULL,
  `gorod_kopi` bigint(20) NOT NULL,
  `gorod_kriminal` int(11) NOT NULL,
  `gorod_kriminal_time` bigint(20) NOT NULL,
  `gorod_security` varchar(32) NOT NULL,
  `gorod_security_uron` int(11) NOT NULL,
  `gorod_para` varchar(50) NOT NULL,
  `gorod_tur` varchar(50) NOT NULL,
  `gorod_firm` varchar(50) NOT NULL,
  `gorod_band` varchar(50) NOT NULL,
  `gorod_band_time` bigint(20) NOT NULL,
  PRIMARY KEY (`id`),
  UNIQUE KEY `nick` (`nick`),
  KEY `url` (`url`)
) ENGINE=MyISAM  DEFAULT CHARSET=utf8 AUTO_INCREMENT=69 ;

--
-- Дамп данных таблицы `user`
--

INSERT INTO `user` (`id`, `nick`, `pass`, `sess`, `activation`, `ban`, `ban_pr`, `ip`, `ip_cl`, `ip_xff`, `ua`, `date_reg`, `time`, `date_aut`, `date_last`, `balls`, `rating`, `level`, `group_access`, `pol`, `url`, `show_url`, `ank_g_r`, `ank_m_r`, `ank_d_r`, `ank_city`, `ank_o_sebe`, `ank_icq`, `ank_skype`, `ank_mail`, `ank_n_tel`, `ank_name`, `set_time_chat`, `set_p_str`, `set_show_icon`, `set_translit`, `set_files`, `set_timesdvig`, `set_news_to_mail`, `set_show_mail`, `set_them`, `set_them2`, `meteo_country`, `autorization`, `add_konts`, `wall`, `browser`, `ank_rost`, `ank_ves`, `ank_telosl`, `ank_cvet_glas`, `ank_volos`, `ank_orien`, `ank_lov_1`, `ank_lov_2`, `ank_lov_3`, `ank_lov_4`, `ank_lov_5`, `ank_lov_6`, `ank_lov_7`, `ank_lov_8`, `ank_lov_9`, `ank_lov_10`, `ank_lov_11`, `ank_lov_12`, `ank_lov_13`, `ank_lov_14`, `ank_lov_15`, `ank_o_par`, `ank_zan`, `ank_smok`, `ank_mat_pol`, `ank_proj`, `ank_baby`, `ank_avto`, `ank_avto_n`, `ank_alko`, `ank_alko_n`, `ank_nark`, `rating_tmp`, `sort`, `news_read`, `ban_where`, `abuld`, `vk_id`, `type_reg`, `identity`, `set_nick`, `money`, `bot`, `on_time`, `gorod_life`, `gorod_eda_time`, `gorod_money`, `gorod_ohota_time`, `gorod_brak`, `gorod_tamag`, `gorod_tamag_life`, `gorod_tamag_time`, `gorod_voodoo`, `gorod_voodoo_name`, `gorod_kopi`, `gorod_kriminal`, `gorod_kriminal_time`, `gorod_security`, `gorod_security_uron`, `gorod_para`, `gorod_tur`, `gorod_firm`, `gorod_band`, `gorod_band_time`) VALUES
(1, 'Алексей', '18e91e0e506706db7f35a8d0ea56fdaf', '227af71acb3b612db0bb0d38da5898b8', NULL, 0, NULL, 774314754, 0, 774314754, 'Mozilla', 1358862911, -787078835, 1360834132, 1360836873, 2147469701, 100, '4', 15, '1', '/index.php', '1', 1992, 3, 20, 'Сибирь', NULL, 3777968, NULL, NULL, NULL, 'Иван', 30, 7, '1', '1', '1', 5, '0', '0', 'default', 'default', 0, '0', '0', 1, 'web', 179, 71, 0, 'голубые', '', 0, 0, 0, 0, 0, 0, 0, 0, 0, 0, 0, 0, 0, 0, 0, 0, '', '', 0, 0, 0, 0, '', 0, NULL, 0, 0, 131, 1, 0, NULL, 1, NULL, NULL, NULL, 0, 2147481647, 0, 0, 0, 0, 0, 0, '', '', 0, 0, 0, '', 0, 0, 0, '', 0, '', '', '', '', 0),
(39, 'Slash', '5312db37c178ac4ef001284f89c46b69', 'be8aeb0f8b88abca16d8cb7f53d7d8b3', NULL, 0, NULL, 1385290049, 0, 0, 'Opera Mini (Mozilla)', 1359123561, 172, 1359216127, 2147483647, 1, 0, '0', 0, '1', '/news/news.php', '1', NULL, NULL, NULL, NULL, NULL, NULL, NULL, NULL, NULL, NULL, 30, 7, '1', '1', '0', 0, '0', '0', 'default', 'web', 0, '0', '1', 0, 'wap', NULL, NULL, 0, '', '', 0, 0, 0, 0, 0, 0, 0, 0, 0, 0, 0, 0, 0, 0, 0, 0, '', '', 0, 0, 0, 0, '', 0, NULL, 0, 0, 1, 0, 0, NULL, 0, NULL, NULL, NULL, 0, 0, 0, 0, 0, 0, 0, 0, '', '', 0, 0, 0, '', 0, 0, 0, '', 0, '', '', '', '', 0),
(40, 'ftrtyuy', '6a5c268df65b67225c43fcd2b371a858', '0cf4c528b73a3b926785ea33973220e7', NULL, 0, NULL, 3654608596, 0, 0, 'Opera', 1359127356, 31, 0, 2147483647, 0, 0, '0', 0, '1', '/index.php', '1', NULL, NULL, NULL, NULL, NULL, NULL, NULL, NULL, NULL, NULL, 30, 7, '1', '1', '0', 0, '0', '0', 'default', 'web', 0, '0', '1', 1, 'wap', NULL, NULL, 0, '', '', 0, 0, 0, 0, 0, 0, 0, 0, 0, 0, 0, 0, 0, 0, 0, 0, '', '', 0, 0, 0, 0, '', 0, NULL, 0, 0, 0, 0, 0, NULL, 0, NULL, NULL, NULL, 0, 0, 0, 0, 0, 0, 0, 0, '', '', 0, 0, 0, '', 0, 0, 0, '', 0, '', '', '', '', 0),
(41, 'test5', '185548727ae7c07967790faede329ef4', 'f03fd0c07139b6df098deb43f19ef807', NULL, 0, NULL, 1385290026, 0, 0, 'Opera Mini (NokiaE50-1)', 1359186930, 635, 0, 2147483647, 1, 0, '0', 0, '1', '/foto/index.php', '1', NULL, NULL, NULL, NULL, NULL, NULL, NULL, NULL, NULL, NULL, 30, 7, '1', '1', '0', 0, '0', '0', 'default', 'web', 0, '0', '1', 1, 'wap', NULL, NULL, 0, '', '', 0, 0, 0, 0, 0, 0, 0, 0, 0, 0, 0, 0, 0, 0, 0, 0, '', '', 0, 0, 0, 0, '', 0, NULL, 0, 0, 0, 0, 0, NULL, 0, NULL, NULL, NULL, 0, 0, 0, 0, 0, 0, 0, 0, '', '', 0, 0, 0, '', 0, 0, 0, '', 0, '', '', '', '', 0),
(42, 'Vi[R]uS', '7e869bbaf3260f6b7193da159ce2c330', '74a1bad027476dc75765746bc7e243b1', NULL, 0, NULL, 3283974929, 0, 0, 'NokiaX2-01', 1359199984, 1114, 1359628269, 2147483647, 8, 0, '0', 0, '1', '/info.php', '1', NULL, NULL, NULL, NULL, NULL, NULL, NULL, NULL, NULL, NULL, 30, 7, '1', '1', '0', 0, '0', '0', 'default', 'web', 0, '0', '1', 1, 'wap', NULL, NULL, 0, '', '', 0, 0, 0, 0, 0, 0, 0, 0, 0, 0, 0, 0, 0, 0, 0, 0, '', '', 0, 0, 0, 0, '', 0, NULL, 0, 0, 14, 0, 0, NULL, 0, NULL, NULL, NULL, 0, 0, 0, 0, 0, 0, 0, 0, '', '', 0, 0, 0, '', 0, 0, 0, '', 0, '', '', '', '', 0),
(43, 'Охрана', '6d499e10cf54c422b3eea91a00282d9f', '6321f9c08711a0eba594625b07e5efa6', NULL, 0, NULL, 1385289793, 0, 0, 'Opera Mini (NokiaC2-01)', 1359216013, 209, 1359224148, 2147483647, 1, 0, '0', 0, '1', '/online.php', '1', NULL, NULL, NULL, NULL, NULL, NULL, NULL, NULL, NULL, NULL, 30, 7, '1', '1', '0', 0, '0', '0', 'default', 'default', 0, '0', '1', 1, 'wap', NULL, NULL, 0, '', '', 0, 0, 0, 0, 0, 0, 0, 0, 0, 0, 0, 0, 0, 0, 0, 0, '', '', 0, 0, 0, 0, '', 0, NULL, 0, 0, 1, 0, 0, NULL, 0, NULL, NULL, NULL, 0, 0, 0, 0, 0, 0, 0, 0, '', '', 0, 0, 0, '', 0, 0, 0, '', 0, '', '', '', '', 0),
(44, 'Mobsity', '6c9b4a09c66ea768370213812a762935', '565cfbd01bb573d9850ca45584f153b9', NULL, 0, NULL, 1385288562, 0, 0, 'Opera Mini (Nokia2700c-2)', 1359216973, 206, 1359456028, 2147483647, 5, 0, '0', 0, '1', '/ban.php', '1', NULL, NULL, NULL, NULL, NULL, NULL, NULL, NULL, NULL, NULL, 30, 7, '1', '1', '0', 0, '0', '0', 'default', 'default', 0, '0', '1', 1, 'wap', NULL, NULL, 0, '', '', 0, 0, 0, 0, 0, 0, 0, 0, 0, 0, 0, 0, 0, 0, 0, 0, '', '', 0, 0, 0, 0, '', 0, NULL, 0, 0, 14, 1, 0, NULL, 0, NULL, NULL, NULL, 0, 0, 0, 0, 0, 0, 0, 0, '', '', 0, 0, 0, '', 0, 0, 0, '', 0, '', '', '', '', 0),
(45, 'Snake', '427cf85efa52332eb7c0ba5796c4ada1', '2e8fd353aca511a1dd0647b601ccd0b3', NULL, 0, NULL, 3654608677, 0, 0, 'Opera Mini (SonyEricssonW760i)', 1359220631, 197, 0, 2147483647, 0, 0, '0', 0, '1', '/exit.php', '1', NULL, NULL, NULL, NULL, NULL, NULL, NULL, NULL, NULL, NULL, 30, 7, '1', '1', '0', 0, '0', '0', 'default', 'default', 0, '0', '1', 1, 'wap', NULL, NULL, 0, '', '', 0, 0, 0, 0, 0, 0, 0, 0, 0, 0, 0, 0, 0, 0, 0, 0, '', '', 0, 0, 0, 0, '', 0, NULL, 0, 0, 0, 0, 0, NULL, 0, NULL, NULL, NULL, 0, 0, 0, 0, 0, 0, 0, 0, '', '', 0, 0, 0, '', 0, 0, 0, '', 0, '', '', '', '', 0),
(46, 'sexikiskka', '27e913ba33de9bdde0e2e681a0912d1c', NULL, NULL, 0, NULL, 0, 0, 0, NULL, 1359279196, 0, 0, 1360835022, 0, 0, '0', 0, '0', '/rules.php', '1', NULL, NULL, NULL, NULL, '', NULL, NULL, NULL, NULL, NULL, 30, 7, '1', '1', '0', 0, '0', '0', 'default', 'default', 0, '0', '1', 1, 'wap', NULL, NULL, 0, '', '', 0, 0, 0, 0, 0, 0, 0, 0, 0, 0, 0, 0, 0, 0, 0, 0, '', '', 0, 0, 0, 0, '', 0, NULL, 0, 0, 0, 0, 0, NULL, 0, NULL, NULL, NULL, 0, 0, 1, 1360835058, 0, 0, 0, 0, '', '', 0, 0, 0, '', 0, 0, 0, '', 0, '', '', '', '', 0),
(47, 'vovik114', '27e913ba33de9bdde0e2e681a0912d1c', NULL, NULL, 0, NULL, 0, 0, 0, NULL, 1359279217, 0, 0, 1360835795, 1, 0, '0', 0, '1', '/online.php', '1', NULL, NULL, NULL, NULL, '', NULL, NULL, NULL, NULL, NULL, 30, 7, '1', '1', '0', 0, '0', '0', 'default', 'default', 0, '0', '1', 1, 'wap', NULL, NULL, 0, '', '', 0, 0, 0, 0, 0, 0, 0, 0, 0, 0, 0, 0, 0, 0, 0, 0, '', '', 0, 0, 0, 0, '', 0, NULL, 0, 0, 1, 0, 0, NULL, 0, NULL, NULL, NULL, 0, 0, 1, 1360836023, 0, 0, 0, 0, '', '', 0, 0, 0, '', 0, 0, 0, '', 0, '', '', '', '', 0),
(48, 'ZlobnbIi', '27e913ba33de9bdde0e2e681a0912d1c', NULL, NULL, 0, NULL, 0, 0, 0, NULL, 1359279228, 0, 0, 1360835817, 0, 0, '0', 0, '1', '/info.php', '1', NULL, NULL, NULL, NULL, '', NULL, NULL, NULL, NULL, NULL, 30, 7, '1', '1', '0', 0, '0', '0', 'default', 'default', 0, '0', '1', 1, 'wap', NULL, NULL, 0, '', '', 0, 0, 0, 0, 0, 0, 0, 0, 0, 0, 0, 0, 0, 0, 0, 0, '', '', 0, 0, 0, 0, '', 0, NULL, 0, 0, 0, 0, 0, NULL, 0, NULL, NULL, NULL, 0, 0, 1, 1360837300, 0, 0, 0, 0, '', '', 0, 0, 0, '', 0, 0, 0, '', 0, '', '', '', '', 0),
(49, 'xalk10986', '27e913ba33de9bdde0e2e681a0912d1c', NULL, NULL, 0, NULL, 0, 0, 0, NULL, 1359279243, 0, 0, 1360835683, 1, 0, '0', 0, '1', '/settings.php', '1', NULL, NULL, NULL, NULL, '', NULL, NULL, NULL, NULL, NULL, 30, 7, '1', '1', '0', 0, '0', '0', 'default', 'default', 0, '0', '1', 1, 'wap', NULL, NULL, 0, '', '', 0, 0, 0, 0, 0, 0, 0, 0, 0, 0, 0, 0, 0, 0, 0, 0, '', '', 0, 0, 0, 0, '', 0, NULL, 0, 0, 1, 0, 0, NULL, 0, NULL, NULL, NULL, 0, 0, 1, 1360835683, 0, 0, 0, 0, '', '', 0, 0, 0, '', 0, 0, 0, '', 0, '', '', '', '', 0),
(50, 'OPTEMUS1996', '27e913ba33de9bdde0e2e681a0912d1c', NULL, NULL, 0, NULL, 0, 0, 0, NULL, 1359279258, 0, 0, 1360835857, 0, 0, '0', 0, '1', '/forum', '1', NULL, NULL, NULL, NULL, '', NULL, NULL, NULL, NULL, NULL, 30, 7, '1', '1', '0', 0, '0', '0', 'default', 'default', 0, '0', '1', 1, 'wap', NULL, NULL, 0, '', '', 0, 0, 0, 0, 0, 0, 0, 0, 0, 0, 0, 0, 0, 0, 0, 0, '', '', 0, 0, 0, 0, '', 0, NULL, 0, 0, 0, 0, 0, NULL, 0, NULL, NULL, NULL, 0, 0, 1, 1360836152, 0, 0, 0, 0, '', '', 0, 0, 0, '', 0, 0, 0, '', 0, '', '', '', '', 0),
(51, 'kim4en', '27e913ba33de9bdde0e2e681a0912d1c', NULL, NULL, 0, NULL, 0, 0, 0, NULL, 1359279278, 0, 0, 1360835884, 0, 0, '0', 0, '1', '/forum', '1', NULL, NULL, NULL, NULL, '', NULL, NULL, NULL, NULL, NULL, 30, 7, '1', '1', '0', 0, '0', '0', 'default', 'default', 0, '0', '1', 1, 'wap', NULL, NULL, 0, '', '', 0, 0, 0, 0, 0, 0, 0, 0, 0, 0, 0, 0, 0, 0, 0, 0, '', '', 0, 0, 0, 0, '', 0, NULL, 0, 0, 0, 0, 0, NULL, 0, NULL, NULL, NULL, 0, 0, 1, 1360835947, 0, 0, 0, 0, '', '', 0, 0, 0, '', 0, 0, 0, '', 0, '', '', '', '', 0),
(52, 'id89177763', '27e913ba33de9bdde0e2e681a0912d1c', NULL, NULL, 0, NULL, 0, 0, 0, NULL, 1359279296, 0, 0, 1360835801, 0, 0, '0', 0, '0', '/online.php', '1', NULL, NULL, NULL, NULL, '', NULL, NULL, NULL, NULL, NULL, 30, 7, '1', '1', '0', 0, '0', '0', 'default', 'default', 0, '0', '1', 1, 'wap', NULL, NULL, 0, '', '', 0, 0, 0, 0, 0, 0, 0, 0, 0, 0, 0, 0, 0, 0, 0, 0, '', '', 0, 0, 0, 0, '', 0, NULL, 0, 0, 0, 0, 0, NULL, 0, NULL, NULL, NULL, 0, 0, 1, 1360836412, 0, 0, 0, 0, '', '', 0, 0, 0, '', 0, 0, 0, '', 0, '', '', '', '', 0),
(53, 'TeReG', '68ed3030200360188ec8cfdca606ee16', '543273a39d0be5c646077b14cc3c7833', NULL, 0, NULL, 1534912837, 0, 1534912837, 'Mozilla', 1359282426, 241, 0, 2147483647, 1, 0, '0', 0, '1', '/online.php', '1', NULL, NULL, NULL, NULL, NULL, NULL, NULL, NULL, NULL, NULL, 30, 7, '1', '1', '0', 0, '0', '0', 'default', 'default', 0, '0', '1', 1, 'web', NULL, NULL, 0, '', '', 0, 0, 0, 0, 0, 0, 0, 0, 0, 0, 0, 0, 0, 0, 0, 0, '', '', 0, 0, 0, 0, '', 0, NULL, 0, 0, 2, 0, 0, NULL, 0, NULL, NULL, NULL, 0, 0, 0, 0, 0, 0, 0, 0, '', '', 0, 0, 0, '', 0, 0, 0, '', 0, '', '', '', '', 0),
(55, 'SKIF', 'f7be648cd68439d6903ed54367f72ddf', '3e7047bc716f2a259b6ae03be6af136a', NULL, 0, NULL, 1605264246, 0, 0, 'Opera', 1359299146, 321, 1359366329, 2147483647, 2, 0, '0', 0, '1', '/captcha.php', '1', NULL, NULL, NULL, NULL, NULL, NULL, NULL, NULL, NULL, NULL, 30, 7, '1', '1', '0', 0, '0', '0', 'default', 'default', 0, '0', '1', 1, 'web', NULL, NULL, 0, '', '', 0, 0, 0, 0, 0, 0, 0, 0, 0, 0, 0, 0, 0, 0, 0, 0, '', '', 0, 0, 0, 0, '', 0, NULL, 0, 0, 4, 0, 0, NULL, 0, NULL, NULL, NULL, 0, 0, 0, 0, 0, 0, 0, 0, '', '', 0, 0, 0, '', 0, 0, 0, '', 0, '', '', '', '', 0),
(56, 'Тоша', '9a335202a86b8d2660bb86f6e3320a57', '97ab297655505fe9cb4df14ed4442c0f', NULL, 0, NULL, 1551642785, 0, 1551642785, 'Opera', 1359339950, 94, 0, 2147483647, 0, 0, '0', 0, '1', '/user/money/index.php', '1', NULL, NULL, NULL, NULL, NULL, NULL, NULL, NULL, NULL, NULL, 30, 7, '1', '1', '0', 0, '0', '0', 'default', 'default', 0, '0', '1', 0, 'web', NULL, NULL, 0, '', '', 0, 0, 0, 0, 0, 0, 0, 0, 0, 0, 0, 0, 0, 0, 0, 0, '', '', 0, 0, 0, 0, '', 0, NULL, 0, 0, 0, 0, 0, NULL, 0, NULL, NULL, NULL, 0, 0, 0, 0, 0, 0, 0, 0, '', '', 0, 0, 0, '', 0, 0, 0, '', 0, '', '', '', '', 0),
(57, 'Anuschka', 'eddc5294a04492658db5ce8b80c75935', '17826950d92a809eb336dcf0d6e0a601', NULL, 0, NULL, 1357902724, 0, 0, 'Opera Mini (Nokia2700c-2)', 1359377053, 1396, 0, 2147483647, 1, 0, '0', 0, '0', '/plugins/smiles/dir.php', '1', 1963, 10, 17, 'Krasnodar', 'Prosto horoschaja zhenshina.', NULL, 'Anuschka', 'Anuschka@mail.ru', '', 'Anna', 30, 7, '1', '1', '0', 0, '0', '1', 'default', 'default', 0, '0', '1', 1, 'wap', 164, 76, 6, 'Golubye', 'Belye', 1, 0, 0, 0, 0, 0, 0, 1, 0, 0, 0, 0, 0, 0, 0, 0, 'Porjadochnyi chelovek.', 'Rabotaju.', 1, 3, 5, 4, '', 3, '', 2, 4, 25, 0, 0, NULL, 0, NULL, NULL, NULL, 0, 0, 0, 0, 0, 0, 0, 0, '', '', 0, 0, 0, '', 0, 0, 0, '', 0, '', '', '', '', 0),
(58, 'krakh', '863e76e0301715fd9207816e98244bac', 'd6f833e7654ece036b73cf9d4568c862', NULL, 0, NULL, 1426688377, 0, 1426688377, 'Opera', 1359419187, 184, 0, 2147483647, 0, 0, '0', 0, '1', '/foto/index.php', '1', NULL, NULL, NULL, NULL, NULL, NULL, NULL, NULL, NULL, NULL, 30, 7, '1', '1', '0', 0, '0', '0', 'default', 'default', 0, '0', '1', 1, 'web', NULL, NULL, 0, '', '', 0, 0, 0, 0, 0, 0, 0, 0, 0, 0, 0, 0, 0, 0, 0, 0, '', '', 0, 0, 0, 0, '', 0, NULL, 0, 0, 0, 0, 0, NULL, 0, NULL, NULL, NULL, 0, 0, 0, 0, 0, 0, 0, 0, '', '', 0, 0, 0, '', 0, 0, 0, '', 0, '', '', '', '', 0),
(59, 'traviss', '7686ab1c31f9254444769a04bbaf0d47', '7494cd6574ad30dd7b33f56c3713a2ed', NULL, 0, NULL, 1542410094, 0, 1542410094, 'Mozilla', 1359435459, 737, 0, 2147483647, 1, 0, '0', 0, '1', '/captcha.php', '1', 1993, 1, 30, 'Славянск', 'раста', NULL, NULL, NULL, NULL, 'Сергей', 30, 7, '1', '1', '0', 0, '0', '0', 'default', 'default', 0, '0', '1', 1, 'web', 174, 69, 5, 'Краснючие', 'Обычные', 1, 1, 0, 0, 0, 0, 0, 0, 0, 0, 0, 1, 0, 0, 1, 0, 'раста', 'студент', 5, 1, 1, 2, '', 3, '', 3, 1, 29, 0, 0, NULL, 0, NULL, NULL, NULL, 0, 1000, 0, 0, 0, 0, 0, 0, '', '', 0, 0, 0, '', 0, 0, 0, '', 0, '', '', '', '', 0),
(60, 'Тема', 'e94297da54d562e406ddc6c4f5a0b1fa', 'c1f09e19f095c1dadf921fb3ef41c26a', NULL, 0, NULL, 523022911, 0, 523022911, 'Mozilla', 1359488074, 51, 1359921656, 2147483647, 0, 0, '0', 0, '1', '/loads/index.php', '1', NULL, NULL, NULL, NULL, NULL, NULL, NULL, NULL, NULL, NULL, 30, 7, '1', '1', '0', 0, '0', '0', 'default', 'default', 0, '0', '1', 1, 'web', NULL, NULL, 0, '', '', 0, 0, 0, 0, 0, 0, 0, 0, 0, 0, 0, 0, 0, 0, 0, 0, '', '', 0, 0, 0, 0, '', 0, NULL, 0, 0, 0, 0, 0, NULL, 0, NULL, NULL, NULL, 0, 0, 0, 0, 0, 0, 0, 0, '', '', 0, 0, 0, '', 0, 0, 0, '', 0, '', '', '', '', 0),
(61, 'rus38', '9309c68c2658b53b1afae14b7e7e255e', '65a5ef7527137a5bf91d675f39e73ff6', NULL, 0, NULL, 1360164905, 0, 1360164905, 'SAMSUNG-GT-C6712', 1359912558, 303, 0, 2147483647, 2, 0, '0', 0, '1', '/loads/index.php', '1', NULL, NULL, NULL, NULL, NULL, NULL, NULL, NULL, NULL, NULL, 30, 7, '1', '1', '0', 0, '0', '0', 'default', 'default', 0, '0', '1', 1, 'wap', NULL, NULL, 0, '', '', 0, 0, 0, 0, 0, 0, 0, 0, 0, 0, 0, 0, 0, 0, 0, 0, '', '', 0, 0, 0, 0, '', 0, NULL, 0, 0, 2, 0, 0, NULL, 0, NULL, NULL, NULL, 0, 0, 0, 0, 0, 0, 0, 0, '', '', 0, 0, 0, '', 0, 0, 0, '', 0, '', '', '', '', 0),
(62, 'Лолол', '5312db37c178ac4ef001284f89c46b69', 'd95d5c6fb87a8bd123c19ea924f4bb79', NULL, 0, NULL, 1385288465, 0, 0, 'Opera Mini (Mozilla)', 1360437357, 495, 0, 1360437851, 0, 0, '0', 0, '1', '/user/info/settings.php', '1', NULL, NULL, NULL, NULL, NULL, NULL, NULL, NULL, NULL, NULL, 30, 7, '1', '1', '0', 0, '0', '0', 'default', 'default', 0, '0', '1', 1, 'wap', NULL, NULL, 0, '', '', 0, 0, 0, 0, 0, 0, 0, 0, 0, 0, 0, 0, 0, 0, 0, 0, '', '', 0, 0, 0, 0, '', 0, NULL, 0, 0, 0, 0, 0, NULL, 0, NULL, NULL, NULL, 0, 0, 0, 0, 0, 0, 0, 0, '', '', 0, 0, 0, '', 0, 0, 0, '', 0, '', '', '', '', 0),
(63, 'www', 'b45ec86792738cac65ee1db95cab68f0', '420485c9f25532211c1ff7bf68d56c98', NULL, 0, NULL, 1546574855, 0, 1546574855, 'Opera', 1360784556, 25, 0, 1360784581, 1, 0, '0', 0, '1', '/index.php', '1', NULL, NULL, NULL, NULL, NULL, NULL, NULL, NULL, NULL, NULL, 30, 7, '1', '1', '0', 0, '0', '0', 'default', 'default', 0, '0', '1', 1, 'web', NULL, NULL, 0, '', '', 0, 0, 0, 0, 0, 0, 0, 0, 0, 0, 0, 0, 0, 0, 0, 0, '', '', 0, 0, 0, 0, '', 0, NULL, 0, 0, 1, 0, 0, NULL, 0, NULL, NULL, NULL, 0, 0, 0, 0, 0, 0, 0, 0, '', '', 0, 0, 0, '', 0, 0, 0, '', 0, '', '', '', '', 0);

-- --------------------------------------------------------

--
-- Структура таблицы `users_konts`
--

CREATE TABLE IF NOT EXISTS `users_konts` (
  `id_user` int(11) NOT NULL,
  `id_kont` int(11) NOT NULL,
  `time` int(11) NOT NULL,
  `new_msg` int(11) NOT NULL DEFAULT '0',
  `type` enum('common','ignor','favorite','deleted') NOT NULL DEFAULT 'common',
  `name` varchar(64) DEFAULT NULL,
  UNIQUE KEY `id_user` (`id_user`,`id_kont`),
  KEY `type` (`type`),
  KEY `time` (`time`)
) ENGINE=MyISAM DEFAULT CHARSET=utf8;

--
-- Дамп данных таблицы `users_konts`
--

INSERT INTO `users_konts` (`id_user`, `id_kont`, `time`, `new_msg`, `type`, `name`) VALUES
(4, 1, 1358881702, 0, 'common', NULL),
(22, 1, 1359106239, 0, 'common', NULL),
(23, 1, 1359217684, 0, 'common', NULL),
(53, 1, 1359284327, 0, 'common', NULL),
(55, 1, 1359372211, 0, 'common', NULL),
(59, 1, 1359437024, 0, 'common', NULL),
(61, 1, 1359912671, 0, 'common', NULL);

-- --------------------------------------------------------

--
-- Структура таблицы `user_collision`
--

CREATE TABLE IF NOT EXISTS `user_collision` (
  `id_user` int(11) NOT NULL,
  `id_user2` int(11) NOT NULL,
  `type` set('sess','ip_ua_time') NOT NULL DEFAULT 'sess',
  KEY `id_user` (`id_user`,`id_user2`)
) ENGINE=MyISAM DEFAULT CHARSET=utf8;

--
-- Дамп данных таблицы `user_collision`
--

INSERT INTO `user_collision` (`id_user`, `id_user2`, `type`) VALUES
(3, 1, 'ip_ua_time'),
(15, 1, 'ip_ua_time'),
(1, 16, 'ip_ua_time');

-- --------------------------------------------------------

--
-- Структура таблицы `user_files`
--

CREATE TABLE IF NOT EXISTS `user_files` (
  `id` int(11) NOT NULL AUTO_INCREMENT,
  `id_user` int(11) NOT NULL,
  `name` varchar(32) NOT NULL,
  `time` int(11) NOT NULL,
  `msg` varchar(256) NOT NULL,
  `id_dir` int(11) DEFAULT NULL,
  `osn` int(1) DEFAULT '0',
  `type` varchar(20) DEFAULT NULL,
  `id_dires` varchar(215) DEFAULT '/',
  `pass` varchar(12) DEFAULT NULL,
  PRIMARY KEY (`id`),
  KEY `id_user` (`id_user`)
) ENGINE=MyISAM  DEFAULT CHARSET=utf8 AUTO_INCREMENT=54 ;

--
-- Дамп данных таблицы `user_files`
--

INSERT INTO `user_files` (`id`, `id_user`, `name`, `time`, `msg`, `id_dir`, `osn`, `type`, `id_dires`, `pass`) VALUES
(1, 1, 'Файлы', 0, '', NULL, 1, NULL, '/', NULL),
(3, 3, 'Файлы', 0, '', NULL, 1, NULL, '/', NULL),
(4, 4, 'Файлы', 0, '', NULL, 1, NULL, '/', NULL),
(5, 4, 'Оптические илюзии', 1358871546, 'Всё связанное с оптическими илюзиями.', 4, 2, NULL, '/4/', ''),
(6, 4, 'Музыка', 1358871853, '', 4, 2, NULL, '/4/', ''),
(7, 4, 'Русский рок', 1358871868, '', 6, 3, NULL, '/4/6/', ''),
(8, 4, 'Агата Кристи', 1358871887, '', 7, 4, NULL, '/4/6/7/', ''),
(11, 7, 'Файлы', 0, '', NULL, 1, NULL, '/', NULL),
(16, 12, 'Файлы', 0, '', NULL, 1, NULL, '/', NULL),
(17, 14, 'Файлы', 0, '', NULL, 1, NULL, '/', NULL),
(18, 15, 'Файлы', 0, '', NULL, 1, NULL, '/', NULL),
(19, 17, 'Файлы', 0, '', NULL, 1, NULL, '/', NULL),
(21, 20, 'Файлы', 0, '', NULL, 1, NULL, '/', NULL),
(22, 22, 'Файлы', 0, '', NULL, 1, NULL, '/', NULL),
(23, 23, 'Файлы', 0, '', NULL, 1, NULL, '/', NULL),
(24, 24, 'Файлы', 0, '', NULL, 1, NULL, '/', NULL),
(25, 39, 'Файлы', 0, '', NULL, 1, NULL, '/', NULL),
(26, 38, 'Файлы', 0, '', NULL, 1, NULL, '/', NULL),
(27, 41, 'Файлы', 0, '', NULL, 1, NULL, '/', NULL),
(28, 37, 'Файлы', 0, '', NULL, 1, NULL, '/', NULL),
(29, 25, 'Файлы', 0, '', NULL, 1, NULL, '/', NULL),
(30, 42, 'Файлы', 0, '', NULL, 1, NULL, '/', NULL),
(31, 43, 'Файлы', 0, '', NULL, 1, NULL, '/', NULL),
(32, 44, 'Файлы', 0, '', NULL, 1, NULL, '/', NULL),
(33, 45, 'Файлы', 0, '', NULL, 1, NULL, '/', NULL),
(34, 53, 'Файлы', 0, '', NULL, 1, NULL, '/', NULL),
(35, 29, 'Файлы', 0, '', NULL, 1, NULL, '/', NULL),
(36, 47, 'Файлы', 0, '', NULL, 1, NULL, '/', NULL),
(38, 55, 'Файлы', 0, '', NULL, 1, NULL, '/', NULL),
(39, 56, 'Файлы', 0, '', NULL, 1, NULL, '/', NULL),
(40, 26, 'Файлы', 0, '', NULL, 1, NULL, '/', NULL),
(41, 57, 'Файлы', 0, '', NULL, 1, NULL, '/', NULL),
(42, 36, 'Файлы', 0, '', NULL, 1, NULL, '/', NULL),
(43, 33, 'Файлы', 0, '', NULL, 1, NULL, '/', NULL),
(44, 59, 'Файлы', 0, '', NULL, 1, NULL, '/', NULL),
(45, 60, 'Файлы', 0, '', NULL, 1, NULL, '/', NULL),
(46, 61, 'Файлы', 0, '', NULL, 1, NULL, '/', NULL),
(48, 62, 'Файлы', 0, '', NULL, 1, NULL, '/', NULL),
(49, 63, 'Файлы', 0, '', NULL, 1, NULL, '/', NULL),
(51, 65, 'Файлы', 0, '', NULL, 1, NULL, '/', NULL);

-- --------------------------------------------------------

--
-- Структура таблицы `user_group`
--

CREATE TABLE IF NOT EXISTS `user_group` (
  `id` int(10) unsigned NOT NULL AUTO_INCREMENT,
  `name` varchar(32) NOT NULL,
  `level` int(10) unsigned NOT NULL DEFAULT '0',
  PRIMARY KEY (`id`)
) ENGINE=MyISAM  DEFAULT CHARSET=utf8 AUTO_INCREMENT=16 ;

--
-- Дамп данных таблицы `user_group`
--

INSERT INTO `user_group` (`id`, `name`, `level`) VALUES
(1, 'Пользователь', 0),
(2, 'Модератор чата', 1),
(3, 'Модератор форума', 1),
(4, 'Модератор Зоны обмена', 1),
(5, 'Модератор библиотеки', 1),
(6, 'Модератор фотогалереи', 1),
(7, 'Модератор', 2),
(8, 'Администратор', 3),
(9, 'Главный администратор', 9),
(15, 'Создатель', 10),
(11, 'Модератор дневников', 1),
(12, 'Модератор гостевой', 1);

-- --------------------------------------------------------

--
-- Структура таблицы `user_group_access`
--

CREATE TABLE IF NOT EXISTS `user_group_access` (
  `id_group` int(10) unsigned NOT NULL,
  `id_access` varchar(32) NOT NULL,
  KEY `id_group` (`id_group`,`id_access`)
) ENGINE=MyISAM DEFAULT CHARSET=utf8;

--
-- Дамп данных таблицы `user_group_access`
--

INSERT INTO `user_group_access` (`id_group`, `id_access`) VALUES
(2, 'adm_info'),
(2, 'adm_panel_show'),
(2, 'adm_ref'),
(2, 'adm_set_chat'),
(2, 'adm_show_adm'),
(2, 'adm_statistic'),
(2, 'chat_clear'),
(2, 'chat_room'),
(2, 'user_ban_set'),
(2, 'user_ban_set_h'),
(2, 'user_ban_unset'),
(2, 'user_prof_edit'),
(2, 'user_show_add_info'),
(2, 'user_show_ua'),
(3, 'adm_banlist'),
(3, 'adm_panel_show'),
(3, 'adm_set_forum'),
(3, 'adm_show_adm'),
(3, 'adm_statistic'),
(3, 'forum_for_edit'),
(3, 'forum_post_ed'),
(3, 'forum_razd_create'),
(3, 'forum_razd_edit'),
(3, 'forum_them_del'),
(3, 'forum_them_edit'),
(3, 'user_ban_set_h'),
(3, 'user_prof_edit'),
(3, 'user_show_add_info'),
(3, 'user_show_ip'),
(3, 'user_show_ua'),
(4, 'adm_info'),
(4, 'adm_panel_show'),
(4, 'adm_set_loads'),
(4, 'adm_show_adm'),
(4, 'adm_statistic'),
(4, 'loads_dir_create'),
(4, 'loads_dir_delete'),
(4, 'loads_dir_mesto'),
(4, 'loads_dir_rename'),
(4, 'loads_file_delete'),
(4, 'loads_file_edit'),
(4, 'loads_file_upload'),
(4, 'loads_unzip'),
(5, 'adm_info'),
(5, 'adm_lib_repair'),
(5, 'adm_panel_show'),
(5, 'adm_ref'),
(5, 'adm_set_foto'),
(5, 'adm_statistic'),
(5, 'lib_dir_create'),
(5, 'lib_dir_delete'),
(5, 'lib_dir_edit'),
(5, 'lib_dir_mesto'),
(5, 'lib_stat_create'),
(5, 'lib_stat_delete'),
(5, 'lib_stat_txt'),
(5, 'lib_stat_zip'),
(5, 'user_ban_set_h'),
(5, 'user_prof_edit'),
(6, 'adm_banlist'),
(6, 'adm_info'),
(6, 'adm_panel_show'),
(6, 'adm_set_foto'),
(6, 'adm_show_adm'),
(6, 'adm_statistic'),
(6, 'foto_alb_del'),
(6, 'foto_foto_edit'),
(6, 'foto_komm_del'),
(6, 'user_ban_set_h'),
(6, 'user_show_ua'),
(7, 'adm_banlist'),
(7, 'adm_lib_repair'),
(7, 'adm_panel_show'),
(7, 'adm_set_chat'),
(7, 'adm_set_forum'),
(7, 'adm_set_foto'),
(7, 'adm_statistic'),
(7, 'chat_clear'),
(7, 'chat_room'),
(7, 'forum_post_close'),
(7, 'forum_post_ed'),
(7, 'forum_razd_create'),
(7, 'forum_razd_edit'),
(7, 'forum_them_del'),
(7, 'forum_them_edit'),
(7, 'foto_foto_edit'),
(7, 'foto_komm_del'),
(7, 'guest_clear'),
(7, 'guest_delete'),
(7, 'guest_show_ip'),
(7, 'lib_stat_create'),
(7, 'lib_stat_txt'),
(7, 'loads_file_delete'),
(7, 'loads_file_edit'),
(7, 'loads_file_upload'),
(7, 'notes_delete'),
(7, 'notes_edit'),
(7, 'obmen_dir_create'),
(7, 'obmen_dir_delete'),
(7, 'obmen_dir_edit'),
(7, 'obmen_file_delete'),
(7, 'obmen_file_edit'),
(7, 'obmen_komm_del'),
(7, 'user_ban_set'),
(7, 'user_ban_set_h'),
(7, 'user_ban_unset'),
(7, 'user_collisions'),
(7, 'user_prof_edit'),
(7, 'user_show_add_info'),
(7, 'user_show_ua'),
(8, 'adm_banlist'),
(8, 'adm_ban_ip'),
(8, 'adm_forum_sinc'),
(8, 'adm_info'),
(8, 'adm_lib_repair'),
(8, 'adm_news'),
(8, 'adm_panel_show'),
(8, 'adm_ref'),
(8, 'adm_set_chat'),
(8, 'adm_set_forum'),
(8, 'adm_set_foto'),
(8, 'adm_set_loads'),
(8, 'adm_show_adm'),
(8, 'adm_statistic'),
(8, 'chat_clear'),
(8, 'chat_room'),
(8, 'forum_for_create'),
(8, 'forum_for_delete'),
(8, 'forum_for_edit'),
(8, 'forum_post_ed'),
(8, 'forum_razd_create'),
(8, 'forum_razd_edit'),
(8, 'forum_them_del'),
(8, 'forum_them_edit'),
(8, 'foto_alb_del'),
(8, 'foto_foto_edit'),
(8, 'foto_komm_del'),
(8, 'guest_clear'),
(8, 'guest_delete'),
(8, 'guest_show_ip'),
(8, 'lib_dir_create'),
(8, 'lib_dir_delete'),
(8, 'lib_dir_edit'),
(8, 'lib_dir_mesto'),
(8, 'lib_stat_create'),
(8, 'lib_stat_delete'),
(8, 'lib_stat_txt'),
(8, 'lib_stat_zip'),
(8, 'loads_dir_create'),
(8, 'loads_dir_delete'),
(8, 'loads_dir_mesto'),
(8, 'loads_dir_rename'),
(8, 'loads_file_delete'),
(8, 'loads_file_edit'),
(8, 'loads_file_upload'),
(8, 'loads_unzip'),
(8, 'notes_delete'),
(8, 'notes_edit'),
(8, 'obmen_dir_create'),
(8, 'obmen_dir_delete'),
(8, 'obmen_dir_edit'),
(8, 'obmen_file_delete'),
(8, 'obmen_file_edit'),
(8, 'obmen_komm_del'),
(8, 'user_ban_set'),
(8, 'user_ban_set_h'),
(8, 'user_ban_unset'),
(8, 'user_change_group'),
(8, 'user_change_nick'),
(8, 'user_collisions'),
(8, 'user_delete'),
(8, 'user_prof_edit'),
(8, 'user_show_add_info'),
(8, 'user_show_ip'),
(8, 'user_show_ua'),
(8, 'votes_create'),
(8, 'votes_settings'),
(9, 'adm_banlist'),
(9, 'adm_ban_ip'),
(9, 'adm_forum_sinc'),
(9, 'adm_info'),
(9, 'adm_ip_edit'),
(9, 'adm_lib_repair'),
(9, 'adm_log_read'),
(9, 'adm_menu'),
(9, 'adm_news'),
(9, 'adm_panel_show'),
(9, 'adm_ref'),
(9, 'adm_rekl'),
(9, 'adm_set_chat'),
(9, 'adm_set_forum'),
(9, 'adm_set_foto'),
(9, 'adm_set_loads'),
(9, 'adm_set_sys'),
(9, 'adm_set_user'),
(9, 'adm_show_adm'),
(9, 'adm_statistic'),
(9, 'adm_themes'),
(9, 'chat_clear'),
(9, 'chat_room'),
(9, 'forum_for_create'),
(9, 'forum_for_delete'),
(9, 'forum_for_edit'),
(9, 'forum_post_close'),
(9, 'forum_post_ed'),
(9, 'forum_razd_create'),
(9, 'forum_razd_edit'),
(9, 'forum_them_del'),
(9, 'forum_them_edit'),
(9, 'foto_alb_del'),
(9, 'foto_foto_edit'),
(9, 'foto_komm_del'),
(9, 'guest_clear'),
(9, 'guest_delete'),
(9, 'guest_show_ip'),
(9, 'lib_dir_create'),
(9, 'lib_dir_delete'),
(9, 'lib_dir_edit'),
(9, 'lib_dir_mesto'),
(9, 'lib_stat_create'),
(9, 'lib_stat_delete'),
(9, 'lib_stat_txt'),
(9, 'lib_stat_zip'),
(9, 'loads_dir_create'),
(9, 'loads_dir_delete'),
(9, 'loads_dir_mesto'),
(9, 'loads_dir_rename'),
(9, 'loads_file_delete'),
(9, 'loads_file_edit'),
(9, 'loads_file_import'),
(9, 'loads_file_upload'),
(9, 'loads_unzip'),
(9, 'notes_delete'),
(9, 'notes_edit'),
(9, 'obmen_dir_create'),
(9, 'obmen_dir_delete'),
(9, 'obmen_dir_edit'),
(9, 'obmen_file_delete'),
(9, 'obmen_file_edit'),
(9, 'obmen_komm_del'),
(9, 'user_ban_set'),
(9, 'user_ban_set_h'),
(9, 'user_ban_unset'),
(9, 'user_change_group'),
(9, 'user_change_nick'),
(9, 'user_collisions'),
(9, 'user_delete'),
(9, 'user_mass_delete'),
(9, 'user_prof_edit'),
(9, 'user_show_add_info'),
(9, 'user_show_ip'),
(9, 'user_show_ua'),
(9, 'votes_create'),
(9, 'votes_settings'),
(11, 'adm_banlist'),
(11, 'adm_info'),
(11, 'adm_panel_show'),
(11, 'adm_show_adm'),
(11, 'adm_statistic'),
(11, 'forum_post_close'),
(11, 'notes_delete'),
(11, 'notes_edit'),
(11, 'user_ban_set'),
(11, 'user_ban_set_h'),
(12, 'adm_banlist'),
(12, 'adm_info'),
(12, 'adm_panel_show'),
(12, 'adm_show_adm'),
(12, 'adm_statistic'),
(12, 'guest_clear'),
(12, 'guest_delete'),
(12, 'user_ban_set'),
(12, 'user_ban_set_h'),
(15, 'adm_accesses'),
(15, 'adm_banlist'),
(15, 'adm_ban_ip'),
(15, 'adm_forum_sinc'),
(15, 'adm_info'),
(15, 'adm_ip_edit'),
(15, 'adm_lib_repair'),
(15, 'adm_log_delete'),
(15, 'adm_log_read'),
(15, 'adm_menu'),
(15, 'adm_mysql'),
(15, 'adm_news'),
(15, 'adm_panel_show'),
(15, 'adm_ref'),
(15, 'adm_rekl'),
(15, 'adm_set_chat'),
(15, 'adm_set_forum'),
(15, 'adm_set_foto'),
(15, 'adm_set_loads'),
(15, 'adm_set_sys'),
(15, 'adm_set_user'),
(15, 'adm_show_adm'),
(15, 'adm_statistic'),
(15, 'adm_themes'),
(15, 'chat_clear'),
(15, 'chat_room'),
(15, 'forum_for_create'),
(15, 'forum_for_delete'),
(15, 'forum_for_edit'),
(15, 'forum_post_close'),
(15, 'forum_post_ed'),
(15, 'forum_razd_create'),
(15, 'forum_razd_edit'),
(15, 'forum_them_del'),
(15, 'forum_them_edit'),
(15, 'foto_alb_del'),
(15, 'foto_foto_edit'),
(15, 'foto_komm_del'),
(15, 'guest_clear'),
(15, 'guest_delete'),
(15, 'guest_show_ip'),
(15, 'lib_dir_create'),
(15, 'lib_dir_delete'),
(15, 'lib_dir_edit'),
(15, 'lib_dir_mesto'),
(15, 'lib_stat_create'),
(15, 'lib_stat_delete'),
(15, 'lib_stat_txt'),
(15, 'lib_stat_zip'),
(15, 'loads_dir_create'),
(15, 'loads_dir_delete'),
(15, 'loads_dir_mesto'),
(15, 'loads_dir_rename'),
(15, 'loads_file_delete'),
(15, 'loads_file_edit'),
(15, 'loads_file_import'),
(15, 'loads_file_upload'),
(15, 'loads_unzip'),
(15, 'notes_delete'),
(15, 'notes_edit'),
(15, 'obmen_dir_create'),
(15, 'obmen_dir_delete'),
(15, 'obmen_dir_edit'),
(15, 'obmen_file_delete'),
(15, 'obmen_file_edit'),
(15, 'obmen_komm_del'),
(15, 'user_ban_set'),
(15, 'user_ban_set_h'),
(15, 'user_ban_unset'),
(15, 'user_change_group'),
(15, 'user_change_nick'),
(15, 'user_collisions'),
(15, 'user_delete'),
(15, 'user_mass_delete'),
(15, 'user_prof_edit'),
(15, 'user_show_add_info'),
(15, 'user_show_ip'),
(15, 'user_show_ua'),
(15, 'votes_create'),
(15, 'votes_settings');

-- --------------------------------------------------------

--
-- Структура таблицы `user_log`
--

CREATE TABLE IF NOT EXISTS `user_log` (
  `id` int(11) NOT NULL AUTO_INCREMENT,
  `id_user` int(11) NOT NULL,
  `method` set('1','0') NOT NULL DEFAULT '0',
  `time` int(11) NOT NULL,
  `ip` bigint(20) NOT NULL DEFAULT '0',
  `ua` varchar(32) DEFAULT NULL,
  PRIMARY KEY (`id`),
  KEY `id_user` (`id_user`),
  KEY `time` (`time`)
) ENGINE=MyISAM  DEFAULT CHARSET=utf8 AUTO_INCREMENT=58 ;

--
-- Дамп данных таблицы `user_log`
--

INSERT INTO `user_log` (`id`, `id_user`, `method`, `time`, `ip`, `ua`) VALUES
(1, 1, '1', 1358863784, 622680243, 'Mozilla'),
(2, 1, '1', 1358867492, 622680243, 'Mozilla'),
(3, 6, '1', 1358950703, 622680189, 'Mozilla'),
(4, 1, '1', 1358954865, 622680189, 'Mozilla'),
(5, 9, '1', 1359045282, 1427829132, 'Mozilla'),
(6, 10, '0', 1359047333, 1385289754, 'Opera Mini (SAMSUNG-GT-S5230)'),
(7, 10, '0', 1359050582, 1385290044, 'Opera Mini (SAMSUNG-GT-S5230)'),
(8, 1, '1', 1359079832, 1427829193, 'Mozilla'),
(9, 9, '1', 1359080148, 1427829193, 'Mozilla'),
(10, 9, '1', 1359084605, 1427829098, 'Mozilla'),
(11, 11, '1', 1359088367, 1357902839, 'Opera Mini (NokiaX2-00)'),
(12, 9, '1', 1359092113, 622680081, 'Mozilla'),
(13, 7, '1', 1359093239, 1357902840, 'Opera Mini (Mozilla)'),
(14, 9, '1', 1359093292, 622680081, 'Mozilla'),
(15, 1, '1', 1359094589, 622680081, 'Mozilla'),
(16, 1, '1', 1359097916, 1357902477, 'Opera Mini (Nokia302)'),
(17, 9, '1', 1359097942, 622680081, 'Mozilla'),
(18, 19, '1', 1359103508, 0, ''),
(19, 9, '1', 1359104278, 1427829182, 'Mozilla'),
(20, 1, '1', 1359202978, 3654608627, 'Opera Mini (Nokia302)'),
(21, 9, '1', 1359203049, 622680294, 'Mozilla'),
(22, 9, '1', 1359210477, 622680155, 'Mozilla'),
(23, 10, '0', 1359271395, 1385289742, 'Opera Mini (SAMSUNG-GT-S5230)'),
(24, 9, '1', 1359278772, 1427829022, 'Mozilla'),
(25, 9, '1', 1359284259, 622680234, 'Mozilla'),
(26, 1, '1', 1359287590, 1427829010, 'Mozilla'),
(27, 9, '1', 1359292770, 1427829239, 'Mozilla'),
(28, 1, '1', 1359292839, 622680196, 'Mozilla'),
(29, 10, '0', 1359322322, 1385287789, 'Opera Mini (SAMSUNG-GT-S5230)'),
(30, 54, '1', 1359354513, 1360164905, 'SAMSUNG-GT-C6712'),
(31, 55, '1', 1359362594, 521622923, 'Mozilla'),
(32, 55, '1', 1359366329, 1605264246, 'Opera'),
(33, 1, '1', 1359372070, 3654608598, 'Opera Mini (Nokia302)'),
(34, 10, '0', 1359464068, 1385287962, 'Opera Mini (SAMSUNG-GT-S5230)'),
(35, 1, '1', 1359473994, 2956702204, 'Mozilla'),
(36, 11, '1', 1359478183, 1357902754, 'Opera Mini (NokiaX2-00)'),
(37, 10, '0', 1359523870, 1385287890, 'Opera Mini (SAMSUNG-GT-S5230)'),
(38, 5, '1', 1359633971, 3579280289, 'Opera'),
(39, 10, '0', 1359658159, 1385289788, 'Opera Mini (SAMSUNG-GT-S5230)'),
(40, 1, '1', 1359731076, 2956704302, 'Mozilla'),
(41, 8, '1', 1359795509, 1385288478, 'Opera'),
(42, 8, '1', 1359803431, 1385288229, 'Opera'),
(43, 8, '1', 1359866148, 1385288464, 'Opera'),
(44, 60, '1', 1359921656, 523024145, 'Mozilla'),
(45, 8, '1', 1360065602, 1385289779, 'Opera'),
(46, 1, '1', 1360319750, 2956705268, 'Mozilla'),
(47, 1, '1', 1360327033, 86884438, 'Mozilla'),
(48, 5, '1', 1360335966, 1385287793, 'Opera'),
(49, 5, '1', 1360338181, 1385287876, 'Opera'),
(50, 11, '1', 1360350843, 1357902641, 'Opera Mini (NokiaX2-00)'),
(51, 1, '1', 1360374700, 86884422, 'Mozilla'),
(52, 1, '1', 1360382563, 2956704346, 'Mozilla'),
(53, 5, '1', 1360394029, 3579279944, 'Opera'),
(54, 1, '1', 1360419484, 2956702393, 'Mozilla'),
(55, 1, '1', 1360820084, 2684311427, 'Mozilla'),
(56, 1, '1', 1360833538, 86884422, 'Mozilla'),
(57, 1, '1', 1360834132, 774308128, 'Mozilla');

-- --------------------------------------------------------

--
-- Структура таблицы `user_music`
--

CREATE TABLE IF NOT EXISTS `user_music` (
  `id` int(11) NOT NULL AUTO_INCREMENT,
  `id_user` int(11) NOT NULL,
  `dir` varchar(64) NOT NULL,
  `id_file` int(11) NOT NULL,
  PRIMARY KEY (`id`)
) ENGINE=MyISAM  DEFAULT CHARSET=utf8 AUTO_INCREMENT=3 ;

--
-- Дамп данных таблицы `user_music`
--

INSERT INTO `user_music` (`id`, `id_user`, `dir`, `id_file`) VALUES
(2, 41, 'obmen', 3);

-- --------------------------------------------------------

--
-- Структура таблицы `user_ref`
--

CREATE TABLE IF NOT EXISTS `user_ref` (
  `id` int(10) unsigned NOT NULL AUTO_INCREMENT,
  `time` int(10) unsigned NOT NULL,
  `id_user` int(10) unsigned NOT NULL,
  `url` varchar(1024) DEFAULT NULL,
  `type_input` varchar(12) DEFAULT 'cookie',
  PRIMARY KEY (`id`),
  KEY `time` (`time`,`id_user`),
  KEY `type_input` (`type_input`)
) ENGINE=MyISAM  DEFAULT CHARSET=utf8 AUTO_INCREMENT=32 ;

--
-- Дамп данных таблицы `user_ref`
--

INSERT INTO `user_ref` (`id`, `time`, `id_user`, `url`, `type_input`) VALUES
(1, 1358871258, 4, 'forum.wen.ru', 'reg'),
(2, 1359034989, 8, 'www.mobitaun.ru', 'reg'),
(3, 1359436953, 1, 'waplog.net', 'session'),
(4, 1359045871, 10, 'masteram.us', 'reg'),
(5, 1359087616, 11, 'masteram.us', 'reg'),
(6, 1359627300, 12, 'masteram.us', 'reg'),
(7, 1359116078, 14, 'masteram.us', 'reg'),
(8, 1359216127, 39, 'masteram.us', 'reg'),
(9, 1359127356, 40, 'masteram.us', 'reg'),
(10, 1359186930, 41, 'masteram.us', 'reg'),
(11, 1359216013, 43, 'masteram.us', 'reg'),
(12, 1359216973, 44, 'masteram.us', 'reg'),
(13, 1360497810, 23, 'masteram.us', 'session'),
(14, 1359283740, 53, 'masteram.us', 'reg'),
(15, 1360421141, 1, 'on-sim.ru', 'session'),
(16, 1359533706, 42, 'on-sim.ru', 'session'),
(17, 1359299146, 55, 'on-sim.ru', 'reg'),
(18, 1359299677, 7, 'on-sim.ru', 'session'),
(19, 1359377053, 57, 'waplog.net', 'reg'),
(20, 1359417466, 1, 'mcom.pro', 'session'),
(21, 1359620055, 1, 'masteram.us', 'session'),
(22, 1359435459, 59, 'masteram.us', 'reg'),
(23, 1359456028, 44, 'mcom.pro', 'session'),
(24, 1359488074, 60, 'masteram.us', 'reg'),
(25, 1359628269, 42, 'masteram.us', 'session'),
(26, 1359807895, 23, 'www.masteram.us', 'session'),
(27, 1360437581, 62, 'masteram.us', 'session'),
(28, 1360829308, 64, 'profiwm.ru', 'reg'),
(29, 1360829575, 65, 'profiwm.ru', 'reg'),
(30, 1360829696, 66, 'profiwm.ru', 'reg'),
(31, 1360833648, 1, 'h1.keo.su', 'session');

-- --------------------------------------------------------

--
-- Структура таблицы `user_set`
--

CREATE TABLE IF NOT EXISTS `user_set` (
  `id` int(11) NOT NULL AUTO_INCREMENT,
  `id_user` int(11) NOT NULL,
  `privat_str` int(11) DEFAULT '1',
  `privat_mail` int(11) DEFAULT '1',
  `ocenka` int(11) DEFAULT '0',
  PRIMARY KEY (`id`)
) ENGINE=MyISAM  DEFAULT CHARSET=utf8 AUTO_INCREMENT=44 ;

--
-- Дамп данных таблицы `user_set`
--

INSERT INTO `user_set` (`id`, `id_user`, `privat_str`, `privat_mail`, `ocenka`) VALUES
(1, 1, 2, 1, 1359469659),
(3, 3, 1, 1, 0),
(4, 4, 1, 1, 0),
(7, 7, 1, 1, 0),
(12, 12, 1, 1, 0),
(13, 13, 1, 1, 0),
(14, 14, 1, 1, 0),
(15, 15, 1, 1, 0),
(16, 16, 1, 1, 0),
(18, 22, 1, 1, 0),
(19, 23, 1, 1, 0),
(20, 24, 1, 1, 0),
(21, 39, 1, 1, 0),
(22, 40, 1, 1, 0),
(23, 41, 1, 1, 0),
(24, 42, 1, 1, 0),
(25, 43, 1, 1, 0),
(26, 44, 1, 1, 0),
(27, 45, 1, 1, 0),
(28, 53, 1, 1, 0),
(30, 55, 1, 1, 0),
(31, 56, 1, 1, 0),
(32, 57, 1, 1, 0),
(33, 58, 1, 1, 0),
(34, 59, 1, 1, 0),
(35, 60, 1, 1, 0),
(36, 61, 1, 1, 0),
(37, 62, 1, 1, 0),
(38, 63, 1, 1, 0),
(40, 65, 1, 1, 0),
(42, 67, 1, 1, 0);

-- --------------------------------------------------------

--
-- Структура таблицы `user_voice2`
--

CREATE TABLE IF NOT EXISTS `user_voice2` (
  `id_user` int(11) NOT NULL,
  `id_kont` int(11) NOT NULL,
  `rating` int(11) NOT NULL DEFAULT '0',
  `msg` varchar(256) DEFAULT NULL,
  `time` int(11) NOT NULL,
  KEY `id_user` (`id_user`,`id_kont`),
  KEY `time` (`time`),
  KEY `rating` (`rating`)
) ENGINE=MyISAM DEFAULT CHARSET=utf8;

-- --------------------------------------------------------

--
-- Структура таблицы `visit_everyday`
--

CREATE TABLE IF NOT EXISTS `visit_everyday` (
  `time` int(11) NOT NULL,
  `host` int(11) NOT NULL,
  `hit` int(11) NOT NULL,
  `host_ip_ua` int(11) NOT NULL,
  KEY `time` (`time`),
  KEY `host` (`host`),
  KEY `hit` (`hit`),
  KEY `host_ip_ua` (`host_ip_ua`)
) ENGINE=MyISAM DEFAULT CHARSET=utf8;

--
-- Дамп данных таблицы `visit_everyday`
--

INSERT INTO `visit_everyday` (`time`, `host`, `hit`, `host_ip_ua`) VALUES
(1358712000, 0, 0, 0),
(1358798400, 29, 671, 30),
(1358884800, 42, 1052, 49),
(1358971200, 79, 3196, 87),
(1359057600, 138, 3434, 151),
(1359144000, 105, 1164, 108),
(1359230400, 516, 1750, 549),
(1359316800, 465, 2093, 495),
(1359403200, 394, 1141, 417),
(1359489600, 101, 286, 106),
(1359576000, 26, 211, 29),
(1359662400, 25, 522, 29),
(1359748800, 24, 555, 29),
(1359835200, 23, 242, 25),
(1359921600, 13, 233, 17),
(1360180800, 18, 330, 22),
(1360267200, 34, 912, 36),
(1360353600, 35, 290, 37),
(1360440000, 13, 127, 16),
(1360526400, 25, 525, 29),
(1360612800, 16, 112, 19),
(1360699200, 17, 197, 22);

-- --------------------------------------------------------

--
-- Структура таблицы `visit_today`
--

CREATE TABLE IF NOT EXISTS `visit_today` (
  `ip` bigint(11) NOT NULL,
  `ua` varchar(128) DEFAULT NULL,
  `time` int(11) NOT NULL,
  KEY `ip` (`ip`),
  KEY `ua` (`ua`),
  KEY `time` (`time`)
) ENGINE=MyISAM DEFAULT CHARSET=utf8;

--
-- Дамп данных таблицы `visit_today`
--

INSERT INTO `visit_today` (`ip`, `ua`, `time`) VALUES
(774314754, 'Mozilla/5.0 (Windows NT 6.1; WOW64) AppleWebKit/537.17 (KHTML, like Gecko) Chrome/24.0.1312.57 Safari/537.17', 1360829556),
(86884422, 'Mozilla/5.0 (Windows NT 6.1) AppleWebKit/537.4 (KHTML, like Gecko) Chrome/22.0.1104.222 YaBrowser/1.5.1104.222 Safari/537.4', 1360829550),
(86884422, 'Mozilla/5.0 (Windows NT 6.1) AppleWebKit/537.4 (KHTML, like Gecko) Chrome/22.0.1104.222 YaBrowser/1.5.1104.222 Safari/537.4', 1360829542),
(86884422, 'Mozilla/5.0 (Windows NT 6.1) AppleWebKit/537.4 (KHTML, like Gecko) Chrome/22.0.1104.222 YaBrowser/1.5.1104.222 Safari/537.4', 1360829542),
(86884422, 'Mozilla/5.0 (Windows NT 6.1) AppleWebKit/537.4 (KHTML, like Gecko) Chrome/22.0.1104.222 YaBrowser/1.5.1104.222 Safari/537.4', 1360829528),
(86884422, 'Mozilla/5.0 (Windows NT 6.1) AppleWebKit/537.4 (KHTML, like Gecko) Chrome/22.0.1104.222 YaBrowser/1.5.1104.222 Safari/537.4', 1360829525),
(86884422, 'Mozilla/5.0 (Windows NT 6.1) AppleWebKit/537.4 (KHTML, like Gecko) Chrome/22.0.1104.222 YaBrowser/1.5.1104.222 Safari/537.4', 1360829510),
(1357902450, 'Opera/9.80 (Series 60; Opera Mini/7.1.32444/28.3782; U; ru) Presto/2.8.119 Version/11.10', 1360829508),
(1110858107, 'Mozilla/5.0 (Series40; Nokia202/20.36; Profile/MIDP-2.1 Configuration/CLDC-1.1) Gecko/20100401 S40OviBrowser/2.2.0.0.33', 1360829500),
(1357902515, 'Opera/9.80 (J2ME/MIDP; Opera Mini/4.3.13057/28.3782; U; ru) Presto/2.8.119 Version/11.10', 1360829490),
(86884422, 'Mozilla/5.0 (Windows NT 6.1) AppleWebKit/537.4 (KHTML, like Gecko) Chrome/22.0.1104.222 YaBrowser/1.5.1104.222 Safari/537.4', 1360829450),
(86884422, 'Mozilla/5.0 (Windows NT 6.1) AppleWebKit/537.4 (KHTML, like Gecko) Chrome/22.0.1104.222 YaBrowser/1.5.1104.222 Safari/537.4', 1360829442),
(1177008543, 'NOKIANokia N81///400', 1360829434),
(86884422, 'Mozilla/5.0 (Windows NT 6.1) AppleWebKit/537.4 (KHTML, like Gecko) Chrome/22.0.1104.222 YaBrowser/1.5.1104.222 Safari/537.4', 1360829439),
(86884422, 'Mozilla/5.0 (Windows NT 6.1) AppleWebKit/537.4 (KHTML, like Gecko) Chrome/22.0.1104.222 YaBrowser/1.5.1104.222 Safari/537.4', 1360829386),
(1385287863, 'Opera/9.80 (Series 60; Opera Mini/7.1.32444/28.3782; U; ru) Presto/2.8.119 Version/11.10', 1360829385),
(86884422, 'Mozilla/5.0 (Windows NT 6.1) AppleWebKit/537.4 (KHTML, like Gecko) Chrome/22.0.1104.222 YaBrowser/1.5.1104.222 Safari/537.4', 1360829385),
(86884422, 'Mozilla/5.0 (Windows NT 6.1) AppleWebKit/537.4 (KHTML, like Gecko) Chrome/22.0.1104.222 YaBrowser/1.5.1104.222 Safari/537.4', 1360829380),
(86884422, 'Mozilla/5.0 (Windows NT 6.1) AppleWebKit/537.4 (KHTML, like Gecko) Chrome/22.0.1104.222 YaBrowser/1.5.1104.222 Safari/537.4', 1360829371),
(1385288025, 'Opera/9.80 (Series 60; Opera Mini/7.1.32444/28.3782; U; ru) Presto/2.8.119 Version/11.10', 1360829367),
(1385288025, 'Opera/9.80 (Series 60; Opera Mini/7.1.32444/28.3782; U; ru) Presto/2.8.119 Version/11.10', 1360829367),
(1385288025, 'Opera/9.80 (Series 60; Opera Mini/7.1.32444/28.3782; U; ru) Presto/2.8.119 Version/11.10', 1360829366),
(86884422, 'Mozilla/5.0 (Windows NT 6.1) AppleWebKit/537.4 (KHTML, like Gecko) Chrome/22.0.1104.222 YaBrowser/1.5.1104.222 Safari/537.4', 1360829362),
(86884422, 'Mozilla/5.0 (Windows NT 6.1) AppleWebKit/537.4 (KHTML, like Gecko) Chrome/22.0.1104.222 YaBrowser/1.5.1104.222 Safari/537.4', 1360829356),
(86884422, 'Mozilla/5.0 (Windows NT 6.1) AppleWebKit/537.4 (KHTML, like Gecko) Chrome/22.0.1104.222 YaBrowser/1.5.1104.222 Safari/537.4', 1360829354),
(521628308, 'Mozilla/5.0 (Windows NT 6.1) AppleWebKit/537.17 (KHTML, like Gecko) Chrome/24.0.1312.57 Safari/537.17', 1360829343),
(1385288025, 'Opera/9.80 (Series 60; Opera Mini/7.1.32444/28.3782; U; ru) Presto/2.8.119 Version/11.10', 1360829342),
(521628308, 'Mozilla/5.0 (Windows NT 6.1) AppleWebKit/537.17 (KHTML, like Gecko) Chrome/24.0.1312.57 Safari/537.17', 1360829341),
(521628308, 'Mozilla/5.0 (Windows NT 6.1) AppleWebKit/537.17 (KHTML, like Gecko) Chrome/24.0.1312.57 Safari/537.17', 1360829340),
(86884422, 'Mozilla/5.0 (Windows NT 6.1) AppleWebKit/537.4 (KHTML, like Gecko) Chrome/22.0.1104.222 YaBrowser/1.5.1104.222 Safari/537.4', 1360829340),
(521628308, 'Mozilla/5.0 (Windows NT 6.1) AppleWebKit/537.17 (KHTML, like Gecko) Chrome/24.0.1312.57 Safari/537.17', 1360829335),
(521628308, 'Mozilla/5.0 (Windows NT 6.1) AppleWebKit/537.17 (KHTML, like Gecko) Chrome/24.0.1312.57 Safari/537.17', 1360829323),
(521628308, 'Mozilla/5.0 (Windows NT 6.1) AppleWebKit/537.17 (KHTML, like Gecko) Chrome/24.0.1312.57 Safari/537.17', 1360829315),
(521628308, 'Mozilla/5.0 (Windows NT 6.1) AppleWebKit/537.17 (KHTML, like Gecko) Chrome/24.0.1312.57 Safari/537.17', 1360829313),
(521628308, 'Mozilla/5.0 (Windows NT 6.1) AppleWebKit/537.17 (KHTML, like Gecko) Chrome/24.0.1312.57 Safari/537.17', 1360829308),
(521628308, 'Mozilla/5.0 (Windows NT 6.1) AppleWebKit/537.17 (KHTML, like Gecko) Chrome/24.0.1312.57 Safari/537.17', 1360829305),
(521628308, 'Mozilla/5.0 (Windows NT 6.1) AppleWebKit/537.17 (KHTML, like Gecko) Chrome/24.0.1312.57 Safari/537.17', 1360829301),
(521628308, 'Mozilla/5.0 (Windows NT 6.1) AppleWebKit/537.17 (KHTML, like Gecko) Chrome/24.0.1312.57 Safari/537.17', 1360829297),
(521628308, 'Mozilla/5.0 (Windows NT 6.1) AppleWebKit/537.17 (KHTML, like Gecko) Chrome/24.0.1312.57 Safari/537.17', 1360829281),
(521628308, 'Mozilla/5.0 (Windows NT 6.1) AppleWebKit/537.17 (KHTML, like Gecko) Chrome/24.0.1312.57 Safari/537.17', 1360829280),
(521628308, 'Mozilla/5.0 (Windows NT 6.1) AppleWebKit/537.17 (KHTML, like Gecko) Chrome/24.0.1312.57 Safari/537.17', 1360829275),
(521628308, 'Mozilla/5.0 (Windows NT 6.1) AppleWebKit/537.17 (KHTML, like Gecko) Chrome/24.0.1312.57 Safari/537.17', 1360829269),
(774314754, 'Mozilla/5.0 (Windows NT 6.1; WOW64) AppleWebKit/537.17 (KHTML, like Gecko) Chrome/24.0.1312.57 Safari/537.17', 1360829250),
(774314754, 'Mozilla/5.0 (Windows NT 6.1; WOW64) AppleWebKit/537.17 (KHTML, like Gecko) Chrome/24.0.1312.57 Safari/537.17', 1360829248),
(774314754, 'Mozilla/5.0 (Windows NT 6.1; WOW64) AppleWebKit/537.17 (KHTML, like Gecko) Chrome/24.0.1312.57 Safari/537.17', 1360829248),
(774314754, 'Mozilla/5.0 (Windows NT 6.1; WOW64) AppleWebKit/537.17 (KHTML, like Gecko) Chrome/24.0.1312.57 Safari/537.17', 1360829241),
(774314754, 'Mozilla/5.0 (Windows NT 6.1; WOW64) AppleWebKit/537.17 (KHTML, like Gecko) Chrome/24.0.1312.57 Safari/537.17', 1360829241),
(774314754, 'Mozilla/5.0 (Windows NT 6.1; WOW64) AppleWebKit/537.17 (KHTML, like Gecko) Chrome/24.0.1312.57 Safari/537.17', 1360829235),
(774314754, 'Mozilla/5.0 (Windows NT 6.1; WOW64) AppleWebKit/537.17 (KHTML, like Gecko) Chrome/24.0.1312.57 Safari/537.17', 1360829235),
(774314754, 'Mozilla/5.0 (Windows NT 6.1; WOW64) AppleWebKit/537.17 (KHTML, like Gecko) Chrome/24.0.1312.57 Safari/537.17', 1360829223),
(774314754, 'Mozilla/5.0 (Windows NT 6.1; WOW64) AppleWebKit/537.17 (KHTML, like Gecko) Chrome/24.0.1312.57 Safari/537.17', 1360829223),
(774314754, 'Mozilla/5.0 (Windows NT 6.1; WOW64) AppleWebKit/537.17 (KHTML, like Gecko) Chrome/24.0.1312.57 Safari/537.17', 1360829214),
(3579280240, 'Mozilla/5.0 (Windows NT 6.1) AppleWebKit/537.17 (KHTML, like Gecko) Chrome/24.0.1312.57 Safari/537.17', 1360829205),
(774314754, 'Mozilla/5.0 (Windows NT 6.1; WOW64) AppleWebKit/537.17 (KHTML, like Gecko) Chrome/24.0.1312.57 Safari/537.17', 1360829204),
(3654608597, 'Opera/9.80 (J2ME/MIDP; Opera Mini/4.2.19634/28.3782; U; ru) Presto/2.8.119 Version/11.10', 1360829186),
(3654608597, 'Opera/9.80 (J2ME/MIDP; Opera Mini/4.2.19634/28.3782; U; ru) Presto/2.8.119 Version/11.10', 1360829186),
(2365590070, 'Opera/9.80 (Android; Opera Mini/7.5.32193/28.3782; U; ru) Presto/2.8.119 Version/11.10', 1360829182),
(2365590070, 'Opera/9.80 (Android; Opera Mini/7.5.32193/28.3782; U; ru) Presto/2.8.119 Version/11.10', 1360829182),
(3654608597, 'Opera/9.80 (J2ME/MIDP; Opera Mini/4.2.19634/28.3782; U; ru) Presto/2.8.119 Version/11.10', 1360829171),
(2365590070, 'Opera/9.80 (Android; Opera Mini/7.5.32193/28.3782; U; ru) Presto/2.8.119 Version/11.10', 1360829158),
(521628308, 'Mozilla/5.0 (Windows NT 6.1) AppleWebKit/537.17 (KHTML, like Gecko) Chrome/24.0.1312.57 Safari/537.17', 1360829108),
(521628308, 'Mozilla/5.0 (Windows NT 6.1) AppleWebKit/537.17 (KHTML, like Gecko) Chrome/24.0.1312.57 Safari/537.17', 1360829103),
(521628308, 'Mozilla/5.0 (Windows NT 6.1) AppleWebKit/537.17 (KHTML, like Gecko) Chrome/24.0.1312.57 Safari/537.17', 1360829100),
(521628308, 'Mozilla/5.0 (Windows NT 6.1) AppleWebKit/537.17 (KHTML, like Gecko) Chrome/24.0.1312.57 Safari/537.17', 1360829099),
(521628308, 'Mozilla/5.0 (Windows NT 6.1) AppleWebKit/537.17 (KHTML, like Gecko) Chrome/24.0.1312.57 Safari/537.17', 1360829096),
(521628308, 'Mozilla/5.0 (Windows NT 6.1) AppleWebKit/537.17 (KHTML, like Gecko) Chrome/24.0.1312.57 Safari/537.17', 1360829094),
(521628308, 'Mozilla/5.0 (Windows NT 6.1) AppleWebKit/537.17 (KHTML, like Gecko) Chrome/24.0.1312.57 Safari/537.17', 1360829093),
(521628308, 'Mozilla/5.0 (Windows NT 6.1) AppleWebKit/537.17 (KHTML, like Gecko) Chrome/24.0.1312.57 Safari/537.17', 1360829088),
(521628308, 'Mozilla/5.0 (Windows NT 6.1) AppleWebKit/537.17 (KHTML, like Gecko) Chrome/24.0.1312.57 Safari/537.17', 1360829086),
(774314754, 'Mozilla/5.0 (Windows NT 6.1; WOW64) AppleWebKit/537.17 (KHTML, like Gecko) Chrome/24.0.1312.57 Safari/537.17', 1360829084),
(521628308, 'Mozilla/5.0 (Windows NT 6.1) AppleWebKit/537.17 (KHTML, like Gecko) Chrome/24.0.1312.57 Safari/537.17', 1360829081),
(521628308, 'Mozilla/5.0 (Windows NT 6.1) AppleWebKit/537.17 (KHTML, like Gecko) Chrome/24.0.1312.57 Safari/537.17', 1360829076),
(2959231293, 'Opera/9.80 (Windows NT 5.1; MRA 8.0 (build 5784)) Presto/2.12.388 Version/12.13', 1360829076),
(2959231293, 'Opera/9.80 (Windows NT 5.1; MRA 8.0 (build 5784)) Presto/2.12.388 Version/12.13', 1360829075),
(521628308, 'Mozilla/5.0 (Windows NT 6.1) AppleWebKit/537.17 (KHTML, like Gecko) Chrome/24.0.1312.57 Safari/537.17', 1360829074),
(521628308, 'Mozilla/5.0 (Windows NT 6.1) AppleWebKit/537.17 (KHTML, like Gecko) Chrome/24.0.1312.57 Safari/537.17', 1360829066),
(521628308, 'Mozilla/5.0 (Windows NT 6.1) AppleWebKit/537.17 (KHTML, like Gecko) Chrome/24.0.1312.57 Safari/537.17', 1360829065),
(521628308, 'Mozilla/5.0 (Windows NT 6.1) AppleWebKit/537.17 (KHTML, like Gecko) Chrome/24.0.1312.57 Safari/537.17', 1360829063),
(2959231293, 'Opera/9.80 (Windows NT 5.1; MRA 8.0 (build 5784)) Presto/2.12.388 Version/12.13', 1360829062),
(521628308, 'Mozilla/5.0 (Windows NT 6.1) AppleWebKit/537.17 (KHTML, like Gecko) Chrome/24.0.1312.57 Safari/537.17', 1360829056),
(521628308, 'Mozilla/5.0 (Windows NT 6.1) AppleWebKit/537.17 (KHTML, like Gecko) Chrome/24.0.1312.57 Safari/537.17', 1360829054),
(521628308, 'Mozilla/5.0 (Windows NT 6.1) AppleWebKit/537.17 (KHTML, like Gecko) Chrome/24.0.1312.57 Safari/537.17', 1360829051),
(86884422, 'Mozilla/5.0 (Windows NT 6.1) AppleWebKit/537.4 (KHTML, like Gecko) Chrome/22.0.1104.222 YaBrowser/1.5.1104.222 Safari/537.4', 1360829050),
(2992308264, 'Mozilla/5.0 (Windows NT 6.1) AppleWebKit/537.17 (KHTML, like Gecko) Chrome/24.0.1312.1 Safari/537.17', 1360829047),
(521628308, 'Mozilla/5.0 (Windows NT 6.1) AppleWebKit/537.17 (KHTML, like Gecko) Chrome/24.0.1312.57 Safari/537.17', 1360829046),
(521628308, 'Mozilla/5.0 (Windows NT 6.1) AppleWebKit/537.17 (KHTML, like Gecko) Chrome/24.0.1312.57 Safari/537.17', 1360829043),
(521628308, 'Mozilla/5.0 (Windows NT 6.1) AppleWebKit/537.17 (KHTML, like Gecko) Chrome/24.0.1312.57 Safari/537.17', 1360829040),
(521628308, 'Mozilla/5.0 (Windows NT 6.1) AppleWebKit/537.17 (KHTML, like Gecko) Chrome/24.0.1312.57 Safari/537.17', 1360829033),
(521628308, 'Mozilla/5.0 (Windows NT 6.1) AppleWebKit/537.17 (KHTML, like Gecko) Chrome/24.0.1312.57 Safari/537.17', 1360829031),
(521628308, 'Mozilla/5.0 (Windows NT 6.1) AppleWebKit/537.17 (KHTML, like Gecko) Chrome/24.0.1312.57 Safari/537.17', 1360829029),
(521628308, 'Mozilla/5.0 (Windows NT 6.1) AppleWebKit/537.17 (KHTML, like Gecko) Chrome/24.0.1312.57 Safari/537.17', 1360829021),
(86884422, 'Mozilla/5.0 (Windows NT 6.1) AppleWebKit/537.4 (KHTML, like Gecko) Chrome/22.0.1104.222 YaBrowser/1.5.1104.222 Safari/537.4', 1360829020),
(521628308, 'Mozilla/5.0 (Windows NT 6.1) AppleWebKit/537.17 (KHTML, like Gecko) Chrome/24.0.1312.57 Safari/537.17', 1360829017),
(521628308, 'Mozilla/5.0 (Windows NT 6.1) AppleWebKit/537.17 (KHTML, like Gecko) Chrome/24.0.1312.57 Safari/537.17', 1360829015),
(521628308, 'Mozilla/5.0 (Windows NT 6.1) AppleWebKit/537.17 (KHTML, like Gecko) Chrome/24.0.1312.57 Safari/537.17', 1360829003),
(785612659, 'Opera/9.80 (Windows NT 6.2; WOW64) Presto/2.12.388 Version/12.12', 1360829002),
(521628308, 'Mozilla/5.0 (Windows NT 6.1) AppleWebKit/537.17 (KHTML, like Gecko) Chrome/24.0.1312.57 Safari/537.17', 1360829003),
(521628308, 'Mozilla/5.0 (Windows NT 6.1) AppleWebKit/537.17 (KHTML, like Gecko) Chrome/24.0.1312.57 Safari/537.17', 1360828999),
(521628308, 'Mozilla/5.0 (Windows NT 6.1) AppleWebKit/537.17 (KHTML, like Gecko) Chrome/24.0.1312.57 Safari/537.17', 1360828986),
(521628308, 'Mozilla/5.0 (Windows NT 6.1) AppleWebKit/537.17 (KHTML, like Gecko) Chrome/24.0.1312.57 Safari/537.17', 1360828985),
(86884422, 'Mozilla/5.0 (Windows NT 6.1) AppleWebKit/537.4 (KHTML, like Gecko) Chrome/22.0.1104.222 YaBrowser/1.5.1104.222 Safari/537.4', 1360828977),
(521628308, 'Mozilla/5.0 (Windows NT 6.1) AppleWebKit/537.17 (KHTML, like Gecko) Chrome/24.0.1312.57 Safari/537.17', 1360828971),
(86884422, 'Mozilla/5.0 (Windows NT 6.1) AppleWebKit/537.4 (KHTML, like Gecko) Chrome/22.0.1104.222 YaBrowser/1.5.1104.222 Safari/537.4', 1360828792),
(1123634739, 'Mozilla/5.0 (compatible; Googlebot/2.1; +http://www.google.com/bot.html)', 1360827739),
(86884422, 'Mozilla/5.0 (Windows NT 6.1) AppleWebKit/537.4 (KHTML, like Gecko) Chrome/22.0.1104.222 YaBrowser/1.5.1104.222 Safari/537.4', 1360826664),
(1123633971, 'Mozilla/5.0 (compatible; Googlebot/2.1; +http://www.google.com/bot.html)', 1360826120),
(1123633971, 'Mozilla/5.0 (compatible; Googlebot/2.1; +http://www.google.com/bot.html)', 1360824939),
(86884423, 'Mozilla/5.0 (Windows NT 6.1) AppleWebKit/537.4 (KHTML, like Gecko) Chrome/22.0.1104.222 YaBrowser/1.5.1104.222 Safari/537.4', 1360824531),
(86884423, 'Mozilla/5.0 (Windows NT 6.1) AppleWebKit/537.4 (KHTML, like Gecko) Chrome/22.0.1104.222 YaBrowser/1.5.1104.222 Safari/537.4', 1360824510),
(1123634046, 'DoCoMo/2.0 N905i(c100;TB;W24H16) (compatible; Googlebot-Mobile/2.1; +http://www.google.com/bot.html)', 1360823786),
(1123634046, 'DoCoMo/2.0 N905i(c100;TB;W24H16) (compatible; Googlebot-Mobile/2.1; +http://www.google.com/bot.html)', 1360823785),
(86884423, 'Mozilla/5.0 (Windows NT 6.1) AppleWebKit/537.4 (KHTML, like Gecko) Chrome/22.0.1104.222 YaBrowser/1.5.1104.222 Safari/537.4', 1360821988),
(86884423, 'Mozilla/5.0 (Windows NT 6.1) AppleWebKit/537.4 (KHTML, like Gecko) Chrome/22.0.1104.222 YaBrowser/1.5.1104.222 Safari/537.4', 1360820408),
(86884423, 'Mozilla/5.0 (Windows NT 6.1) AppleWebKit/537.4 (KHTML, like Gecko) Chrome/22.0.1104.222 YaBrowser/1.5.1104.222 Safari/537.4', 1360820400),
(86884423, 'Mozilla/5.0 (Windows NT 6.1) AppleWebKit/537.4 (KHTML, like Gecko) Chrome/22.0.1104.222 YaBrowser/1.5.1104.222 Safari/537.4', 1360820379),
(86884423, 'Mozilla/5.0 (Windows NT 6.1) AppleWebKit/537.4 (KHTML, like Gecko) Chrome/22.0.1104.222 YaBrowser/1.5.1104.222 Safari/537.4', 1360820368),
(86884423, 'Mozilla/5.0 (Windows NT 6.1) AppleWebKit/537.4 (KHTML, like Gecko) Chrome/22.0.1104.222 YaBrowser/1.5.1104.222 Safari/537.4', 1360820363),
(86884423, 'Mozilla/5.0 (Windows NT 6.1) AppleWebKit/537.4 (KHTML, like Gecko) Chrome/22.0.1104.222 YaBrowser/1.5.1104.222 Safari/537.4', 1360820358),
(86884423, 'Mozilla/5.0 (Windows NT 6.1) AppleWebKit/537.4 (KHTML, like Gecko) Chrome/22.0.1104.222 YaBrowser/1.5.1104.222 Safari/537.4', 1360820349),
(86884423, 'Mozilla/5.0 (Windows NT 6.1) AppleWebKit/537.4 (KHTML, like Gecko) Chrome/22.0.1104.222 YaBrowser/1.5.1104.222 Safari/537.4', 1360820337),
(86884423, 'Mozilla/5.0 (Windows NT 6.1) AppleWebKit/537.4 (KHTML, like Gecko) Chrome/22.0.1104.222 YaBrowser/1.5.1104.222 Safari/537.4', 1360820330),
(86884423, 'Mozilla/5.0 (Windows NT 6.1) AppleWebKit/537.4 (KHTML, like Gecko) Chrome/22.0.1104.222 YaBrowser/1.5.1104.222 Safari/537.4', 1360820304),
(86884423, 'Mozilla/5.0 (Windows NT 6.1) AppleWebKit/537.4 (KHTML, like Gecko) Chrome/22.0.1104.222 YaBrowser/1.5.1104.222 Safari/537.4', 1360820294),
(86884423, 'Mozilla/5.0 (Windows NT 6.1) AppleWebKit/537.4 (KHTML, like Gecko) Chrome/22.0.1104.222 YaBrowser/1.5.1104.222 Safari/537.4', 1360820290),
(86884423, 'Mozilla/5.0 (Windows NT 6.1) AppleWebKit/537.4 (KHTML, like Gecko) Chrome/22.0.1104.222 YaBrowser/1.5.1104.222 Safari/537.4', 1360820277),
(86884423, 'Mozilla/5.0 (Windows NT 6.1) AppleWebKit/537.4 (KHTML, like Gecko) Chrome/22.0.1104.222 YaBrowser/1.5.1104.222 Safari/537.4', 1360820258),
(86884423, 'Mozilla/5.0 (Windows NT 6.1) AppleWebKit/537.4 (KHTML, like Gecko) Chrome/22.0.1104.222 YaBrowser/1.5.1104.222 Safari/537.4', 1360820246),
(86884423, 'Mozilla/5.0 (Windows NT 6.1) AppleWebKit/537.4 (KHTML, like Gecko) Chrome/22.0.1104.222 YaBrowser/1.5.1104.222 Safari/537.4', 1360820238),
(86884423, 'Mozilla/5.0 (Windows NT 6.1) AppleWebKit/537.4 (KHTML, like Gecko) Chrome/22.0.1104.222 YaBrowser/1.5.1104.222 Safari/537.4', 1360820165),
(86884423, 'Mozilla/5.0 (Windows NT 6.1) AppleWebKit/537.4 (KHTML, like Gecko) Chrome/22.0.1104.222 YaBrowser/1.5.1104.222 Safari/537.4', 1360820165),
(86884423, 'Mozilla/5.0 (Windows NT 6.1) AppleWebKit/537.4 (KHTML, like Gecko) Chrome/22.0.1104.222 YaBrowser/1.5.1104.222 Safari/537.4', 1360820162),
(86884423, 'Mozilla/5.0 (Windows NT 6.1) AppleWebKit/537.4 (KHTML, like Gecko) Chrome/22.0.1104.222 YaBrowser/1.5.1104.222 Safari/537.4', 1360820135),
(86884423, 'Mozilla/5.0 (Windows NT 6.1) AppleWebKit/537.4 (KHTML, like Gecko) Chrome/22.0.1104.222 YaBrowser/1.5.1104.222 Safari/537.4', 1360820097),
(86884423, 'Mozilla/5.0 (Windows NT 6.1) AppleWebKit/537.4 (KHTML, like Gecko) Chrome/22.0.1104.222 YaBrowser/1.5.1104.222 Safari/537.4', 1360820084),
(86884423, 'Mozilla/5.0 (Windows NT 6.1) AppleWebKit/537.4 (KHTML, like Gecko) Chrome/22.0.1104.222 YaBrowser/1.5.1104.222 Safari/537.4', 1360820070),
(86884423, 'Mozilla/5.0 (Windows NT 6.1) AppleWebKit/537.4 (KHTML, like Gecko) Chrome/22.0.1104.222 YaBrowser/1.5.1104.222 Safari/537.4', 1360820017),
(1123634810, 'SAMSUNG-SGH-E250/1.0 Profile/MIDP-2.0 Configuration/CLDC-1.1 UP.Browser/6.2.3.3.c.1.101 (GUI) MMP/2.0 (compatible; Googlebot-Mob', 1360819355),
(1123634810, 'SAMSUNG-SGH-E250/1.0 Profile/MIDP-2.0 Configuration/CLDC-1.1 UP.Browser/6.2.3.3.c.1.101 (GUI) MMP/2.0 (compatible; Googlebot-Mob', 1360819287),
(1123634739, 'Mozilla/5.0 (compatible; Googlebot/2.1; +http://www.google.com/bot.html)', 1360818580),
(1123634739, 'Mozilla/5.0 (compatible; Googlebot/2.1; +http://www.google.com/bot.html)', 1360817333),
(3249138181, 'Mozilla/5.0 (compatible; statdom.ru/Bot; +http://statdom.ru/bot.html)', 1360817082),
(1123634739, 'Mozilla/5.0 (compatible; Googlebot/2.1; +http://www.google.com/bot.html)', 1360816679),
(1123634739, 'Mozilla/5.0 (compatible; Googlebot/2.1; +http://www.google.com/bot.html)', 1360813560),
(1123633971, 'Mozilla/5.0 (compatible; Googlebot/2.1; +http://www.google.com/bot.html)', 1360812361),
(1123634739, 'Mozilla/5.0 (compatible; Googlebot/2.1; +http://www.google.com/bot.html)', 1360810105),
(1613610166, 'Mozilla/5.0 (Windows NT 5.1; rv:13.0) Gecko/20100101 Firefox/13.0.1', 1360808369),
(1123634739, 'Mozilla/5.0 (compatible; Googlebot/2.1; +http://www.google.com/bot.html)', 1360808874),
(1123634739, 'Mozilla/5.0 (compatible; Googlebot/2.1; +http://www.google.com/bot.html)', 1360806498),
(3287265997, 'Mozilla/5.0 (compatible; Nigma.ru/3.0; crawler@nigma.ru)', 1360805843),
(1123633971, 'Mozilla/5.0 (compatible; Googlebot/2.1; +http://www.google.com/bot.html)', 1360804626),
(1123634739, 'SAMSUNG-SGH-E250/1.0 Profile/MIDP-2.0 Configuration/CLDC-1.1 UP.Browser/6.2.3.3.c.1.101 (GUI) MMP/2.0 (compatible; Googlebot-Mob', 1360804332),
(1123634739, 'Mozilla/5.0 (compatible; Googlebot/2.1; +http://www.google.com/bot.html)', 1360802223),
(1123634739, 'Mozilla/5.0 (compatible; Googlebot/2.1; +http://www.google.com/bot.html)', 1360800869),
(1123634739, 'Mozilla/5.0 (compatible; Googlebot/2.1; +http://www.google.com/bot.html)', 1360799073),
(1123634739, 'Mozilla/5.0 (compatible; Googlebot/2.1; +http://www.google.com/bot.html)', 1360797827),
(1123633971, 'Mozilla/5.0 (compatible; Googlebot/2.1; +http://www.google.com/bot.html)', 1360796239),
(1123633971, 'Mozilla/5.0 (compatible; Googlebot/2.1; +http://www.google.com/bot.html)', 1360794627),
(2365589841, 'Opera/9.80 (Series 60; Opera Mini/7.0.29482/28.3782; U; ru) Presto/2.8.119 Version/11.10', 1360792474),
(1123633971, 'Mozilla/5.0 (compatible; Googlebot/2.1; +http://www.google.com/bot.html)', 1360792455),
(3345361961, 'Mozilla/4.0 (compatible; MSIE 6.0; Windows NT 5.1; SV1; MRA 5.8 (build 4157); .NET CLR 2.0.50727; AskTbPTV/5.11.3.15590)', 1360792312),
(1123633971, 'Mozilla/5.0 (compatible; Googlebot/2.1; +http://www.google.com/bot.html)', 1360790394),
(1123633971, 'Mozilla/5.0 (compatible; Googlebot/2.1; +http://www.google.com/bot.html)', 1360787937),
(1123634739, 'SAMSUNG-SGH-E250/1.0 Profile/MIDP-2.0 Configuration/CLDC-1.1 UP.Browser/6.2.3.3.c.1.101 (GUI) MMP/2.0 (compatible; Googlebot-Mob', 1360786615),
(1123634739, 'Mozilla/5.0 (compatible; Googlebot/2.1; +http://www.google.com/bot.html)', 1360786268),
(774314754, 'Mozilla/5.0 (Windows NT 6.1; WOW64) AppleWebKit/537.17 (KHTML, like Gecko) Chrome/24.0.1312.57 Safari/537.17', 1360829558),
(1433663514, 'Mozilla/5.0 (Windows NT 5.1) AppleWebKit/537.4 (KHTML, like Gecko) Chrome/22.0.1104.222 YaBrowser/1.5.1104.222 Safari/537.4', 1360829559),
(774314754, 'Mozilla/5.0 (Windows NT 6.1; WOW64) AppleWebKit/537.17 (KHTML, like Gecko) Chrome/24.0.1312.57 Safari/537.17', 1360829560),
(774314754, 'Mozilla/5.0 (Windows NT 6.1; WOW64) AppleWebKit/537.17 (KHTML, like Gecko) Chrome/24.0.1312.57 Safari/537.17', 1360829560),
(774314754, 'Mozilla/5.0 (Windows NT 6.1; WOW64) AppleWebKit/537.17 (KHTML, like Gecko) Chrome/24.0.1312.57 Safari/537.17', 1360829575),
(1433663514, 'Mozilla/5.0 (Windows NT 5.1) AppleWebKit/537.4 (KHTML, like Gecko) Chrome/22.0.1104.222 YaBrowser/1.5.1104.222 Safari/537.4', 1360829576),
(1433663514, 'Mozilla/5.0 (Windows NT 5.1) AppleWebKit/537.4 (KHTML, like Gecko) Chrome/22.0.1104.222 YaBrowser/1.5.1104.222 Safari/537.4', 1360829576),
(774314754, 'Mozilla/5.0 (Windows NT 6.1; WOW64) AppleWebKit/537.17 (KHTML, like Gecko) Chrome/24.0.1312.57 Safari/537.17', 1360829577),
(774314754, 'Mozilla/5.0 (Windows NT 6.1; WOW64) AppleWebKit/537.17 (KHTML, like Gecko) Chrome/24.0.1312.57 Safari/537.17', 1360829581),
(774314754, 'Mozilla/5.0 (Windows NT 6.1; WOW64) AppleWebKit/537.17 (KHTML, like Gecko) Chrome/24.0.1312.57 Safari/537.17', 1360829585),
(774314754, 'Mozilla/5.0 (Windows NT 6.1; WOW64) AppleWebKit/537.17 (KHTML, like Gecko) Chrome/24.0.1312.57 Safari/537.17', 1360829589),
(774314754, 'Mozilla/5.0 (Windows NT 6.1; WOW64) AppleWebKit/537.17 (KHTML, like Gecko) Chrome/24.0.1312.57 Safari/537.17', 1360829593),
(774314754, 'Mozilla/5.0 (Windows NT 6.1; WOW64) AppleWebKit/537.17 (KHTML, like Gecko) Chrome/24.0.1312.57 Safari/537.17', 1360829597),
(774314754, 'Mozilla/5.0 (Windows NT 6.1; WOW64) AppleWebKit/537.17 (KHTML, like Gecko) Chrome/24.0.1312.57 Safari/537.17', 1360829599),
(774314754, 'Mozilla/5.0 (Windows NT 6.1; WOW64) AppleWebKit/537.17 (KHTML, like Gecko) Chrome/24.0.1312.57 Safari/537.17', 1360829604),
(1433663514, 'Mozilla/5.0 (Windows NT 5.1) AppleWebKit/537.4 (KHTML, like Gecko) Chrome/22.0.1104.222 YaBrowser/1.5.1104.222 Safari/537.4', 1360829605),
(1433663514, 'Mozilla/5.0 (Windows NT 5.1) AppleWebKit/537.4 (KHTML, like Gecko) Chrome/22.0.1104.222 YaBrowser/1.5.1104.222 Safari/537.4', 1360829606),
(774314754, 'Mozilla/5.0 (Windows NT 6.1; WOW64) AppleWebKit/537.17 (KHTML, like Gecko) Chrome/24.0.1312.57 Safari/537.17', 1360829610),
(774314754, 'Mozilla/5.0 (Windows NT 6.1; WOW64) AppleWebKit/537.17 (KHTML, like Gecko) Chrome/24.0.1312.57 Safari/537.17', 1360829610),
(774314754, 'Mozilla/5.0 (Windows NT 6.1; WOW64) AppleWebKit/537.17 (KHTML, like Gecko) Chrome/24.0.1312.57 Safari/537.17', 1360829613),
(774314754, 'Mozilla/5.0 (Windows NT 6.1; WOW64) AppleWebKit/537.17 (KHTML, like Gecko) Chrome/24.0.1312.57 Safari/537.17', 1360829615),
(774314754, 'Mozilla/5.0 (Windows NT 6.1; WOW64) AppleWebKit/537.17 (KHTML, like Gecko) Chrome/24.0.1312.57 Safari/537.17', 1360829616),
(1433663514, 'Mozilla/5.0 (Windows NT 5.1) AppleWebKit/537.4 (KHTML, like Gecko) Chrome/22.0.1104.222 YaBrowser/1.5.1104.222 Safari/537.4', 1360829626),
(1433663514, 'Mozilla/5.0 (Windows NT 5.1) AppleWebKit/537.4 (KHTML, like Gecko) Chrome/22.0.1104.222 YaBrowser/1.5.1104.222 Safari/537.4', 1360829626),
(1123634739, 'Mozilla/5.0 (compatible; Googlebot/2.1; +http://www.google.com/bot.html)', 1360829638),
(2959231293, 'Opera/9.80 (Windows NT 5.1; MRA 8.0 (build 5784)) Presto/2.12.388 Version/12.13', 1360829644),
(774314754, 'Mozilla/5.0 (Windows NT 6.1; WOW64) AppleWebKit/537.17 (KHTML, like Gecko) Chrome/24.0.1312.57 Safari/537.17', 1360829645),
(2959231293, 'Opera/9.80 (Windows NT 5.1; MRA 8.0 (build 5784)) Presto/2.12.388 Version/12.13', 1360829648),
(2959231293, 'Opera/9.80 (Windows NT 5.1; MRA 8.0 (build 5784)) Presto/2.12.388 Version/12.13', 1360829648),
(774314754, 'Mozilla/5.0 (Windows NT 6.1; WOW64) AppleWebKit/537.17 (KHTML, like Gecko) Chrome/24.0.1312.57 Safari/537.17', 1360829649),
(774314754, 'Mozilla/5.0 (Windows NT 6.1; WOW64) AppleWebKit/537.17 (KHTML, like Gecko) Chrome/24.0.1312.57 Safari/537.17', 1360829652),
(774314754, 'Mozilla/5.0 (Windows NT 6.1; WOW64) AppleWebKit/537.17 (KHTML, like Gecko) Chrome/24.0.1312.57 Safari/537.17', 1360829655),
(774314754, 'Mozilla/5.0 (Windows NT 6.1; WOW64) AppleWebKit/537.17 (KHTML, like Gecko) Chrome/24.0.1312.57 Safari/537.17', 1360829657),
(2959231293, 'Opera/9.80 (Windows NT 5.1; MRA 8.0 (build 5784)) Presto/2.12.388 Version/12.13', 1360829657),
(2959231293, 'Opera/9.80 (Windows NT 5.1; MRA 8.0 (build 5784)) Presto/2.12.388 Version/12.13', 1360829657),
(774314754, 'Mozilla/5.0 (Windows NT 6.1; WOW64) AppleWebKit/537.17 (KHTML, like Gecko) Chrome/24.0.1312.57 Safari/537.17', 1360829658),
(2959231293, 'Opera/9.80 (Windows NT 5.1; MRA 8.0 (build 5784)) Presto/2.12.388 Version/12.13', 1360829660),
(2959231293, 'Opera/9.80 (Windows NT 5.1; MRA 8.0 (build 5784)) Presto/2.12.388 Version/12.13', 1360829662),
(774314754, 'Mozilla/5.0 (Windows NT 6.1; WOW64) AppleWebKit/537.17 (KHTML, like Gecko) Chrome/24.0.1312.57 Safari/537.17', 1360829662),
(774314754, 'Mozilla/5.0 (Windows NT 6.1; WOW64) AppleWebKit/537.17 (KHTML, like Gecko) Chrome/24.0.1312.57 Safari/537.17', 1360829668),
(2959231293, 'Opera/9.80 (Windows NT 5.1; MRA 8.0 (build 5784)) Presto/2.12.388 Version/12.13', 1360829669),
(2959231293, 'Opera/9.80 (Windows NT 5.1; MRA 8.0 (build 5784)) Presto/2.12.388 Version/12.13', 1360829669),
(774314754, 'Mozilla/5.0 (Windows NT 6.1; WOW64) AppleWebKit/537.17 (KHTML, like Gecko) Chrome/24.0.1312.57 Safari/537.17', 1360829670),
(2959231293, 'Opera/9.80 (Windows NT 5.1; MRA 8.0 (build 5784)) Presto/2.12.388 Version/12.13', 1360829672),
(774314754, 'Mozilla/5.0 (Windows NT 6.1; WOW64) AppleWebKit/537.17 (KHTML, like Gecko) Chrome/24.0.1312.57 Safari/537.17', 1360829675),
(2959231293, 'Opera/9.80 (Windows NT 5.1; MRA 8.0 (build 5784)) Presto/2.12.388 Version/12.13', 1360829676),
(774314754, 'Mozilla/5.0 (Windows NT 6.1; WOW64) AppleWebKit/537.17 (KHTML, like Gecko) Chrome/24.0.1312.57 Safari/537.17', 1360829680),
(2959231293, 'Opera/9.80 (Windows NT 5.1; MRA 8.0 (build 5784)) Presto/2.12.388 Version/12.13', 1360829682),
(2959231293, 'Opera/9.80 (Windows NT 5.1; MRA 8.0 (build 5784)) Presto/2.12.388 Version/12.13', 1360829682),
(774314754, 'Mozilla/5.0 (Windows NT 6.1; WOW64) AppleWebKit/537.17 (KHTML, like Gecko) Chrome/24.0.1312.57 Safari/537.17', 1360829682),
(774314754, 'Mozilla/5.0 (Windows NT 6.1; WOW64) AppleWebKit/537.17 (KHTML, like Gecko) Chrome/24.0.1312.57 Safari/537.17', 1360829687),
(774314754, 'Mozilla/5.0 (Windows NT 6.1; WOW64) AppleWebKit/537.17 (KHTML, like Gecko) Chrome/24.0.1312.57 Safari/537.17', 1360829690),
(774314754, 'Mozilla/5.0 (Windows NT 6.1; WOW64) AppleWebKit/537.17 (KHTML, like Gecko) Chrome/24.0.1312.57 Safari/537.17', 1360829692),
(2959231293, 'Opera/9.80 (Windows NT 5.1; MRA 8.0 (build 5784)) Presto/2.12.388 Version/12.13', 1360829696),
(774314754, 'Mozilla/5.0 (Windows NT 6.1; WOW64) AppleWebKit/537.17 (KHTML, like Gecko) Chrome/24.0.1312.57 Safari/537.17', 1360829696),
(774314754, 'Mozilla/5.0 (Windows NT 6.1; WOW64) AppleWebKit/537.17 (KHTML, like Gecko) Chrome/24.0.1312.57 Safari/537.17', 1360829697),
(2959231293, 'Opera/9.80 (Windows NT 5.1; MRA 8.0 (build 5784)) Presto/2.12.388 Version/12.13', 1360829698),
(774314754, 'Mozilla/5.0 (Windows NT 6.1; WOW64) AppleWebKit/537.17 (KHTML, like Gecko) Chrome/24.0.1312.57 Safari/537.17', 1360829699),
(2959231293, 'Opera/9.80 (Windows NT 5.1; MRA 8.0 (build 5784)) Presto/2.12.388 Version/12.13', 1360829703),
(86884422, 'Mozilla/5.0 (Windows NT 6.1) AppleWebKit/537.4 (KHTML, like Gecko) Chrome/22.0.1104.222 YaBrowser/1.5.1104.222 Safari/537.4', 1360829703),
(2959231293, 'Opera/9.80 (Windows NT 5.1; MRA 8.0 (build 5784)) Presto/2.12.388 Version/12.13', 1360829705),
(774314754, 'Mozilla/5.0 (Windows NT 6.1; WOW64) AppleWebKit/537.17 (KHTML, like Gecko) Chrome/24.0.1312.57 Safari/537.17', 1360829706),
(774314754, 'Mozilla/5.0 (Windows NT 6.1; WOW64) AppleWebKit/537.17 (KHTML, like Gecko) Chrome/24.0.1312.57 Safari/537.17', 1360829711),
(2959231293, 'Opera/9.80 (Windows NT 5.1; MRA 8.0 (build 5784)) Presto/2.12.388 Version/12.13', 1360829711),
(774314754, 'Mozilla/5.0 (Windows NT 6.1; WOW64) AppleWebKit/537.17 (KHTML, like Gecko) Chrome/24.0.1312.57 Safari/537.17', 1360829715),
(2959231293, 'Opera/9.80 (Windows NT 5.1; MRA 8.0 (build 5784)) Presto/2.12.388 Version/12.13', 1360829715),
(774314754, 'Mozilla/5.0 (Windows NT 6.1; WOW64) AppleWebKit/537.17 (KHTML, like Gecko) Chrome/24.0.1312.57 Safari/537.17', 1360829718),
(774314754, 'Mozilla/5.0 (Windows NT 6.1; WOW64) AppleWebKit/537.17 (KHTML, like Gecko) Chrome/24.0.1312.57 Safari/537.17', 1360829723),
(2959231293, 'Opera/9.80 (Windows NT 5.1; MRA 8.0 (build 5784)) Presto/2.12.388 Version/12.13', 1360829726),
(774314754, 'Mozilla/5.0 (Windows NT 6.1; WOW64) AppleWebKit/537.17 (KHTML, like Gecko) Chrome/24.0.1312.57 Safari/537.17', 1360829727),
(2959231293, 'Opera/9.80 (Windows NT 5.1; MRA 8.0 (build 5784)) Presto/2.12.388 Version/12.13', 1360829727),
(774314754, 'Mozilla/5.0 (Windows NT 6.1; WOW64) AppleWebKit/537.17 (KHTML, like Gecko) Chrome/24.0.1312.57 Safari/537.17', 1360829729),
(774314754, 'Mozilla/5.0 (Windows NT 6.1; WOW64) AppleWebKit/537.17 (KHTML, like Gecko) Chrome/24.0.1312.57 Safari/537.17', 1360829731),
(2959231293, 'Opera/9.80 (Windows NT 5.1; MRA 8.0 (build 5784)) Presto/2.12.388 Version/12.13', 1360829731),
(774314754, 'Mozilla/5.0 (Windows NT 6.1; WOW64) AppleWebKit/537.17 (KHTML, like Gecko) Chrome/24.0.1312.57 Safari/537.17', 1360829732),
(2959231293, 'Opera/9.80 (Windows NT 5.1; MRA 8.0 (build 5784)) Presto/2.12.388 Version/12.13', 1360829734),
(774314754, 'Mozilla/5.0 (Windows NT 6.1; WOW64) AppleWebKit/537.17 (KHTML, like Gecko) Chrome/24.0.1312.57 Safari/537.17', 1360829736),
(774314754, 'Mozilla/5.0 (Windows NT 6.1; WOW64) AppleWebKit/537.17 (KHTML, like Gecko) Chrome/24.0.1312.57 Safari/537.17', 1360829736),
(2959231293, 'Opera/9.80 (Windows NT 5.1; MRA 8.0 (build 5784)) Presto/2.12.388 Version/12.13', 1360829736),
(2959231293, 'Opera/9.80 (Windows NT 5.1; MRA 8.0 (build 5784)) Presto/2.12.388 Version/12.13', 1360829737),
(774314754, 'Mozilla/5.0 (Windows NT 6.1; WOW64) AppleWebKit/537.17 (KHTML, like Gecko) Chrome/24.0.1312.57 Safari/537.17', 1360829738),
(86884422, 'Mozilla/5.0 (Windows NT 6.1) AppleWebKit/537.4 (KHTML, like Gecko) Chrome/22.0.1104.222 YaBrowser/1.5.1104.222 Safari/537.4', 1360829739),
(774314754, 'Mozilla/5.0 (Windows NT 6.1; WOW64) AppleWebKit/537.17 (KHTML, like Gecko) Chrome/24.0.1312.57 Safari/537.17', 1360829740),
(2959231293, 'Opera/9.80 (Windows NT 5.1; MRA 8.0 (build 5784)) Presto/2.12.388 Version/12.13', 1360829741),
(2959231293, 'Opera/9.80 (Windows NT 5.1; MRA 8.0 (build 5784)) Presto/2.12.388 Version/12.13', 1360829744),
(774314754, 'Mozilla/5.0 (Windows NT 6.1; WOW64) AppleWebKit/537.17 (KHTML, like Gecko) Chrome/24.0.1312.57 Safari/537.17', 1360829746),
(774314754, 'Mozilla/5.0 (Windows NT 6.1; WOW64) AppleWebKit/537.17 (KHTML, like Gecko) Chrome/24.0.1312.57 Safari/537.17', 1360829747),
(774314754, 'Mozilla/5.0 (Windows NT 6.1; WOW64) AppleWebKit/537.17 (KHTML, like Gecko) Chrome/24.0.1312.57 Safari/537.17', 1360829748),
(2959231293, 'Opera/9.80 (Windows NT 5.1; MRA 8.0 (build 5784)) Presto/2.12.388 Version/12.13', 1360829749),
(2959231293, 'Opera/9.80 (Windows NT 5.1; MRA 8.0 (build 5784)) Presto/2.12.388 Version/12.13', 1360829749),
(774314754, 'Mozilla/5.0 (Windows NT 6.1; WOW64) AppleWebKit/537.17 (KHTML, like Gecko) Chrome/24.0.1312.57 Safari/537.17', 1360829750),
(2959231293, 'Opera/9.80 (Windows NT 5.1; MRA 8.0 (build 5784)) Presto/2.12.388 Version/12.13', 1360829750),
(774314754, 'Mozilla/5.0 (Windows NT 6.1; WOW64) AppleWebKit/537.17 (KHTML, like Gecko) Chrome/24.0.1312.57 Safari/537.17', 1360829751),
(2959231293, 'Opera/9.80 (Windows NT 5.1; MRA 8.0 (build 5784)) Presto/2.12.388 Version/12.13', 1360829754),
(774314754, 'Mozilla/5.0 (Windows NT 6.1; WOW64) AppleWebKit/537.17 (KHTML, like Gecko) Chrome/24.0.1312.57 Safari/537.17', 1360829755),
(774314754, 'Mozilla/5.0 (Windows NT 6.1; WOW64) AppleWebKit/537.17 (KHTML, like Gecko) Chrome/24.0.1312.57 Safari/537.17', 1360829758),
(774314754, 'Mozilla/5.0 (Windows NT 6.1; WOW64) AppleWebKit/537.17 (KHTML, like Gecko) Chrome/24.0.1312.57 Safari/537.17', 1360829758),
(2959231293, 'Opera/9.80 (Windows NT 5.1; MRA 8.0 (build 5784)) Presto/2.12.388 Version/12.13', 1360829760),
(2959231293, 'Opera/9.80 (Windows NT 5.1; MRA 8.0 (build 5784)) Presto/2.12.388 Version/12.13', 1360829760),
(774314754, 'Mozilla/5.0 (Windows NT 6.1; WOW64) AppleWebKit/537.17 (KHTML, like Gecko) Chrome/24.0.1312.57 Safari/537.17', 1360829761),
(2959231293, 'Opera/9.80 (Windows NT 5.1; MRA 8.0 (build 5784)) Presto/2.12.388 Version/12.13', 1360829762),
(774314754, 'Mozilla/5.0 (Windows NT 6.1; WOW64) AppleWebKit/537.17 (KHTML, like Gecko) Chrome/24.0.1312.57 Safari/537.17', 1360829763),
(774314754, 'Mozilla/5.0 (Windows NT 6.1; WOW64) AppleWebKit/537.17 (KHTML, like Gecko) Chrome/24.0.1312.57 Safari/537.17', 1360829763),
(774314754, 'Mozilla/5.0 (Windows NT 6.1; WOW64) AppleWebKit/537.17 (KHTML, like Gecko) Chrome/24.0.1312.57 Safari/537.17', 1360829765),
(774308128, 'Mozilla/5.0 (Windows NT 6.1; WOW64) AppleWebKit/537.17 (KHTML, like Gecko) Chrome/24.0.1312.57 Safari/537.17', 1360833262),
(774308128, 'Mozilla/5.0 (Windows NT 6.1; WOW64) AppleWebKit/537.17 (KHTML, like Gecko) Chrome/24.0.1312.57 Safari/537.17', 1360833265),
(774308128, 'Mozilla/5.0 (Windows NT 6.1; WOW64) AppleWebKit/537.17 (KHTML, like Gecko) Chrome/24.0.1312.57 Safari/537.17', 1360833268),
(774308128, 'Mozilla/5.0 (Windows NT 6.1; WOW64) AppleWebKit/537.17 (KHTML, like Gecko) Chrome/24.0.1312.57 Safari/537.17', 1360833275),
(774308128, 'Mozilla/5.0 (Windows NT 6.1; WOW64) AppleWebKit/537.17 (KHTML, like Gecko) Chrome/24.0.1312.57 Safari/537.17', 1360833275),
(774308128, 'Mozilla/5.0 (Windows NT 6.1; WOW64) AppleWebKit/537.17 (KHTML, like Gecko) Chrome/24.0.1312.57 Safari/537.17', 1360833295),
(774308128, 'Mozilla/5.0 (Windows NT 6.1; WOW64) AppleWebKit/537.17 (KHTML, like Gecko) Chrome/24.0.1312.57 Safari/537.17', 1360833297),
(774308128, 'Mozilla/5.0 (Windows NT 6.1; WOW64) AppleWebKit/537.17 (KHTML, like Gecko) Chrome/24.0.1312.57 Safari/537.17', 1360833397),
(774308128, 'Mozilla/5.0 (Windows NT 6.1; WOW64) AppleWebKit/537.17 (KHTML, like Gecko) Chrome/24.0.1312.57 Safari/537.17', 1360833397),
(774308128, 'Mozilla/5.0 (Windows NT 6.1; WOW64) AppleWebKit/537.17 (KHTML, like Gecko) Chrome/24.0.1312.57 Safari/537.17', 1360833399),
(774308128, 'Mozilla/5.0 (Windows NT 6.1; WOW64) AppleWebKit/537.17 (KHTML, like Gecko) Chrome/24.0.1312.57 Safari/537.17', 1360833423),
(774308128, 'Mozilla/5.0 (Windows NT 6.1; WOW64) AppleWebKit/537.17 (KHTML, like Gecko) Chrome/24.0.1312.57 Safari/537.17', 1360833424),
(774308128, 'Mozilla/5.0 (Windows NT 6.1; WOW64) AppleWebKit/537.17 (KHTML, like Gecko) Chrome/24.0.1312.57 Safari/537.17', 1360833438),
(774308128, 'Mozilla/5.0 (Windows NT 6.1; WOW64) AppleWebKit/537.17 (KHTML, like Gecko) Chrome/24.0.1312.57 Safari/537.17', 1360833439),
(774308128, 'Mozilla/5.0 (Windows NT 6.1; WOW64) AppleWebKit/537.17 (KHTML, like Gecko) Chrome/24.0.1312.57 Safari/537.17', 1360833443),
(774308128, 'Mozilla/5.0 (Windows NT 6.1; WOW64) AppleWebKit/537.17 (KHTML, like Gecko) Chrome/24.0.1312.57 Safari/537.17', 1360833443),
(774308128, 'Mozilla/5.0 (Windows NT 6.1; WOW64) AppleWebKit/537.17 (KHTML, like Gecko) Chrome/24.0.1312.57 Safari/537.17', 1360833461),
(774308128, 'Mozilla/5.0 (Windows NT 6.1; WOW64) AppleWebKit/537.17 (KHTML, like Gecko) Chrome/24.0.1312.57 Safari/537.17', 1360833463),
(774308128, 'Mozilla/5.0 (Windows NT 6.1; WOW64) AppleWebKit/537.17 (KHTML, like Gecko) Chrome/24.0.1312.57 Safari/537.17', 1360833522),
(774308128, 'Mozilla/5.0 (Windows NT 6.1; WOW64) AppleWebKit/537.17 (KHTML, like Gecko) Chrome/24.0.1312.57 Safari/537.17', 1360833528),
(774308128, 'Mozilla/5.0 (Windows NT 6.1; WOW64) AppleWebKit/537.17 (KHTML, like Gecko) Chrome/24.0.1312.57 Safari/537.17', 1360833528),
(774308128, 'Mozilla/5.0 (Windows NT 6.1; WOW64) AppleWebKit/537.17 (KHTML, like Gecko) Chrome/24.0.1312.57 Safari/537.17', 1360833530),
(774308128, 'Mozilla/5.0 (Windows NT 6.1; WOW64) AppleWebKit/537.17 (KHTML, like Gecko) Chrome/24.0.1312.57 Safari/537.17', 1360833538),
(774308128, 'Mozilla/5.0 (Windows NT 6.1; WOW64) AppleWebKit/537.17 (KHTML, like Gecko) Chrome/24.0.1312.57 Safari/537.17', 1360833539),
(774308128, 'Mozilla/5.0 (Windows NT 6.1; WOW64) AppleWebKit/537.17 (KHTML, like Gecko) Chrome/24.0.1312.57 Safari/537.17', 1360833542),
(774308128, 'Mozilla/5.0 (Windows NT 6.1; WOW64) AppleWebKit/537.17 (KHTML, like Gecko) Chrome/24.0.1312.57 Safari/537.17', 1360833545),
(774308128, 'Mozilla/5.0 (Windows NT 6.1; WOW64) AppleWebKit/537.17 (KHTML, like Gecko) Chrome/24.0.1312.57 Safari/537.17', 1360833546),
(774308128, 'Mozilla/5.0 (Windows NT 6.1; WOW64) AppleWebKit/537.17 (KHTML, like Gecko) Chrome/24.0.1312.57 Safari/537.17', 1360833556),
(774308128, 'Mozilla/5.0 (Windows NT 6.1; WOW64) AppleWebKit/537.17 (KHTML, like Gecko) Chrome/24.0.1312.57 Safari/537.17', 1360833648),
(774308128, 'Mozilla/5.0 (Windows NT 6.1; WOW64) AppleWebKit/537.17 (KHTML, like Gecko) Chrome/24.0.1312.57 Safari/537.17', 1360833655),
(774308128, 'Mozilla/5.0 (Windows NT 6.1; WOW64) AppleWebKit/537.17 (KHTML, like Gecko) Chrome/24.0.1312.57 Safari/537.17', 1360833656),
(774308128, 'Mozilla/5.0 (Windows NT 6.1; WOW64) AppleWebKit/537.17 (KHTML, like Gecko) Chrome/24.0.1312.57 Safari/537.17', 1360833668),
(774308128, 'Mozilla/5.0 (Windows NT 6.1; WOW64) AppleWebKit/537.17 (KHTML, like Gecko) Chrome/24.0.1312.57 Safari/537.17', 1360833673),
(774308128, 'Mozilla/5.0 (Windows NT 6.1; WOW64) AppleWebKit/537.17 (KHTML, like Gecko) Chrome/24.0.1312.57 Safari/537.17', 1360833673),
(774308128, 'Mozilla/5.0 (Windows NT 6.1; WOW64) AppleWebKit/537.17 (KHTML, like Gecko) Chrome/24.0.1312.57 Safari/537.17', 1360833674),
(774308128, 'Mozilla/5.0 (Windows NT 6.1; WOW64) AppleWebKit/537.17 (KHTML, like Gecko) Chrome/24.0.1312.57 Safari/537.17', 1360833680),
(774308128, 'Mozilla/5.0 (Windows NT 6.1; WOW64) AppleWebKit/537.17 (KHTML, like Gecko) Chrome/24.0.1312.57 Safari/537.17', 1360833680),
(774308128, 'Mozilla/5.0 (Windows NT 6.1; WOW64) AppleWebKit/537.17 (KHTML, like Gecko) Chrome/24.0.1312.57 Safari/537.17', 1360833681),
(774308128, 'Mozilla/5.0 (Windows NT 6.1; WOW64) AppleWebKit/537.17 (KHTML, like Gecko) Chrome/24.0.1312.57 Safari/537.17', 1360833686),
(2366149395, 'Mozilla/5.0 (compatible; YandexBot/3.0; +http://yandex.com/bots)', 1360833694),
(774314754, 'Mozilla/5.0 (Windows NT 6.1; WOW64) AppleWebKit/537.17 (KHTML, like Gecko) Chrome/24.0.1312.57 Safari/537.17', 1360834107),
(774314754, 'Mozilla/5.0 (Windows NT 6.1; WOW64) AppleWebKit/537.17 (KHTML, like Gecko) Chrome/24.0.1312.57 Safari/537.17', 1360834111),
(774314754, 'Mozilla/5.0 (Windows NT 6.1; WOW64) AppleWebKit/537.17 (KHTML, like Gecko) Chrome/24.0.1312.57 Safari/537.17', 1360834122),
(774314754, 'Mozilla/5.0 (Windows NT 6.1; WOW64) AppleWebKit/537.17 (KHTML, like Gecko) Chrome/24.0.1312.57 Safari/537.17', 1360834124),
(774314754, 'Mozilla/5.0 (Windows NT 6.1; WOW64) AppleWebKit/537.17 (KHTML, like Gecko) Chrome/24.0.1312.57 Safari/537.17', 1360834132),
(774314754, 'Mozilla/5.0 (Windows NT 6.1; WOW64) AppleWebKit/537.17 (KHTML, like Gecko) Chrome/24.0.1312.57 Safari/537.17', 1360834132),
(774314754, 'Mozilla/5.0 (Windows NT 6.1; WOW64) AppleWebKit/537.17 (KHTML, like Gecko) Chrome/24.0.1312.57 Safari/537.17', 1360834136),
(774314754, 'Mozilla/5.0 (Windows NT 6.1; WOW64) AppleWebKit/537.17 (KHTML, like Gecko) Chrome/24.0.1312.57 Safari/537.17', 1360834138),
(774314754, 'Mozilla/5.0 (Windows NT 6.1; WOW64) AppleWebKit/537.17 (KHTML, like Gecko) Chrome/24.0.1312.57 Safari/537.17', 1360834140),
(774314754, 'Mozilla/5.0 (Windows NT 6.1; WOW64) AppleWebKit/537.17 (KHTML, like Gecko) Chrome/24.0.1312.57 Safari/537.17', 1360834145),
(774314754, 'Mozilla/5.0 (Windows NT 6.1; WOW64) AppleWebKit/537.17 (KHTML, like Gecko) Chrome/24.0.1312.57 Safari/537.17', 1360834146),
(774314754, 'Mozilla/5.0 (Windows NT 6.1; WOW64) AppleWebKit/537.17 (KHTML, like Gecko) Chrome/24.0.1312.57 Safari/537.17', 1360834148),
(774314754, 'Mozilla/5.0 (Windows NT 6.1; WOW64) AppleWebKit/537.17 (KHTML, like Gecko) Chrome/24.0.1312.57 Safari/537.17', 1360834150),
(774314754, 'Mozilla/5.0 (Windows NT 6.1; WOW64) AppleWebKit/537.17 (KHTML, like Gecko) Chrome/24.0.1312.57 Safari/537.17', 1360834150),
(774314754, 'Mozilla/5.0 (Windows NT 6.1; WOW64) AppleWebKit/537.17 (KHTML, like Gecko) Chrome/24.0.1312.57 Safari/537.17', 1360834152),
(774314754, 'Mozilla/5.0 (Windows NT 6.1; WOW64) AppleWebKit/537.17 (KHTML, like Gecko) Chrome/24.0.1312.57 Safari/537.17', 1360834155),
(774314754, 'Mozilla/5.0 (Windows NT 6.1; WOW64) AppleWebKit/537.17 (KHTML, like Gecko) Chrome/24.0.1312.57 Safari/537.17', 1360834157),
(774314754, 'Mozilla/5.0 (Windows NT 6.1; WOW64) AppleWebKit/537.17 (KHTML, like Gecko) Chrome/24.0.1312.57 Safari/537.17', 1360834160),
(774314754, 'Mozilla/5.0 (Windows NT 6.1; WOW64) AppleWebKit/537.17 (KHTML, like Gecko) Chrome/24.0.1312.57 Safari/537.17', 1360834162),
(774314754, 'Mozilla/5.0 (Windows NT 6.1; WOW64) AppleWebKit/537.17 (KHTML, like Gecko) Chrome/24.0.1312.57 Safari/537.17', 1360834165),
(774314754, 'Mozilla/5.0 (Windows NT 6.1; WOW64) AppleWebKit/537.17 (KHTML, like Gecko) Chrome/24.0.1312.57 Safari/537.17', 1360834167),
(774314754, 'Mozilla/5.0 (Windows NT 6.1; WOW64) AppleWebKit/537.17 (KHTML, like Gecko) Chrome/24.0.1312.57 Safari/537.17', 1360834169),
(774314754, 'Mozilla/5.0 (Windows NT 6.1; WOW64) AppleWebKit/537.17 (KHTML, like Gecko) Chrome/24.0.1312.57 Safari/537.17', 1360834176),
(774314754, 'Mozilla/5.0 (Windows NT 6.1; WOW64) AppleWebKit/537.17 (KHTML, like Gecko) Chrome/24.0.1312.57 Safari/537.17', 1360834180),
(774314754, 'Mozilla/5.0 (Windows NT 6.1; WOW64) AppleWebKit/537.17 (KHTML, like Gecko) Chrome/24.0.1312.57 Safari/537.17', 1360834186),
(774314754, 'Mozilla/5.0 (Windows NT 6.1; WOW64) AppleWebKit/537.17 (KHTML, like Gecko) Chrome/24.0.1312.57 Safari/537.17', 1360834190),
(774314754, 'Mozilla/5.0 (Windows NT 6.1; WOW64) AppleWebKit/537.17 (KHTML, like Gecko) Chrome/24.0.1312.57 Safari/537.17', 1360834193),
(774314754, 'Mozilla/5.0 (Windows NT 6.1; WOW64) AppleWebKit/537.17 (KHTML, like Gecko) Chrome/24.0.1312.57 Safari/537.17', 1360834193),
(774314754, 'Mozilla/5.0 (Windows NT 6.1; WOW64) AppleWebKit/537.17 (KHTML, like Gecko) Chrome/24.0.1312.57 Safari/537.17', 1360834194),
(774314754, 'Mozilla/5.0 (Windows NT 6.1; WOW64) AppleWebKit/537.17 (KHTML, like Gecko) Chrome/24.0.1312.57 Safari/537.17', 1360834197),
(774314754, 'Mozilla/5.0 (Windows NT 6.1; WOW64) AppleWebKit/537.17 (KHTML, like Gecko) Chrome/24.0.1312.57 Safari/537.17', 1360834199),
(774314754, 'Mozilla/5.0 (Windows NT 6.1; WOW64) AppleWebKit/537.17 (KHTML, like Gecko) Chrome/24.0.1312.57 Safari/537.17', 1360834199),
(774314754, 'Mozilla/5.0 (Windows NT 6.1; WOW64) AppleWebKit/537.17 (KHTML, like Gecko) Chrome/24.0.1312.57 Safari/537.17', 1360834200),
(774314754, 'Mozilla/5.0 (Windows NT 6.1; WOW64) AppleWebKit/537.17 (KHTML, like Gecko) Chrome/24.0.1312.57 Safari/537.17', 1360834203),
(774314754, 'Mozilla/5.0 (Windows NT 6.1; WOW64) AppleWebKit/537.17 (KHTML, like Gecko) Chrome/24.0.1312.57 Safari/537.17', 1360834205),
(774314754, 'Mozilla/5.0 (Windows NT 6.1; WOW64) AppleWebKit/537.17 (KHTML, like Gecko) Chrome/24.0.1312.57 Safari/537.17', 1360834205),
(774314754, 'Mozilla/5.0 (Windows NT 6.1; WOW64) AppleWebKit/537.17 (KHTML, like Gecko) Chrome/24.0.1312.57 Safari/537.17', 1360834206),
(774314754, 'Mozilla/5.0 (Windows NT 6.1; WOW64) AppleWebKit/537.17 (KHTML, like Gecko) Chrome/24.0.1312.57 Safari/537.17', 1360834214),
(774314754, 'Mozilla/5.0 (Windows NT 6.1; WOW64) AppleWebKit/537.17 (KHTML, like Gecko) Chrome/24.0.1312.57 Safari/537.17', 1360834216),
(774314754, 'Mozilla/5.0 (Windows NT 6.1; WOW64) AppleWebKit/537.17 (KHTML, like Gecko) Chrome/24.0.1312.57 Safari/537.17', 1360834216),
(774314754, 'Mozilla/5.0 (Windows NT 6.1; WOW64) AppleWebKit/537.17 (KHTML, like Gecko) Chrome/24.0.1312.57 Safari/537.17', 1360834219),
(774314754, 'Mozilla/5.0 (Windows NT 6.1; WOW64) AppleWebKit/537.17 (KHTML, like Gecko) Chrome/24.0.1312.57 Safari/537.17', 1360834221),
(774314754, 'Mozilla/5.0 (Windows NT 6.1; WOW64) AppleWebKit/537.17 (KHTML, like Gecko) Chrome/24.0.1312.57 Safari/537.17', 1360834223),
(774314754, 'Mozilla/5.0 (Windows NT 6.1; WOW64) AppleWebKit/537.17 (KHTML, like Gecko) Chrome/24.0.1312.57 Safari/537.17', 1360834224),
(774314754, 'Mozilla/5.0 (Windows NT 6.1; WOW64) AppleWebKit/537.17 (KHTML, like Gecko) Chrome/24.0.1312.57 Safari/537.17', 1360834226),
(774314754, 'Mozilla/5.0 (Windows NT 6.1; WOW64) AppleWebKit/537.17 (KHTML, like Gecko) Chrome/24.0.1312.57 Safari/537.17', 1360834228),
(774314754, 'Mozilla/5.0 (Windows NT 6.1; WOW64) AppleWebKit/537.17 (KHTML, like Gecko) Chrome/24.0.1312.57 Safari/537.17', 1360834230),
(774314754, 'Mozilla/5.0 (Windows NT 6.1; WOW64) AppleWebKit/537.17 (KHTML, like Gecko) Chrome/24.0.1312.57 Safari/537.17', 1360834230),
(774314754, 'Mozilla/5.0 (Windows NT 6.1; WOW64) AppleWebKit/537.17 (KHTML, like Gecko) Chrome/24.0.1312.57 Safari/537.17', 1360834232),
(774314754, 'Mozilla/5.0 (Windows NT 6.1; WOW64) AppleWebKit/537.17 (KHTML, like Gecko) Chrome/24.0.1312.57 Safari/537.17', 1360834234),
(774314754, 'Mozilla/5.0 (Windows NT 6.1; WOW64) AppleWebKit/537.17 (KHTML, like Gecko) Chrome/24.0.1312.57 Safari/537.17', 1360834236),
(774314754, 'Mozilla/5.0 (Windows NT 6.1; WOW64) AppleWebKit/537.17 (KHTML, like Gecko) Chrome/24.0.1312.57 Safari/537.17', 1360834236),
(774314754, 'Mozilla/5.0 (Windows NT 6.1; WOW64) AppleWebKit/537.17 (KHTML, like Gecko) Chrome/24.0.1312.57 Safari/537.17', 1360834240),
(774314754, 'Mozilla/5.0 (Windows NT 6.1; WOW64) AppleWebKit/537.17 (KHTML, like Gecko) Chrome/24.0.1312.57 Safari/537.17', 1360834243),
(774314754, 'Mozilla/5.0 (Windows NT 6.1; WOW64) AppleWebKit/537.17 (KHTML, like Gecko) Chrome/24.0.1312.57 Safari/537.17', 1360834247),
(774314754, 'Mozilla/5.0 (Windows NT 6.1; WOW64) AppleWebKit/537.17 (KHTML, like Gecko) Chrome/24.0.1312.57 Safari/537.17', 1360834248),
(774314754, 'Mozilla/5.0 (Windows NT 6.1; WOW64) AppleWebKit/537.17 (KHTML, like Gecko) Chrome/24.0.1312.57 Safari/537.17', 1360834250),
(774314754, 'Mozilla/5.0 (Windows NT 6.1; WOW64) AppleWebKit/537.17 (KHTML, like Gecko) Chrome/24.0.1312.57 Safari/537.17', 1360834252),
(774314754, 'Mozilla/5.0 (Windows NT 6.1; WOW64) AppleWebKit/537.17 (KHTML, like Gecko) Chrome/24.0.1312.57 Safari/537.17', 1360834254),
(774314754, 'Mozilla/5.0 (Windows NT 6.1; WOW64) AppleWebKit/537.17 (KHTML, like Gecko) Chrome/24.0.1312.57 Safari/537.17', 1360834254),
(774314754, 'Mozilla/5.0 (Windows NT 6.1; WOW64) AppleWebKit/537.17 (KHTML, like Gecko) Chrome/24.0.1312.57 Safari/537.17', 1360834255),
(774314754, 'Mozilla/5.0 (Windows NT 6.1; WOW64) AppleWebKit/537.17 (KHTML, like Gecko) Chrome/24.0.1312.57 Safari/537.17', 1360834257),
(774314754, 'Mozilla/5.0 (Windows NT 6.1; WOW64) AppleWebKit/537.17 (KHTML, like Gecko) Chrome/24.0.1312.57 Safari/537.17', 1360834259),
(774314754, 'Mozilla/5.0 (Windows NT 6.1; WOW64) AppleWebKit/537.17 (KHTML, like Gecko) Chrome/24.0.1312.57 Safari/537.17', 1360834259),
(774314754, 'Mozilla/5.0 (Windows NT 6.1; WOW64) AppleWebKit/537.17 (KHTML, like Gecko) Chrome/24.0.1312.57 Safari/537.17', 1360834261),
(774314754, 'Mozilla/5.0 (Windows NT 6.1; WOW64) AppleWebKit/537.17 (KHTML, like Gecko) Chrome/24.0.1312.57 Safari/537.17', 1360834266),
(774314754, 'Mozilla/5.0 (Windows NT 6.1; WOW64) AppleWebKit/537.17 (KHTML, like Gecko) Chrome/24.0.1312.57 Safari/537.17', 1360834267),
(774314754, 'Mozilla/5.0 (Windows NT 6.1; WOW64) AppleWebKit/537.17 (KHTML, like Gecko) Chrome/24.0.1312.57 Safari/537.17', 1360834267),
(774314754, 'Mozilla/5.0 (Windows NT 6.1; WOW64) AppleWebKit/537.17 (KHTML, like Gecko) Chrome/24.0.1312.57 Safari/537.17', 1360834272),
(774314754, 'Mozilla/5.0 (Windows NT 6.1; WOW64) AppleWebKit/537.17 (KHTML, like Gecko) Chrome/24.0.1312.57 Safari/537.17', 1360834274),
(774314754, 'Mozilla/5.0 (Windows NT 6.1; WOW64) AppleWebKit/537.17 (KHTML, like Gecko) Chrome/24.0.1312.57 Safari/537.17', 1360834276),
(774314754, 'Mozilla/5.0 (Windows NT 6.1; WOW64) AppleWebKit/537.17 (KHTML, like Gecko) Chrome/24.0.1312.57 Safari/537.17', 1360834288),
(774314754, 'Mozilla/5.0 (Windows NT 6.1; WOW64) AppleWebKit/537.17 (KHTML, like Gecko) Chrome/24.0.1312.57 Safari/537.17', 1360834290),
(774314754, 'Mozilla/5.0 (Windows NT 6.1; WOW64) AppleWebKit/537.17 (KHTML, like Gecko) Chrome/24.0.1312.57 Safari/537.17', 1360834290),
(774314754, 'Mozilla/5.0 (Windows NT 6.1; WOW64) AppleWebKit/537.17 (KHTML, like Gecko) Chrome/24.0.1312.57 Safari/537.17', 1360834292);
INSERT INTO `visit_today` (`ip`, `ua`, `time`) VALUES
(774314754, 'Mozilla/5.0 (Windows NT 6.1; WOW64) AppleWebKit/537.17 (KHTML, like Gecko) Chrome/24.0.1312.57 Safari/537.17', 1360834295),
(774314754, 'Mozilla/5.0 (Windows NT 6.1; WOW64) AppleWebKit/537.17 (KHTML, like Gecko) Chrome/24.0.1312.57 Safari/537.17', 1360834298),
(774314754, 'Mozilla/5.0 (Windows NT 6.1; WOW64) AppleWebKit/537.17 (KHTML, like Gecko) Chrome/24.0.1312.57 Safari/537.17', 1360834298),
(774314754, 'Mozilla/5.0 (Windows NT 6.1; WOW64) AppleWebKit/537.17 (KHTML, like Gecko) Chrome/24.0.1312.57 Safari/537.17', 1360834302),
(774314754, 'Mozilla/5.0 (Windows NT 6.1; WOW64) AppleWebKit/537.17 (KHTML, like Gecko) Chrome/24.0.1312.57 Safari/537.17', 1360834304),
(774314754, 'Mozilla/5.0 (Windows NT 6.1; WOW64) AppleWebKit/537.17 (KHTML, like Gecko) Chrome/24.0.1312.57 Safari/537.17', 1360834305),
(774314754, 'Mozilla/5.0 (Windows NT 6.1; WOW64) AppleWebKit/537.17 (KHTML, like Gecko) Chrome/24.0.1312.57 Safari/537.17', 1360834311),
(774314754, 'Mozilla/5.0 (Windows NT 6.1; WOW64) AppleWebKit/537.17 (KHTML, like Gecko) Chrome/24.0.1312.57 Safari/537.17', 1360834323),
(774314754, 'Mozilla/5.0 (Windows NT 6.1; WOW64) AppleWebKit/537.17 (KHTML, like Gecko) Chrome/24.0.1312.57 Safari/537.17', 1360834325),
(774314754, 'Mozilla/5.0 (Windows NT 6.1; WOW64) AppleWebKit/537.17 (KHTML, like Gecko) Chrome/24.0.1312.57 Safari/537.17', 1360834325),
(774314754, 'Mozilla/5.0 (Windows NT 6.1; WOW64) AppleWebKit/537.17 (KHTML, like Gecko) Chrome/24.0.1312.57 Safari/537.17', 1360834332),
(774314754, 'Mozilla/5.0 (Windows NT 6.1; WOW64) AppleWebKit/537.17 (KHTML, like Gecko) Chrome/24.0.1312.57 Safari/537.17', 1360834338),
(774314754, 'Mozilla/5.0 (Windows NT 6.1; WOW64) AppleWebKit/537.17 (KHTML, like Gecko) Chrome/24.0.1312.57 Safari/537.17', 1360834339),
(774314754, 'Mozilla/5.0 (Windows NT 6.1; WOW64) AppleWebKit/537.17 (KHTML, like Gecko) Chrome/24.0.1312.57 Safari/537.17', 1360834343),
(774314754, 'Mozilla/5.0 (Windows NT 6.1; WOW64) AppleWebKit/537.17 (KHTML, like Gecko) Chrome/24.0.1312.57 Safari/537.17', 1360834347),
(774314754, 'Mozilla/5.0 (Windows NT 6.1; WOW64) AppleWebKit/537.17 (KHTML, like Gecko) Chrome/24.0.1312.57 Safari/537.17', 1360834347),
(774314754, 'Mozilla/5.0 (Windows NT 6.1; WOW64) AppleWebKit/537.17 (KHTML, like Gecko) Chrome/24.0.1312.57 Safari/537.17', 1360834352),
(774314754, 'Mozilla/5.0 (Windows NT 6.1; WOW64) AppleWebKit/537.17 (KHTML, like Gecko) Chrome/24.0.1312.57 Safari/537.17', 1360834357),
(774314754, 'Mozilla/5.0 (Windows NT 6.1; WOW64) AppleWebKit/537.17 (KHTML, like Gecko) Chrome/24.0.1312.57 Safari/537.17', 1360834375),
(774314754, 'Mozilla/5.0 (Windows NT 6.1; WOW64) AppleWebKit/537.17 (KHTML, like Gecko) Chrome/24.0.1312.57 Safari/537.17', 1360834382),
(774314754, 'Mozilla/5.0 (Windows NT 6.1; WOW64) AppleWebKit/537.17 (KHTML, like Gecko) Chrome/24.0.1312.57 Safari/537.17', 1360834385),
(774314754, 'Mozilla/5.0 (Windows NT 6.1; WOW64) AppleWebKit/537.17 (KHTML, like Gecko) Chrome/24.0.1312.57 Safari/537.17', 1360834392),
(774314754, 'Mozilla/5.0 (Windows NT 6.1; WOW64) AppleWebKit/537.17 (KHTML, like Gecko) Chrome/24.0.1312.57 Safari/537.17', 1360834395),
(774314754, 'Mozilla/5.0 (Windows NT 6.1; WOW64) AppleWebKit/537.17 (KHTML, like Gecko) Chrome/24.0.1312.57 Safari/537.17', 1360834398),
(774314754, 'Mozilla/5.0 (Windows NT 6.1; WOW64) AppleWebKit/537.17 (KHTML, like Gecko) Chrome/24.0.1312.57 Safari/537.17', 1360834400),
(774314754, 'Mozilla/5.0 (Windows NT 6.1; WOW64) AppleWebKit/537.17 (KHTML, like Gecko) Chrome/24.0.1312.57 Safari/537.17', 1360834402),
(774314754, 'Mozilla/5.0 (Windows NT 6.1; WOW64) AppleWebKit/537.17 (KHTML, like Gecko) Chrome/24.0.1312.57 Safari/537.17', 1360834403),
(774314754, 'Mozilla/5.0 (Windows NT 6.1; WOW64) AppleWebKit/537.17 (KHTML, like Gecko) Chrome/24.0.1312.57 Safari/537.17', 1360834406),
(774314754, 'Mozilla/5.0 (Windows NT 6.1; WOW64) AppleWebKit/537.17 (KHTML, like Gecko) Chrome/24.0.1312.57 Safari/537.17', 1360834409),
(774314754, 'Mozilla/5.0 (Windows NT 6.1; WOW64) AppleWebKit/537.17 (KHTML, like Gecko) Chrome/24.0.1312.57 Safari/537.17', 1360834411),
(774314754, 'Mozilla/5.0 (Windows NT 6.1; WOW64) AppleWebKit/537.17 (KHTML, like Gecko) Chrome/24.0.1312.57 Safari/537.17', 1360834414),
(774314754, 'Mozilla/5.0 (Windows NT 6.1; WOW64) AppleWebKit/537.17 (KHTML, like Gecko) Chrome/24.0.1312.57 Safari/537.17', 1360834416),
(774314754, 'Mozilla/5.0 (Windows NT 6.1; WOW64) AppleWebKit/537.17 (KHTML, like Gecko) Chrome/24.0.1312.57 Safari/537.17', 1360834418),
(774314754, 'Mozilla/5.0 (Windows NT 6.1; WOW64) AppleWebKit/537.17 (KHTML, like Gecko) Chrome/24.0.1312.57 Safari/537.17', 1360834420),
(774314754, 'Mozilla/5.0 (Windows NT 6.1; WOW64) AppleWebKit/537.17 (KHTML, like Gecko) Chrome/24.0.1312.57 Safari/537.17', 1360834426),
(774314754, 'Mozilla/5.0 (Windows NT 6.1; WOW64) AppleWebKit/537.17 (KHTML, like Gecko) Chrome/24.0.1312.57 Safari/537.17', 1360834428),
(774314754, 'Mozilla/5.0 (Windows NT 6.1; WOW64) AppleWebKit/537.17 (KHTML, like Gecko) Chrome/24.0.1312.57 Safari/537.17', 1360834430),
(774314754, 'Mozilla/5.0 (Windows NT 6.1; WOW64) AppleWebKit/537.17 (KHTML, like Gecko) Chrome/24.0.1312.57 Safari/537.17', 1360834432),
(774314754, 'Mozilla/5.0 (Windows NT 6.1; WOW64) AppleWebKit/537.17 (KHTML, like Gecko) Chrome/24.0.1312.57 Safari/537.17', 1360834436),
(774314754, 'Mozilla/5.0 (Windows NT 6.1; WOW64) AppleWebKit/537.17 (KHTML, like Gecko) Chrome/24.0.1312.57 Safari/537.17', 1360834440),
(774314754, 'Mozilla/5.0 (Windows NT 6.1; WOW64) AppleWebKit/537.17 (KHTML, like Gecko) Chrome/24.0.1312.57 Safari/537.17', 1360834442),
(774314754, 'Mozilla/5.0 (Windows NT 6.1; WOW64) AppleWebKit/537.17 (KHTML, like Gecko) Chrome/24.0.1312.57 Safari/537.17', 1360834444),
(774314754, 'Mozilla/5.0 (Windows NT 6.1; WOW64) AppleWebKit/537.17 (KHTML, like Gecko) Chrome/24.0.1312.57 Safari/537.17', 1360834445),
(774314754, 'Mozilla/5.0 (Windows NT 6.1; WOW64) AppleWebKit/537.17 (KHTML, like Gecko) Chrome/24.0.1312.57 Safari/537.17', 1360834447),
(774314754, 'Mozilla/5.0 (Windows NT 6.1; WOW64) AppleWebKit/537.17 (KHTML, like Gecko) Chrome/24.0.1312.57 Safari/537.17', 1360834448),
(774314754, 'Mozilla/5.0 (Windows NT 6.1; WOW64) AppleWebKit/537.17 (KHTML, like Gecko) Chrome/24.0.1312.57 Safari/537.17', 1360834451),
(774314754, 'Mozilla/5.0 (Windows NT 6.1; WOW64) AppleWebKit/537.17 (KHTML, like Gecko) Chrome/24.0.1312.57 Safari/537.17', 1360834453),
(774314754, 'Mozilla/5.0 (Windows NT 6.1; WOW64) AppleWebKit/537.17 (KHTML, like Gecko) Chrome/24.0.1312.57 Safari/537.17', 1360834455),
(774314754, 'Mozilla/5.0 (Windows NT 6.1; WOW64) AppleWebKit/537.17 (KHTML, like Gecko) Chrome/24.0.1312.57 Safari/537.17', 1360834457),
(774314754, 'Mozilla/5.0 (Windows NT 6.1; WOW64) AppleWebKit/537.17 (KHTML, like Gecko) Chrome/24.0.1312.57 Safari/537.17', 1360834459),
(774314754, 'Mozilla/5.0 (Windows NT 6.1; WOW64) AppleWebKit/537.17 (KHTML, like Gecko) Chrome/24.0.1312.57 Safari/537.17', 1360834461),
(774314754, 'Mozilla/5.0 (Windows NT 6.1; WOW64) AppleWebKit/537.17 (KHTML, like Gecko) Chrome/24.0.1312.57 Safari/537.17', 1360834464),
(774314754, 'Mozilla/5.0 (Windows NT 6.1; WOW64) AppleWebKit/537.17 (KHTML, like Gecko) Chrome/24.0.1312.57 Safari/537.17', 1360834467),
(774314754, 'Mozilla/5.0 (Windows NT 6.1; WOW64) AppleWebKit/537.17 (KHTML, like Gecko) Chrome/24.0.1312.57 Safari/537.17', 1360834470),
(774314754, 'Mozilla/5.0 (Windows NT 6.1; WOW64) AppleWebKit/537.17 (KHTML, like Gecko) Chrome/24.0.1312.57 Safari/537.17', 1360834472),
(774314754, 'Mozilla/5.0 (Windows NT 6.1; WOW64) AppleWebKit/537.17 (KHTML, like Gecko) Chrome/24.0.1312.57 Safari/537.17', 1360834475),
(774314754, 'Mozilla/5.0 (Windows NT 6.1; WOW64) AppleWebKit/537.17 (KHTML, like Gecko) Chrome/24.0.1312.57 Safari/537.17', 1360834553),
(774314754, 'Mozilla/5.0 (Windows NT 6.1; WOW64) AppleWebKit/537.17 (KHTML, like Gecko) Chrome/24.0.1312.57 Safari/537.17', 1360834555),
(774314754, 'Mozilla/5.0 (Windows NT 6.1; WOW64) AppleWebKit/537.17 (KHTML, like Gecko) Chrome/24.0.1312.57 Safari/537.17', 1360834558),
(774314754, 'Mozilla/5.0 (Windows NT 6.1; WOW64) AppleWebKit/537.17 (KHTML, like Gecko) Chrome/24.0.1312.57 Safari/537.17', 1360834558),
(774314754, 'Mozilla/5.0 (Windows NT 6.1; WOW64) AppleWebKit/537.17 (KHTML, like Gecko) Chrome/24.0.1312.57 Safari/537.17', 1360834561),
(774314754, 'Mozilla/5.0 (Windows NT 6.1; WOW64) AppleWebKit/537.17 (KHTML, like Gecko) Chrome/24.0.1312.57 Safari/537.17', 1360834563),
(774314754, 'Mozilla/5.0 (Windows NT 6.1; WOW64) AppleWebKit/537.17 (KHTML, like Gecko) Chrome/24.0.1312.57 Safari/537.17', 1360834565),
(774314754, 'Mozilla/5.0 (Windows NT 6.1; WOW64) AppleWebKit/537.17 (KHTML, like Gecko) Chrome/24.0.1312.57 Safari/537.17', 1360834567),
(774314754, 'Mozilla/5.0 (Windows NT 6.1; WOW64) AppleWebKit/537.17 (KHTML, like Gecko) Chrome/24.0.1312.57 Safari/537.17', 1360834570),
(774314754, 'Mozilla/5.0 (Windows NT 6.1; WOW64) AppleWebKit/537.17 (KHTML, like Gecko) Chrome/24.0.1312.57 Safari/537.17', 1360834573),
(774314754, 'Mozilla/5.0 (Windows NT 6.1; WOW64) AppleWebKit/537.17 (KHTML, like Gecko) Chrome/24.0.1312.57 Safari/537.17', 1360834575),
(774314754, 'Mozilla/5.0 (Windows NT 6.1; WOW64) AppleWebKit/537.17 (KHTML, like Gecko) Chrome/24.0.1312.57 Safari/537.17', 1360834590),
(774314754, 'Mozilla/5.0 (Windows NT 6.1; WOW64) AppleWebKit/537.17 (KHTML, like Gecko) Chrome/24.0.1312.57 Safari/537.17', 1360834591),
(774314754, 'Mozilla/5.0 (Windows NT 6.1; WOW64) AppleWebKit/537.17 (KHTML, like Gecko) Chrome/24.0.1312.57 Safari/537.17', 1360834591),
(774314754, 'Mozilla/5.0 (Windows NT 6.1; WOW64) AppleWebKit/537.17 (KHTML, like Gecko) Chrome/24.0.1312.57 Safari/537.17', 1360834596),
(774314754, 'Mozilla/5.0 (Windows NT 6.1; WOW64) AppleWebKit/537.17 (KHTML, like Gecko) Chrome/24.0.1312.57 Safari/537.17', 1360834598),
(774314754, 'Mozilla/5.0 (Windows NT 6.1; WOW64) AppleWebKit/537.17 (KHTML, like Gecko) Chrome/24.0.1312.57 Safari/537.17', 1360834600),
(774314754, 'Mozilla/5.0 (Windows NT 6.1; WOW64) AppleWebKit/537.17 (KHTML, like Gecko) Chrome/24.0.1312.57 Safari/537.17', 1360834602),
(774314754, 'Mozilla/5.0 (Windows NT 6.1; WOW64) AppleWebKit/537.17 (KHTML, like Gecko) Chrome/24.0.1312.57 Safari/537.17', 1360834605),
(774314754, 'Mozilla/5.0 (Windows NT 6.1; WOW64) AppleWebKit/537.17 (KHTML, like Gecko) Chrome/24.0.1312.57 Safari/537.17', 1360834633),
(774314754, 'Mozilla/5.0 (Windows NT 6.1; WOW64) AppleWebKit/537.17 (KHTML, like Gecko) Chrome/24.0.1312.57 Safari/537.17', 1360834636),
(774314754, 'Mozilla/5.0 (Windows NT 6.1; WOW64) AppleWebKit/537.17 (KHTML, like Gecko) Chrome/24.0.1312.57 Safari/537.17', 1360834640),
(774314754, 'Mozilla/5.0 (Windows NT 6.1; WOW64) AppleWebKit/537.17 (KHTML, like Gecko) Chrome/24.0.1312.57 Safari/537.17', 1360834642),
(774314754, 'Mozilla/5.0 (Windows NT 6.1; WOW64) AppleWebKit/537.17 (KHTML, like Gecko) Chrome/24.0.1312.57 Safari/537.17', 1360834644),
(774314754, 'Mozilla/5.0 (Windows NT 6.1; WOW64) AppleWebKit/537.17 (KHTML, like Gecko) Chrome/24.0.1312.57 Safari/537.17', 1360834647),
(774314754, 'Mozilla/5.0 (Windows NT 6.1; WOW64) AppleWebKit/537.17 (KHTML, like Gecko) Chrome/24.0.1312.57 Safari/537.17', 1360834649),
(774314754, 'Mozilla/5.0 (Windows NT 6.1; WOW64) AppleWebKit/537.17 (KHTML, like Gecko) Chrome/24.0.1312.57 Safari/537.17', 1360834651),
(774314754, 'Mozilla/5.0 (Windows NT 6.1; WOW64) AppleWebKit/537.17 (KHTML, like Gecko) Chrome/24.0.1312.57 Safari/537.17', 1360834653),
(774314754, 'Mozilla/5.0 (Windows NT 6.1; WOW64) AppleWebKit/537.17 (KHTML, like Gecko) Chrome/24.0.1312.57 Safari/537.17', 1360834657),
(774314754, 'Mozilla/5.0 (Windows NT 6.1; WOW64) AppleWebKit/537.17 (KHTML, like Gecko) Chrome/24.0.1312.57 Safari/537.17', 1360834660),
(774314754, 'Mozilla/5.0 (Windows NT 6.1; WOW64) AppleWebKit/537.17 (KHTML, like Gecko) Chrome/24.0.1312.57 Safari/537.17', 1360834667),
(774314754, 'Mozilla/5.0 (Windows NT 6.1; WOW64) AppleWebKit/537.17 (KHTML, like Gecko) Chrome/24.0.1312.57 Safari/537.17', 1360834668),
(774314754, 'Mozilla/5.0 (Windows NT 6.1; WOW64) AppleWebKit/537.17 (KHTML, like Gecko) Chrome/24.0.1312.57 Safari/537.17', 1360834670),
(774314754, 'Mozilla/5.0 (Windows NT 6.1; WOW64) AppleWebKit/537.17 (KHTML, like Gecko) Chrome/24.0.1312.57 Safari/537.17', 1360834673),
(774314754, 'Mozilla/5.0 (Windows NT 6.1; WOW64) AppleWebKit/537.17 (KHTML, like Gecko) Chrome/24.0.1312.57 Safari/537.17', 1360834674),
(774314754, 'Mozilla/5.0 (Windows NT 6.1; WOW64) AppleWebKit/537.17 (KHTML, like Gecko) Chrome/24.0.1312.57 Safari/537.17', 1360834677),
(774314754, 'Mozilla/5.0 (Windows NT 6.1; WOW64) AppleWebKit/537.17 (KHTML, like Gecko) Chrome/24.0.1312.57 Safari/537.17', 1360834680),
(774314754, 'Mozilla/5.0 (Windows NT 6.1; WOW64) AppleWebKit/537.17 (KHTML, like Gecko) Chrome/24.0.1312.57 Safari/537.17', 1360834683),
(774314754, 'Mozilla/5.0 (Windows NT 6.1; WOW64) AppleWebKit/537.17 (KHTML, like Gecko) Chrome/24.0.1312.57 Safari/537.17', 1360834686),
(774314754, 'Mozilla/5.0 (Windows NT 6.1; WOW64) AppleWebKit/537.17 (KHTML, like Gecko) Chrome/24.0.1312.57 Safari/537.17', 1360834690),
(774314754, 'Mozilla/5.0 (Windows NT 6.1; WOW64) AppleWebKit/537.17 (KHTML, like Gecko) Chrome/24.0.1312.57 Safari/537.17', 1360834695),
(774314754, 'Mozilla/5.0 (Windows NT 6.1; WOW64) AppleWebKit/537.17 (KHTML, like Gecko) Chrome/24.0.1312.57 Safari/537.17', 1360834697),
(774314754, 'Mozilla/5.0 (Windows NT 6.1; WOW64) AppleWebKit/537.17 (KHTML, like Gecko) Chrome/24.0.1312.57 Safari/537.17', 1360834702),
(774314754, 'Mozilla/5.0 (Windows NT 6.1; WOW64) AppleWebKit/537.17 (KHTML, like Gecko) Chrome/24.0.1312.57 Safari/537.17', 1360834723),
(774314754, 'Mozilla/5.0 (Windows NT 6.1; WOW64) AppleWebKit/537.17 (KHTML, like Gecko) Chrome/24.0.1312.57 Safari/537.17', 1360834727),
(774314754, 'Mozilla/5.0 (Windows NT 6.1; WOW64) AppleWebKit/537.17 (KHTML, like Gecko) Chrome/24.0.1312.57 Safari/537.17', 1360834731),
(774314754, 'Mozilla/5.0 (Windows NT 6.1; WOW64) AppleWebKit/537.17 (KHTML, like Gecko) Chrome/24.0.1312.57 Safari/537.17', 1360834734),
(774314754, 'Mozilla/5.0 (Windows NT 6.1; WOW64) AppleWebKit/537.17 (KHTML, like Gecko) Chrome/24.0.1312.57 Safari/537.17', 1360834737),
(774314754, 'Mozilla/5.0 (Windows NT 6.1; WOW64) AppleWebKit/537.17 (KHTML, like Gecko) Chrome/24.0.1312.57 Safari/537.17', 1360834738),
(774314754, 'Mozilla/5.0 (Windows NT 6.1; WOW64) AppleWebKit/537.17 (KHTML, like Gecko) Chrome/24.0.1312.57 Safari/537.17', 1360834740),
(774314754, 'Mozilla/5.0 (Windows NT 6.1; WOW64) AppleWebKit/537.17 (KHTML, like Gecko) Chrome/24.0.1312.57 Safari/537.17', 1360834743),
(774314754, 'Mozilla/5.0 (Windows NT 6.1; WOW64) AppleWebKit/537.17 (KHTML, like Gecko) Chrome/24.0.1312.57 Safari/537.17', 1360834744),
(774314754, 'Mozilla/5.0 (Windows NT 6.1; WOW64) AppleWebKit/537.17 (KHTML, like Gecko) Chrome/24.0.1312.57 Safari/537.17', 1360834745),
(774314754, 'Mozilla/5.0 (Windows NT 6.1; WOW64) AppleWebKit/537.17 (KHTML, like Gecko) Chrome/24.0.1312.57 Safari/537.17', 1360834747),
(774314754, 'Mozilla/5.0 (Windows NT 6.1; WOW64) AppleWebKit/537.17 (KHTML, like Gecko) Chrome/24.0.1312.57 Safari/537.17', 1360834750),
(774314754, 'Mozilla/5.0 (Windows NT 6.1; WOW64) AppleWebKit/537.17 (KHTML, like Gecko) Chrome/24.0.1312.57 Safari/537.17', 1360834752),
(774314754, 'Mozilla/5.0 (Windows NT 6.1; WOW64) AppleWebKit/537.17 (KHTML, like Gecko) Chrome/24.0.1312.57 Safari/537.17', 1360834752),
(774314754, 'Mozilla/5.0 (Windows NT 6.1; WOW64) AppleWebKit/537.17 (KHTML, like Gecko) Chrome/24.0.1312.57 Safari/537.17', 1360834755),
(774314754, 'Mozilla/5.0 (Windows NT 6.1; WOW64) AppleWebKit/537.17 (KHTML, like Gecko) Chrome/24.0.1312.57 Safari/537.17', 1360834757),
(774314754, 'Mozilla/5.0 (Windows NT 6.1; WOW64) AppleWebKit/537.17 (KHTML, like Gecko) Chrome/24.0.1312.57 Safari/537.17', 1360834759),
(774314754, 'Mozilla/5.0 (Windows NT 6.1; WOW64) AppleWebKit/537.17 (KHTML, like Gecko) Chrome/24.0.1312.57 Safari/537.17', 1360834760),
(774314754, 'Mozilla/5.0 (Windows NT 6.1; WOW64) AppleWebKit/537.17 (KHTML, like Gecko) Chrome/24.0.1312.57 Safari/537.17', 1360834762),
(774314754, 'Mozilla/5.0 (Windows NT 6.1; WOW64) AppleWebKit/537.17 (KHTML, like Gecko) Chrome/24.0.1312.57 Safari/537.17', 1360834764),
(774314754, 'Mozilla/5.0 (Windows NT 6.1; WOW64) AppleWebKit/537.17 (KHTML, like Gecko) Chrome/24.0.1312.57 Safari/537.17', 1360834767),
(774314754, 'Mozilla/5.0 (Windows NT 6.1; WOW64) AppleWebKit/537.17 (KHTML, like Gecko) Chrome/24.0.1312.57 Safari/537.17', 1360834768),
(774314754, 'Mozilla/5.0 (Windows NT 6.1; WOW64) AppleWebKit/537.17 (KHTML, like Gecko) Chrome/24.0.1312.57 Safari/537.17', 1360834769),
(774314754, 'Mozilla/5.0 (Windows NT 6.1; WOW64) AppleWebKit/537.17 (KHTML, like Gecko) Chrome/24.0.1312.57 Safari/537.17', 1360834772),
(774314754, 'Mozilla/5.0 (Windows NT 6.1; WOW64) AppleWebKit/537.17 (KHTML, like Gecko) Chrome/24.0.1312.57 Safari/537.17', 1360834776),
(774314754, 'Mozilla/5.0 (Windows NT 6.1; WOW64) AppleWebKit/537.17 (KHTML, like Gecko) Chrome/24.0.1312.57 Safari/537.17', 1360834786),
(774314754, 'Mozilla/5.0 (Windows NT 6.1; WOW64) AppleWebKit/537.17 (KHTML, like Gecko) Chrome/24.0.1312.57 Safari/537.17', 1360834788),
(774314754, 'Mozilla/5.0 (Windows NT 6.1; WOW64) AppleWebKit/537.17 (KHTML, like Gecko) Chrome/24.0.1312.57 Safari/537.17', 1360834788),
(774314754, 'Mozilla/5.0 (Windows NT 6.1; WOW64) AppleWebKit/537.17 (KHTML, like Gecko) Chrome/24.0.1312.57 Safari/537.17', 1360834792),
(774314754, 'Mozilla/5.0 (Windows NT 6.1; WOW64) AppleWebKit/537.17 (KHTML, like Gecko) Chrome/24.0.1312.57 Safari/537.17', 1360834792),
(774314754, 'Mozilla/5.0 (Windows NT 6.1; WOW64) AppleWebKit/537.17 (KHTML, like Gecko) Chrome/24.0.1312.57 Safari/537.17', 1360834794),
(774314754, 'Mozilla/5.0 (Windows NT 6.1; WOW64) AppleWebKit/537.17 (KHTML, like Gecko) Chrome/24.0.1312.57 Safari/537.17', 1360834795),
(774314754, 'Mozilla/5.0 (Windows NT 6.1; WOW64) AppleWebKit/537.17 (KHTML, like Gecko) Chrome/24.0.1312.57 Safari/537.17', 1360834797),
(774314754, 'Mozilla/5.0 (Windows NT 6.1; WOW64) AppleWebKit/537.17 (KHTML, like Gecko) Chrome/24.0.1312.57 Safari/537.17', 1360834801),
(774314754, 'Mozilla/5.0 (Windows NT 6.1; WOW64) AppleWebKit/537.17 (KHTML, like Gecko) Chrome/24.0.1312.57 Safari/537.17', 1360834809),
(774314754, 'Mozilla/5.0 (Windows NT 6.1; WOW64) AppleWebKit/537.17 (KHTML, like Gecko) Chrome/24.0.1312.57 Safari/537.17', 1360834812),
(774314754, 'Mozilla/5.0 (Windows NT 6.1; WOW64) AppleWebKit/537.17 (KHTML, like Gecko) Chrome/24.0.1312.57 Safari/537.17', 1360834812),
(774314754, 'Mozilla/5.0 (Windows NT 6.1; WOW64) AppleWebKit/537.17 (KHTML, like Gecko) Chrome/24.0.1312.57 Safari/537.17', 1360834815),
(774314754, 'Mozilla/5.0 (Windows NT 6.1; WOW64) AppleWebKit/537.17 (KHTML, like Gecko) Chrome/24.0.1312.57 Safari/537.17', 1360834817),
(774314754, 'Mozilla/5.0 (Windows NT 6.1; WOW64) AppleWebKit/537.17 (KHTML, like Gecko) Chrome/24.0.1312.57 Safari/537.17', 1360834819),
(774314754, 'Mozilla/5.0 (Windows NT 6.1; WOW64) AppleWebKit/537.17 (KHTML, like Gecko) Chrome/24.0.1312.57 Safari/537.17', 1360834820),
(774314754, 'Mozilla/5.0 (Windows NT 6.1; WOW64) AppleWebKit/537.17 (KHTML, like Gecko) Chrome/24.0.1312.57 Safari/537.17', 1360834822),
(774314754, 'Mozilla/5.0 (Windows NT 6.1; WOW64) AppleWebKit/537.17 (KHTML, like Gecko) Chrome/24.0.1312.57 Safari/537.17', 1360834823),
(774314754, 'Mozilla/5.0 (Windows NT 6.1; WOW64) AppleWebKit/537.17 (KHTML, like Gecko) Chrome/24.0.1312.57 Safari/537.17', 1360834825),
(774314754, 'Mozilla/5.0 (Windows NT 6.1; WOW64) AppleWebKit/537.17 (KHTML, like Gecko) Chrome/24.0.1312.57 Safari/537.17', 1360834827),
(774314754, 'Mozilla/5.0 (Windows NT 6.1; WOW64) AppleWebKit/537.17 (KHTML, like Gecko) Chrome/24.0.1312.57 Safari/537.17', 1360834829),
(774314754, 'Mozilla/5.0 (Windows NT 6.1; WOW64) AppleWebKit/537.17 (KHTML, like Gecko) Chrome/24.0.1312.57 Safari/537.17', 1360834833),
(774314754, 'Mozilla/5.0 (Windows NT 6.1; WOW64) AppleWebKit/537.17 (KHTML, like Gecko) Chrome/24.0.1312.57 Safari/537.17', 1360834834),
(774314754, 'Mozilla/5.0 (Windows NT 6.1; WOW64) AppleWebKit/537.17 (KHTML, like Gecko) Chrome/24.0.1312.57 Safari/537.17', 1360834906),
(774314754, 'Mozilla/5.0 (Windows NT 6.1; WOW64) AppleWebKit/537.17 (KHTML, like Gecko) Chrome/24.0.1312.57 Safari/537.17', 1360834907),
(774314754, 'Mozilla/5.0 (Windows NT 6.1; WOW64) AppleWebKit/537.17 (KHTML, like Gecko) Chrome/24.0.1312.57 Safari/537.17', 1360834926),
(774314754, 'Mozilla/5.0 (Windows NT 6.1; WOW64) AppleWebKit/537.17 (KHTML, like Gecko) Chrome/24.0.1312.57 Safari/537.17', 1360834930),
(774314754, 'Mozilla/5.0 (Windows NT 6.1; WOW64) AppleWebKit/537.17 (KHTML, like Gecko) Chrome/24.0.1312.57 Safari/537.17', 1360834934),
(774314754, 'Mozilla/5.0 (Windows NT 6.1; WOW64) AppleWebKit/537.17 (KHTML, like Gecko) Chrome/24.0.1312.57 Safari/537.17', 1360834943),
(774314754, 'Mozilla/5.0 (Windows NT 6.1; WOW64) AppleWebKit/537.17 (KHTML, like Gecko) Chrome/24.0.1312.57 Safari/537.17', 1360834951),
(774314754, 'Mozilla/5.0 (Windows NT 6.1; WOW64) AppleWebKit/537.17 (KHTML, like Gecko) Chrome/24.0.1312.57 Safari/537.17', 1360834959),
(774314754, 'Mozilla/5.0 (Windows NT 6.1; WOW64) AppleWebKit/537.17 (KHTML, like Gecko) Chrome/24.0.1312.57 Safari/537.17', 1360834962),
(774314754, 'Mozilla/5.0 (Windows NT 6.1; WOW64) AppleWebKit/537.17 (KHTML, like Gecko) Chrome/24.0.1312.57 Safari/537.17', 1360834968),
(774314754, 'Mozilla/5.0 (Windows NT 6.1; WOW64) AppleWebKit/537.17 (KHTML, like Gecko) Chrome/24.0.1312.57 Safari/537.17', 1360834973),
(774314754, 'Mozilla/5.0 (Windows NT 6.1; WOW64) AppleWebKit/537.17 (KHTML, like Gecko) Chrome/24.0.1312.57 Safari/537.17', 1360834978),
(774314754, 'Mozilla/5.0 (Windows NT 6.1; WOW64) AppleWebKit/537.17 (KHTML, like Gecko) Chrome/24.0.1312.57 Safari/537.17', 1360834983),
(774314754, 'Mozilla/5.0 (Windows NT 6.1; WOW64) AppleWebKit/537.17 (KHTML, like Gecko) Chrome/24.0.1312.57 Safari/537.17', 1360834985),
(774314754, 'Mozilla/5.0 (Windows NT 6.1; WOW64) AppleWebKit/537.17 (KHTML, like Gecko) Chrome/24.0.1312.57 Safari/537.17', 1360834987),
(774314754, 'Mozilla/5.0 (Windows NT 6.1; WOW64) AppleWebKit/537.17 (KHTML, like Gecko) Chrome/24.0.1312.57 Safari/537.17', 1360834989),
(774314754, 'Mozilla/5.0 (Windows NT 6.1; WOW64) AppleWebKit/537.17 (KHTML, like Gecko) Chrome/24.0.1312.57 Safari/537.17', 1360834992),
(774314754, 'Mozilla/5.0 (Windows NT 6.1; WOW64) AppleWebKit/537.17 (KHTML, like Gecko) Chrome/24.0.1312.57 Safari/537.17', 1360834995),
(774314754, 'Mozilla/5.0 (Windows NT 6.1; WOW64) AppleWebKit/537.17 (KHTML, like Gecko) Chrome/24.0.1312.57 Safari/537.17', 1360834996),
(774314754, 'Mozilla/5.0 (Windows NT 6.1; WOW64) AppleWebKit/537.17 (KHTML, like Gecko) Chrome/24.0.1312.57 Safari/537.17', 1360835000),
(774314754, 'Mozilla/5.0 (Windows NT 6.1; WOW64) AppleWebKit/537.17 (KHTML, like Gecko) Chrome/24.0.1312.57 Safari/537.17', 1360835001),
(774314754, 'Mozilla/5.0 (Windows NT 6.1; WOW64) AppleWebKit/537.17 (KHTML, like Gecko) Chrome/24.0.1312.57 Safari/537.17', 1360835022),
(774314754, 'Mozilla/5.0 (Windows NT 6.1; WOW64) AppleWebKit/537.17 (KHTML, like Gecko) Chrome/24.0.1312.57 Safari/537.17', 1360835036),
(774314754, 'Mozilla/5.0 (Windows NT 6.1; WOW64) AppleWebKit/537.17 (KHTML, like Gecko) Chrome/24.0.1312.57 Safari/537.17', 1360835038),
(774314754, 'Mozilla/5.0 (Windows NT 6.1; WOW64) AppleWebKit/537.17 (KHTML, like Gecko) Chrome/24.0.1312.57 Safari/537.17', 1360835041),
(774314754, 'Mozilla/5.0 (Windows NT 6.1; WOW64) AppleWebKit/537.17 (KHTML, like Gecko) Chrome/24.0.1312.57 Safari/537.17', 1360835045),
(774314754, 'Mozilla/5.0 (Windows NT 6.1; WOW64) AppleWebKit/537.17 (KHTML, like Gecko) Chrome/24.0.1312.57 Safari/537.17', 1360835047),
(774314754, 'Mozilla/5.0 (Windows NT 6.1; WOW64) AppleWebKit/537.17 (KHTML, like Gecko) Chrome/24.0.1312.57 Safari/537.17', 1360835050),
(774314754, 'Mozilla/5.0 (Windows NT 6.1; WOW64) AppleWebKit/537.17 (KHTML, like Gecko) Chrome/24.0.1312.57 Safari/537.17', 1360835053),
(774314754, 'Mozilla/5.0 (Windows NT 6.1; WOW64) AppleWebKit/537.17 (KHTML, like Gecko) Chrome/24.0.1312.57 Safari/537.17', 1360835056),
(774314754, 'Mozilla/5.0 (Windows NT 6.1; WOW64) AppleWebKit/537.17 (KHTML, like Gecko) Chrome/24.0.1312.57 Safari/537.17', 1360835060),
(774314754, 'Mozilla/5.0 (Windows NT 6.1; WOW64) AppleWebKit/537.17 (KHTML, like Gecko) Chrome/24.0.1312.57 Safari/537.17', 1360835062),
(774314754, 'Mozilla/5.0 (Windows NT 6.1; WOW64) AppleWebKit/537.17 (KHTML, like Gecko) Chrome/24.0.1312.57 Safari/537.17', 1360835065),
(774314754, 'Mozilla/5.0 (Windows NT 6.1; WOW64) AppleWebKit/537.17 (KHTML, like Gecko) Chrome/24.0.1312.57 Safari/537.17', 1360835066),
(774314754, 'Mozilla/5.0 (Windows NT 6.1; WOW64) AppleWebKit/537.17 (KHTML, like Gecko) Chrome/24.0.1312.57 Safari/537.17', 1360835072),
(774314754, 'Mozilla/5.0 (Windows NT 6.1; WOW64) AppleWebKit/537.17 (KHTML, like Gecko) Chrome/24.0.1312.57 Safari/537.17', 1360835072),
(774314754, 'Mozilla/5.0 (Windows NT 6.1; WOW64) AppleWebKit/537.17 (KHTML, like Gecko) Chrome/24.0.1312.57 Safari/537.17', 1360835074),
(774314754, 'Mozilla/5.0 (Windows NT 6.1; WOW64) AppleWebKit/537.17 (KHTML, like Gecko) Chrome/24.0.1312.57 Safari/537.17', 1360835077),
(774314754, 'Mozilla/5.0 (Windows NT 6.1; WOW64) AppleWebKit/537.17 (KHTML, like Gecko) Chrome/24.0.1312.57 Safari/537.17', 1360835098),
(774314754, 'Mozilla/5.0 (Windows NT 6.1; WOW64) AppleWebKit/537.17 (KHTML, like Gecko) Chrome/24.0.1312.57 Safari/537.17', 1360835104),
(774314754, 'Mozilla/5.0 (Windows NT 6.1; WOW64) AppleWebKit/537.17 (KHTML, like Gecko) Chrome/24.0.1312.57 Safari/537.17', 1360835111),
(774314754, 'Mozilla/5.0 (Windows NT 6.1; WOW64) AppleWebKit/537.17 (KHTML, like Gecko) Chrome/24.0.1312.57 Safari/537.17', 1360835126),
(774314754, 'Mozilla/5.0 (Windows NT 6.1; WOW64) AppleWebKit/537.17 (KHTML, like Gecko) Chrome/24.0.1312.57 Safari/537.17', 1360835130),
(774314754, 'Mozilla/5.0 (Windows NT 6.1; WOW64) AppleWebKit/537.17 (KHTML, like Gecko) Chrome/24.0.1312.57 Safari/537.17', 1360835150),
(774314754, 'Mozilla/5.0 (Windows NT 6.1; WOW64) AppleWebKit/537.17 (KHTML, like Gecko) Chrome/24.0.1312.57 Safari/537.17', 1360835150),
(774314754, 'Mozilla/5.0 (Windows NT 6.1; WOW64) AppleWebKit/537.17 (KHTML, like Gecko) Chrome/24.0.1312.57 Safari/537.17', 1360835157),
(774314754, 'Mozilla/5.0 (Windows NT 6.1; WOW64) AppleWebKit/537.17 (KHTML, like Gecko) Chrome/24.0.1312.57 Safari/537.17', 1360835159),
(774314754, 'Mozilla/5.0 (Windows NT 6.1; WOW64) AppleWebKit/537.17 (KHTML, like Gecko) Chrome/24.0.1312.57 Safari/537.17', 1360835162),
(774314754, 'Mozilla/5.0 (Windows NT 6.1; WOW64) AppleWebKit/537.17 (KHTML, like Gecko) Chrome/24.0.1312.57 Safari/537.17', 1360835163),
(774314754, 'Mozilla/5.0 (Windows NT 6.1; WOW64) AppleWebKit/537.17 (KHTML, like Gecko) Chrome/24.0.1312.57 Safari/537.17', 1360835163),
(774314754, 'Mozilla/5.0 (Windows NT 6.1; WOW64) AppleWebKit/537.17 (KHTML, like Gecko) Chrome/24.0.1312.57 Safari/537.17', 1360835163),
(774314754, 'Mozilla/5.0 (Windows NT 6.1; WOW64) AppleWebKit/537.17 (KHTML, like Gecko) Chrome/24.0.1312.57 Safari/537.17', 1360835163),
(774314754, 'Mozilla/5.0 (Windows NT 6.1; WOW64) AppleWebKit/537.17 (KHTML, like Gecko) Chrome/24.0.1312.57 Safari/537.17', 1360835165),
(774314754, 'Mozilla/5.0 (Windows NT 6.1; WOW64) AppleWebKit/537.17 (KHTML, like Gecko) Chrome/24.0.1312.57 Safari/537.17', 1360835168),
(774314754, 'Mozilla/5.0 (Windows NT 6.1; WOW64) AppleWebKit/537.17 (KHTML, like Gecko) Chrome/24.0.1312.57 Safari/537.17', 1360835169),
(774314754, 'Mozilla/5.0 (Windows NT 6.1; WOW64) AppleWebKit/537.17 (KHTML, like Gecko) Chrome/24.0.1312.57 Safari/537.17', 1360835174),
(774314754, 'Mozilla/5.0 (Windows NT 6.1; WOW64) AppleWebKit/537.17 (KHTML, like Gecko) Chrome/24.0.1312.57 Safari/537.17', 1360835174),
(774314754, 'Mozilla/5.0 (Windows NT 6.1; WOW64) AppleWebKit/537.17 (KHTML, like Gecko) Chrome/24.0.1312.57 Safari/537.17', 1360835176),
(774314754, 'Mozilla/5.0 (Windows NT 6.1; WOW64) AppleWebKit/537.17 (KHTML, like Gecko) Chrome/24.0.1312.57 Safari/537.17', 1360835178),
(774314754, 'Mozilla/5.0 (Windows NT 6.1; WOW64) AppleWebKit/537.17 (KHTML, like Gecko) Chrome/24.0.1312.57 Safari/537.17', 1360835184),
(774314754, 'Mozilla/5.0 (Windows NT 6.1; WOW64) AppleWebKit/537.17 (KHTML, like Gecko) Chrome/24.0.1312.57 Safari/537.17', 1360835203),
(774314754, 'Mozilla/5.0 (Windows NT 6.1; WOW64) AppleWebKit/537.17 (KHTML, like Gecko) Chrome/24.0.1312.57 Safari/537.17', 1360835205),
(774314754, 'Mozilla/5.0 (Windows NT 6.1; WOW64) AppleWebKit/537.17 (KHTML, like Gecko) Chrome/24.0.1312.57 Safari/537.17', 1360835207),
(774314754, 'Mozilla/5.0 (Windows NT 6.1; WOW64) AppleWebKit/537.17 (KHTML, like Gecko) Chrome/24.0.1312.57 Safari/537.17', 1360835211),
(774314754, 'Mozilla/5.0 (Windows NT 6.1; WOW64) AppleWebKit/537.17 (KHTML, like Gecko) Chrome/24.0.1312.57 Safari/537.17', 1360835212),
(774314754, 'Mozilla/5.0 (Windows NT 6.1; WOW64) AppleWebKit/537.17 (KHTML, like Gecko) Chrome/24.0.1312.57 Safari/537.17', 1360835225),
(774314754, 'Mozilla/5.0 (Windows NT 6.1; WOW64) AppleWebKit/537.17 (KHTML, like Gecko) Chrome/24.0.1312.57 Safari/537.17', 1360835225),
(774314754, 'Mozilla/5.0 (Windows NT 6.1; WOW64) AppleWebKit/537.17 (KHTML, like Gecko) Chrome/24.0.1312.57 Safari/537.17', 1360835228),
(774314754, 'Mozilla/5.0 (Windows NT 6.1; WOW64) AppleWebKit/537.17 (KHTML, like Gecko) Chrome/24.0.1312.57 Safari/537.17', 1360835233),
(774314754, 'Mozilla/5.0 (Windows NT 6.1; WOW64) AppleWebKit/537.17 (KHTML, like Gecko) Chrome/24.0.1312.57 Safari/537.17', 1360835234),
(774314754, 'Mozilla/5.0 (Windows NT 6.1; WOW64) AppleWebKit/537.17 (KHTML, like Gecko) Chrome/24.0.1312.57 Safari/537.17', 1360835237),
(774314754, 'Mozilla/5.0 (Windows NT 6.1; WOW64) AppleWebKit/537.17 (KHTML, like Gecko) Chrome/24.0.1312.57 Safari/537.17', 1360835238),
(774314754, 'Mozilla/5.0 (Windows NT 6.1; WOW64) AppleWebKit/537.17 (KHTML, like Gecko) Chrome/24.0.1312.57 Safari/537.17', 1360835243),
(774314754, 'Mozilla/5.0 (Windows NT 6.1; WOW64) AppleWebKit/537.17 (KHTML, like Gecko) Chrome/24.0.1312.57 Safari/537.17', 1360835244),
(774314754, 'Mozilla/5.0 (Windows NT 6.1; WOW64) AppleWebKit/537.17 (KHTML, like Gecko) Chrome/24.0.1312.57 Safari/537.17', 1360835248),
(774314754, 'Mozilla/5.0 (Windows NT 6.1; WOW64) AppleWebKit/537.17 (KHTML, like Gecko) Chrome/24.0.1312.57 Safari/537.17', 1360835253),
(774314754, 'Mozilla/5.0 (Windows NT 6.1; WOW64) AppleWebKit/537.17 (KHTML, like Gecko) Chrome/24.0.1312.57 Safari/537.17', 1360835258),
(774314754, 'Mozilla/5.0 (Windows NT 6.1; WOW64) AppleWebKit/537.17 (KHTML, like Gecko) Chrome/24.0.1312.57 Safari/537.17', 1360835264),
(774314754, 'Mozilla/5.0 (Windows NT 6.1; WOW64) AppleWebKit/537.17 (KHTML, like Gecko) Chrome/24.0.1312.57 Safari/537.17', 1360835290),
(774314754, 'Mozilla/5.0 (Windows NT 6.1; WOW64) AppleWebKit/537.17 (KHTML, like Gecko) Chrome/24.0.1312.57 Safari/537.17', 1360835293),
(774314754, 'Mozilla/5.0 (Windows NT 6.1; WOW64) AppleWebKit/537.17 (KHTML, like Gecko) Chrome/24.0.1312.57 Safari/537.17', 1360835308),
(774314754, 'Mozilla/5.0 (Windows NT 6.1; WOW64) AppleWebKit/537.17 (KHTML, like Gecko) Chrome/24.0.1312.57 Safari/537.17', 1360835312),
(774314754, 'Mozilla/5.0 (Windows NT 6.1; WOW64) AppleWebKit/537.17 (KHTML, like Gecko) Chrome/24.0.1312.57 Safari/537.17', 1360835313),
(774314754, 'Mozilla/5.0 (Windows NT 6.1; WOW64) AppleWebKit/537.17 (KHTML, like Gecko) Chrome/24.0.1312.57 Safari/537.17', 1360835316),
(774314754, 'Mozilla/5.0 (Windows NT 6.1; WOW64) AppleWebKit/537.17 (KHTML, like Gecko) Chrome/24.0.1312.57 Safari/537.17', 1360835318),
(774314754, 'Mozilla/5.0 (Windows NT 6.1; WOW64) AppleWebKit/537.17 (KHTML, like Gecko) Chrome/24.0.1312.57 Safari/537.17', 1360835320),
(774314754, 'Mozilla/5.0 (Windows NT 6.1; WOW64) AppleWebKit/537.17 (KHTML, like Gecko) Chrome/24.0.1312.57 Safari/537.17', 1360835321),
(774314754, 'Mozilla/5.0 (Windows NT 6.1; WOW64) AppleWebKit/537.17 (KHTML, like Gecko) Chrome/24.0.1312.57 Safari/537.17', 1360835325),
(774314754, 'Mozilla/5.0 (Windows NT 6.1; WOW64) AppleWebKit/537.17 (KHTML, like Gecko) Chrome/24.0.1312.57 Safari/537.17', 1360835325),
(774314754, 'Mozilla/5.0 (Windows NT 6.1; WOW64) AppleWebKit/537.17 (KHTML, like Gecko) Chrome/24.0.1312.57 Safari/537.17', 1360835330),
(774314754, 'Mozilla/5.0 (Windows NT 6.1; WOW64) AppleWebKit/537.17 (KHTML, like Gecko) Chrome/24.0.1312.57 Safari/537.17', 1360835331),
(774314754, 'Mozilla/5.0 (Windows NT 6.1; WOW64) AppleWebKit/537.17 (KHTML, like Gecko) Chrome/24.0.1312.57 Safari/537.17', 1360835334),
(774314754, 'Mozilla/5.0 (Windows NT 6.1; WOW64) AppleWebKit/537.17 (KHTML, like Gecko) Chrome/24.0.1312.57 Safari/537.17', 1360835335),
(774314754, 'Mozilla/5.0 (Windows NT 6.1; WOW64) AppleWebKit/537.17 (KHTML, like Gecko) Chrome/24.0.1312.57 Safari/537.17', 1360835337),
(774314754, 'Mozilla/5.0 (Windows NT 6.1; WOW64) AppleWebKit/537.17 (KHTML, like Gecko) Chrome/24.0.1312.57 Safari/537.17', 1360835339),
(774314754, 'Mozilla/5.0 (Windows NT 6.1; WOW64) AppleWebKit/537.17 (KHTML, like Gecko) Chrome/24.0.1312.57 Safari/537.17', 1360835342),
(774314754, 'Mozilla/5.0 (Windows NT 6.1; WOW64) AppleWebKit/537.17 (KHTML, like Gecko) Chrome/24.0.1312.57 Safari/537.17', 1360835342),
(774314754, 'Mozilla/5.0 (Windows NT 6.1; WOW64) AppleWebKit/537.17 (KHTML, like Gecko) Chrome/24.0.1312.57 Safari/537.17', 1360835344),
(774314754, 'Mozilla/5.0 (Windows NT 6.1; WOW64) AppleWebKit/537.17 (KHTML, like Gecko) Chrome/24.0.1312.57 Safari/537.17', 1360835348),
(774314754, 'Mozilla/5.0 (Windows NT 6.1; WOW64) AppleWebKit/537.17 (KHTML, like Gecko) Chrome/24.0.1312.57 Safari/537.17', 1360835351),
(774314754, 'Mozilla/5.0 (Windows NT 6.1; WOW64) AppleWebKit/537.17 (KHTML, like Gecko) Chrome/24.0.1312.57 Safari/537.17', 1360835352),
(774314754, 'Mozilla/5.0 (Windows NT 6.1; WOW64) AppleWebKit/537.17 (KHTML, like Gecko) Chrome/24.0.1312.57 Safari/537.17', 1360835354),
(774314754, 'Mozilla/5.0 (Windows NT 6.1; WOW64) AppleWebKit/537.17 (KHTML, like Gecko) Chrome/24.0.1312.57 Safari/537.17', 1360835357),
(774314754, 'Mozilla/5.0 (Windows NT 6.1; WOW64) AppleWebKit/537.17 (KHTML, like Gecko) Chrome/24.0.1312.57 Safari/537.17', 1360835359),
(774314754, 'Mozilla/5.0 (Windows NT 6.1; WOW64) AppleWebKit/537.17 (KHTML, like Gecko) Chrome/24.0.1312.57 Safari/537.17', 1360835361),
(774314754, 'Mozilla/5.0 (Windows NT 6.1; WOW64) AppleWebKit/537.17 (KHTML, like Gecko) Chrome/24.0.1312.57 Safari/537.17', 1360835361),
(774314754, 'Mozilla/5.0 (Windows NT 6.1; WOW64) AppleWebKit/537.17 (KHTML, like Gecko) Chrome/24.0.1312.57 Safari/537.17', 1360835362),
(774314754, 'Mozilla/5.0 (Windows NT 6.1; WOW64) AppleWebKit/537.17 (KHTML, like Gecko) Chrome/24.0.1312.57 Safari/537.17', 1360835363),
(774314754, 'Mozilla/5.0 (Windows NT 6.1; WOW64) AppleWebKit/537.17 (KHTML, like Gecko) Chrome/24.0.1312.57 Safari/537.17', 1360835365),
(774314754, 'Mozilla/5.0 (Windows NT 6.1; WOW64) AppleWebKit/537.17 (KHTML, like Gecko) Chrome/24.0.1312.57 Safari/537.17', 1360835366),
(774314754, 'Mozilla/5.0 (Windows NT 6.1; WOW64) AppleWebKit/537.17 (KHTML, like Gecko) Chrome/24.0.1312.57 Safari/537.17', 1360835367),
(774314754, 'Mozilla/5.0 (Windows NT 6.1; WOW64) AppleWebKit/537.17 (KHTML, like Gecko) Chrome/24.0.1312.57 Safari/537.17', 1360835368),
(774314754, 'Mozilla/5.0 (Windows NT 6.1; WOW64) AppleWebKit/537.17 (KHTML, like Gecko) Chrome/24.0.1312.57 Safari/537.17', 1360835378),
(774314754, 'Mozilla/5.0 (Windows NT 6.1; WOW64) AppleWebKit/537.17 (KHTML, like Gecko) Chrome/24.0.1312.57 Safari/537.17', 1360835381),
(774314754, 'Mozilla/5.0 (Windows NT 6.1; WOW64) AppleWebKit/537.17 (KHTML, like Gecko) Chrome/24.0.1312.57 Safari/537.17', 1360835394),
(774314754, 'Mozilla/5.0 (Windows NT 6.1; WOW64) AppleWebKit/537.17 (KHTML, like Gecko) Chrome/24.0.1312.57 Safari/537.17', 1360835395),
(774314754, 'Mozilla/5.0 (Windows NT 6.1; WOW64) AppleWebKit/537.17 (KHTML, like Gecko) Chrome/24.0.1312.57 Safari/537.17', 1360835398),
(774314754, 'Mozilla/5.0 (Windows NT 6.1; WOW64) AppleWebKit/537.17 (KHTML, like Gecko) Chrome/24.0.1312.57 Safari/537.17', 1360835412),
(774314754, 'Mozilla/5.0 (Windows NT 6.1; WOW64) AppleWebKit/537.17 (KHTML, like Gecko) Chrome/24.0.1312.57 Safari/537.17', 1360835418),
(774314754, 'Mozilla/5.0 (Windows NT 6.1; WOW64) AppleWebKit/537.17 (KHTML, like Gecko) Chrome/24.0.1312.57 Safari/537.17', 1360835421),
(774314754, 'Mozilla/5.0 (Windows NT 6.1; WOW64) AppleWebKit/537.17 (KHTML, like Gecko) Chrome/24.0.1312.57 Safari/537.17', 1360835426),
(774314754, 'Mozilla/5.0 (Windows NT 6.1; WOW64) AppleWebKit/537.17 (KHTML, like Gecko) Chrome/24.0.1312.57 Safari/537.17', 1360835460),
(774314754, 'Mozilla/5.0 (Windows NT 6.1; WOW64) AppleWebKit/537.17 (KHTML, like Gecko) Chrome/24.0.1312.57 Safari/537.17', 1360835464),
(774314754, 'Mozilla/5.0 (Windows NT 6.1; WOW64) AppleWebKit/537.17 (KHTML, like Gecko) Chrome/24.0.1312.57 Safari/537.17', 1360835467),
(774314754, 'Mozilla/5.0 (Windows NT 6.1; WOW64) AppleWebKit/537.17 (KHTML, like Gecko) Chrome/24.0.1312.57 Safari/537.17', 1360835469),
(774314754, 'Mozilla/5.0 (Windows NT 6.1; WOW64) AppleWebKit/537.17 (KHTML, like Gecko) Chrome/24.0.1312.57 Safari/537.17', 1360835474),
(774314754, 'Mozilla/5.0 (Windows NT 6.1; WOW64) AppleWebKit/537.17 (KHTML, like Gecko) Chrome/24.0.1312.57 Safari/537.17', 1360835476),
(774314754, 'Mozilla/5.0 (Windows NT 6.1; WOW64) AppleWebKit/537.17 (KHTML, like Gecko) Chrome/24.0.1312.57 Safari/537.17', 1360835476),
(774314754, 'Mozilla/5.0 (Windows NT 6.1; WOW64) AppleWebKit/537.17 (KHTML, like Gecko) Chrome/24.0.1312.57 Safari/537.17', 1360835479),
(774314754, 'Mozilla/5.0 (Windows NT 6.1; WOW64) AppleWebKit/537.17 (KHTML, like Gecko) Chrome/24.0.1312.57 Safari/537.17', 1360835482),
(774314754, 'Mozilla/5.0 (Windows NT 6.1; WOW64) AppleWebKit/537.17 (KHTML, like Gecko) Chrome/24.0.1312.57 Safari/537.17', 1360835506),
(774314754, 'Mozilla/5.0 (Windows NT 6.1; WOW64) AppleWebKit/537.17 (KHTML, like Gecko) Chrome/24.0.1312.57 Safari/537.17', 1360835527),
(774314754, 'Mozilla/5.0 (Windows NT 6.1; WOW64) AppleWebKit/537.17 (KHTML, like Gecko) Chrome/24.0.1312.57 Safari/537.17', 1360835535),
(774314754, 'Mozilla/5.0 (Windows NT 6.1; WOW64) AppleWebKit/537.17 (KHTML, like Gecko) Chrome/24.0.1312.57 Safari/537.17', 1360835537),
(774314754, 'Mozilla/5.0 (Windows NT 6.1; WOW64) AppleWebKit/537.17 (KHTML, like Gecko) Chrome/24.0.1312.57 Safari/537.17', 1360835541),
(774314754, 'Mozilla/5.0 (Windows NT 6.1; WOW64) AppleWebKit/537.17 (KHTML, like Gecko) Chrome/24.0.1312.57 Safari/537.17', 1360835541),
(774314754, 'Mozilla/5.0 (Windows NT 6.1; WOW64) AppleWebKit/537.17 (KHTML, like Gecko) Chrome/24.0.1312.57 Safari/537.17', 1360835542),
(774314754, 'Mozilla/5.0 (Windows NT 6.1; WOW64) AppleWebKit/537.17 (KHTML, like Gecko) Chrome/24.0.1312.57 Safari/537.17', 1360835543),
(774314754, 'Mozilla/5.0 (Windows NT 6.1; WOW64) AppleWebKit/537.17 (KHTML, like Gecko) Chrome/24.0.1312.57 Safari/537.17', 1360835544),
(774314754, 'Mozilla/5.0 (Windows NT 6.1; WOW64) AppleWebKit/537.17 (KHTML, like Gecko) Chrome/24.0.1312.57 Safari/537.17', 1360835544),
(774314754, 'Mozilla/5.0 (Windows NT 6.1; WOW64) AppleWebKit/537.17 (KHTML, like Gecko) Chrome/24.0.1312.57 Safari/537.17', 1360835546),
(774314754, 'Mozilla/5.0 (Windows NT 6.1; WOW64) AppleWebKit/537.17 (KHTML, like Gecko) Chrome/24.0.1312.57 Safari/537.17', 1360835547),
(774314754, 'Mozilla/5.0 (Windows NT 6.1; WOW64) AppleWebKit/537.17 (KHTML, like Gecko) Chrome/24.0.1312.57 Safari/537.17', 1360835550),
(774314754, 'Mozilla/5.0 (Windows NT 6.1; WOW64) AppleWebKit/537.17 (KHTML, like Gecko) Chrome/24.0.1312.57 Safari/537.17', 1360835554),
(774314754, 'Mozilla/5.0 (Windows NT 6.1; WOW64) AppleWebKit/537.17 (KHTML, like Gecko) Chrome/24.0.1312.57 Safari/537.17', 1360835557),
(774314754, 'Mozilla/5.0 (Windows NT 6.1; WOW64) AppleWebKit/537.17 (KHTML, like Gecko) Chrome/24.0.1312.57 Safari/537.17', 1360835558),
(774314754, 'Mozilla/5.0 (Windows NT 6.1; WOW64) AppleWebKit/537.17 (KHTML, like Gecko) Chrome/24.0.1312.57 Safari/537.17', 1360835560),
(774314754, 'Mozilla/5.0 (Windows NT 6.1; WOW64) AppleWebKit/537.17 (KHTML, like Gecko) Chrome/24.0.1312.57 Safari/537.17', 1360835562),
(774314754, 'Mozilla/5.0 (Windows NT 6.1; WOW64) AppleWebKit/537.17 (KHTML, like Gecko) Chrome/24.0.1312.57 Safari/537.17', 1360835563),
(774314754, 'Mozilla/5.0 (Windows NT 6.1; WOW64) AppleWebKit/537.17 (KHTML, like Gecko) Chrome/24.0.1312.57 Safari/537.17', 1360835564),
(774314754, 'Mozilla/5.0 (Windows NT 6.1; WOW64) AppleWebKit/537.17 (KHTML, like Gecko) Chrome/24.0.1312.57 Safari/537.17', 1360835567),
(774314754, 'Mozilla/5.0 (Windows NT 6.1; WOW64) AppleWebKit/537.17 (KHTML, like Gecko) Chrome/24.0.1312.57 Safari/537.17', 1360835567),
(774314754, 'Mozilla/5.0 (Windows NT 6.1; WOW64) AppleWebKit/537.17 (KHTML, like Gecko) Chrome/24.0.1312.57 Safari/537.17', 1360835570),
(774314754, 'Mozilla/5.0 (Windows NT 6.1; WOW64) AppleWebKit/537.17 (KHTML, like Gecko) Chrome/24.0.1312.57 Safari/537.17', 1360835579),
(774314754, 'Mozilla/5.0 (Windows NT 6.1; WOW64) AppleWebKit/537.17 (KHTML, like Gecko) Chrome/24.0.1312.57 Safari/537.17', 1360835587),
(774314754, 'Mozilla/5.0 (Windows NT 6.1; WOW64) AppleWebKit/537.17 (KHTML, like Gecko) Chrome/24.0.1312.57 Safari/537.17', 1360835587),
(774314754, 'Mozilla/5.0 (Windows NT 6.1; WOW64) AppleWebKit/537.17 (KHTML, like Gecko) Chrome/24.0.1312.57 Safari/537.17', 1360835590),
(774314754, 'Mozilla/5.0 (Windows NT 6.1; WOW64) AppleWebKit/537.17 (KHTML, like Gecko) Chrome/24.0.1312.57 Safari/537.17', 1360835592),
(774314754, 'Mozilla/5.0 (Windows NT 6.1; WOW64) AppleWebKit/537.17 (KHTML, like Gecko) Chrome/24.0.1312.57 Safari/537.17', 1360835596),
(774314754, 'Mozilla/5.0 (Windows NT 6.1; WOW64) AppleWebKit/537.17 (KHTML, like Gecko) Chrome/24.0.1312.57 Safari/537.17', 1360835598),
(774314754, 'Mozilla/5.0 (Windows NT 6.1; WOW64) AppleWebKit/537.17 (KHTML, like Gecko) Chrome/24.0.1312.57 Safari/537.17', 1360835600),
(774314754, 'Mozilla/5.0 (Windows NT 6.1; WOW64) AppleWebKit/537.17 (KHTML, like Gecko) Chrome/24.0.1312.57 Safari/537.17', 1360835604),
(774314754, 'Mozilla/5.0 (Windows NT 6.1; WOW64) AppleWebKit/537.17 (KHTML, like Gecko) Chrome/24.0.1312.57 Safari/537.17', 1360835606),
(774314754, 'Mozilla/5.0 (Windows NT 6.1; WOW64) AppleWebKit/537.17 (KHTML, like Gecko) Chrome/24.0.1312.57 Safari/537.17', 1360835606),
(774314754, 'Mozilla/5.0 (Windows NT 6.1; WOW64) AppleWebKit/537.17 (KHTML, like Gecko) Chrome/24.0.1312.57 Safari/537.17', 1360835607),
(774314754, 'Mozilla/5.0 (Windows NT 6.1; WOW64) AppleWebKit/537.17 (KHTML, like Gecko) Chrome/24.0.1312.57 Safari/537.17', 1360835607),
(774314754, 'Mozilla/5.0 (Windows NT 6.1; WOW64) AppleWebKit/537.17 (KHTML, like Gecko) Chrome/24.0.1312.57 Safari/537.17', 1360835611),
(774314754, 'Mozilla/5.0 (Windows NT 6.1; WOW64) AppleWebKit/537.17 (KHTML, like Gecko) Chrome/24.0.1312.57 Safari/537.17', 1360835612),
(774314754, 'Mozilla/5.0 (Windows NT 6.1; WOW64) AppleWebKit/537.17 (KHTML, like Gecko) Chrome/24.0.1312.57 Safari/537.17', 1360835618),
(774314754, 'Mozilla/5.0 (Windows NT 6.1; WOW64) AppleWebKit/537.17 (KHTML, like Gecko) Chrome/24.0.1312.57 Safari/537.17', 1360835621),
(774314754, 'Mozilla/5.0 (Windows NT 6.1; WOW64) AppleWebKit/537.17 (KHTML, like Gecko) Chrome/24.0.1312.57 Safari/537.17', 1360835623),
(774314754, 'Mozilla/5.0 (Windows NT 6.1; WOW64) AppleWebKit/537.17 (KHTML, like Gecko) Chrome/24.0.1312.57 Safari/537.17', 1360835623),
(774314754, 'Mozilla/5.0 (Windows NT 6.1; WOW64) AppleWebKit/537.17 (KHTML, like Gecko) Chrome/24.0.1312.57 Safari/537.17', 1360835624),
(774314754, 'Mozilla/5.0 (Windows NT 6.1; WOW64) AppleWebKit/537.17 (KHTML, like Gecko) Chrome/24.0.1312.57 Safari/537.17', 1360835624),
(774314754, 'Mozilla/5.0 (Windows NT 6.1; WOW64) AppleWebKit/537.17 (KHTML, like Gecko) Chrome/24.0.1312.57 Safari/537.17', 1360835628),
(774314754, 'Mozilla/5.0 (Windows NT 6.1; WOW64) AppleWebKit/537.17 (KHTML, like Gecko) Chrome/24.0.1312.57 Safari/537.17', 1360835629),
(774314754, 'Mozilla/5.0 (Windows NT 6.1; WOW64) AppleWebKit/537.17 (KHTML, like Gecko) Chrome/24.0.1312.57 Safari/537.17', 1360835631),
(774314754, 'Mozilla/5.0 (Windows NT 6.1; WOW64) AppleWebKit/537.17 (KHTML, like Gecko) Chrome/24.0.1312.57 Safari/537.17', 1360835631),
(774314754, 'Mozilla/5.0 (Windows NT 6.1; WOW64) AppleWebKit/537.17 (KHTML, like Gecko) Chrome/24.0.1312.57 Safari/537.17', 1360835633),
(774314754, 'Mozilla/5.0 (Windows NT 6.1; WOW64) AppleWebKit/537.17 (KHTML, like Gecko) Chrome/24.0.1312.57 Safari/537.17', 1360835633),
(774314754, 'Mozilla/5.0 (Windows NT 6.1; WOW64) AppleWebKit/537.17 (KHTML, like Gecko) Chrome/24.0.1312.57 Safari/537.17', 1360835633),
(774314754, 'Mozilla/5.0 (Windows NT 6.1; WOW64) AppleWebKit/537.17 (KHTML, like Gecko) Chrome/24.0.1312.57 Safari/537.17', 1360835635),
(774314754, 'Mozilla/5.0 (Windows NT 6.1; WOW64) AppleWebKit/537.17 (KHTML, like Gecko) Chrome/24.0.1312.57 Safari/537.17', 1360835637),
(774314754, 'Mozilla/5.0 (Windows NT 6.1; WOW64) AppleWebKit/537.17 (KHTML, like Gecko) Chrome/24.0.1312.57 Safari/537.17', 1360835640),
(774314754, 'Mozilla/5.0 (Windows NT 6.1; WOW64) AppleWebKit/537.17 (KHTML, like Gecko) Chrome/24.0.1312.57 Safari/537.17', 1360835641),
(774314754, 'Mozilla/5.0 (Windows NT 6.1; WOW64) AppleWebKit/537.17 (KHTML, like Gecko) Chrome/24.0.1312.57 Safari/537.17', 1360835642),
(774314754, 'Mozilla/5.0 (Windows NT 6.1; WOW64) AppleWebKit/537.17 (KHTML, like Gecko) Chrome/24.0.1312.57 Safari/537.17', 1360835642),
(774314754, 'Mozilla/5.0 (Windows NT 6.1; WOW64) AppleWebKit/537.17 (KHTML, like Gecko) Chrome/24.0.1312.57 Safari/537.17', 1360835646),
(774314754, 'Mozilla/5.0 (Windows NT 6.1; WOW64) AppleWebKit/537.17 (KHTML, like Gecko) Chrome/24.0.1312.57 Safari/537.17', 1360835648),
(774314754, 'Mozilla/5.0 (Windows NT 6.1; WOW64) AppleWebKit/537.17 (KHTML, like Gecko) Chrome/24.0.1312.57 Safari/537.17', 1360835651),
(774314754, 'Mozilla/5.0 (Windows NT 6.1; WOW64) AppleWebKit/537.17 (KHTML, like Gecko) Chrome/24.0.1312.57 Safari/537.17', 1360835654),
(774314754, 'Mozilla/5.0 (Windows NT 6.1; WOW64) AppleWebKit/537.17 (KHTML, like Gecko) Chrome/24.0.1312.57 Safari/537.17', 1360835660),
(774314754, 'Mozilla/5.0 (Windows NT 6.1; WOW64) AppleWebKit/537.17 (KHTML, like Gecko) Chrome/24.0.1312.57 Safari/537.17', 1360835663),
(774314754, 'Mozilla/5.0 (Windows NT 6.1; WOW64) AppleWebKit/537.17 (KHTML, like Gecko) Chrome/24.0.1312.57 Safari/537.17', 1360835667),
(774314754, 'Mozilla/5.0 (Windows NT 6.1; WOW64) AppleWebKit/537.17 (KHTML, like Gecko) Chrome/24.0.1312.57 Safari/537.17', 1360835670),
(774314754, 'Mozilla/5.0 (Windows NT 6.1; WOW64) AppleWebKit/537.17 (KHTML, like Gecko) Chrome/24.0.1312.57 Safari/537.17', 1360835672),
(774314754, 'Mozilla/5.0 (Windows NT 6.1; WOW64) AppleWebKit/537.17 (KHTML, like Gecko) Chrome/24.0.1312.57 Safari/537.17', 1360835675),
(774314754, 'Mozilla/5.0 (Windows NT 6.1; WOW64) AppleWebKit/537.17 (KHTML, like Gecko) Chrome/24.0.1312.57 Safari/537.17', 1360835677),
(774314754, 'Mozilla/5.0 (Windows NT 6.1; WOW64) AppleWebKit/537.17 (KHTML, like Gecko) Chrome/24.0.1312.57 Safari/537.17', 1360835678),
(774314754, 'Mozilla/5.0 (Windows NT 6.1; WOW64) AppleWebKit/537.17 (KHTML, like Gecko) Chrome/24.0.1312.57 Safari/537.17', 1360835680),
(774314754, 'Mozilla/5.0 (Windows NT 6.1; WOW64) AppleWebKit/537.17 (KHTML, like Gecko) Chrome/24.0.1312.57 Safari/537.17', 1360835682),
(774314754, 'Mozilla/5.0 (Windows NT 6.1; WOW64) AppleWebKit/537.17 (KHTML, like Gecko) Chrome/24.0.1312.57 Safari/537.17', 1360835683),
(774314754, 'Mozilla/5.0 (Windows NT 6.1; WOW64) AppleWebKit/537.17 (KHTML, like Gecko) Chrome/24.0.1312.57 Safari/537.17', 1360835685),
(774314754, 'Mozilla/5.0 (Windows NT 6.1; WOW64) AppleWebKit/537.17 (KHTML, like Gecko) Chrome/24.0.1312.57 Safari/537.17', 1360835686),
(774314754, 'Mozilla/5.0 (Windows NT 6.1; WOW64) AppleWebKit/537.17 (KHTML, like Gecko) Chrome/24.0.1312.57 Safari/537.17', 1360835686),
(774314754, 'Mozilla/5.0 (Windows NT 6.1; WOW64) AppleWebKit/537.17 (KHTML, like Gecko) Chrome/24.0.1312.57 Safari/537.17', 1360835688),
(774314754, 'Mozilla/5.0 (Windows NT 6.1; WOW64) AppleWebKit/537.17 (KHTML, like Gecko) Chrome/24.0.1312.57 Safari/537.17', 1360835689),
(774314754, 'Mozilla/5.0 (Windows NT 6.1; WOW64) AppleWebKit/537.17 (KHTML, like Gecko) Chrome/24.0.1312.57 Safari/537.17', 1360835690),
(774314754, 'Mozilla/5.0 (Windows NT 6.1; WOW64) AppleWebKit/537.17 (KHTML, like Gecko) Chrome/24.0.1312.57 Safari/537.17', 1360835691),
(774314754, 'Mozilla/5.0 (Windows NT 6.1; WOW64) AppleWebKit/537.17 (KHTML, like Gecko) Chrome/24.0.1312.57 Safari/537.17', 1360835693),
(774314754, 'Mozilla/5.0 (Windows NT 6.1; WOW64) AppleWebKit/537.17 (KHTML, like Gecko) Chrome/24.0.1312.57 Safari/537.17', 1360835693),
(774314754, 'Mozilla/5.0 (Windows NT 6.1; WOW64) AppleWebKit/537.17 (KHTML, like Gecko) Chrome/24.0.1312.57 Safari/537.17', 1360835695),
(774314754, 'Mozilla/5.0 (Windows NT 6.1; WOW64) AppleWebKit/537.17 (KHTML, like Gecko) Chrome/24.0.1312.57 Safari/537.17', 1360835703),
(774314754, 'Mozilla/5.0 (Windows NT 6.1; WOW64) AppleWebKit/537.17 (KHTML, like Gecko) Chrome/24.0.1312.57 Safari/537.17', 1360835709),
(774314754, 'Mozilla/5.0 (Windows NT 6.1; WOW64) AppleWebKit/537.17 (KHTML, like Gecko) Chrome/24.0.1312.57 Safari/537.17', 1360835709),
(774314754, 'Mozilla/5.0 (Windows NT 6.1; WOW64) AppleWebKit/537.17 (KHTML, like Gecko) Chrome/24.0.1312.57 Safari/537.17', 1360835710),
(774314754, 'Mozilla/5.0 (Windows NT 6.1; WOW64) AppleWebKit/537.17 (KHTML, like Gecko) Chrome/24.0.1312.57 Safari/537.17', 1360835711),
(774314754, 'Mozilla/5.0 (Windows NT 6.1; WOW64) AppleWebKit/537.17 (KHTML, like Gecko) Chrome/24.0.1312.57 Safari/537.17', 1360835713),
(774314754, 'Mozilla/5.0 (Windows NT 6.1; WOW64) AppleWebKit/537.17 (KHTML, like Gecko) Chrome/24.0.1312.57 Safari/537.17', 1360835713),
(774314754, 'Mozilla/5.0 (Windows NT 6.1; WOW64) AppleWebKit/537.17 (KHTML, like Gecko) Chrome/24.0.1312.57 Safari/537.17', 1360835716),
(774314754, 'Mozilla/5.0 (Windows NT 6.1; WOW64) AppleWebKit/537.17 (KHTML, like Gecko) Chrome/24.0.1312.57 Safari/537.17', 1360835716),
(774314754, 'Mozilla/5.0 (Windows NT 6.1; WOW64) AppleWebKit/537.17 (KHTML, like Gecko) Chrome/24.0.1312.57 Safari/537.17', 1360835720);
INSERT INTO `visit_today` (`ip`, `ua`, `time`) VALUES
(774314754, 'Mozilla/5.0 (Windows NT 6.1; WOW64) AppleWebKit/537.17 (KHTML, like Gecko) Chrome/24.0.1312.57 Safari/537.17', 1360835723),
(774314754, 'Mozilla/5.0 (Windows NT 6.1; WOW64) AppleWebKit/537.17 (KHTML, like Gecko) Chrome/24.0.1312.57 Safari/537.17', 1360835726),
(774314754, 'Mozilla/5.0 (Windows NT 6.1; WOW64) AppleWebKit/537.17 (KHTML, like Gecko) Chrome/24.0.1312.57 Safari/537.17', 1360835733),
(774314754, 'Mozilla/5.0 (Windows NT 6.1; WOW64) AppleWebKit/537.17 (KHTML, like Gecko) Chrome/24.0.1312.57 Safari/537.17', 1360835735),
(774314754, 'Mozilla/5.0 (Windows NT 6.1; WOW64) AppleWebKit/537.17 (KHTML, like Gecko) Chrome/24.0.1312.57 Safari/537.17', 1360835738),
(774314754, 'Mozilla/5.0 (Windows NT 6.1; WOW64) AppleWebKit/537.17 (KHTML, like Gecko) Chrome/24.0.1312.57 Safari/537.17', 1360835741),
(774314754, 'Mozilla/5.0 (Windows NT 6.1; WOW64) AppleWebKit/537.17 (KHTML, like Gecko) Chrome/24.0.1312.57 Safari/537.17', 1360835744),
(774314754, 'Mozilla/5.0 (Windows NT 6.1; WOW64) AppleWebKit/537.17 (KHTML, like Gecko) Chrome/24.0.1312.57 Safari/537.17', 1360835746),
(774314754, 'Mozilla/5.0 (Windows NT 6.1; WOW64) AppleWebKit/537.17 (KHTML, like Gecko) Chrome/24.0.1312.57 Safari/537.17', 1360835748),
(774314754, 'Mozilla/5.0 (Windows NT 6.1; WOW64) AppleWebKit/537.17 (KHTML, like Gecko) Chrome/24.0.1312.57 Safari/537.17', 1360835748),
(774314754, 'Mozilla/5.0 (Windows NT 6.1; WOW64) AppleWebKit/537.17 (KHTML, like Gecko) Chrome/24.0.1312.57 Safari/537.17', 1360835750),
(774314754, 'Mozilla/5.0 (Windows NT 6.1; WOW64) AppleWebKit/537.17 (KHTML, like Gecko) Chrome/24.0.1312.57 Safari/537.17', 1360835752),
(774314754, 'Mozilla/5.0 (Windows NT 6.1; WOW64) AppleWebKit/537.17 (KHTML, like Gecko) Chrome/24.0.1312.57 Safari/537.17', 1360835755),
(774314754, 'Mozilla/5.0 (Windows NT 6.1; WOW64) AppleWebKit/537.17 (KHTML, like Gecko) Chrome/24.0.1312.57 Safari/537.17', 1360835757),
(774314754, 'Mozilla/5.0 (Windows NT 6.1; WOW64) AppleWebKit/537.17 (KHTML, like Gecko) Chrome/24.0.1312.57 Safari/537.17', 1360835758),
(774314754, 'Mozilla/5.0 (Windows NT 6.1; WOW64) AppleWebKit/537.17 (KHTML, like Gecko) Chrome/24.0.1312.57 Safari/537.17', 1360835761),
(774314754, 'Mozilla/5.0 (Windows NT 6.1; WOW64) AppleWebKit/537.17 (KHTML, like Gecko) Chrome/24.0.1312.57 Safari/537.17', 1360835763),
(774314754, 'Mozilla/5.0 (Windows NT 6.1; WOW64) AppleWebKit/537.17 (KHTML, like Gecko) Chrome/24.0.1312.57 Safari/537.17', 1360835765),
(774314754, 'Mozilla/5.0 (Windows NT 6.1; WOW64) AppleWebKit/537.17 (KHTML, like Gecko) Chrome/24.0.1312.57 Safari/537.17', 1360835767),
(774314754, 'Mozilla/5.0 (Windows NT 6.1; WOW64) AppleWebKit/537.17 (KHTML, like Gecko) Chrome/24.0.1312.57 Safari/537.17', 1360835768),
(774314754, 'Mozilla/5.0 (Windows NT 6.1; WOW64) AppleWebKit/537.17 (KHTML, like Gecko) Chrome/24.0.1312.57 Safari/537.17', 1360835769),
(774314754, 'Mozilla/5.0 (Windows NT 6.1; WOW64) AppleWebKit/537.17 (KHTML, like Gecko) Chrome/24.0.1312.57 Safari/537.17', 1360835773),
(774314754, 'Mozilla/5.0 (Windows NT 6.1; WOW64) AppleWebKit/537.17 (KHTML, like Gecko) Chrome/24.0.1312.57 Safari/537.17', 1360835781),
(774314754, 'Mozilla/5.0 (Windows NT 6.1; WOW64) AppleWebKit/537.17 (KHTML, like Gecko) Chrome/24.0.1312.57 Safari/537.17', 1360835783),
(774314754, 'Mozilla/5.0 (Windows NT 6.1; WOW64) AppleWebKit/537.17 (KHTML, like Gecko) Chrome/24.0.1312.57 Safari/537.17', 1360835786),
(774314754, 'Mozilla/5.0 (Windows NT 6.1; WOW64) AppleWebKit/537.17 (KHTML, like Gecko) Chrome/24.0.1312.57 Safari/537.17', 1360835789),
(774314754, 'Mozilla/5.0 (Windows NT 6.1; WOW64) AppleWebKit/537.17 (KHTML, like Gecko) Chrome/24.0.1312.57 Safari/537.17', 1360835791),
(774314754, 'Mozilla/5.0 (Windows NT 6.1; WOW64) AppleWebKit/537.17 (KHTML, like Gecko) Chrome/24.0.1312.57 Safari/537.17', 1360835795),
(774314754, 'Mozilla/5.0 (Windows NT 6.1; WOW64) AppleWebKit/537.17 (KHTML, like Gecko) Chrome/24.0.1312.57 Safari/537.17', 1360835801),
(774314754, 'Mozilla/5.0 (Windows NT 6.1; WOW64) AppleWebKit/537.17 (KHTML, like Gecko) Chrome/24.0.1312.57 Safari/537.17', 1360835801),
(774314754, 'Mozilla/5.0 (Windows NT 6.1; WOW64) AppleWebKit/537.17 (KHTML, like Gecko) Chrome/24.0.1312.57 Safari/537.17', 1360835810),
(774314754, 'Mozilla/5.0 (Windows NT 6.1; WOW64) AppleWebKit/537.17 (KHTML, like Gecko) Chrome/24.0.1312.57 Safari/537.17', 1360835813),
(774314754, 'Mozilla/5.0 (Windows NT 6.1; WOW64) AppleWebKit/537.17 (KHTML, like Gecko) Chrome/24.0.1312.57 Safari/537.17', 1360835813),
(774314754, 'Mozilla/5.0 (Windows NT 6.1; WOW64) AppleWebKit/537.17 (KHTML, like Gecko) Chrome/24.0.1312.57 Safari/537.17', 1360835817),
(774314754, 'Mozilla/5.0 (Windows NT 6.1; WOW64) AppleWebKit/537.17 (KHTML, like Gecko) Chrome/24.0.1312.57 Safari/537.17', 1360835820),
(774314754, 'Mozilla/5.0 (Windows NT 6.1; WOW64) AppleWebKit/537.17 (KHTML, like Gecko) Chrome/24.0.1312.57 Safari/537.17', 1360835823),
(774314754, 'Mozilla/5.0 (Windows NT 6.1; WOW64) AppleWebKit/537.17 (KHTML, like Gecko) Chrome/24.0.1312.57 Safari/537.17', 1360835842),
(774314754, 'Mozilla/5.0 (Windows NT 6.1; WOW64) AppleWebKit/537.17 (KHTML, like Gecko) Chrome/24.0.1312.57 Safari/537.17', 1360835849),
(774314754, 'Mozilla/5.0 (Windows NT 6.1; WOW64) AppleWebKit/537.17 (KHTML, like Gecko) Chrome/24.0.1312.57 Safari/537.17', 1360835854),
(774314754, 'Mozilla/5.0 (Windows NT 6.1; WOW64) AppleWebKit/537.17 (KHTML, like Gecko) Chrome/24.0.1312.57 Safari/537.17', 1360835857),
(774314754, 'Mozilla/5.0 (Windows NT 6.1; WOW64) AppleWebKit/537.17 (KHTML, like Gecko) Chrome/24.0.1312.57 Safari/537.17', 1360835861),
(774314754, 'Mozilla/5.0 (Windows NT 6.1; WOW64) AppleWebKit/537.17 (KHTML, like Gecko) Chrome/24.0.1312.57 Safari/537.17', 1360835866),
(774314754, 'Mozilla/5.0 (Windows NT 6.1; WOW64) AppleWebKit/537.17 (KHTML, like Gecko) Chrome/24.0.1312.57 Safari/537.17', 1360835869),
(774314754, 'Mozilla/5.0 (Windows NT 6.1; WOW64) AppleWebKit/537.17 (KHTML, like Gecko) Chrome/24.0.1312.57 Safari/537.17', 1360835873),
(774314754, 'Mozilla/5.0 (Windows NT 6.1; WOW64) AppleWebKit/537.17 (KHTML, like Gecko) Chrome/24.0.1312.57 Safari/537.17', 1360835879),
(774314754, 'Mozilla/5.0 (Windows NT 6.1; WOW64) AppleWebKit/537.17 (KHTML, like Gecko) Chrome/24.0.1312.57 Safari/537.17', 1360835884),
(774314754, 'Mozilla/5.0 (Windows NT 6.1; WOW64) AppleWebKit/537.17 (KHTML, like Gecko) Chrome/24.0.1312.57 Safari/537.17', 1360835921),
(774314754, 'Mozilla/5.0 (Windows NT 6.1; WOW64) AppleWebKit/537.17 (KHTML, like Gecko) Chrome/24.0.1312.57 Safari/537.17', 1360835925),
(774314754, 'Mozilla/5.0 (Windows NT 6.1; WOW64) AppleWebKit/537.17 (KHTML, like Gecko) Chrome/24.0.1312.57 Safari/537.17', 1360835938),
(774314754, 'Mozilla/5.0 (Windows NT 6.1; WOW64) AppleWebKit/537.17 (KHTML, like Gecko) Chrome/24.0.1312.57 Safari/537.17', 1360836873);

-- --------------------------------------------------------

--
-- Структура таблицы `xrexcars`
--

