-- phpMyAdmin SQL Dump
-- version 2.6.1
-- http://www.phpmyadmin.net
-- 
-- Хост: localhost
-- Время создания: Окт 10 2008 г., 12:24
-- Версия сервера: 4.1.16
-- Версия PHP: 4.4.4
-- 
-- БД: `waplog`
-- 

-- --------------------------------------------------------

-- 
-- Структура таблицы `ban_user`
-- 

CREATE TABLE `ban_user` (
  `uid` int(10) unsigned NOT NULL default '0',
  `link` varchar(35) NOT NULL default '',
  PRIMARY KEY  (`uid`)
) ENGINE=MyISAM DEFAULT CHARSET=cp1251;

-- 
-- Дамп данных таблицы `ban_user`
-- 


-- --------------------------------------------------------

-- 
-- Структура таблицы `count_24`
-- 

CREATE TABLE `count_24` (
  `id` int(10) unsigned NOT NULL auto_increment,
  `uid` int(10) unsigned NOT NULL default '0',
  `date` int(10) unsigned NOT NULL default '0',
  `hour` smallint(5) unsigned NOT NULL default '0',
  `count` int(10) unsigned NOT NULL default '0',
  `host` int(10) unsigned NOT NULL default '0',
  PRIMARY KEY  (`id`)
) ENGINE=MyISAM DEFAULT CHARSET=cp1251 AUTO_INCREMENT=1 ;

-- 
-- Дамп данных таблицы `count_24`
-- 


-- --------------------------------------------------------

-- 
-- Структура таблицы `hits_ip`
-- 

CREATE TABLE `hits_ip` (
  `uid` int(10) unsigned NOT NULL default '0',
  `ip` varchar(15) NOT NULL default '',
  `ua` varchar(255) NOT NULL default 'n/a',
  `time` int(10) unsigned NOT NULL default '0',
  PRIMARY KEY  (`ip`,`ua`,`uid`)
) ENGINE=MyISAM DEFAULT CHARSET=cp1251;

-- 
-- Дамп данных таблицы `hits_ip`
-- 


-- --------------------------------------------------------

-- 
-- Структура таблицы `hits_time`
-- 

CREATE TABLE `hits_time` (
  `uid` int(10) unsigned NOT NULL default '0',
  `time` int(10) unsigned NOT NULL default '0',
  PRIMARY KEY  (`uid`)
) ENGINE=MyISAM DEFAULT CHARSET=cp1251;

-- 
-- Дамп данных таблицы `hits_time`
-- 


-- --------------------------------------------------------

-- 
-- Структура таблицы `models_data`
-- 

CREATE TABLE `models_data` (
  `ua` varchar(40) NOT NULL default '',
  `vendor` varchar(20) NOT NULL default 'n/a',
  `model` varchar(20) NOT NULL default 'n/a',
  `screensize` varchar(7) NOT NULL default 'n/a',
  `bitsperpixel` smallint(5) unsigned NOT NULL default '0',
  `supportedbearers` varchar(50) NOT NULL default 'n/a',
  `javaplatform` varchar(50) NOT NULL default 'n/a',
  `wapversion` varchar(30) NOT NULL default 'n/a',
  `wmlversion` varchar(30) NOT NULL default 'n/a',
  `wmlscript` varchar(30) NOT NULL default 'n/a',
  `keyboard` varchar(40) NOT NULL default 'n/a',
  `numsoftkeys` varchar(5) NOT NULL default 'n/a',
  `charset` varchar(50) NOT NULL default 'n/a',
  `emailschemes` varchar(30) NOT NULL default 'n/a',
  `browserframes` varchar(10) NOT NULL default 'n/a',
  `browserjavaapplet` varchar(10) NOT NULL default 'n/a',
  `html` varchar(10) NOT NULL default 'n/a',
  `xhtml` varchar(10) NOT NULL default 'n/a',
  `browsertables` varchar(10) NOT NULL default 'n/a',
  PRIMARY KEY  (`ua`)
) ENGINE=MyISAM DEFAULT CHARSET=cp1251;

-- 
-- Дамп данных таблицы `models_data`
-- 


-- --------------------------------------------------------

-- 
-- Структура таблицы `months`
-- 

CREATE TABLE `months` (
  `id` int(10) unsigned NOT NULL auto_increment,
  `uid` int(10) unsigned NOT NULL default '0',
  `date` int(10) unsigned NOT NULL default '0',
  `count` int(10) unsigned NOT NULL default '0',
  `host` int(10) unsigned NOT NULL default '0',
  PRIMARY KEY  (`id`)
) ENGINE=MyISAM DEFAULT CHARSET=cp1251 AUTO_INCREMENT=1 ;

-- 
-- Дамп данных таблицы `months`
-- 


-- --------------------------------------------------------

-- 
-- Структура таблицы `online_ip`
-- 

CREATE TABLE `online_ip` (
  `uid` int(10) unsigned NOT NULL default '0',
  `ip` varchar(15) NOT NULL default '',
  `time` int(10) unsigned NOT NULL default '0',
  `browser` varchar(25) NOT NULL default 'unknow',
  PRIMARY KEY  (`ip`,`uid`)
) ENGINE=MyISAM DEFAULT CHARSET=cp1251;

-- 
-- Дамп данных таблицы `online_ip`
-- 


-- --------------------------------------------------------

-- 
-- Структура таблицы `razdels`
-- 

CREATE TABLE `razdels` (
  `id` int(2) NOT NULL auto_increment,
  `name` varchar(50) NOT NULL default '',
  PRIMARY KEY  (`id`)
) ENGINE=MyISAM DEFAULT CHARSET=cp1251 AUTO_INCREMENT=18 ;

-- 
-- Дамп данных таблицы `razdels`
-- 

INSERT INTO `razdels` VALUES (1, '0JHQuNC30L3QtdGB');
INSERT INTO `razdels` VALUES (2, '0JfQsNCz0YDRg9C30LrQuA==');
INSERT INTO `razdels` VALUES (3, '0JfQvdCw0LrQvtC80YHRgtCy0LA=');
INSERT INTO `razdels` VALUES (4, '0JTQu9GPINCy0LfRgNC+0YHQu9GL0YU=');
INSERT INTO `razdels` VALUES (5, '0KXQsNC70Y/QstCw');
INSERT INTO `razdels` VALUES (6, '0JzQsNCz0LDQt9C40L3Riywg0YPRgdC70YPQs9C4');
INSERT INTO `razdels` VALUES (7, '0JzRg9C30YvQutCw');
INSERT INTO `razdels` VALUES (8, '0J7QsdGJ0LXQvdC40LU=');
INSERT INTO `razdels` VALUES (9, '0J/QtdGA0YHQvtC90LDQu9GM0L3Ri9C1');
INSERT INTO `razdels` VALUES (10, '0KDQsNC30LLQu9C10YfQtdC90LjRjw==');
INSERT INTO `razdels` VALUES (11, '0KDQtdCz0LjQvtC90Ys=');
INSERT INTO `razdels` VALUES (12, '0KHQstGP0LfRjA==');
INSERT INTO `razdels` VALUES (13, '0KHQtdGA0LLQuNGB0Ys=');
INSERT INTO `razdels` VALUES (14, '0KHQnNCYINC4INC/0L7Qu9C40YLQuNC60LA=');
INSERT INTO `razdels` VALUES (15, '0KHQv9C+0YDRgg==');
INSERT INTO `razdels` VALUES (16, '0KPQstC70LXRh9C10L3QuNGPLCDRhdC+0LHQsdC4');
INSERT INTO `razdels` VALUES (17, '0J/RgNC+0YfQuNC1');

-- --------------------------------------------------------

-- 
-- Структура таблицы `superadmin`
-- 

CREATE TABLE `superadmin` (
  `id` int(10) unsigned NOT NULL auto_increment,
  `login` varchar(20) NOT NULL default '',
  `pass` varchar(50) NOT NULL default '',
  PRIMARY KEY  (`id`,`login`)
) ENGINE=MyISAM DEFAULT CHARSET=cp1251 AUTO_INCREMENT=1 ;

-- 
-- Дамп данных таблицы `superadmin`
-- 


-- --------------------------------------------------------

-- 
-- Структура таблицы `top_ip`
-- 

CREATE TABLE `top_ip` (
  `id_operator` int(10) unsigned NOT NULL default '0',
  `ip1` int(10) unsigned NOT NULL default '0',
  `ip2` int(10) unsigned NOT NULL default '0'
) ENGINE=MyISAM DEFAULT CHARSET=cp1251;

-- 
-- Дамп данных таблицы `top_ip`
-- 

INSERT INTO `top_ip` VALUES (1, 1402273792, 1402275839);
INSERT INTO `top_ip` VALUES (2, 1402277888, 1402278911);
INSERT INTO `top_ip` VALUES (3, 1402279936, 1402280959);
INSERT INTO `top_ip` VALUES (4, 1402281984, 1402283007);
INSERT INTO `top_ip` VALUES (5, 1402284032, 1402285055);
INSERT INTO `top_ip` VALUES (6, 1402286080, 1402287103);
INSERT INTO `top_ip` VALUES (7, 1402287104, 1402288127);
INSERT INTO `top_ip` VALUES (8, 3251233792, 3251234815);
INSERT INTO `top_ip` VALUES (9, 3582031776, 3582031807);
INSERT INTO `top_ip` VALUES (10, 1427812352, 1427813375);
INSERT INTO `top_ip` VALUES (11, 1402278912, 1402279935);
INSERT INTO `top_ip` VALUES (12, 1346621440, 1346622463);
INSERT INTO `top_ip` VALUES (13, 1402275840, 1402276863);
INSERT INTO `top_ip` VALUES (14, 1433657344, 1433657599);
INSERT INTO `top_ip` VALUES (15, 3648405504, 3648406527);
INSERT INTO `top_ip` VALUES (16, 3648406528, 3648407551);
INSERT INTO `top_ip` VALUES (17, 3648408576, 3648409599);
INSERT INTO `top_ip` VALUES (18, 3648409600, 3648410623);
INSERT INTO `top_ip` VALUES (19, 3648410624, 3648411647);
INSERT INTO `top_ip` VALUES (20, 3648411648, 3648412671);
INSERT INTO `top_ip` VALUES (21, 3648412672, 3648413695);
INSERT INTO `top_ip` VALUES (22, 1047070464, 1047072255);
INSERT INTO `top_ip` VALUES (23, 1401450496, 1401450751);
INSERT INTO `top_ip` VALUES (24, 1401451520, 1401451775);
INSERT INTO `top_ip` VALUES (25, 1425981440, 1425997823);
INSERT INTO `top_ip` VALUES (26, 1441366016, 1441371903);
INSERT INTO `top_ip` VALUES (27, 1494507776, 1494508031);
INSERT INTO `top_ip` VALUES (28, 3272364544, 3272364799);
INSERT INTO `top_ip` VALUES (29, 3564675072, 3564675583);
INSERT INTO `top_ip` VALUES (30, 3564676832, 3564676863);
INSERT INTO `top_ip` VALUES (31, 3571187712, 3571191807);
INSERT INTO `top_ip` VALUES (32, 3641816064, 3641816319);
INSERT INTO `top_ip` VALUES (33, 3641816576, 3641816831);
INSERT INTO `top_ip` VALUES (34, 1347599104, 1347599359);
INSERT INTO `top_ip` VALUES (35, 3588519936, 3588520063);
INSERT INTO `top_ip` VALUES (36, 1360163840, 1360164351);
INSERT INTO `top_ip` VALUES (37, 1360162816, 1360166911);
INSERT INTO `top_ip` VALUES (38, 3274599168, 3274599423);
INSERT INTO `top_ip` VALUES (39, 3283979776, 3283980287);
INSERT INTO `top_ip` VALUES (40, 3242554368, 3242554495);
INSERT INTO `top_ip` VALUES (41, 1357411584, 1357411839);
INSERT INTO `top_ip` VALUES (42, 3588390912, 3588391935);
INSERT INTO `top_ip` VALUES (43, 3274702592, 3274702847);
INSERT INTO `top_ip` VALUES (44, 3253698560, 3253699071);
INSERT INTO `top_ip` VALUES (45, 3650368512, 3650368767);
INSERT INTO `top_ip` VALUES (46, 3650367488, 3650368511);
INSERT INTO `top_ip` VALUES (47, 3278955480, 3278955515);
INSERT INTO `top_ip` VALUES (48, 3278956288, 3278956543);
INSERT INTO `top_ip` VALUES (49, 3278960128, 3278960383);
INSERT INTO `top_ip` VALUES (50, 3648294912, 3648295935);
INSERT INTO `top_ip` VALUES (51, 1481787392, 1481787647);
INSERT INTO `top_ip` VALUES (52, 3652001536, 3652001599);
INSERT INTO `top_ip` VALUES (53, 1506762752, 1506764799);
INSERT INTO `top_ip` VALUES (54, 1052193280, 1052193535);
INSERT INTO `top_ip` VALUES (55, 1347125248, 1347125759);
INSERT INTO `top_ip` VALUES (56, 1347126528, 1347127167);
INSERT INTO `top_ip` VALUES (57, 1358118912, 1358119423);
INSERT INTO `top_ip` VALUES (58, 1358119424, 1358120703);
INSERT INTO `top_ip` VALUES (59, 1386348544, 1386414079);
INSERT INTO `top_ip` VALUES (60, 3651751936, 3651752191);
INSERT INTO `top_ip` VALUES (61, 3651752192, 3651752447);
INSERT INTO `top_ip` VALUES (62, 3651755008, 3651756031);
INSERT INTO `top_ip` VALUES (63, 3287244288, 3287244543);
INSERT INTO `top_ip` VALUES (64, 3273026560, 3273027583);
INSERT INTO `top_ip` VALUES (65, 3273026560, 3273027583);
INSERT INTO `top_ip` VALUES (66, 3240705024, 3240706047);
INSERT INTO `top_ip` VALUES (67, 3560612352, 3560612863);
INSERT INTO `top_ip` VALUES (68, 3560612864, 3560613887);
INSERT INTO `top_ip` VALUES (69, 1360467968, 1360470015);
INSERT INTO `top_ip` VALUES (70, 1360465920, 1360467967);
INSERT INTO `top_ip` VALUES (71, 1536286720, 1536294911);
INSERT INTO `top_ip` VALUES (72, 1536278528, 1536286719);
INSERT INTO `top_ip` VALUES (73, 1333559296, 1333592063);
INSERT INTO `top_ip` VALUES (74, 3560615936, 3560620031);
INSERT INTO `top_ip` VALUES (75, 3560611840, 3560612095);
INSERT INTO `top_ip` VALUES (76, 3560613888, 3560615935);
INSERT INTO `top_ip` VALUES (77, 1346736128, 1346737151);
INSERT INTO `top_ip` VALUES (78, 3260286336, 3260286463);
INSERT INTO `top_ip` VALUES (79, 3645731072, 3645731079);
INSERT INTO `top_ip` VALUES (80, 1310210048, 1310211071);
INSERT INTO `top_ip` VALUES (81, 1536099328, 1536099839);
INSERT INTO `top_ip` VALUES (82, 3587219456, 3587219711);
INSERT INTO `top_ip` VALUES (83, 1389383040, 1389383167);
INSERT INTO `top_ip` VALUES (84, 1432330240, 1432334335);
INSERT INTO `top_ip` VALUES (85, 3282161664, 3282163711);
INSERT INTO `top_ip` VALUES (86, 3282171904, 3282173951);
INSERT INTO `top_ip` VALUES (87, 3585171456, 3585174271);
INSERT INTO `top_ip` VALUES (88, 3267008512, 3267008767);
INSERT INTO `top_ip` VALUES (89, 3277992448, 3277992959);
INSERT INTO `top_ip` VALUES (90, 1404862464, 1404870655);
INSERT INTO `top_ip` VALUES (91, 1404846080, 1404854271);
INSERT INTO `top_ip` VALUES (92, 1404854272, 1404862463);
INSERT INTO `top_ip` VALUES (93, 1404837888, 1404846079);
INSERT INTO `top_ip` VALUES (94, 1404829696, 1404837887);
INSERT INTO `top_ip` VALUES (95, 1518927872, 1518944255);
INSERT INTO `top_ip` VALUES (96, 1518993408, 1519058943);
INSERT INTO `top_ip` VALUES (97, 2197028864, 2197094399);
INSERT INTO `top_ip` VALUES (98, 1406740480, 1406746623);
INSERT INTO `top_ip` VALUES (99, 3564593152, 3564593919);
INSERT INTO `top_ip` VALUES (100, 3564595968, 3564596735);
INSERT INTO `top_ip` VALUES (101, 3564599808, 3564601343);
INSERT INTO `top_ip` VALUES (102, 3565248512, 3565250047);
INSERT INTO `top_ip` VALUES (103, 3565250048, 3565250559);
INSERT INTO `top_ip` VALUES (104, 3565250560, 3565254655);
INSERT INTO `top_ip` VALUES (105, 3578853376, 3578854079);
INSERT INTO `top_ip` VALUES (106, 3648212992, 3648217087);

-- --------------------------------------------------------

-- 
-- Структура таблицы `top_operators`
-- 

CREATE TABLE `top_operators` (
  `id` int(10) unsigned NOT NULL default '0',
  `name` varchar(50) NOT NULL default '',
  `label` varchar(25) NOT NULL default '',
  `tld` varchar(10) NOT NULL default '',
  `country` varchar(50) NOT NULL default '',
  `publish` smallint(5) unsigned NOT NULL default '0',
  PRIMARY KEY  (`id`)
) ENGINE=MyISAM DEFAULT CHARSET=cp1251;

-- 
-- Дамп данных таблицы `top_operators`
-- 

INSERT INTO `top_operators` VALUES (1, 'Megafon', '', '', 'RU', 0);
INSERT INTO `top_operators` VALUES (2, 'Megafon', '', '', 'RU', 0);
INSERT INTO `top_operators` VALUES (3, 'Megafon', '', '', 'RU', 0);
INSERT INTO `top_operators` VALUES (4, 'Megafon', '', '', 'RU', 0);
INSERT INTO `top_operators` VALUES (5, 'Megafon', '', '', 'RU', 0);
INSERT INTO `top_operators` VALUES (6, 'Megafon', '', '', 'RU', 0);
INSERT INTO `top_operators` VALUES (7, 'Megafon', '', '', 'RU', 0);
INSERT INTO `top_operators` VALUES (8, 'Megafon', '', '', 'RU', 0);
INSERT INTO `top_operators` VALUES (9, 'Megafon', '', '', 'RU', 0);
INSERT INTO `top_operators` VALUES (10, 'Megafon', '', '', 'RU', 0);
INSERT INTO `top_operators` VALUES (11, 'Megafon', '', '', 'RU', 0);
INSERT INTO `top_operators` VALUES (12, 'Megafon', '', '', 'RU', 0);
INSERT INTO `top_operators` VALUES (13, 'Megafon', '', '', 'RU', 0);
INSERT INTO `top_operators` VALUES (14, 'Beeline', '', '', 'RU', 0);
INSERT INTO `top_operators` VALUES (15, 'Beeline', '', '', 'RU', 0);
INSERT INTO `top_operators` VALUES (16, 'Beeline', '', '', 'RU', 0);
INSERT INTO `top_operators` VALUES (17, 'Beeline', '', '', 'RU', 0);
INSERT INTO `top_operators` VALUES (18, 'Beeline', '', '', 'RU', 0);
INSERT INTO `top_operators` VALUES (19, 'Beeline', '', '', 'RU', 0);
INSERT INTO `top_operators` VALUES (20, 'Beeline', '', '', 'RU', 0);
INSERT INTO `top_operators` VALUES (21, 'Beeline', '', '', 'RU', 0);
INSERT INTO `top_operators` VALUES (22, 'Utel', '', '', 'RU', 0);
INSERT INTO `top_operators` VALUES (23, 'Utel', '', '', 'RU', 0);
INSERT INTO `top_operators` VALUES (24, 'Utel', '', '', 'RU', 0);
INSERT INTO `top_operators` VALUES (25, 'Utel', '', '', 'RU', 0);
INSERT INTO `top_operators` VALUES (26, 'Utel', '', '', 'RU', 0);
INSERT INTO `top_operators` VALUES (27, 'Utel', '', '', 'RU', 0);
INSERT INTO `top_operators` VALUES (28, 'Utel', '', '', 'RU', 0);
INSERT INTO `top_operators` VALUES (29, 'Utel', '', '', 'RU', 0);
INSERT INTO `top_operators` VALUES (30, 'Utel', '', '', 'RU', 0);
INSERT INTO `top_operators` VALUES (31, 'Utel', '', '', 'RU', 0);
INSERT INTO `top_operators` VALUES (32, 'Utel', '', '', 'RU', 0);
INSERT INTO `top_operators` VALUES (33, 'Utel', '', '', 'RU', 0);
INSERT INTO `top_operators` VALUES (34, 'BWC', '', '', 'RU', 0);
INSERT INTO `top_operators` VALUES (35, 'BWC', '', '', 'RU', 0);
INSERT INTO `top_operators` VALUES (36, 'BWC', '', '', 'RU', 0);
INSERT INTO `top_operators` VALUES (37, 'BWC', '', '', 'RU', 0);
INSERT INTO `top_operators` VALUES (38, 'BWC', '', '', 'RU', 0);
INSERT INTO `top_operators` VALUES (39, 'Opera Mini', '', '', '', 0);
INSERT INTO `top_operators` VALUES (40, 'Opera Mini', '', '', '', 0);
INSERT INTO `top_operators` VALUES (41, 'Opera Mini', '', '', '', 0);
INSERT INTO `top_operators` VALUES (42, 'BITE', '', '', 'LT', 0);
INSERT INTO `top_operators` VALUES (43, 'KCELL', '', '', 'KZ', 0);
INSERT INTO `top_operators` VALUES (44, 'WELLCOM', '', '', 'BL', 0);
INSERT INTO `top_operators` VALUES (45, 'Motiv', '', '', 'RU', 0);
INSERT INTO `top_operators` VALUES (46, 'Motiv', '', '', 'RU', 0);
INSERT INTO `top_operators` VALUES (47, 'Р•РўРљ', '', '', 'RU', 0);
INSERT INTO `top_operators` VALUES (48, 'Р•РўРљ', '', '', 'RU', 0);
INSERT INTO `top_operators` VALUES (49, 'Р•РўРљ', '', '', 'RU', 0);
INSERT INTO `top_operators` VALUES (50, 'STEK GSM', '', '', 'RU', 0);
INSERT INTO `top_operators` VALUES (51, 'Tatinkom-T', '', '', 'RU', 0);
INSERT INTO `top_operators` VALUES (52, 'Tatinkom-T', '', '', 'RU', 0);
INSERT INTO `top_operators` VALUES (53, 'Tatinkom-T', '', '', 'RU', 0);
INSERT INTO `top_operators` VALUES (54, 'MTT', '', '', 'RU', 0);
INSERT INTO `top_operators` VALUES (55, 'MTT', '', '', 'RU', 0);
INSERT INTO `top_operators` VALUES (56, 'MTT', '', '', 'RU', 0);
INSERT INTO `top_operators` VALUES (57, 'РќРўРљ', '', '', 'RU', 0);
INSERT INTO `top_operators` VALUES (58, 'РќРўРљ', '', '', 'RU', 0);
INSERT INTO `top_operators` VALUES (59, 'AKOC', '', '', 'RU', 0);
INSERT INTO `top_operators` VALUES (60, 'Digital Expansion', '', '', 'RU', 0);
INSERT INTO `top_operators` VALUES (61, 'Digital Expansion', '', '', 'RU', 0);
INSERT INTO `top_operators` VALUES (62, 'Digital Expansion', '', '', 'RU', 0);
INSERT INTO `top_operators` VALUES (63, 'Indigo', '', '', 'RU', 0);
INSERT INTO `top_operators` VALUES (64, 'Indigo', '', '', 'RU', 0);
INSERT INTO `top_operators` VALUES (65, 'BASHCELL', '', '', 'RU', 0);
INSERT INTO `top_operators` VALUES (66, 'KievStar', '', '', 'UA', 0);
INSERT INTO `top_operators` VALUES (67, 'KievStar', '', '', 'UA', 0);
INSERT INTO `top_operators` VALUES (68, 'KievStar', '', '', 'UA', 0);
INSERT INTO `top_operators` VALUES (69, 'KievStar', '', '', 'UA', 0);
INSERT INTO `top_operators` VALUES (70, 'KievStar', '', '', 'UA', 0);
INSERT INTO `top_operators` VALUES (71, 'life:)', '', '', 'UA', 0);
INSERT INTO `top_operators` VALUES (72, 'life:)', '', '', 'UA', 0);
INSERT INTO `top_operators` VALUES (73, 'life:)', '', '', 'UA', 0);
INSERT INTO `top_operators` VALUES (74, 'life:)', '', '', 'UA', 0);
INSERT INTO `top_operators` VALUES (75, 'life:)', '', '', 'UA', 0);
INSERT INTO `top_operators` VALUES (76, 'life:)', '', '', 'UA', 0);
INSERT INTO `top_operators` VALUES (77, 'CMAPTC', '', '', 'RU', 0);
INSERT INTO `top_operators` VALUES (78, 'CMAPTC', '', '', 'RU', 0);
INSERT INTO `top_operators` VALUES (79, 'CMAPTC', '', '', 'RU', 0);
INSERT INTO `top_operators` VALUES (80, 'CMAPTC', '', '', 'RU', 0);
INSERT INTO `top_operators` VALUES (81, 'CMAPTC', '', '', 'RU', 0);
INSERT INTO `top_operators` VALUES (82, 'CMAPTC', '', '', 'RU', 0);
INSERT INTO `top_operators` VALUES (83, 'HCC', '', '', 'RU', 0);
INSERT INTO `top_operators` VALUES (84, 'HCC', '', '', 'RU', 0);
INSERT INTO `top_operators` VALUES (85, 'HCC', '', '', 'RU', 0);
INSERT INTO `top_operators` VALUES (86, 'HCC', '', '', 'RU', 0);
INSERT INTO `top_operators` VALUES (87, 'HCC', '', '', 'RU', 0);
INSERT INTO `top_operators` VALUES (88, 'HCC', '', '', 'RU', 0);
INSERT INTO `top_operators` VALUES (89, 'HCC', '', '', 'RU', 0);
INSERT INTO `top_operators` VALUES (90, 'TELE2', '', '', 'RU', 0);
INSERT INTO `top_operators` VALUES (91, 'TELE2', '', '', 'RU', 0);
INSERT INTO `top_operators` VALUES (92, 'TELE2', '', '', 'RU', 0);
INSERT INTO `top_operators` VALUES (93, 'TELE2', '', '', 'RU', 0);
INSERT INTO `top_operators` VALUES (94, 'TELE2', '', '', 'RU', 0);
INSERT INTO `top_operators` VALUES (95, 'TELE2', '', '', 'RU', 0);
INSERT INTO `top_operators` VALUES (96, 'TELE2', '', '', 'RU', 0);
INSERT INTO `top_operators` VALUES (97, 'TELE2', '', '', 'RU', 0);
INSERT INTO `top_operators` VALUES (98, 'Sky Link', '', '', 'RU', 0);
INSERT INTO `top_operators` VALUES (99, 'Sky Link', '', '', 'RU', 0);
INSERT INTO `top_operators` VALUES (100, 'Sky Link', '', '', 'RU', 0);
INSERT INTO `top_operators` VALUES (101, 'Sky Link', '', '', 'RU', 0);
INSERT INTO `top_operators` VALUES (102, 'Sky Link', '', '', 'RU', 0);
INSERT INTO `top_operators` VALUES (103, 'Sky Link', '', '', 'RU', 0);
INSERT INTO `top_operators` VALUES (104, 'Sky Link', '', '', 'RU', 0);
INSERT INTO `top_operators` VALUES (105, 'Sky Link', '', '', 'RU', 0);
INSERT INTO `top_operators` VALUES (106, 'Sky Link', '', '', 'RU', 0);

-- --------------------------------------------------------

-- 
-- Структура таблицы `top_operators_stat`
-- 

CREATE TABLE `top_operators_stat` (
  `id` int(10) unsigned NOT NULL auto_increment,
  `uid` int(10) unsigned NOT NULL default '0',
  `next_mon` int(10) unsigned NOT NULL default '0',
  `date` int(10) unsigned NOT NULL default '0',
  `day_week` smallint(5) unsigned NOT NULL default '0',
  `id_operator` int(10) unsigned NOT NULL default '0',
  `count` int(10) unsigned NOT NULL default '0',
  PRIMARY KEY  (`id`)
) ENGINE=MyISAM DEFAULT CHARSET=cp1251 AUTO_INCREMENT=3121 ;

-- 
-- Дамп данных таблицы `top_operators_stat`
-- 

INSERT INTO `top_operators_stat` VALUES (2922, 31, 20081006, 20081001, 3, 0, 6);
INSERT INTO `top_operators_stat` VALUES (2832, 30, 20081006, 20080930, 2, 0, 7);
INSERT INTO `top_operators_stat` VALUES (3069, 22, 20081006, 20081003, 5, 39, 1);
INSERT INTO `top_operators_stat` VALUES (2831, 9, 20081006, 20080930, 2, 39, 26);
INSERT INTO `top_operators_stat` VALUES (3068, 27, 20081006, 20081003, 5, 21, 2);
INSERT INTO `top_operators_stat` VALUES (2829, 16, 20081006, 20080930, 2, 0, 5);
INSERT INTO `top_operators_stat` VALUES (2828, 31, 20081006, 20080930, 2, 0, 10);
INSERT INTO `top_operators_stat` VALUES (2858, 25, 20081006, 20080930, 2, 0, 1);
INSERT INTO `top_operators_stat` VALUES (3067, 11, 20081006, 20081003, 5, 38, 1);
INSERT INTO `top_operators_stat` VALUES (2827, 27, 20081006, 20080930, 2, 0, 13);
INSERT INTO `top_operators_stat` VALUES (3109, 31, 20081006, 20081004, 6, 0, 2);
INSERT INTO `top_operators_stat` VALUES (2826, 27, 20081006, 20080930, 2, 39, 17);
INSERT INTO `top_operators_stat` VALUES (1867, 28, 20080922, 20080918, 4, 41, 1);
INSERT INTO `top_operators_stat` VALUES (3108, 11, 20081006, 20081004, 6, 39, 1);
INSERT INTO `top_operators_stat` VALUES (2825, 17, 20081006, 20080930, 2, 0, 43);
INSERT INTO `top_operators_stat` VALUES (3066, 10, 20081006, 20081003, 5, 39, 2);
INSERT INTO `top_operators_stat` VALUES (3086, 33, 20081006, 20081003, 5, 80, 1);
INSERT INTO `top_operators_stat` VALUES (2824, 30, 20081006, 20080930, 2, 80, 23);
INSERT INTO `top_operators_stat` VALUES (2921, 30, 20081006, 20081001, 3, 3, 1);
INSERT INTO `top_operators_stat` VALUES (3065, 23, 20081006, 20081003, 5, 69, 3);
INSERT INTO `top_operators_stat` VALUES (2857, 11, 20081006, 20080930, 2, 39, 4);
INSERT INTO `top_operators_stat` VALUES (2856, 30, 20081006, 20080930, 2, 19, 1);
INSERT INTO `top_operators_stat` VALUES (2944, 25, 20081006, 20081001, 3, 0, 2);
INSERT INTO `top_operators_stat` VALUES (2807, 2, 20081006, 20080929, 1, 0, 1);
INSERT INTO `top_operators_stat` VALUES (2823, 17, 20081006, 20080929, 1, 39, 1);
INSERT INTO `top_operators_stat` VALUES (2943, 30, 20081006, 20081001, 3, 42, 1);
INSERT INTO `top_operators_stat` VALUES (2919, 29, 20081006, 20081001, 3, 20, 1);
INSERT INTO `top_operators_stat` VALUES (2822, 23, 20081006, 20080929, 1, 0, 1);
INSERT INTO `top_operators_stat` VALUES (175, 13, 20080908, 20080901, 1, 39, 1);
INSERT INTO `top_operators_stat` VALUES (3064, 29, 20081006, 20081003, 5, 18, 2);
INSERT INTO `top_operators_stat` VALUES (2806, 25, 20081006, 20080929, 1, 39, 1);
INSERT INTO `top_operators_stat` VALUES (3106, 33, 20081006, 20081004, 6, 39, 1);
INSERT INTO `top_operators_stat` VALUES (3062, 30, 20081006, 20081003, 5, 80, 10);
INSERT INTO `top_operators_stat` VALUES (3061, 30, 20081006, 20081003, 5, 72, 1);
INSERT INTO `top_operators_stat` VALUES (2918, 31, 20081006, 20081001, 3, 39, 10);
INSERT INTO `top_operators_stat` VALUES (3060, 33, 20081006, 20081003, 5, 72, 1);
INSERT INTO `top_operators_stat` VALUES (3059, 30, 20081006, 20081003, 5, 43, 1);
INSERT INTO `top_operators_stat` VALUES (2872, 30, 20081006, 20080930, 2, 36, 1);
INSERT INTO `top_operators_stat` VALUES (2941, 29, 20081006, 20081001, 3, 21, 1);
INSERT INTO `top_operators_stat` VALUES (2917, 10, 20081006, 20081001, 3, 36, 1);
INSERT INTO `top_operators_stat` VALUES (3056, 30, 20081006, 20081003, 5, 39, 8);
INSERT INTO `top_operators_stat` VALUES (2805, 6, 20081006, 20080929, 1, 46, 1);
INSERT INTO `top_operators_stat` VALUES (3085, 25, 20081006, 20081003, 5, 37, 1);
INSERT INTO `top_operators_stat` VALUES (2853, 30, 20081006, 20080930, 2, 10, 2);
INSERT INTO `top_operators_stat` VALUES (2916, 29, 20081006, 20081001, 3, 39, 15);
INSERT INTO `top_operators_stat` VALUES (3105, 31, 20081006, 20081004, 6, 39, 1);
INSERT INTO `top_operators_stat` VALUES (2915, 16, 20081006, 20081001, 3, 44, 1);
INSERT INTO `top_operators_stat` VALUES (2820, 9, 20081006, 20080929, 1, 21, 1);
INSERT INTO `top_operators_stat` VALUES (2914, 16, 20081006, 20081001, 3, 39, 4);
INSERT INTO `top_operators_stat` VALUES (2819, 22, 20081006, 20080929, 1, 97, 2);
INSERT INTO `top_operators_stat` VALUES (2312, 14, 20080929, 20080924, 3, 0, 1);
INSERT INTO `top_operators_stat` VALUES (2818, 27, 20081006, 20080929, 1, 2, 4);
INSERT INTO `top_operators_stat` VALUES (2414, 18, 20080929, 20080925, 4, 73, 1);
INSERT INTO `top_operators_stat` VALUES (3053, 33, 20081006, 20081003, 5, 74, 1);
INSERT INTO `top_operators_stat` VALUES (2816, 23, 20081006, 20080929, 1, 83, 1);
INSERT INTO `top_operators_stat` VALUES (3052, 6, 20081006, 20081003, 5, 14, 1);
INSERT INTO `top_operators_stat` VALUES (3051, 25, 20081006, 20081003, 5, 0, 4);
INSERT INTO `top_operators_stat` VALUES (3050, 6, 20081006, 20081003, 5, 44, 1);
INSERT INTO `top_operators_stat` VALUES (2815, 9, 20081006, 20080929, 1, 73, 1);
INSERT INTO `top_operators_stat` VALUES (2814, 30, 20081006, 20080929, 1, 69, 1);
INSERT INTO `top_operators_stat` VALUES (3048, 11, 20081006, 20081003, 5, 39, 5);
INSERT INTO `top_operators_stat` VALUES (3047, 30, 20081006, 20081003, 5, 0, 10);
INSERT INTO `top_operators_stat` VALUES (2813, 31, 20081006, 20080929, 1, 15, 1);
INSERT INTO `top_operators_stat` VALUES (2940, 6, 20081006, 20081001, 3, 39, 2);
INSERT INTO `top_operators_stat` VALUES (3046, 27, 20081006, 20081003, 5, 97, 1);
INSERT INTO `top_operators_stat` VALUES (3045, 10, 20081006, 20081003, 5, 13, 1);
INSERT INTO `top_operators_stat` VALUES (3044, 10, 20081006, 20081003, 5, 44, 2);
INSERT INTO `top_operators_stat` VALUES (3084, 6, 20081006, 20081003, 5, 0, 1);
INSERT INTO `top_operators_stat` VALUES (2851, 27, 20081006, 20080930, 2, 10, 1);
INSERT INTO `top_operators_stat` VALUES (2871, 23, 20081006, 20080930, 2, 39, 9);
INSERT INTO `top_operators_stat` VALUES (2913, 11, 20081006, 20081001, 3, 0, 3);
INSERT INTO `top_operators_stat` VALUES (2850, 10, 20081006, 20080930, 2, 39, 6);
INSERT INTO `top_operators_stat` VALUES (3042, 29, 20081006, 20081003, 5, 39, 21);
INSERT INTO `top_operators_stat` VALUES (337, 21, 20080908, 20080902, 2, 0, 1);
INSERT INTO `top_operators_stat` VALUES (2939, 11, 20081006, 20081001, 3, 19, 1);
INSERT INTO `top_operators_stat` VALUES (343, 21, 20080908, 20080903, 3, 0, 24);
INSERT INTO `top_operators_stat` VALUES (2849, 9, 20081006, 20080930, 2, 44, 1);
INSERT INTO `top_operators_stat` VALUES (3041, 29, 20081006, 20081003, 5, 0, 11);
INSERT INTO `top_operators_stat` VALUES (2912, 10, 20081006, 20081001, 3, 39, 1);
INSERT INTO `top_operators_stat` VALUES (3040, 31, 20081006, 20081003, 5, 0, 17);
INSERT INTO `top_operators_stat` VALUES (3039, 27, 20081006, 20081003, 5, 39, 18);
INSERT INTO `top_operators_stat` VALUES (2911, 9, 20081006, 20081001, 3, 39, 18);
INSERT INTO `top_operators_stat` VALUES (362, 21, 20080908, 20080903, 3, 44, 1);
INSERT INTO `top_operators_stat` VALUES (363, 21, 20080908, 20080903, 3, 46, 1);
INSERT INTO `top_operators_stat` VALUES (367, 21, 20080908, 20080903, 3, 39, 1);
INSERT INTO `top_operators_stat` VALUES (369, 21, 20080908, 20080903, 3, 1, 1);
INSERT INTO `top_operators_stat` VALUES (2910, 22, 20081006, 20081001, 3, 41, 2);
INSERT INTO `top_operators_stat` VALUES (374, 21, 20080908, 20080903, 3, 73, 1);
INSERT INTO `top_operators_stat` VALUES (375, 21, 20080908, 20080903, 3, 69, 1);
INSERT INTO `top_operators_stat` VALUES (376, 21, 20080908, 20080903, 3, 36, 1);
INSERT INTO `top_operators_stat` VALUES (1809, 28, 20080922, 20080918, 4, 0, 36);
INSERT INTO `top_operators_stat` VALUES (3037, 31, 20081006, 20081003, 5, 69, 5);
INSERT INTO `top_operators_stat` VALUES (1805, 28, 20080922, 20080918, 4, 39, 56);
INSERT INTO `top_operators_stat` VALUES (1804, 28, 20080922, 20080918, 4, 72, 4);
INSERT INTO `top_operators_stat` VALUES (1803, 28, 20080922, 20080918, 4, 1, 1);
INSERT INTO `top_operators_stat` VALUES (3103, 31, 20081006, 20081004, 6, 69, 1);
INSERT INTO `top_operators_stat` VALUES (2909, 9, 20081006, 20081001, 3, 14, 1);
INSERT INTO `top_operators_stat` VALUES (2848, 27, 20081006, 20080930, 2, 17, 1);
INSERT INTO `top_operators_stat` VALUES (3035, 33, 20081006, 20081003, 5, 39, 20);
INSERT INTO `top_operators_stat` VALUES (3034, 31, 20081006, 20081003, 5, 39, 13);
INSERT INTO `top_operators_stat` VALUES (3033, 27, 20081006, 20081003, 5, 0, 15);
INSERT INTO `top_operators_stat` VALUES (3102, 10, 20081006, 20081004, 6, 0, 8);
INSERT INTO `top_operators_stat` VALUES (2847, 6, 20081006, 20080930, 2, 39, 5);
INSERT INTO `top_operators_stat` VALUES (3032, 27, 20081006, 20081003, 5, 15, 1);
INSERT INTO `top_operators_stat` VALUES (2908, 27, 20081006, 20081001, 3, 39, 8);
INSERT INTO `top_operators_stat` VALUES (3101, 31, 20081006, 20081004, 6, 3, 4);
INSERT INTO `top_operators_stat` VALUES (2937, 6, 20081006, 20081001, 3, 0, 3);
INSERT INTO `top_operators_stat` VALUES (3029, 27, 20081006, 20081002, 4, 11, 1);
INSERT INTO `top_operators_stat` VALUES (3028, 25, 20081006, 20081002, 4, 39, 1);
INSERT INTO `top_operators_stat` VALUES (2846, 31, 20081006, 20080930, 2, 39, 16);
INSERT INTO `top_operators_stat` VALUES (3027, 27, 20081006, 20081002, 4, 93, 3);
INSERT INTO `top_operators_stat` VALUES (2811, 6, 20081006, 20080929, 1, 72, 1);
INSERT INTO `top_operators_stat` VALUES (2907, 31, 20081006, 20081001, 3, 69, 2);
INSERT INTO `top_operators_stat` VALUES (3026, 6, 20081006, 20081002, 4, 44, 1);
INSERT INTO `top_operators_stat` VALUES (2906, 27, 20081006, 20081001, 3, 0, 7);
INSERT INTO `top_operators_stat` VALUES (1858, 28, 20080922, 20080918, 4, 71, 1);
INSERT INTO `top_operators_stat` VALUES (2810, 30, 20081006, 20080929, 1, 94, 1);
INSERT INTO `top_operators_stat` VALUES (3099, 27, 20081006, 20081004, 6, 39, 3);
INSERT INTO `top_operators_stat` VALUES (3098, 27, 20081006, 20081004, 6, 0, 1);
INSERT INTO `top_operators_stat` VALUES (3025, 16, 20081006, 20081002, 4, 44, 1);
INSERT INTO `top_operators_stat` VALUES (2809, 10, 20081006, 20080929, 1, 15, 1);
INSERT INTO `top_operators_stat` VALUES (3083, 33, 20081006, 20081003, 5, 73, 1);
INSERT INTO `top_operators_stat` VALUES (3023, 30, 20081006, 20081002, 4, 97, 1);
INSERT INTO `top_operators_stat` VALUES (3022, 23, 20081006, 20081002, 4, 6, 1);
INSERT INTO `top_operators_stat` VALUES (1798, 28, 20080922, 20080918, 4, 73, 12);
INSERT INTO `top_operators_stat` VALUES (2904, 16, 20081006, 20081001, 3, 70, 2);
INSERT INTO `top_operators_stat` VALUES (3021, 11, 20081006, 20081002, 4, 39, 1);
INSERT INTO `top_operators_stat` VALUES (2903, 11, 20081006, 20081001, 3, 39, 3);
INSERT INTO `top_operators_stat` VALUES (3097, 31, 20081006, 20081003, 5, 3, 1);
INSERT INTO `top_operators_stat` VALUES (3082, 2, 20081006, 20081003, 5, 0, 4);
INSERT INTO `top_operators_stat` VALUES (2902, 33, 20081006, 20081001, 3, 39, 30);
INSERT INTO `top_operators_stat` VALUES (3020, 16, 20081006, 20081002, 4, 39, 2);
INSERT INTO `top_operators_stat` VALUES (2869, 30, 20081006, 20080930, 2, 88, 1);
INSERT INTO `top_operators_stat` VALUES (3081, 11, 20081006, 20081003, 5, 74, 1);
INSERT INTO `top_operators_stat` VALUES (3018, 6, 20081006, 20081002, 4, 97, 1);
INSERT INTO `top_operators_stat` VALUES (2803, 29, 20081006, 20080929, 1, 5, 1);
INSERT INTO `top_operators_stat` VALUES (3080, 33, 20081006, 20081003, 5, 42, 1);
INSERT INTO `top_operators_stat` VALUES (2868, 30, 20081006, 20080930, 2, 84, 1);
INSERT INTO `top_operators_stat` VALUES (2793, 31, 20081006, 20080929, 1, 43, 1);
INSERT INTO `top_operators_stat` VALUES (3096, 2, 20081006, 20081003, 5, 38, 1);
INSERT INTO `top_operators_stat` VALUES (2901, 9, 20081006, 20081001, 3, 0, 26);
INSERT INTO `top_operators_stat` VALUES (2900, 16, 20081006, 20081001, 3, 0, 5);
INSERT INTO `top_operators_stat` VALUES (3017, 2, 20081006, 20081002, 4, 39, 1);
INSERT INTO `top_operators_stat` VALUES (3016, 33, 20081006, 20081002, 4, 39, 2);
INSERT INTO `top_operators_stat` VALUES (3015, 23, 20081006, 20081002, 4, 0, 2);
INSERT INTO `top_operators_stat` VALUES (3014, 30, 20081006, 20081002, 4, 80, 3);
INSERT INTO `top_operators_stat` VALUES (2802, 6, 20081006, 20080929, 1, 94, 1);
INSERT INTO `top_operators_stat` VALUES (3013, 25, 20081006, 20081002, 4, 17, 1);
INSERT INTO `top_operators_stat` VALUES (2898, 33, 20081006, 20081001, 3, 0, 16);
INSERT INTO `top_operators_stat` VALUES (2791, 2, 20081006, 20080929, 1, 80, 1);
INSERT INTO `top_operators_stat` VALUES (3012, 33, 20081006, 20081002, 4, 19, 2);
INSERT INTO `top_operators_stat` VALUES (3011, 33, 20081006, 20081002, 4, 0, 5);
INSERT INTO `top_operators_stat` VALUES (2867, 22, 20081006, 20080930, 2, 0, 1);
INSERT INTO `top_operators_stat` VALUES (2842, 27, 20081006, 20080930, 2, 72, 1);
INSERT INTO `top_operators_stat` VALUES (2934, 9, 20081006, 20081001, 3, 5, 1);
INSERT INTO `top_operators_stat` VALUES (3095, 25, 20081006, 20081003, 5, 15, 1);
INSERT INTO `top_operators_stat` VALUES (3010, 6, 20081006, 20081002, 4, 96, 2);
INSERT INTO `top_operators_stat` VALUES (3009, 6, 20081006, 20081002, 4, 73, 3);
INSERT INTO `top_operators_stat` VALUES (2801, 10, 20081006, 20080929, 1, 69, 1);
INSERT INTO `top_operators_stat` VALUES (3078, 30, 20081006, 20081003, 5, 73, 1);
INSERT INTO `top_operators_stat` VALUES (3008, 30, 20081006, 20081002, 4, 39, 4);
INSERT INTO `top_operators_stat` VALUES (2933, 29, 20081006, 20081001, 3, 0, 11);
INSERT INTO `top_operators_stat` VALUES (2896, 9, 20081006, 20080930, 2, 14, 1);
INSERT INTO `top_operators_stat` VALUES (2932, 10, 20081006, 20081001, 3, 0, 3);
INSERT INTO `top_operators_stat` VALUES (1927, 28, 20080922, 20080919, 5, 13, 1);
INSERT INTO `top_operators_stat` VALUES (2790, 6, 20081006, 20080929, 1, 39, 3);
INSERT INTO `top_operators_stat` VALUES (2789, 6, 20081006, 20080929, 1, 0, 1);
INSERT INTO `top_operators_stat` VALUES (2788, 31, 20081006, 20080929, 1, 41, 2);
INSERT INTO `top_operators_stat` VALUES (3006, 27, 20081006, 20081002, 4, 17, 1);
INSERT INTO `top_operators_stat` VALUES (3005, 23, 20081006, 20081002, 4, 39, 1);
INSERT INTO `top_operators_stat` VALUES (2895, 16, 20081006, 20080930, 2, 70, 1);
INSERT INTO `top_operators_stat` VALUES (2799, 31, 20081006, 20080929, 1, 73, 1);
INSERT INTO `top_operators_stat` VALUES (3004, 22, 20081006, 20081002, 4, 97, 1);
INSERT INTO `top_operators_stat` VALUES (1925, 28, 20080922, 20080919, 5, 11, 1);
INSERT INTO `top_operators_stat` VALUES (3002, 11, 20081006, 20081002, 4, 69, 1);
INSERT INTO `top_operators_stat` VALUES (1923, 28, 20080922, 20080919, 5, 18, 1);
INSERT INTO `top_operators_stat` VALUES (3001, 29, 20081006, 20081002, 4, 0, 7);
INSERT INTO `top_operators_stat` VALUES (2893, 9, 20081006, 20080930, 2, 96, 1);
INSERT INTO `top_operators_stat` VALUES (2931, 31, 20081006, 20081001, 3, 27, 1);
INSERT INTO `top_operators_stat` VALUES (2865, 2, 20081006, 20080930, 2, 39, 1);
INSERT INTO `top_operators_stat` VALUES (1922, 28, 20080922, 20080919, 5, 25, 1);
INSERT INTO `top_operators_stat` VALUES (2892, 16, 20081006, 20080930, 2, 96, 1);
INSERT INTO `top_operators_stat` VALUES (2891, 31, 20081006, 20080930, 2, 96, 1);
INSERT INTO `top_operators_stat` VALUES (3000, 31, 20081006, 20081002, 4, 96, 1);
INSERT INTO `top_operators_stat` VALUES (2660, 14, 20080929, 20080928, 0, 0, 1);
INSERT INTO `top_operators_stat` VALUES (2787, 30, 20081006, 20080929, 1, 71, 1);
INSERT INTO `top_operators_stat` VALUES (2999, 11, 20081006, 20081002, 4, 73, 1);
INSERT INTO `top_operators_stat` VALUES (3076, 17, 20081006, 20081003, 5, 73, 1);
INSERT INTO `top_operators_stat` VALUES (3115, 10, 20081006, 20081004, 6, 11, 1);
INSERT INTO `top_operators_stat` VALUES (3114, 33, 20081006, 20081004, 6, 0, 2);
INSERT INTO `top_operators_stat` VALUES (3094, 29, 20081006, 20081003, 5, 46, 1);
INSERT INTO `top_operators_stat` VALUES (3093, 31, 20081006, 20081003, 5, 97, 2);
INSERT INTO `top_operators_stat` VALUES (2841, 9, 20081006, 20080930, 2, 0, 20);
INSERT INTO `top_operators_stat` VALUES (2890, 11, 20081006, 20080930, 2, 73, 1);
INSERT INTO `top_operators_stat` VALUES (1914, 28, 20080922, 20080919, 5, 41, 2);
INSERT INTO `top_operators_stat` VALUES (2455, 18, 20080929, 20080926, 5, 18, 1);
INSERT INTO `top_operators_stat` VALUES (2996, 22, 20081006, 20081002, 4, 0, 1);
INSERT INTO `top_operators_stat` VALUES (2889, 31, 20081006, 20080930, 2, 73, 1);
INSERT INTO `top_operators_stat` VALUES (2840, 10, 20081006, 20080930, 2, 0, 9);
INSERT INTO `top_operators_stat` VALUES (1912, 28, 20080922, 20080919, 5, 10, 1);
INSERT INTO `top_operators_stat` VALUES (2994, 27, 20081006, 20081002, 4, 0, 5);
INSERT INTO `top_operators_stat` VALUES (2785, 31, 20081006, 20080929, 1, 39, 10);
INSERT INTO `top_operators_stat` VALUES (3092, 10, 20081006, 20081003, 5, 73, 1);
INSERT INTO `top_operators_stat` VALUES (2887, 31, 20081006, 20080930, 2, 7, 1);
INSERT INTO `top_operators_stat` VALUES (2992, 29, 20081006, 20081002, 4, 97, 2);
INSERT INTO `top_operators_stat` VALUES (2991, 27, 20081006, 20081002, 4, 39, 6);
INSERT INTO `top_operators_stat` VALUES (2784, 9, 20081006, 20080929, 1, 15, 4);
INSERT INTO `top_operators_stat` VALUES (3112, 33, 20081006, 20081004, 6, 83, 1);
INSERT INTO `top_operators_stat` VALUES (2864, 30, 20081006, 20080930, 2, 17, 1);
INSERT INTO `top_operators_stat` VALUES (2990, 16, 20081006, 20081002, 4, 97, 1);
INSERT INTO `top_operators_stat` VALUES (1909, 28, 20080922, 20080919, 5, 8, 1);
INSERT INTO `top_operators_stat` VALUES (2863, 11, 20081006, 20080930, 2, 0, 4);
INSERT INTO `top_operators_stat` VALUES (2930, 29, 20081006, 20081001, 3, 41, 1);
INSERT INTO `top_operators_stat` VALUES (1908, 28, 20080922, 20080919, 5, 74, 3);
INSERT INTO `top_operators_stat` VALUES (2989, 16, 20081006, 20081002, 4, 0, 5);
INSERT INTO `top_operators_stat` VALUES (2886, 6, 20081006, 20080930, 2, 71, 1);
INSERT INTO `top_operators_stat` VALUES (1907, 28, 20080922, 20080919, 5, 88, 1);
INSERT INTO `top_operators_stat` VALUES (2885, 22, 20081006, 20080930, 2, 97, 2);
INSERT INTO `top_operators_stat` VALUES (2884, 30, 20081006, 20080930, 2, 73, 1);
INSERT INTO `top_operators_stat` VALUES (2838, 29, 20081006, 20080930, 2, 39, 15);
INSERT INTO `top_operators_stat` VALUES (2883, 6, 20081006, 20080930, 2, 0, 1);
INSERT INTO `top_operators_stat` VALUES (2988, 10, 20081006, 20081002, 4, 39, 5);
INSERT INTO `top_operators_stat` VALUES (2987, 25, 20081006, 20081002, 4, 0, 1);
INSERT INTO `top_operators_stat` VALUES (3091, 33, 20081006, 20081003, 5, 10, 2);
INSERT INTO `top_operators_stat` VALUES (3111, 6, 20081006, 20081004, 6, 15, 1);
INSERT INTO `top_operators_stat` VALUES (2862, 16, 20081006, 20080930, 2, 18, 1);
INSERT INTO `top_operators_stat` VALUES (2986, 30, 20081006, 20081002, 4, 0, 5);
INSERT INTO `top_operators_stat` VALUES (2861, 25, 20081006, 20080930, 2, 39, 1);
INSERT INTO `top_operators_stat` VALUES (2985, 22, 20081006, 20081002, 4, 41, 2);
INSERT INTO `top_operators_stat` VALUES (3090, 25, 20081006, 20081003, 5, 39, 1);
INSERT INTO `top_operators_stat` VALUES (2984, 30, 20081006, 20081002, 4, 2, 1);
INSERT INTO `top_operators_stat` VALUES (2982, 31, 20081006, 20081002, 4, 39, 7);
INSERT INTO `top_operators_stat` VALUES (1906, 28, 20080922, 20080919, 5, 17, 2);
INSERT INTO `top_operators_stat` VALUES (2980, 11, 20081006, 20081002, 4, 0, 1);
INSERT INTO `top_operators_stat` VALUES (1845, 28, 20080922, 20080918, 4, 42, 1);
INSERT INTO `top_operators_stat` VALUES (2979, 11, 20081006, 20081002, 4, 72, 1);
INSERT INTO `top_operators_stat` VALUES (2978, 10, 20081006, 20081002, 4, 0, 4);
INSERT INTO `top_operators_stat` VALUES (2976, 29, 20081006, 20081002, 4, 39, 12);
INSERT INTO `top_operators_stat` VALUES (2452, 18, 20080929, 20080926, 5, 17, 1);
INSERT INTO `top_operators_stat` VALUES (1903, 28, 20080922, 20080919, 5, 4, 2);
INSERT INTO `top_operators_stat` VALUES (3075, 31, 20081006, 20081003, 5, 72, 3);
INSERT INTO `top_operators_stat` VALUES (2975, 6, 20081006, 20081002, 4, 0, 9);
INSERT INTO `top_operators_stat` VALUES (1844, 28, 20080922, 20080918, 4, 27, 1);
INSERT INTO `top_operators_stat` VALUES (2929, 30, 20081006, 20081001, 3, 39, 5);
INSERT INTO `top_operators_stat` VALUES (3110, 10, 20081006, 20081004, 6, 39, 2);
INSERT INTO `top_operators_stat` VALUES (2837, 30, 20081006, 20080930, 2, 39, 11);
INSERT INTO `top_operators_stat` VALUES (2450, 18, 20080929, 20080926, 5, 0, 1);
INSERT INTO `top_operators_stat` VALUES (3089, 29, 20081006, 20081003, 5, 21, 1);
INSERT INTO `top_operators_stat` VALUES (2970, 6, 20081006, 20081002, 4, 39, 2);
INSERT INTO `top_operators_stat` VALUES (2969, 31, 20081006, 20081002, 4, 0, 15);
INSERT INTO `top_operators_stat` VALUES (2968, 23, 20081006, 20081001, 3, 0, 1);
INSERT INTO `top_operators_stat` VALUES (2967, 2, 20081006, 20081001, 3, 15, 1);
INSERT INTO `top_operators_stat` VALUES (2966, 6, 20081006, 20081001, 3, 71, 1);
INSERT INTO `top_operators_stat` VALUES (2965, 6, 20081006, 20081001, 3, 18, 1);
INSERT INTO `top_operators_stat` VALUES (2927, 33, 20081006, 20081001, 3, 4, 1);
INSERT INTO `top_operators_stat` VALUES (2964, 29, 20081006, 20081001, 3, 2, 1);
INSERT INTO `top_operators_stat` VALUES (2882, 9, 20081006, 20080930, 2, 97, 1);
INSERT INTO `top_operators_stat` VALUES (2727, 32, 20081006, 20080929, 1, 39, 67);
INSERT INTO `top_operators_stat` VALUES (2963, 33, 20081006, 20081001, 3, 10, 1);
INSERT INTO `top_operators_stat` VALUES (2836, 27, 20081006, 20080930, 2, 21, 1);
INSERT INTO `top_operators_stat` VALUES (2962, 30, 20081006, 20081001, 3, 73, 1);
INSERT INTO `top_operators_stat` VALUES (2881, 2, 20081006, 20080930, 2, 1, 4);
INSERT INTO `top_operators_stat` VALUES (2783, 16, 20081006, 20080929, 1, 0, 2);
INSERT INTO `top_operators_stat` VALUES (2961, 10, 20081006, 20081001, 3, 17, 2);
INSERT INTO `top_operators_stat` VALUES (2960, 30, 20081006, 20081001, 3, 74, 1);
INSERT INTO `top_operators_stat` VALUES (2726, 32, 20081006, 20080929, 1, 38, 1);
INSERT INTO `top_operators_stat` VALUES (3088, 30, 20081006, 20081003, 5, 4, 1);
INSERT INTO `top_operators_stat` VALUES (2925, 9, 20081006, 20081001, 3, 13, 1);
INSERT INTO `top_operators_stat` VALUES (2880, 33, 20081006, 20080930, 2, 0, 8);
INSERT INTO `top_operators_stat` VALUES (1842, 28, 20080922, 20080918, 4, 15, 4);
INSERT INTO `top_operators_stat` VALUES (2835, 16, 20081006, 20080930, 2, 39, 5);
INSERT INTO `top_operators_stat` VALUES (2924, 33, 20081006, 20081001, 3, 41, 1);
INSERT INTO `top_operators_stat` VALUES (2879, 31, 20081006, 20080930, 2, 69, 2);
INSERT INTO `top_operators_stat` VALUES (1899, 28, 20080922, 20080919, 5, 72, 1);
INSERT INTO `top_operators_stat` VALUES (2494, 18, 20080929, 20080926, 5, 15, 1);
INSERT INTO `top_operators_stat` VALUES (2782, 25, 20081006, 20080929, 1, 0, 2);
INSERT INTO `top_operators_stat` VALUES (2958, 30, 20081006, 20081001, 3, 0, 1);
INSERT INTO `top_operators_stat` VALUES (2737, 32, 20081006, 20080929, 1, 4, 1);
INSERT INTO `top_operators_stat` VALUES (2878, 33, 20081006, 20080930, 2, 39, 7);
INSERT INTO `top_operators_stat` VALUES (2923, 30, 20081006, 20081001, 3, 80, 1);
INSERT INTO `top_operators_stat` VALUES (1896, 28, 20080922, 20080919, 5, 1, 1);
INSERT INTO `top_operators_stat` VALUES (2957, 31, 20081006, 20081001, 3, 10, 1);
INSERT INTO `top_operators_stat` VALUES (2448, 18, 20080929, 20080925, 4, 17, 1);
INSERT INTO `top_operators_stat` VALUES (2447, 18, 20080929, 20080925, 4, 0, 2);
INSERT INTO `top_operators_stat` VALUES (2834, 2, 20081006, 20080930, 2, 0, 1);
INSERT INTO `top_operators_stat` VALUES (3074, 31, 20081006, 20081003, 5, 73, 1);
INSERT INTO `top_operators_stat` VALUES (2956, 23, 20081006, 20081001, 3, 69, 1);
INSERT INTO `top_operators_stat` VALUES (2955, 22, 20081006, 20081001, 3, 43, 1);
INSERT INTO `top_operators_stat` VALUES (2446, 18, 20080929, 20080925, 4, 72, 2);
INSERT INTO `top_operators_stat` VALUES (2781, 29, 20081006, 20080929, 1, 10, 1);
INSERT INTO `top_operators_stat` VALUES (2860, 30, 20081006, 20080930, 2, 97, 1);
INSERT INTO `top_operators_stat` VALUES (2877, 9, 20081006, 20080930, 2, 5, 1);
INSERT INTO `top_operators_stat` VALUES (2876, 29, 20081006, 20080930, 2, 17, 1);
INSERT INTO `top_operators_stat` VALUES (2875, 27, 20081006, 20080930, 2, 18, 2);
INSERT INTO `top_operators_stat` VALUES (2954, 31, 20081006, 20081001, 3, 36, 1);
INSERT INTO `top_operators_stat` VALUES (2780, 31, 20081006, 20080929, 1, 0, 7);
INSERT INTO `top_operators_stat` VALUES (2953, 6, 20081006, 20081001, 3, 96, 2);
INSERT INTO `top_operators_stat` VALUES (2952, 2, 20081006, 20081001, 3, 39, 1);
INSERT INTO `top_operators_stat` VALUES (2833, 30, 20081006, 20080930, 2, 72, 1);
INSERT INTO `top_operators_stat` VALUES (2874, 33, 20081006, 20080930, 2, 80, 6);
INSERT INTO `top_operators_stat` VALUES (2797, 9, 20081006, 20080929, 1, 43, 2);
INSERT INTO `top_operators_stat` VALUES (2756, 16, 20081006, 20080929, 1, 36, 1);
INSERT INTO `top_operators_stat` VALUES (2950, 9, 20081006, 20081001, 3, 42, 1);
INSERT INTO `top_operators_stat` VALUES (2779, 30, 20081006, 20080929, 1, 0, 4);
INSERT INTO `top_operators_stat` VALUES (2949, 22, 20081006, 20081001, 3, 97, 1);
INSERT INTO `top_operators_stat` VALUES (3073, 10, 20081006, 20081003, 5, 0, 7);
INSERT INTO `top_operators_stat` VALUES (1890, 28, 20080922, 20080919, 5, 73, 1);
INSERT INTO `top_operators_stat` VALUES (2242, 14, 20080929, 20080923, 2, 0, 1);
INSERT INTO `top_operators_stat` VALUES (3071, 2, 20081006, 20081003, 5, 39, 2);
INSERT INTO `top_operators_stat` VALUES (3070, 33, 20081006, 20081003, 5, 0, 5);
INSERT INTO `top_operators_stat` VALUES (2948, 2, 20081006, 20081001, 3, 0, 2);
INSERT INTO `top_operators_stat` VALUES (2777, 27, 20081006, 20080929, 1, 13, 2);
INSERT INTO `top_operators_stat` VALUES (2776, 30, 20081006, 20080929, 1, 41, 1);
INSERT INTO `top_operators_stat` VALUES (2859, 29, 20081006, 20080930, 2, 0, 13);
INSERT INTO `top_operators_stat` VALUES (2775, 27, 20081006, 20080929, 1, 96, 3);
INSERT INTO `top_operators_stat` VALUES (2774, 16, 20081006, 20080929, 1, 39, 1);
INSERT INTO `top_operators_stat` VALUES (1883, 28, 20080922, 20080919, 5, 0, 88);
INSERT INTO `top_operators_stat` VALUES (2769, 32, 20081006, 20080929, 1, 41, 1);
INSERT INTO `top_operators_stat` VALUES (2755, 9, 20081006, 20080929, 1, 83, 2);
INSERT INTO `top_operators_stat` VALUES (1882, 28, 20080922, 20080919, 5, 39, 169);
INSERT INTO `top_operators_stat` VALUES (2586, 18, 20080929, 20080927, 6, 74, 1);
INSERT INTO `top_operators_stat` VALUES (2762, 27, 20081006, 20080929, 1, 39, 7);
INSERT INTO `top_operators_stat` VALUES (2740, 30, 20081006, 20080929, 1, 73, 2);
INSERT INTO `top_operators_stat` VALUES (2736, 10, 20081006, 20080929, 1, 0, 2);
INSERT INTO `top_operators_stat` VALUES (2946, 6, 20081006, 20081001, 3, 7, 1);
INSERT INTO `top_operators_stat` VALUES (2768, 27, 20081006, 20080929, 1, 41, 3);
INSERT INTO `top_operators_stat` VALUES (2742, 30, 20081006, 20080929, 1, 39, 3);
INSERT INTO `top_operators_stat` VALUES (2725, 11, 20081006, 20080929, 1, 97, 2);
INSERT INTO `top_operators_stat` VALUES (2945, 22, 20081006, 20081001, 3, 0, 2);
INSERT INTO `top_operators_stat` VALUES (3120, 36, 20081013, 20081010, 5, 0, 7);
INSERT INTO `top_operators_stat` VALUES (2773, 9, 20081006, 20080929, 1, 71, 1);
INSERT INTO `top_operators_stat` VALUES (2748, 10, 20081006, 20080929, 1, 39, 2);
INSERT INTO `top_operators_stat` VALUES (3119, 1, 20081013, 20081010, 5, 0, 99);
INSERT INTO `top_operators_stat` VALUES (2724, 32, 20081006, 20080929, 1, 0, 41);
INSERT INTO `top_operators_stat` VALUES (2751, 29, 20081006, 20080929, 1, 0, 13);
INSERT INTO `top_operators_stat` VALUES (2750, 29, 20081006, 20080929, 1, 39, 10);
INSERT INTO `top_operators_stat` VALUES (2764, 2, 20081006, 20080929, 1, 39, 1);
INSERT INTO `top_operators_stat` VALUES (2772, 9, 20081006, 20080929, 1, 39, 15);
INSERT INTO `top_operators_stat` VALUES (2721, 17, 20081006, 20080929, 1, 0, 91);
INSERT INTO `top_operators_stat` VALUES (2746, 25, 20081006, 20080929, 1, 72, 1);
INSERT INTO `top_operators_stat` VALUES (2761, 30, 20081006, 20080929, 1, 46, 1);
INSERT INTO `top_operators_stat` VALUES (2760, 27, 20081006, 20080929, 1, 0, 9);
INSERT INTO `top_operators_stat` VALUES (2745, 30, 20081006, 20080929, 1, 17, 1);
INSERT INTO `top_operators_stat` VALUES (2735, 32, 20081006, 20080929, 1, 18, 2);
INSERT INTO `top_operators_stat` VALUES (2759, 11, 20081006, 20080929, 1, 0, 2);
INSERT INTO `top_operators_stat` VALUES (2758, 27, 20081006, 20080929, 1, 1, 1);
INSERT INTO `top_operators_stat` VALUES (2730, 17, 20081006, 20080929, 1, 11, 1);
INSERT INTO `top_operators_stat` VALUES (2733, 30, 20081006, 20080929, 1, 18, 1);
INSERT INTO `top_operators_stat` VALUES (3118, 1, 20081013, 20081009, 4, 0, 29);
INSERT INTO `top_operators_stat` VALUES (2795, 30, 20081006, 20080929, 1, 80, 20);
INSERT INTO `top_operators_stat` VALUES (2732, 11, 20081006, 20080929, 1, 39, 5);
INSERT INTO `top_operators_stat` VALUES (2739, 9, 20081006, 20080929, 1, 0, 17);
INSERT INTO `top_operators_stat` VALUES (3117, 1, 20081013, 20081008, 3, 0, 8);

-- --------------------------------------------------------

-- 
-- Структура таблицы `user_agents`
-- 

CREATE TABLE `user_agents` (
  `id_phone` int(11) NOT NULL auto_increment,
  `vendor` varchar(64) NOT NULL default '',
  `model` varchar(64) NOT NULL default '',
  `ua` varchar(255) NOT NULL default '',
  `wap` tinyint(3) unsigned NOT NULL default '1',
  PRIMARY KEY  (`id_phone`),
  KEY `vendor` (`vendor`)
) ENGINE=MyISAM DEFAULT CHARSET=cp1251 AUTO_INCREMENT=1 ;

-- 
-- Дамп данных таблицы `user_agents`
-- 


-- --------------------------------------------------------

-- 
-- Структура таблицы `users`
-- 

CREATE TABLE `users` (
  `uid` int(10) unsigned NOT NULL auto_increment,
  `site_name` varchar(50) NOT NULL default '',
  `link` varchar(50) NOT NULL default '',
  `admin` varchar(30) NOT NULL default '',
  `email` varchar(30) NOT NULL default '',
  `info` varchar(200) NOT NULL default '',
  `razdel` int(2) NOT NULL default '1',
  `date` int(10) unsigned NOT NULL default '0',
  `pass` varchar(50) NOT NULL default '',
  `type` int(1) unsigned NOT NULL default '2',
  `typeStat` int(1) unsigned NOT NULL default '1',
  PRIMARY KEY  (`uid`)
) ENGINE=MyISAM DEFAULT CHARSET=cp1251 AUTO_INCREMENT=1 ;

-- 
-- Дамп данных таблицы `users`
-- 


-- --------------------------------------------------------

-- 
-- Структура таблицы `weeks`
-- 

CREATE TABLE `weeks` (
  `id` int(10) unsigned NOT NULL auto_increment,
  `uid` int(10) unsigned NOT NULL default '0',
  `razdel` int(2) NOT NULL default '1',
  `next_mon` int(10) unsigned NOT NULL default '0',
  `date` int(10) unsigned NOT NULL default '0',
  `day_week` smallint(5) unsigned NOT NULL default '0',
  `count` int(10) unsigned NOT NULL default '0',
  `host` int(10) unsigned NOT NULL default '0',
  `in` int(10) unsigned NOT NULL default '0',
  `out` int(10) unsigned NOT NULL default '0',
  `Siemens` int(10) unsigned NOT NULL default '0',
  `Nokia` int(10) unsigned NOT NULL default '0',
  `Samsung` int(10) unsigned NOT NULL default '0',
  `Motorola` int(10) unsigned NOT NULL default '0',
  `LG` int(10) unsigned NOT NULL default '0',
  `Sagem` int(10) unsigned NOT NULL default '0',
  `SonyEricsson` int(10) unsigned NOT NULL default '0',
  `Alcatel` int(10) unsigned NOT NULL default '0',
  `Sharp` int(10) unsigned NOT NULL default '0',
  `Pantech` int(10) unsigned NOT NULL default '0',
  `Panasonic` int(10) unsigned NOT NULL default '0',
  `Other` int(10) unsigned NOT NULL default '0',
  PRIMARY KEY  (`id`)
) ENGINE=MyISAM DEFAULT CHARSET=cp1251 AUTO_INCREMENT=1 ;

-- 
-- Дамп данных таблицы `weeks`
-- 

        