-- MySQL dump 10.13  Distrib 5.5.22, for Linux (x86_64)
--
-- Host: localhost    Database: game
-- ------------------------------------------------------
-- Server version	5.5.22-cll

/*!40101 SET @OLD_CHARACTER_SET_CLIENT=@@CHARACTER_SET_CLIENT */;
/*!40101 SET @OLD_CHARACTER_SET_RESULTS=@@CHARACTER_SET_RESULTS */;
/*!40101 SET @OLD_COLLATION_CONNECTION=@@COLLATION_CONNECTION */;
/*!40101 SET NAMES utf8 */;
/*!40103 SET @OLD_TIME_ZONE=@@TIME_ZONE */;
/*!40103 SET TIME_ZONE='+00:00' */;
/*!40014 SET @OLD_UNIQUE_CHECKS=@@UNIQUE_CHECKS, UNIQUE_CHECKS=0 */;
/*!40014 SET @OLD_FOREIGN_KEY_CHECKS=@@FOREIGN_KEY_CHECKS, FOREIGN_KEY_CHECKS=0 */;
/*!40101 SET @OLD_SQL_MODE=@@SQL_MODE, SQL_MODE='NO_AUTO_VALUE_ON_ZERO' */;
/*!40111 SET @OLD_SQL_NOTES=@@SQL_NOTES, SQL_NOTES=0 */;

--
-- Table structure for table `anketa`
--

DROP TABLE IF EXISTS `anketa`;
/*!40101 SET @saved_cs_client     = @@character_set_client */;
/*!40101 SET character_set_client = utf8 */;
CREATE TABLE `anketa` (
  `usr` int(11) NOT NULL,
  `name` varchar(40) NOT NULL,
  `icq` int(11) NOT NULL,
  `vozrast` int(11) NOT NULL,
  `o_sebe` varchar(400) NOT NULL,
  PRIMARY KEY (`usr`)
) ENGINE=MyISAM DEFAULT CHARSET=utf8;
/*!40101 SET character_set_client = @saved_cs_client */;

--
-- Dumping data for table `anketa`
--

LOCK TABLES `anketa` WRITE;
/*!40000 ALTER TABLE `anketa` DISABLE KEYS */;
INSERT INTO `anketa` VALUES (727,'Артём',8310757,0,'Администратор этого проекта!'),(1136,'Антон',0,24,'Кекс'),(762,'Алексей',409000735,0,''),(1127,'Алексей Викторович',459016208,25,'Суровый отаку &gt;_&lt;'),(1246,'Присутствует',0,20,'Какой есть, такого и принимайте :)'),(1278,'Сергей',0,23,'Наши<br>самыестрашные враги<br>всегдадостойны<br>жалости. Ониведь<br>искренне непонимают,<br>с кемсвязались'),(1115,'Стас',0,15,'Играю в многие мобильные онлайн игры по телефону:)'),(1248,'Валера',0,21,'служу в армии)'),(1303,'Никита',0,15,'Люблю Fallout'),(1231,'Влад',444915968,18,'все что вы должны знать обо мне вы итак уже знаете)'),(1336,'Нагиф',0,18,''),(1169,'Лекс (модератор)',0,0,'Ленькомастер:D Люблю маятся фигней. Делать не понятные сайты. Слушаю рок, метал, альтернативу. Ну и хватит.'),(1335,'Алексей',0,20,'Fallout моя любимая игра'),(1149,'Сергей',0,18,''),(1204,'Руслан',0,16,'инфо'),(1495,'Бодя',100,14,'Я супер'),(1194,'Лёха',0,22,''),(1427,'Веталь',0,35,'Хз'),(1608,'Roma',0,0,'Street Workout the best!!!'),(1625,'Костя',0,20,'');
/*!40000 ALTER TABLE `anketa` ENABLE KEYS */;
UNLOCK TABLES;

--
-- Table structure for table `ban`
--

DROP TABLE IF EXISTS `ban`;
/*!40101 SET @saved_cs_client     = @@character_set_client */;
/*!40101 SET character_set_client = utf8 */;
CREATE TABLE `ban` (
  `id` int(11) NOT NULL AUTO_INCREMENT,
  `usr` int(11) NOT NULL,
  `bantime` varchar(12) CHARACTER SET utf8 COLLATE utf8_unicode_ci NOT NULL,
  `msg` text CHARACTER SET utf8 COLLATE utf8_unicode_ci NOT NULL,
  PRIMARY KEY (`id`)
) ENGINE=MyISAM AUTO_INCREMENT=15 DEFAULT CHARSET=cp1251;
/*!40101 SET character_set_client = @saved_cs_client */;

--
-- Dumping data for table `ban`
--

LOCK TABLES `ban` WRITE;
/*!40000 ALTER TABLE `ban` DISABLE KEYS */;
INSERT INTO `ban` VALUES (5,1209,'1358458693','Реклама'),(10,1271,'1440865740','Плагиат, такой ник запрещен.'),(14,1435,'1334230914','Реклама');
/*!40000 ALTER TABLE `ban` ENABLE KEYS */;
UNLOCK TABLES;

--
-- Table structure for table `battle_pvp`
--

DROP TABLE IF EXISTS `battle_pvp`;
/*!40101 SET @saved_cs_client     = @@character_set_client */;
/*!40101 SET character_set_client = utf8 */;
CREATE TABLE `battle_pvp` (
  `id` int(11) NOT NULL AUTO_INCREMENT,
  `timeto` varchar(12) CHARACTER SET utf8 COLLATE utf8_unicode_ci NOT NULL,
  `exp` int(11) NOT NULL,
  `x` int(11) NOT NULL,
  `y` int(11) NOT NULL,
  `status` int(11) NOT NULL,
  `bunker` int(3) NOT NULL,
  PRIMARY KEY (`id`)
) ENGINE=MyISAM AUTO_INCREMENT=67 DEFAULT CHARSET=cp1251;
/*!40101 SET character_set_client = @saved_cs_client */;

--
-- Dumping data for table `battle_pvp`
--

LOCK TABLES `battle_pvp` WRITE;
/*!40000 ALTER TABLE `battle_pvp` DISABLE KEYS */;
/*!40000 ALTER TABLE `battle_pvp` ENABLE KEYS */;
UNLOCK TABLES;

--
-- Table structure for table `battle_tmp`
--

DROP TABLE IF EXISTS `battle_tmp`;
/*!40101 SET @saved_cs_client     = @@character_set_client */;
/*!40101 SET character_set_client = utf8 */;
CREATE TABLE `battle_tmp` (
  `id` int(11) NOT NULL AUTO_INCREMENT,
  `usr` int(11) NOT NULL,
  `mob` int(11) NOT NULL,
  `position` int(2) NOT NULL,
  `mposition` int(2) NOT NULL,
  `lastdate` varchar(12) COLLATE utf8_unicode_ci NOT NULL,
  PRIMARY KEY (`id`)
) ENGINE=MyISAM AUTO_INCREMENT=19145 DEFAULT CHARSET=utf8 COLLATE=utf8_unicode_ci;
/*!40101 SET character_set_client = @saved_cs_client */;

--
-- Dumping data for table `battle_tmp`
--

LOCK TABLES `battle_tmp` WRITE;
/*!40000 ALTER TABLE `battle_tmp` DISABLE KEYS */;
INSERT INTO `battle_tmp` VALUES (18982,1635,12,9,18,'1335528086'),(19133,1638,3,12,16,'1335591618'),(18145,1605,16,19,17,'1335115209');
/*!40000 ALTER TABLE `battle_tmp` ENABLE KEYS */;
UNLOCK TABLES;

--
-- Table structure for table `bonus`
--

DROP TABLE IF EXISTS `bonus`;
/*!40101 SET @saved_cs_client     = @@character_set_client */;
/*!40101 SET character_set_client = utf8 */;
CREATE TABLE `bonus` (
  `id` int(11) NOT NULL AUTO_INCREMENT,
  `usr` int(11) NOT NULL,
  `tip` varchar(3) NOT NULL,
  `time` int(11) NOT NULL,
  PRIMARY KEY (`id`)
) ENGINE=InnoDB DEFAULT CHARSET=utf8;
/*!40101 SET character_set_client = @saved_cs_client */;

--
-- Dumping data for table `bonus`
--

LOCK TABLES `bonus` WRITE;
/*!40000 ALTER TABLE `bonus` DISABLE KEYS */;
/*!40000 ALTER TABLE `bonus` ENABLE KEYS */;
UNLOCK TABLES;

--
-- Table structure for table `buildings`
--

DROP TABLE IF EXISTS `buildings`;
/*!40101 SET @saved_cs_client     = @@character_set_client */;
/*!40101 SET character_set_client = utf8 */;
CREATE TABLE `buildings` (
  `id` int(11) NOT NULL AUTO_INCREMENT,
  `name` varchar(50) COLLATE utf8_unicode_ci NOT NULL,
  `tip` varchar(10) COLLATE utf8_unicode_ci NOT NULL,
  `x` int(11) NOT NULL,
  `y` int(11) NOT NULL,
  `lvl` int(3) NOT NULL,
  `side` varchar(6) COLLATE utf8_unicode_ci NOT NULL,
  PRIMARY KEY (`id`)
) ENGINE=MyISAM AUTO_INCREMENT=25 DEFAULT CHARSET=utf8 COLLATE=utf8_unicode_ci;
/*!40101 SET character_set_client = @saved_cs_client */;

--
-- Dumping data for table `buildings`
--

LOCK TABLES `buildings` WRITE;
/*!40000 ALTER TABLE `buildings` DISABLE KEYS */;
INSERT INTO `buildings` VALUES (1,'Магазин оружия БС','shop',1,0,0,'bstil'),(2,'Магазин брони БС','shop',1,0,0,'bstil'),(3,'Мед-пункт БС','shop',1,0,0,'bstil'),(4,'Банк','bank',13,15,2,'not'),(5,'Вещевой склад','sklad',1,1,2,'bstil'),(6,'ПМП','firstmed',2,1,0,'bstil'),(8,'Магазин оружия Анклава','shop',24,25,0,'anklav'),(9,'Магазин брони Анклава','shop',24,25,0,'anklav'),(10,'Мед-пункт Анклава','shop',24,25,0,'anklav'),(12,'Вещевой склад','sklad',24,24,2,'anklav'),(13,'ПМП','firstmed',23,24,0,'anklav'),(15,'Штаб БС','shtab',1,1,1,'bstil'),(16,'Штаб Анклава','shtab',24,24,1,'anklav'),(17,'Вещевой рынок БС','bazar',1,0,1,'bstil'),(18,'Вещевой рынок Анклава','bazar',24,25,1,'anklav'),(19,'Вещевой рынок','bazar',12,15,1,'not'),(20,'Тестовый магазин','shop',-100,-100,1,'not'),(21,'ПМП','firstmed',5,-8,1,'bstil'),(22,'ПМП','firstmed',25,32,1,'anklav'),(23,'Школа жизни','scool',24,24,0,'anklav'),(24,'Школа жизни','scool',1,1,0,'bstil');
/*!40000 ALTER TABLE `buildings` ENABLE KEYS */;
UNLOCK TABLES;

--
-- Table structure for table `buildings_bank`
--

DROP TABLE IF EXISTS `buildings_bank`;
/*!40101 SET @saved_cs_client     = @@character_set_client */;
/*!40101 SET character_set_client = utf8 */;
CREATE TABLE `buildings_bank` (
  `id` int(11) NOT NULL AUTO_INCREMENT,
  `usr` int(11) NOT NULL,
  `money` int(11) NOT NULL,
  `ltime` varchar(12) CHARACTER SET utf8 COLLATE utf8_unicode_ci NOT NULL,
  PRIMARY KEY (`id`)
) ENGINE=MyISAM AUTO_INCREMENT=19 DEFAULT CHARSET=cp1251;
/*!40101 SET character_set_client = @saved_cs_client */;

--
-- Dumping data for table `buildings_bank`
--

LOCK TABLES `buildings_bank` WRITE;
/*!40000 ALTER TABLE `buildings_bank` DISABLE KEYS */;
INSERT INTO `buildings_bank` VALUES (1,3,475,'1310027130'),(2,555,2500,'1326835587'),(3,742,848,'1332462376'),(4,1169,37,'1333067633'),(5,1115,80,'1327298657'),(6,1274,7791,'1335449504'),(7,1127,10,'1333925269'),(8,1231,703,'1333522050'),(9,1361,12,'1333131585'),(10,1285,950,'1335596325'),(11,1335,94,'1333129889'),(12,1237,222,'1335485300'),(13,1307,114,'1334222580'),(14,1259,89,'1335326491'),(15,1541,20,'1334476135'),(16,1536,44,'1334588075'),(17,1616,100,'1335419673'),(18,1628,110,'1335549941');
/*!40000 ALTER TABLE `buildings_bank` ENABLE KEYS */;
UNLOCK TABLES;

--
-- Table structure for table `buildings_bazar`
--

DROP TABLE IF EXISTS `buildings_bazar`;
/*!40101 SET @saved_cs_client     = @@character_set_client */;
/*!40101 SET character_set_client = utf8 */;
CREATE TABLE `buildings_bazar` (
  `id` int(11) NOT NULL AUTO_INCREMENT,
  `building` int(11) NOT NULL,
  `usr` int(11) NOT NULL,
  `name` varchar(50) COLLATE utf8_unicode_ci NOT NULL,
  `tip` varchar(10) COLLATE utf8_unicode_ci NOT NULL,
  `pod_tip` varchar(5) COLLATE utf8_unicode_ci NOT NULL,
  `distany` int(2) NOT NULL,
  `patrons` varchar(15) COLLATE utf8_unicode_ci NOT NULL,
  `cena` int(11) NOT NULL,
  `umin` int(11) NOT NULL,
  `umax` int(11) NOT NULL,
  `protect` int(11) NOT NULL,
  `nsila` int(11) NOT NULL,
  `num` int(11) NOT NULL,
  `nlovk` int(11) NOT NULL,
  `nmetkost` int(11) NOT NULL,
  `ncold_weapon` int(11) NOT NULL,
  `nfire_weapon` int(11) NOT NULL,
  `nenergy` int(11) NOT NULL,
  `nlvl` int(3) NOT NULL,
  `good_cena` int(11) NOT NULL,
  PRIMARY KEY (`id`)
) ENGINE=MyISAM AUTO_INCREMENT=45 DEFAULT CHARSET=utf8 COLLATE=utf8_unicode_ci;
/*!40101 SET character_set_client = @saved_cs_client */;

--
-- Dumping data for table `buildings_bazar`
--

LOCK TABLES `buildings_bazar` WRITE;
/*!40000 ALTER TABLE `buildings_bazar` DISABLE KEYS */;
INSERT INTO `buildings_bazar` VALUES (3,17,555,'Кастет','weapon','cold',0,'',22,4,7,0,1,0,0,0,1,0,1,1,15),(10,17,1127,'Боевой нож','weapon','cold',0,'',120,18,24,0,2,1,3,1,3,0,1,5,71),(17,18,727,'Трость','weapon','cold',0,'',6,2,3,0,0,0,0,0,0,0,1,1,10),(18,17,1127,'Бейсбольная бита','weapon','cold',0,'',230,28,34,0,3,1,2,1,4,0,2,6,125),(26,18,1149,'Desert Eagle','weapon','fire',3,'avtomatnie',1250,70,79,0,10,3,6,5,0,10,1,13,500),(23,18,1169,'9mm Calico M-950','weapon','fire',3,'pistoletnie',700,50,55,0,5,3,4,3,0,6,1,9,500),(24,18,1169,'10mm пистолет','weapon','fire',3,'avtomatnie',1000,63,70,0,6,3,6,4,0,8,1,10,700),(25,17,1279,'Шлем рейдера-снайпера','','',0,'',70,0,0,16,1,1,3,3,0,0,0,6,60),(27,18,762,'Кастет с шипами','weapon','cold',0,'',66,11,17,0,2,1,3,1,3,0,1,4,60),(28,18,762,'Боевые ботинки МК2','nogi','',0,'',48,0,0,12,1,1,2,1,0,0,0,5,40),(29,18,762,'Кожаная разведброня','body','',0,'',45,0,0,12,2,1,3,1,0,0,0,4,30),(30,17,1306,'Сапоги из кожи брамина','nogi','',0,'',2,0,0,1,0,0,0,0,0,0,0,1,10),(37,17,1274,'Browning HP','weapon','fire',3,'pistoletnie',350,40,47,0,2,1,3,4,0,4,1,7,300),(38,17,1426,'Трость','weapon','cold',0,'',6,2,3,0,0,0,0,0,0,0,1,1,5),(39,17,1426,'Пистолет \"Комар\"','weapon','fire',2,'pistoletnie',8,11,14,0,0,0,0,0,0,0,1,1,15),(40,17,1426,'Довоенный костюм','body','',0,'',4,0,0,2,0,0,0,0,0,0,0,1,3),(41,17,1426,'Довоенная шляпа','golova','',0,'',4,0,0,2,0,0,0,0,0,0,0,1,3),(42,19,1274,'10mm пистолет','weapon','fire',3,'avtomatnie',1000,63,70,0,6,3,6,4,0,8,1,10,800),(43,17,1127,'Клинок Вакидзаси','weapon','cold',0,'',450,31,36,0,3,2,4,1,6,0,1,8,300),(44,18,1259,'Металлический пояс','poyas','',0,'',24,0,0,5,2,1,1,1,0,0,0,3,15);
/*!40000 ALTER TABLE `buildings_bazar` ENABLE KEYS */;
UNLOCK TABLES;

--
-- Table structure for table `buildings_bazar_mediks`
--

DROP TABLE IF EXISTS `buildings_bazar_mediks`;
/*!40101 SET @saved_cs_client     = @@character_set_client */;
/*!40101 SET character_set_client = utf8 */;
CREATE TABLE `buildings_bazar_mediks` (
  `id` int(11) NOT NULL AUTO_INCREMENT,
  `building` int(11) NOT NULL,
  `usr` int(11) NOT NULL,
  `name` varchar(30) COLLATE utf8_unicode_ci NOT NULL,
  `medik` varchar(30) COLLATE utf8_unicode_ci NOT NULL,
  `what` varchar(10) COLLATE utf8_unicode_ci NOT NULL,
  `regeneration` int(11) NOT NULL,
  `cena` int(11) NOT NULL,
  `kol` int(11) NOT NULL,
  `good_cena` int(11) NOT NULL,
  PRIMARY KEY (`id`)
) ENGINE=MyISAM AUTO_INCREMENT=6 DEFAULT CHARSET=utf8 COLLATE=utf8_unicode_ci;
/*!40101 SET character_set_client = @saved_cs_client */;

--
-- Dumping data for table `buildings_bazar_mediks`
--

LOCK TABLES `buildings_bazar_mediks` WRITE;
/*!40000 ALTER TABLE `buildings_bazar_mediks` DISABLE KEYS */;
INSERT INTO `buildings_bazar_mediks` VALUES (5,17,1536,'Стимулятор','stimulyator','hp',40,4,10,100);
/*!40000 ALTER TABLE `buildings_bazar_mediks` ENABLE KEYS */;
UNLOCK TABLES;

--
-- Table structure for table `buildings_bazar_res`
--

DROP TABLE IF EXISTS `buildings_bazar_res`;
/*!40101 SET @saved_cs_client     = @@character_set_client */;
/*!40101 SET character_set_client = utf8 */;
CREATE TABLE `buildings_bazar_res` (
  `id` int(11) NOT NULL AUTO_INCREMENT,
  `building` int(11) NOT NULL,
  `usr` int(11) NOT NULL,
  `res` varchar(30) COLLATE utf8_unicode_ci NOT NULL,
  `name` varchar(30) COLLATE utf8_unicode_ci NOT NULL,
  `cena` int(11) NOT NULL,
  `kol` int(11) NOT NULL,
  `good_cena` int(11) NOT NULL,
  PRIMARY KEY (`id`)
) ENGINE=MyISAM AUTO_INCREMENT=20 DEFAULT CHARSET=utf8 COLLATE=utf8_unicode_ci;
/*!40101 SET character_set_client = @saved_cs_client */;

--
-- Dumping data for table `buildings_bazar_res`
--

LOCK TABLES `buildings_bazar_res` WRITE;
/*!40000 ALTER TABLE `buildings_bazar_res` DISABLE KEYS */;
INSERT INTO `buildings_bazar_res` VALUES (10,17,1306,'krisiniy_hvost','Крысиный хвост',2,22,110),(14,19,1274,'krishka','Крыжка Coca Cola',2,5,50),(16,17,1426,'jalo_scorpiona','Жало скорпиона',6,9,27),(18,19,1285,'antena_robota_robko','Антена робота РобКо',16,4,40),(19,19,1285,'koja_bolotnika','Кожа болотника',12,6,42);
/*!40000 ALTER TABLE `buildings_bazar_res` ENABLE KEYS */;
UNLOCK TABLES;

--
-- Table structure for table `buildings_firstmed`
--

DROP TABLE IF EXISTS `buildings_firstmed`;
/*!40101 SET @saved_cs_client     = @@character_set_client */;
/*!40101 SET character_set_client = utf8 */;
CREATE TABLE `buildings_firstmed` (
  `id` int(11) NOT NULL AUTO_INCREMENT,
  `usr` int(11) NOT NULL,
  `time` varchar(12) COLLATE utf8_unicode_ci NOT NULL,
  PRIMARY KEY (`id`)
) ENGINE=MyISAM AUTO_INCREMENT=1317 DEFAULT CHARSET=utf8 COLLATE=utf8_unicode_ci;
/*!40101 SET character_set_client = @saved_cs_client */;

--
-- Dumping data for table `buildings_firstmed`
--

LOCK TABLES `buildings_firstmed` WRITE;
/*!40000 ALTER TABLE `buildings_firstmed` DISABLE KEYS */;
INSERT INTO `buildings_firstmed` VALUES (95,727,'1326470404'),(2,729,'1326188951'),(3,728,'1326190271'),(7,730,'1326202486'),(8,731,'1326211643'),(9,733,'1326215514'),(10,737,'1326221258'),(299,742,'1327206611'),(12,746,'1326271287'),(13,745,'1326278522'),(14,747,'1326281773'),(15,748,'1326285156'),(212,744,'1326895401'),(17,752,'1326297187'),(228,753,'1326923569'),(19,754,'1326300334'),(36,756,'1326355623'),(41,761,'1326386251'),(1035,736,'1334004115'),(147,763,'1326748664'),(201,764,'1326870066'),(108,765,'1326549344'),(96,771,'1326472481'),(103,776,'1326535942'),(368,775,'1327401697'),(118,781,'1326570074'),(130,782,'1326666386'),(156,555,'1326806883'),(148,787,'1326749032'),(149,788,'1326749744'),(151,789,'1326775739'),(152,790,'1326782002'),(153,1112,'1326798316'),(508,1115,'1332668326'),(179,1119,'1326822908'),(178,1120,'1326822592'),(180,1125,'1326828443'),(181,1126,'1326829171'),(689,1127,'1332935780'),(919,1128,'1333420139'),(191,1129,'1326855150'),(206,1131,'1326875166'),(207,1132,'1326875971'),(211,1135,'1326893422'),(215,1138,'1326904122'),(226,1141,'1326922845'),(275,1142,'1327021107'),(230,1144,'1326934525'),(283,1145,'1327041022'),(915,1149,'1333406074'),(280,1155,'1327026891'),(270,1162,'1326999021'),(271,1163,'1327004842'),(276,1165,'1327023208'),(287,1167,'1327076460'),(916,1169,'1333409187'),(290,1187,'1327157898'),(297,1191,'1327183755'),(1043,1194,'1334069112'),(362,1203,'1327328518'),(367,1211,'1327391304'),(375,1215,'1327416056'),(373,1216,'1327413255'),(376,1213,'1327421324'),(377,1219,'1328194729'),(378,1222,'1328940604'),(379,1220,'1331368823'),(380,1229,'1331575710'),(381,1235,'1332443060'),(667,1237,'1332887102'),(458,1246,'1332619093'),(386,1250,'1332499066'),(780,1248,'1333120343'),(1182,1259,'1334788281'),(401,1267,'1332573637'),(402,1271,'1332588532'),(1057,1274,'1334310583'),(405,1275,'1332607888'),(548,1236,'1332694629'),(575,1278,'1332769097'),(675,1279,'1332904592'),(485,1282,'1332630536'),(574,1285,'1332767909'),(486,1288,'1332633854'),(487,1289,'1332637799'),(547,1136,'1332692989'),(517,1291,'1332674803'),(1140,1304,'1334475046'),(892,1306,'1333388003'),(862,1307,'1333355196'),(559,1310,'1332717237'),(732,1231,'1332959959'),(580,1318,'1332772286'),(1010,1204,'1333685753'),(582,1301,'1332778317'),(614,1328,'1332827564'),(810,1335,'1333193569'),(688,1336,'1332935096'),(817,762,'1333218288'),(661,1339,'1332877580'),(663,1340,'1332880351'),(672,1343,'1332901373'),(683,1344,'1332917536'),(684,1345,'1332918711'),(687,1348,'1332929719'),(704,1351,'1332945177'),(709,1354,'1332946801'),(708,1353,'1332946478'),(722,1355,'1332954732'),(742,1356,'1333002820'),(724,1360,'1332956365'),(787,1361,'1333132219'),(733,1362,'1332960041'),(760,1370,'1333052147'),(764,1372,'1333065237'),(770,1228,'1333087122'),(779,1378,'1333117591'),(782,1305,'1333122156'),(802,1381,'1333166796'),(786,1366,'1333131281'),(1189,1387,'1334937122'),(789,1390,'1333144685'),(792,1391,'1333153392'),(809,1396,'1333193463'),(811,1398,'1333201277'),(815,1388,'1333216518'),(819,1382,'1333221097'),(856,1404,'1333344803'),(825,1405,'1333251483'),(830,1413,'1333282166'),(837,1420,'1333301537'),(854,1422,'1333328076'),(981,1426,'1333517671'),(870,1428,'1333376864'),(1257,1427,'1335357401'),(992,1430,'1333564153'),(941,1431,'1333449608'),(997,1435,'1333636503'),(918,1437,'1333414191'),(930,1439,'1333439006'),(938,1441,'1333443057'),(942,1442,'1333450457'),(946,1443,'1333453075'),(966,1447,'1333480083'),(968,1451,'1333506986'),(989,1452,'1333533925'),(982,1454,'1333519944'),(985,1455,'1333524429'),(994,1464,'1333615178'),(995,1467,'1333629468'),(1001,1469,'1333639373'),(1002,1470,'1333640355'),(1009,1471,'1333645939'),(1008,1472,'1333645026'),(1014,1488,'1333769578'),(1015,1489,'1333776239'),(1020,1504,'1333866925'),(1022,1510,'1333893792'),(1034,1511,'1333995867'),(1030,1518,'1333982944'),(1045,1525,'1334091411'),(1055,1531,'1334256683'),(1124,1536,'1334406894'),(1077,1538,'1334381613'),(1137,1540,'1334432240'),(1138,1541,'1334439212'),(1128,1543,'1334410167'),(1130,1544,'1334411104'),(1143,1546,'1334525099'),(1141,1548,'1334476857'),(1144,1554,'1334537123'),(1171,1556,'1334628045'),(1152,1561,'1334565228'),(1158,1562,'1334571550'),(1166,1563,'1334589272'),(1174,1565,'1334681844'),(1180,1569,'1334784579'),(1181,1574,'1334785517'),(1184,1576,'1334834238'),(1191,1585,'1334939539'),(1192,1586,'1334946410'),(1193,1584,'1335036973'),(1196,1601,'1335106141'),(1197,1603,'1335109574'),(1201,1604,'1335115925'),(1202,1606,'1335155894'),(1206,1608,'1335189760'),(1212,1522,'1335264044'),(1213,1614,'1335268183'),(1214,1615,'1335276615'),(1267,1616,'1335421253'),(1264,1617,'1335412428'),(1230,1618,'1335280945'),(1232,1619,'1335282002'),(1233,1620,'1335282616'),(1247,1621,'1335299808'),(1315,1625,'1335549015'),(1311,1628,'1335533057'),(1270,1629,'1335433379'),(1290,1630,'1335452520'),(1312,1631,'1335540923'),(1310,1634,'1335524539'),(1316,1636,'1335549410');
/*!40000 ALTER TABLE `buildings_firstmed` ENABLE KEYS */;
UNLOCK TABLES;

--
-- Table structure for table `buildings_mediks`
--

DROP TABLE IF EXISTS `buildings_mediks`;
/*!40101 SET @saved_cs_client     = @@character_set_client */;
/*!40101 SET character_set_client = utf8 */;
CREATE TABLE `buildings_mediks` (
  `id` int(11) NOT NULL AUTO_INCREMENT,
  `building` int(11) NOT NULL,
  `name` varchar(30) COLLATE utf8_unicode_ci NOT NULL,
  `medik` varchar(30) COLLATE utf8_unicode_ci NOT NULL,
  `what` varchar(10) COLLATE utf8_unicode_ci NOT NULL,
  `regeneration` int(11) NOT NULL,
  `cena` int(11) NOT NULL,
  `good_cena` int(11) NOT NULL,
  PRIMARY KEY (`id`)
) ENGINE=MyISAM AUTO_INCREMENT=9 DEFAULT CHARSET=utf8 COLLATE=utf8_unicode_ci;
/*!40101 SET character_set_client = @saved_cs_client */;

--
-- Dumping data for table `buildings_mediks`
--

LOCK TABLES `buildings_mediks` WRITE;
/*!40000 ALTER TABLE `buildings_mediks` DISABLE KEYS */;
INSERT INTO `buildings_mediks` VALUES (1,3,'Чистая вода','chistaya_voda','hp',14,2,1),(2,3,'Стимулятор','stimulyator','hp',40,4,4),(3,3,'Ядер кола','yader_kola','energy',5,2,2),(4,3,'Квантовая ядер кола','kv_yader_kola','energy',10,3,3),(5,10,'Чистая вода','chistaya_voda','hp',14,2,1),(6,10,'Стимулятор','stimulyator','hp',40,4,4),(7,10,'Ядер кола','yader_kola','energy',5,2,2),(8,10,'Квантовая ядер кола','kv_yader_kola','energy',10,3,3);
/*!40000 ALTER TABLE `buildings_mediks` ENABLE KEYS */;
UNLOCK TABLES;

--
-- Table structure for table `buildings_patrons`
--

DROP TABLE IF EXISTS `buildings_patrons`;
/*!40101 SET @saved_cs_client     = @@character_set_client */;
/*!40101 SET character_set_client = utf8 */;
CREATE TABLE `buildings_patrons` (
  `id` int(11) NOT NULL AUTO_INCREMENT,
  `building` int(11) NOT NULL,
  `tip` varchar(15) CHARACTER SET utf8 COLLATE utf8_unicode_ci NOT NULL,
  `name` varchar(50) CHARACTER SET utf8 COLLATE utf8_unicode_ci NOT NULL,
  `good_cena` int(11) NOT NULL,
  PRIMARY KEY (`id`)
) ENGINE=MyISAM AUTO_INCREMENT=12 DEFAULT CHARSET=cp1251;
/*!40101 SET character_set_client = @saved_cs_client */;

--
-- Dumping data for table `buildings_patrons`
--

LOCK TABLES `buildings_patrons` WRITE;
/*!40000 ALTER TABLE `buildings_patrons` DISABLE KEYS */;
INSERT INTO `buildings_patrons` VALUES (1,1,'pistoletnie','Пистолетные патроны',2),(2,1,'avtomatnie','Автоматные патроны',3),(3,1,'drotiki','Дротики',1),(4,1,'batarei','Энергетические батареи	',3),(5,1,'rujeinie','Ружейные патроны',2),(6,8,'pistoletnie','Пистолетные патроны',2),(7,8,'avtomatnie','Автоматные патроны',3),(8,8,'drotiki','Дротики',1),(9,8,'batarei','Энергетические батареи	',3),(10,8,'rujeinie','Ружейные патроны',2);
/*!40000 ALTER TABLE `buildings_patrons` ENABLE KEYS */;
UNLOCK TABLES;

--
-- Table structure for table `buildings_res`
--

DROP TABLE IF EXISTS `buildings_res`;
/*!40101 SET @saved_cs_client     = @@character_set_client */;
/*!40101 SET character_set_client = utf8 */;
CREATE TABLE `buildings_res` (
  `id` int(11) NOT NULL AUTO_INCREMENT,
  `building` int(11) NOT NULL,
  `res` varchar(30) COLLATE utf8_unicode_ci NOT NULL,
  `name` varchar(30) COLLATE utf8_unicode_ci NOT NULL,
  `cena` int(11) NOT NULL,
  `good_cena` int(11) NOT NULL,
  PRIMARY KEY (`id`)
) ENGINE=MyISAM DEFAULT CHARSET=utf8 COLLATE=utf8_unicode_ci;
/*!40101 SET character_set_client = @saved_cs_client */;

--
-- Dumping data for table `buildings_res`
--

LOCK TABLES `buildings_res` WRITE;
/*!40000 ALTER TABLE `buildings_res` DISABLE KEYS */;
/*!40000 ALTER TABLE `buildings_res` ENABLE KEYS */;
UNLOCK TABLES;

--
-- Table structure for table `buildings_shop`
--

DROP TABLE IF EXISTS `buildings_shop`;
/*!40101 SET @saved_cs_client     = @@character_set_client */;
/*!40101 SET character_set_client = utf8 */;
CREATE TABLE `buildings_shop` (
  `id` int(11) NOT NULL AUTO_INCREMENT,
  `building` int(11) NOT NULL,
  `name` varchar(50) COLLATE utf8_unicode_ci NOT NULL,
  `tip` varchar(10) COLLATE utf8_unicode_ci NOT NULL,
  `pod_tip` varchar(5) COLLATE utf8_unicode_ci NOT NULL,
  `distany` int(2) NOT NULL,
  `patrons` varchar(15) COLLATE utf8_unicode_ci NOT NULL,
  `cena` int(11) NOT NULL,
  `umin` int(11) NOT NULL,
  `umax` int(11) NOT NULL,
  `protect` int(11) NOT NULL,
  `nsila` int(11) NOT NULL,
  `num` int(11) NOT NULL,
  `nlovk` int(11) NOT NULL,
  `nmetkost` int(11) NOT NULL,
  `ncold_weapon` int(11) NOT NULL,
  `nfire_weapon` int(11) NOT NULL,
  `nenergy` int(11) NOT NULL,
  `nlvl` int(3) NOT NULL,
  `good_cena` int(11) NOT NULL,
  PRIMARY KEY (`id`)
) ENGINE=MyISAM AUTO_INCREMENT=203 DEFAULT CHARSET=utf8 COLLATE=utf8_unicode_ci;
/*!40101 SET character_set_client = @saved_cs_client */;

--
-- Dumping data for table `buildings_shop`
--

LOCK TABLES `buildings_shop` WRITE;
/*!40000 ALTER TABLE `buildings_shop` DISABLE KEYS */;
INSERT INTO `buildings_shop` VALUES (1,1,'Нож','weapon','cold',0,'',20,3,6,0,0,0,0,0,1,0,1,1,20),(2,2,'Кожанная куртка','body','',0,'',16,0,0,5,0,0,0,0,0,0,0,1,16),(3,2,'Шлем из кастрюли','golova','',0,'',12,0,0,3,0,0,0,0,0,0,0,1,12),(4,2,'Довоенные туфли','nogi','',0,'',8,0,0,2,0,0,0,0,0,0,0,1,8),(5,2,'Кожанные перчатки','ruki','',0,'',8,0,0,2,0,0,0,0,0,0,0,1,8),(6,2,'Кожаный пояс','poyas','',0,'',8,0,0,2,0,0,0,0,0,0,0,1,8),(7,1,'Кастет','weapon','cold',0,'',22,4,7,0,1,0,0,0,1,0,1,1,22),(8,1,'Гаечный ключ','weapon','cold',0,'',33,6,9,0,2,1,1,1,2,0,1,2,33),(9,1,'Выкидной нож','weapon','cold',0,'',44,8,14,0,2,1,2,1,3,0,1,3,44),(10,2,'Броня рейдера-разведчика','body','',0,'',24,0,0,6,1,1,2,1,0,0,0,2,24),(11,2,'Боевая кожанная куртка','body','',0,'',26,0,0,8,2,1,1,1,0,0,0,2,26),(12,2,'Шлем мотоциклиста','golova','',0,'',18,0,0,5,2,1,1,1,0,0,0,2,18),(13,2,'Берцы','nogi','',0,'',14,0,0,4,2,1,1,1,0,0,0,2,14),(14,2,'Пояс рейдера','poyas','',0,'',12,0,0,3,1,1,1,1,0,0,0,2,12),(15,2,'Перчатки из толстой кожи','ruki','',0,'',14,0,0,4,2,1,1,1,0,0,0,2,14),(16,1,'Дротикомёт','weapon','fire',3,'drotiki',75,24,33,0,1,1,2,1,2,2,1,3,75),(17,1,'Маузер 9мм','weapon','fire',3,'pistoletnie',45,21,29,0,1,1,1,1,0,2,1,2,45),(18,2,'Кожаная броня','body','',0,'',36,0,0,10,3,1,1,1,0,0,0,3,36),(19,2,'Лёгкая каска','golova','',0,'',30,0,0,7,3,1,1,1,0,0,0,3,30),(20,2,'Боевые берцы','nogi','',0,'',26,0,0,6,2,1,2,1,0,0,0,3,26),(21,2,'Боевые рукавицы','ruki','',0,'',26,0,0,6,2,1,1,1,0,0,0,3,26),(22,2,'Металлический пояс','poyas','',0,'',24,0,0,5,2,1,1,1,0,0,0,3,24),(23,1,'Кастет с шипами','weapon','cold',0,'',66,11,17,0,2,1,3,1,3,0,1,4,66),(24,1,'P220 Sig Sauer','weapon','fire',3,'pistoletnie',300,35,43,0,2,1,3,3,0,4,1,6,300),(25,1,'Копьё','weapon','cold',0,'',88,16,23,0,3,1,2,1,3,0,2,4,88),(26,1,'Самодельное ружьё','weapon','fire',4,'rujeinie',200,40,50,0,2,1,1,2,0,3,2,5,200),(27,2,'Боевая кожаная броня','body','',0,'',50,0,0,14,3,1,2,1,0,0,0,4,50),(28,2,'Металлическая каска','golova','',0,'',44,0,0,10,3,1,1,1,0,0,0,4,44),(29,2,'Тяжёлый металлический пояс','poyas','',0,'',38,0,0,7,3,1,1,1,0,0,0,4,38),(30,2,'Боевые ботинки','nogi','',0,'',42,0,0,9,3,1,1,1,0,0,0,4,42),(31,2,'Тяжёлые кожаные рукавицы','ruki','',0,'',42,0,0,9,3,1,1,1,0,0,0,4,42),(32,1,'Боевой нож','weapon','cold',0,'',120,18,24,0,2,1,3,1,3,0,1,5,120),(33,1,'Кувалда','weapon','cold',0,'',150,24,33,0,5,1,2,1,3,0,2,5,150),(34,1,'Старый лазерный пистолет','weapon','fire',3,'batarei',2000,78,85,0,5,10,5,7,0,8,1,15,2000),(35,1,'Обрез','weapon','fire',2,'batarei',1400,95,105,0,13,2,4,3,0,9,2,13,1400),(36,2,'Лёгкий бронежелет','body','',0,'',70,0,0,18,2,1,2,1,0,0,0,5,70),(37,2,'Укреплёная каска','golova','',0,'',60,0,0,15,2,1,2,1,0,0,0,5,60),(38,2,'Старый пластинчатый пояс','poyas','',0,'',45,0,0,10,2,1,1,1,0,0,0,5,45),(39,2,'Металлические сапоги','nogi','',0,'',57,0,0,14,3,1,1,1,0,0,0,5,57),(40,2,'Укреплённые рукавицы','ruki','',0,'',54,0,0,12,3,1,1,1,0,0,0,5,54),(41,1,'9mm M92FS Beretta','weapon','fire',3,'pistoletnie',500,45,53,0,3,2,3,5,0,5,1,8,500),(42,1,'Бейсбольная бита','weapon','cold',0,'',230,28,34,0,3,1,2,1,4,0,2,6,230),(43,1,'Заточенное копьё','weapon','cold',0,'',300,32,38,0,4,2,3,1,5,0,2,6,300),(44,1,'Colt .45','weapon','fire',3,'avtomatnie',830,58,62,0,5,2,5,4,0,7,1,10,830),(45,2,'Бронежелет','body','',0,'',100,0,0,26,6,1,1,1,0,0,0,6,100),(46,2,'Зачарованный шлем','golova','',0,'',90,0,0,20,4,1,1,1,0,0,0,6,90),(47,2,'Пояс паладина','poyas','',0,'',70,0,0,14,4,1,1,1,0,0,0,6,70),(48,2,'Укреплённые металлические сапоги','nogi','',0,'',85,0,0,18,4,1,1,1,0,0,0,6,85),(49,2,'Укреплённые металлические рукавицы','ruki','',0,'',80,0,0,16,4,1,1,1,0,0,0,6,80),(50,2,'Лёгкий шлем','golova','',0,'',16,0,0,4,1,1,2,1,0,0,0,2,16),(51,2,'Лёгкие сапоги','nogi','',0,'',12,0,0,3,1,1,2,1,0,0,0,2,12),(52,2,'Перчатки охотника','ruki','',0,'',12,0,0,3,1,1,2,1,0,0,0,2,12),(53,2,'Старая кожаная куртка','body','',0,'',30,0,0,8,1,1,3,1,0,0,0,3,30),(54,2,'Разведшлем','golova','',0,'',28,0,0,6,1,1,2,2,0,0,0,3,28),(55,2,'Лёгкие берцы','nogi','',0,'',25,0,0,5,1,1,2,1,0,0,0,3,25),(56,2,'Рукавицы из плотной кожи','ruki','',0,'',25,0,0,5,1,1,2,1,0,0,0,3,25),(57,2,'Кожаная разведброня','body','',0,'',45,0,0,12,2,1,3,1,0,0,0,4,40),(58,2,'Шлем бейсболиста','golova','',0,'',40,0,0,8,1,1,2,1,0,0,0,4,38),(59,2,'Ботинки разведчика','nogi','',0,'',40,0,0,8,1,1,2,1,0,0,0,4,40),(60,2,'Укреплёные кожаные рукавицы','ruki','',0,'',40,0,0,8,1,1,2,1,0,0,0,4,40),(61,2,'Боевые ботинки МК2','nogi','',0,'',48,0,0,12,1,1,2,1,0,0,0,5,48),(62,2,'Облегчённые рукавицы','ruki','',0,'',46,0,0,10,1,1,2,1,0,0,0,5,46),(63,2,'Облегчённая броня','body','',0,'',80,0,0,22,1,1,2,2,0,0,0,6,80),(64,2,'Шлем рейдера-снайпера','','',0,'',70,0,0,16,1,1,3,3,0,0,0,6,70),(65,2,'Сапоги разведчика','nogi','',0,'',65,0,0,16,1,1,2,3,0,0,0,6,65),(66,2,'Рукавицы разведчика','ruki','',0,'',60,0,0,14,1,1,2,3,0,0,0,6,60),(67,8,'Нож','weapon','cold',0,'',20,3,6,0,0,0,0,0,1,0,1,1,20),(68,9,'Кожанная куртка','body','',0,'',16,0,0,5,0,0,0,0,0,0,0,1,16),(69,9,'Шлем из кастрюли','golova','',0,'',12,0,0,3,0,0,0,0,0,0,0,1,12),(70,9,'Довоенные туфли','nogi','',0,'',8,0,0,2,0,0,0,0,0,0,0,1,8),(71,9,'Кожанные перчатки','ruki','',0,'',8,0,0,2,0,0,0,0,0,0,0,1,8),(72,9,'Кожаный пояс','poyas','',0,'',8,0,0,2,1,1,1,1,0,0,0,1,8),(73,8,'Кастет','weapon','cold',0,'',22,4,7,0,2,1,1,1,1,0,1,1,22),(74,8,'Гаечный ключ','weapon','cold',0,'',33,6,9,0,2,1,1,1,2,0,1,2,33),(75,8,'Выкидной нож','weapon','cold',0,'',44,8,14,0,2,1,2,1,3,0,1,3,44),(76,9,'Броня рейдера-разведчика','body','',0,'',24,0,0,6,1,1,2,1,0,0,0,2,24),(77,9,'Боевая кожанная куртка','body','',0,'',26,0,0,8,2,1,1,1,0,0,0,2,26),(78,9,'Шлем мотоциклиста','golova','',0,'',18,0,0,5,2,1,1,1,0,0,0,2,18),(79,9,'Берцы','nogi','',0,'',14,0,0,4,2,1,1,1,0,0,0,2,14),(80,9,'Пояс рейдера','poyas','',0,'',12,0,0,3,1,1,1,1,0,0,0,2,12),(81,9,'Перчатки из толстой кожи','ruki','',0,'',14,0,0,4,2,1,1,1,0,0,0,2,14),(82,8,'Дротикомёт','weapon','fire',3,'drotiki',75,24,33,0,1,1,2,1,2,2,1,3,75),(83,8,'Маузер 9мм','weapon','fire',3,'pistoletnie',45,21,29,0,1,1,1,1,0,2,1,2,45),(84,9,'Кожаная броня','body','',0,'',36,0,0,10,3,1,1,1,0,0,0,3,36),(85,9,'Лёгкая каска','golova','',0,'',30,0,0,7,3,1,1,1,0,0,0,3,30),(86,9,'Боевые берцы','nogi','',0,'',26,0,0,6,2,1,2,1,0,0,0,3,26),(87,9,'Боевые рукавицы','ruki','',0,'',26,0,0,6,2,1,1,1,0,0,0,3,26),(88,9,'Металлический пояс','poyas','',0,'',24,0,0,5,2,1,1,1,0,0,0,3,24),(89,8,'Кастет с шипами','weapon','cold',0,'',66,11,17,0,2,1,3,1,3,0,1,4,66),(90,8,'P220 Sig Sauer','weapon','fire',3,'pistoletnie',300,35,43,0,2,1,3,3,0,4,1,6,300),(91,8,'Копьё','weapon','cold',0,'',88,16,23,0,3,1,2,1,3,0,2,4,88),(92,8,'Самодельное ружьё','weapon','fire',4,'rujeinie',200,40,50,0,2,1,1,2,0,3,2,5,200),(93,9,'Боевая кожаная броня','body','',0,'',50,0,0,14,3,1,2,1,0,0,0,4,50),(94,9,'Металлическая каска','golova','',0,'',44,0,0,10,3,1,1,1,0,0,0,4,44),(95,9,'Тяжёлый металлический пояс','poyas','',0,'',38,0,0,7,3,1,1,1,0,0,0,4,38),(96,9,'Боевые ботинки','nogi','',0,'',42,0,0,9,3,1,1,1,0,0,0,4,42),(97,9,'Тяжёлые кожаные рукавицы','ruki','',0,'',42,0,0,9,3,1,1,1,0,0,0,4,42),(98,8,'Боевой нож','weapon','cold',0,'',120,18,24,0,2,1,3,1,3,0,1,5,120),(99,8,'Кувалда','weapon','cold',0,'',150,24,33,0,5,1,2,1,3,0,2,5,150),(100,8,'Старый лазерный пистолет','weapon','fire',3,'batarei',2000,78,85,0,5,10,5,7,0,8,1,15,2000),(101,8,'Обрез','weapon','fire',2,'batarei',1400,95,105,0,13,2,4,3,0,9,2,13,1400),(102,9,'Лёгкий бронежелет','body','',0,'',70,0,0,18,2,1,2,1,0,0,0,5,70),(103,9,'Укреплёная каска','golova','',0,'',60,0,0,15,2,1,2,1,0,0,0,5,60),(104,9,'Старый пластинчатый пояс','poyas','',0,'',45,0,0,10,2,1,1,1,0,0,0,5,45),(105,9,'Металлические сапоги','nogi','',0,'',57,0,0,14,3,1,1,1,0,0,0,5,57),(106,9,'Укреплённые рукавицы','ruki','',0,'',54,0,0,12,3,1,1,1,0,0,0,5,54),(107,8,'9mm M92FS Beretta','weapon','fire',3,'pistoletnie',500,45,53,0,3,2,3,5,0,5,1,8,500),(108,8,'Бейсбольная бита','weapon','cold',0,'',230,28,34,0,3,1,2,1,4,0,2,6,230),(109,8,'Заточенное копьё','weapon','cold',0,'',300,32,38,0,4,2,3,1,5,0,2,6,300),(110,8,'Colt .45','weapon','fire',3,'avtomatnie',830,58,62,0,5,2,5,4,0,7,1,10,830),(111,9,'Бронежелет','body','',0,'',100,0,0,26,6,1,1,1,0,0,0,6,100),(112,9,'Зачарованный шлем','golova','',0,'',90,0,0,20,4,1,1,1,0,0,0,6,90),(113,9,'Пояс паладина','poyas','',0,'',70,0,0,14,4,1,1,1,0,0,0,6,70),(114,9,'Укреплённые металлические сапоги','nogi','',0,'',85,0,0,18,4,1,1,1,0,0,0,6,85),(115,9,'Укреплённые металлические рукавицы','ruki','',0,'',80,0,0,16,4,1,1,1,0,0,0,6,80),(116,9,'Лёгкий шлем','golova','',0,'',16,0,0,4,1,1,2,1,0,0,0,2,16),(117,9,'Лёгкие сапоги','nogi','',0,'',12,0,0,3,1,1,2,1,0,0,0,2,12),(118,9,'Перчатки охотника','ruki','',0,'',12,0,0,3,1,1,2,1,0,0,0,2,12),(119,9,'Старая кожаная куртка','body','',0,'',30,0,0,8,1,1,3,1,0,0,0,3,30),(120,9,'Разведшлем','golova','',0,'',28,0,0,6,1,1,2,2,0,0,0,3,28),(121,9,'Лёгкие берцы','nogi','',0,'',25,0,0,5,1,1,2,1,0,0,0,3,25),(122,9,'Рукавицы из плотной кожи','ruki','',0,'',25,0,0,5,1,1,2,1,0,0,0,3,25),(123,9,'Кожаная разведброня','body','',0,'',45,0,0,12,2,1,3,1,0,0,0,4,40),(124,9,'Шлем бейсболиста','golova','',0,'',40,0,0,8,1,1,2,1,0,0,0,4,38),(125,9,'Ботинки разведчика','nogi','',0,'',40,0,0,8,1,1,2,1,0,0,0,4,40),(126,9,'Укреплёные кожаные рукавицы','ruki','',0,'',40,0,0,8,1,1,2,1,0,0,0,4,40),(127,9,'Боевые ботинки МК2','nogi','',0,'',48,0,0,12,1,1,2,1,0,0,0,5,48),(128,9,'Облегчённые рукавицы','ruki','',0,'',46,0,0,10,1,1,2,1,0,0,0,5,46),(129,9,'Облегчённая броня','body','',0,'',80,0,0,22,1,1,2,2,0,0,0,6,80),(130,9,'Шлем рейдера-снайпера','golova','',0,'',70,0,0,16,1,1,3,3,0,0,0,6,70),(131,9,'Сапоги разведчика','nogi','',0,'',65,0,0,16,1,1,2,3,0,0,0,6,65),(132,9,'Рукавицы разведчика','ruki','',0,'',60,0,0,14,1,1,2,3,0,0,0,6,60),(142,8,'Мачете','weapon','cold',0,'',370,27,33,0,3,1,5,1,6,0,1,7,370),(143,1,'Мачете','weapon','cold',0,'',370,27,33,0,3,1,5,1,6,0,1,7,370),(144,8,'Клинок Вакидо','weapon','cold',0,'',450,31,36,0,3,2,4,1,6,0,1,8,450),(145,1,'Клинок Вакидзаси','weapon','cold',0,'',450,31,36,0,3,2,4,1,6,0,1,8,450),(146,8,'Погонялка для скота','weapon','cold',0,'',550,34,40,0,2,3,3,2,5,0,1,9,550),(147,1,'Погонялка для скота','weapon','cold',0,'',550,34,40,0,2,3,3,2,5,0,1,9,550),(148,8,'Силовой кулак','weapon','cold',0,'',700,60,68,0,8,3,3,2,7,0,2,10,700),(149,1,'Силовой кулак','weapon','cold',0,'',700,60,68,0,8,3,3,2,7,0,2,10,700),(150,8,'Потрошитель','weapon','cold',0,'',666,40,44,0,5,2,5,1,6,0,1,10,666),(151,1,'Потрошитель','weapon','cold',0,'',666,40,44,0,5,2,5,1,6,0,1,10,666),(152,8,'Улучшенная погонялка для скота','weapon','cold',0,'',790,46,52,0,4,3,5,2,5,0,1,11,790),(153,1,'Улучшенная погонялка для скота','weapon','cold',0,'',790,46,52,0,4,3,5,2,5,0,1,11,790),(154,8,'Супер кувалда','weapon','cold',0,'',850,80,86,0,9,3,4,1,8,0,2,13,850),(155,1,'Супер кувалда','weapon','cold',0,'',850,80,86,0,9,3,4,1,8,0,2,13,850),(156,8,'Улучшенный силовой кулак','weapon','cold',0,'',1000,90,100,0,9,4,5,2,8,0,2,15,1000),(157,1,'Улучшенный силовой кулак','weapon','cold',0,'',1000,90,100,0,9,4,5,2,8,0,2,15,1000),(158,8,'Самодельный пистолет','weapon','fire',2,'pistoletnie',20,20,27,0,1,1,1,1,0,1,1,1,20),(159,1,'Самодельный пистолет','weapon','fire',2,'pistoletnie',20,20,27,0,1,1,1,1,0,1,1,1,20),(160,8,'Browning HP','weapon','fire',3,'pistoletnie',350,40,47,0,2,1,3,4,0,4,1,7,350),(161,1,'Browning HP','weapon','fire',3,'pistoletnie',350,40,47,0,2,1,3,4,0,4,1,7,350),(162,8,'9mm Calico M-950','weapon','fire',3,'pistoletnie',700,50,55,0,5,3,4,3,0,6,1,9,700),(163,1,'9mm Calico M-950','weapon','fire',3,'pistoletnie',700,50,55,0,5,3,4,3,0,6,1,9,700),(164,8,'Охотничья винтовка','weapon','fire',5,'vintovochnie',3500,170,182,0,14,5,9,13,0,18,3,20,3500),(165,1,'Охотничья винтовка','weapon','fire',5,'vintovochnie',3500,170,182,0,14,5,9,13,0,18,3,20,3500),(166,8,'M-14','weapon','fire',4,'vintovochnie',4000,112,128,0,15,4,10,13,0,20,1,22,4000),(167,1,'M-14','weapon','fire',4,'vintovochnie',4000,112,128,0,15,4,10,13,0,20,1,22,4000),(168,8,'Боевой дробовик','weapon','fire',2,'rujeinie',3800,165,196,0,16,6,12,10,0,19,2,22,3800),(169,1,'Боевой дробовик','weapon','fire',2,'rujeinie',3800,165,196,0,16,6,12,10,0,19,2,22,3800),(170,8,'M3A1 &quot;Шприц-Маслёнка&quot;','weapon','fire',3,'',3600,113,127,0,12,5,10,10,0,16,1,21,3600),(171,1,'M3A1 &quot;Шприц-Маслёнка&quot;','weapon','fire',3,'',3600,113,127,0,12,5,10,10,0,16,1,21,3600),(172,8,'Tommy Gun','weapon','fire',3,'avtomatnie',3100,110,124,0,15,5,8,7,0,18,1,20,3100),(173,1,'Tommy Gun','weapon','fire',3,'avtomatnie',3100,110,124,0,15,5,8,7,0,18,1,20,3100),(174,8,'10mm SMG','weapon','fire',3,'avtomatnie',3000,103,117,0,13,7,8,8,0,16,1,20,3000),(175,1,'10mm SMG','weapon','fire',3,'avtomatnie',3000,103,117,0,13,7,8,8,0,16,1,20,3000),(176,8,'MP5 H&amp;K','weapon','fire',4,'pistoletnie',3000,102,115,0,10,5,9,11,0,18,1,19,3000),(177,1,'MP5 H&amp;K','weapon','fire',4,'pistoletnie',3000,102,115,0,10,5,9,11,0,18,1,19,3000),(178,8,'Дробовик','weapon','fire',2,'rujeinie',2450,150,165,0,15,4,10,8,0,15,1,18,2450),(179,1,'Дробовик','weapon','fire',2,'rujeinie',2450,150,165,0,15,4,10,8,0,15,1,18,2450),(180,8,'Sten Gun','weapon','fire',3,'pistoletnie',2500,95,100,0,10,5,9,9,0,16,1,18,2500),(181,1,'Sten Gun','weapon','fire',3,'pistoletnie',2500,95,100,0,10,5,9,9,0,16,1,18,2500),(182,8,'Walther MPL','weapon','fire',3,'pistoletnie',2300,91,100,0,10,5,8,9,0,15,1,17,2300),(183,1,'Walther MPL','weapon','fire',3,'pistoletnie',2300,91,100,0,10,5,8,9,0,15,1,17,2300),(184,8,'Calico Liberty 100','weapon','fire',3,'pistoletnie',2000,87,94,0,11,5,8,6,0,13,1,16,2000),(185,1,'Calico Liberty 100','weapon','fire',3,'pistoletnie',2000,87,94,0,11,5,8,6,0,13,1,16,2000),(186,8,'Scorpion','weapon','fire',3,'pistoletnie',1750,83,91,0,9,4,6,7,0,12,1,15,1750),(187,1,'Scorpion','weapon','fire',3,'pistoletnie',1750,83,91,0,9,4,6,7,0,12,1,15,1750),(188,8,'Uzi','weapon','fire',3,'pistoletnie',1600,81,88,0,8,4,5,6,0,10,1,15,1600),(189,1,'Uzi','weapon','fire',3,'pistoletnie',1600,81,88,0,8,4,5,6,0,10,1,15,1600),(190,8,'Двухстволка','weapon','fire',2,'rujeinie',1700,110,122,0,15,3,5,4,0,11,2,15,1700),(191,1,'Двухстволка','weapon','fire',2,'rujeinie',1700,110,122,0,15,3,5,4,0,11,2,15,1700),(192,8,'10mm пистолет','weapon','fire',3,'avtomatnie',1000,63,70,0,6,3,6,4,0,8,1,10,1000),(193,1,'10mm пистолет','weapon','fire',3,'avtomatnie',1000,63,70,0,6,3,6,4,0,8,1,10,1000),(194,8,'.44 Magnum','weapon','fire',3,'avtomatnie',1100,65,73,0,8,2,5,3,0,8,1,11,1100),(195,1,'.44 Magnum','weapon','fire',3,'avtomatnie',1100,65,73,0,8,2,5,3,0,8,1,11,1100),(196,8,'Desert Eagle','weapon','fire',3,'avtomatnie',1250,70,79,0,10,3,6,5,0,10,1,13,1250),(197,1,'Desert Eagle','weapon','fire',3,'avtomatnie',1250,70,79,0,10,3,6,5,0,10,1,13,1250),(199,20,'Маузер MD-4','weapon','fire',3,'avtomatnie',375,65,73,0,1,1,1,1,1,1,1,10,375);
/*!40000 ALTER TABLE `buildings_shop` ENABLE KEYS */;
UNLOCK TABLES;

--
-- Table structure for table `buildings_sklad`
--

DROP TABLE IF EXISTS `buildings_sklad`;
/*!40101 SET @saved_cs_client     = @@character_set_client */;
/*!40101 SET character_set_client = utf8 */;
CREATE TABLE `buildings_sklad` (
  `id` int(11) NOT NULL AUTO_INCREMENT,
  `usr` int(11) NOT NULL,
  `name` varchar(50) COLLATE utf8_unicode_ci NOT NULL,
  `tip` varchar(10) COLLATE utf8_unicode_ci NOT NULL,
  `pod_tip` varchar(5) COLLATE utf8_unicode_ci NOT NULL,
  `distany` int(2) NOT NULL,
  `patrons` varchar(15) COLLATE utf8_unicode_ci NOT NULL,
  `cena` int(11) NOT NULL,
  `umin` int(11) NOT NULL,
  `umax` int(11) NOT NULL,
  `protect` int(11) NOT NULL,
  `nsila` int(11) NOT NULL,
  `num` int(11) NOT NULL,
  `nlovk` int(11) NOT NULL,
  `nmetkost` int(11) NOT NULL,
  `ncold_weapon` int(11) NOT NULL,
  `nfire_weapon` int(11) NOT NULL,
  `nenergy` int(11) NOT NULL,
  `nlvl` int(3) NOT NULL,
  PRIMARY KEY (`id`)
) ENGINE=MyISAM AUTO_INCREMENT=19 DEFAULT CHARSET=utf8 COLLATE=utf8_unicode_ci;
/*!40101 SET character_set_client = @saved_cs_client */;

--
-- Dumping data for table `buildings_sklad`
--

LOCK TABLES `buildings_sklad` WRITE;
/*!40000 ALTER TABLE `buildings_sklad` DISABLE KEYS */;
INSERT INTO `buildings_sklad` VALUES (3,1274,'Трость','weapon','cold',0,'',6,2,3,0,0,0,0,0,0,0,1,1),(4,1274,'Довоенный костюм','body','',0,'',4,0,0,2,0,0,0,0,0,0,0,1),(5,1274,'Старый пояс','poyas','',0,'',2,0,0,1,0,0,0,0,0,0,0,1),(6,1274,'Сапоги из кожи брамина','nogi','',0,'',2,0,0,1,0,0,0,0,0,0,0,1),(7,1274,'Довоенная шляпа','golova','',0,'',4,0,0,2,0,0,0,0,0,0,0,1),(8,1274,'Старые перчатки','ruki','',0,'',2,0,0,1,0,0,0,0,0,0,0,1),(9,1274,'Пистолет \"Комар\"','weapon','fire',2,'pistoletnie',8,11,14,0,0,0,0,0,0,0,1,1),(12,1259,'Копьё','weapon','cold',0,'',88,16,23,0,3,1,2,1,3,0,2,4),(13,1259,'Пистолет \"Комар\"','weapon','fire',2,'pistoletnie',8,11,14,0,0,0,0,0,0,0,1,1),(14,1259,'Трость','weapon','cold',0,'',6,2,3,0,0,0,0,0,0,0,1,1),(15,1259,'Кожаная разведброня','body','',0,'',45,0,0,12,2,1,3,1,0,0,0,4),(16,1259,'Маузер 9мм','weapon','fire',3,'pistoletnie',45,21,29,0,1,1,1,1,0,2,1,2),(17,1259,'Сапоги из кожи брамина','nogi','',0,'',2,0,0,1,0,0,0,0,0,0,0,1);
/*!40000 ALTER TABLE `buildings_sklad` ENABLE KEYS */;
UNLOCK TABLES;

--
-- Table structure for table `buildings_sklad_mediks`
--

DROP TABLE IF EXISTS `buildings_sklad_mediks`;
/*!40101 SET @saved_cs_client     = @@character_set_client */;
/*!40101 SET character_set_client = utf8 */;
CREATE TABLE `buildings_sklad_mediks` (
  `id` int(11) NOT NULL AUTO_INCREMENT,
  `usr` int(11) NOT NULL,
  `name` varchar(30) COLLATE utf8_unicode_ci NOT NULL,
  `medik` varchar(30) COLLATE utf8_unicode_ci NOT NULL,
  `what` varchar(10) COLLATE utf8_unicode_ci NOT NULL,
  `regeneration` int(11) NOT NULL,
  `cena` int(11) NOT NULL,
  `kol` int(11) NOT NULL,
  PRIMARY KEY (`id`)
) ENGINE=MyISAM AUTO_INCREMENT=2 DEFAULT CHARSET=utf8 COLLATE=utf8_unicode_ci;
/*!40101 SET character_set_client = @saved_cs_client */;

--
-- Dumping data for table `buildings_sklad_mediks`
--

LOCK TABLES `buildings_sklad_mediks` WRITE;
/*!40000 ALTER TABLE `buildings_sklad_mediks` DISABLE KEYS */;
/*!40000 ALTER TABLE `buildings_sklad_mediks` ENABLE KEYS */;
UNLOCK TABLES;

--
-- Table structure for table `buildings_sklad_res`
--

DROP TABLE IF EXISTS `buildings_sklad_res`;
/*!40101 SET @saved_cs_client     = @@character_set_client */;
/*!40101 SET character_set_client = utf8 */;
CREATE TABLE `buildings_sklad_res` (
  `id` int(11) NOT NULL AUTO_INCREMENT,
  `usr` int(11) NOT NULL,
  `res` varchar(30) COLLATE utf8_unicode_ci NOT NULL,
  `name` varchar(30) COLLATE utf8_unicode_ci NOT NULL,
  `cena` int(11) NOT NULL,
  `kol` int(11) NOT NULL,
  PRIMARY KEY (`id`)
) ENGINE=MyISAM AUTO_INCREMENT=7 DEFAULT CHARSET=utf8 COLLATE=utf8_unicode_ci;
/*!40101 SET character_set_client = @saved_cs_client */;

--
-- Dumping data for table `buildings_sklad_res`
--

LOCK TABLES `buildings_sklad_res` WRITE;
/*!40000 ALTER TABLE `buildings_sklad_res` DISABLE KEYS */;
INSERT INTO `buildings_sklad_res` VALUES (2,1246,'krisiniy_hvost','Крысиный хвост',2,9),(3,1246,'jalo_scorpiona','Жало скорпиона',6,1),(5,1169,'koja_bolotnika','Кожа болотника',12,2),(6,1169,'jalo_scorpiona','Жало скорпиона',6,1);
/*!40000 ALTER TABLE `buildings_sklad_res` ENABLE KEYS */;
UNLOCK TABLES;

--
-- Table structure for table `bunker`
--

DROP TABLE IF EXISTS `bunker`;
/*!40101 SET @saved_cs_client     = @@character_set_client */;
/*!40101 SET character_set_client = utf8 */;
CREATE TABLE `bunker` (
  `id` int(11) NOT NULL AUTO_INCREMENT,
  `name` int(3) NOT NULL,
  `x` int(11) NOT NULL,
  `y` int(11) NOT NULL,
  `time` varchar(12) COLLATE utf8_unicode_ci NOT NULL,
  `side` varchar(6) COLLATE utf8_unicode_ci NOT NULL,
  `hp` int(11) NOT NULL,
  `hpall` int(11) NOT NULL,
  `minlvl` int(3) NOT NULL,
  `maxlvl` int(3) NOT NULL,
  `points` int(11) NOT NULL,
  `exp` int(11) NOT NULL,
  `money` int(11) NOT NULL,
  PRIMARY KEY (`id`)
) ENGINE=MyISAM AUTO_INCREMENT=11 DEFAULT CHARSET=utf8 COLLATE=utf8_unicode_ci;
/*!40101 SET character_set_client = @saved_cs_client */;

--
-- Dumping data for table `bunker`
--

LOCK TABLES `bunker` WRITE;
/*!40000 ALTER TABLE `bunker` DISABLE KEYS */;
INSERT INTO `bunker` VALUES (1,102,17,26,'1334517824','anklav',1000,1000,1,4,100,150,30),(2,96,26,13,'1335348256','anklav',1000,1000,1,4,100,150,30),(3,112,6,1,'1335299501','bstil',1000,1000,1,4,100,150,30),(4,86,23,6,'1335554009','anklav',2000,2000,4,7,200,200,60),(5,54,5,12,'1334816294','bstil',2000,2000,4,7,200,200,60),(6,13,9,26,'1335522368','anklav',3000,3000,5,10,300,300,110),(7,11,18,10,'1335516151','anklav',3000,3000,5,10,300,300,110),(8,77,22,1,'1333440766','bstil',5000,5000,10,15,400,500,220),(9,43,6,16,'1333369295','bstil',5000,5000,10,15,400,500,220),(10,0,30,15,'1335519598','anklav',10000,10000,5,30,1000,500,300);
/*!40000 ALTER TABLE `bunker` ENABLE KEYS */;
UNLOCK TABLES;

--
-- Table structure for table `clans`
--

DROP TABLE IF EXISTS `clans`;
/*!40101 SET @saved_cs_client     = @@character_set_client */;
/*!40101 SET character_set_client = utf8 */;
CREATE TABLE `clans` (
  `id` int(11) NOT NULL AUTO_INCREMENT,
  `name` varchar(30) COLLATE utf8_unicode_ci NOT NULL,
  `side` varchar(6) COLLATE utf8_unicode_ci NOT NULL,
  `exp` int(11) NOT NULL,
  `lvl` int(3) NOT NULL,
  `gerb` varchar(40) COLLATE utf8_unicode_ci NOT NULL,
  PRIMARY KEY (`id`)
) ENGINE=MyISAM AUTO_INCREMENT=4 DEFAULT CHARSET=utf8 COLLATE=utf8_unicode_ci;
/*!40101 SET character_set_client = @saved_cs_client */;

--
-- Dumping data for table `clans`
--

LOCK TABLES `clans` WRITE;
/*!40000 ALTER TABLE `clans` DISABLE KEYS */;
INSERT INTO `clans` VALUES (1,'Администрация','bstil',5993,2,'11.gif'),(2,'For_we_are_many','anklav',219126,7,'1.gif'),(3,'Gladiators','bstil',156668,6,'10.gif');
/*!40000 ALTER TABLE `clans` ENABLE KEYS */;
UNLOCK TABLES;

--
-- Table structure for table `clans_chat`
--

DROP TABLE IF EXISTS `clans_chat`;
/*!40101 SET @saved_cs_client     = @@character_set_client */;
/*!40101 SET character_set_client = utf8 */;
CREATE TABLE `clans_chat` (
  `id` int(11) NOT NULL AUTO_INCREMENT,
  `usr` int(11) NOT NULL,
  `text` text CHARACTER SET utf8 COLLATE utf8_unicode_ci NOT NULL,
  `time` varchar(8) CHARACTER SET utf8 COLLATE utf8_unicode_ci NOT NULL,
  `clan` int(11) NOT NULL,
  PRIMARY KEY (`id`)
) ENGINE=MyISAM AUTO_INCREMENT=57 DEFAULT CHARSET=cp1251;
/*!40101 SET character_set_client = @saved_cs_client */;

--
-- Dumping data for table `clans_chat`
--

LOCK TABLES `clans_chat` WRITE;
/*!40000 ALTER TABLE `clans_chat` DISABLE KEYS */;
INSERT INTO `clans_chat` VALUES (1,727,'Тестирование','14:47',1),(15,1278,'Щас приглашение протестю...','20:23',1),(16,1278,'Работает)Активных рефералов: 1','20:28',1),(17,727,'Мультом?','20:33',1),(18,1278,'Логин:Test Пароль:123456789 ним будем тестить(противоположная сторона)','20:35',1),(19,727,'Ясно :)','20:37',1),(20,1278,'Щас малость форум подкоректирую,народ надо розбудить..','20:38',1),(21,1278,'Кстати тем если не занят и не сложно можешь махнуть ник с Танка на Кеп','20:40',1),(22,727,'Тест переноса','20:46',1),(23,727,'Тест переноса','20:49',1),(24,727,'Сделал)','20:49',1),(25,1278,'Может добавим пару платных услуг? К примеру смена аватара,сброс статов..?','20:49',1),(26,727,'Я собирался, позже.На сегодня пока все :)','20:51',1),(27,1278,'Тема,а карту переписать тяжело? Не знаешь?','20:54',1),(28,1278,'http://kandagargame.ru/ вот такой же сайт был как и наш даже меню было грез войны..','21:07',1),(29,727,'А что в карте не так?','21:17',1),(30,1278,'Просто много таких сайтов как это видели везде одна и таже карта.. Может давай я норм историю при регестрации напишу? А то как то скучновато)','21:21',1),(31,727,'пиши :)','21:33',1),(32,1278,'бЛЯ чувствую подзаебусь я:) Я просто не играл всю характеристику игры прочитал...итал можно приступать)))) Темыч посмотри какя мне мысль пришла.. Поставь тач тему как стандартную и вот такую картинку на главную http://i013.radikal.ru/0807/6e/33def8554143.jpg   и будет бест оф зе бест','00:18',1),(33,1278,'По цвету ну очень-очень красиво будет)','00:21',1),(34,727,'Не, пусть так.Просто вид всех устраивает, и надо лучше функционал делать.Спасибо конечно что порылся :)','00:23',1),(35,1278,'Жаль:( ОЧЕНЬ ЖАЛЬ.. Давай хоть тестово поставим. Ну офигенно же будет,меня просто грезы уже достали:(','00:26',1),(36,1278,'Дельное дело с темой и картинкой) Надо быть особенным,а не копирывать чужие идеи... Ну и Тем,можно ли сделать на каждое оружие картинку? Я найду из этой же игры) И названия не поленюсь все поменяй, тоже из фолаута... Давай быть особенными не похожими не на кого)','00:45',1),(37,1278,'А снизу можно написать так- Добавь в закладки superwar.ru Онлайн-игра Fallout(и картинка ВК&quot;Сохранить&quot;)вот с этой ссылкой http://vk.com/share.php?url=http://superwar.ru/index.php','01:36',1),(38,727,'Что за грёзы?)','13:56',1),(39,1278,'Тем,а ты не будешь против если монстров переставить? Поставить монстров только в пещерах в самом начале слабые и не агресивные,а потом посельнее и в конце главарь с которого выпадает шмот)','14:00',1),(40,1278,'dreamwar.ru','14:00',1),(41,1278,'Копия как у нас со стандартной темкой)','14:14',1),(42,727,'Нифига, реально похоже, но все таки не так)','16:23',1),(43,727,'Они вроде и так стоят по уровню распределены)','16:24',1),(44,1278,'А можно както,разделить при регестрации на три рассы стрелок,воин и маг? И у каждого будут свои професии. Стрелок может носить только Стрелковое оружие, воин может только мечи и т.д. А маг может наносить урон с любой точки и носить там магические вещи?','16:38',1),(45,1278,'А как вообще такой сайт создат можно?','16:41',1),(47,1149,'Оплачиваю  мин оплату за убежище 100$ каждому в премию за захват убежища )))','17:15',2),(49,1259,'чёто тут глухо как в танке','15:47',2),(53,1127,'какой понт от клана?','16:55',3),(54,1259,'ау дяди вы вообще сюда заходите а?','12:37',2),(55,1194,':)','14:24',3),(56,1285,'Это конечно хорошо,оплата за захват,только вот нигде не отображается к сожалению какое именно убежище и когда захватил :)','08:11',2);
/*!40000 ALTER TABLE `clans_chat` ENABLE KEYS */;
UNLOCK TABLES;

--
-- Table structure for table `clans_users`
--

DROP TABLE IF EXISTS `clans_users`;
/*!40101 SET @saved_cs_client     = @@character_set_client */;
/*!40101 SET character_set_client = utf8 */;
CREATE TABLE `clans_users` (
  `id` int(11) NOT NULL AUTO_INCREMENT,
  `usr` int(11) NOT NULL,
  `clan` int(11) NOT NULL,
  `titul` int(1) NOT NULL,
  PRIMARY KEY (`id`)
) ENGINE=MyISAM AUTO_INCREMENT=17 DEFAULT CHARSET=cp1251;
/*!40101 SET character_set_client = @saved_cs_client */;

--
-- Dumping data for table `clans_users`
--

LOCK TABLES `clans_users` WRITE;
/*!40000 ALTER TABLE `clans_users` DISABLE KEYS */;
INSERT INTO `clans_users` VALUES (1,727,1,5),(2,1149,2,5),(7,1361,2,0),(8,1274,3,5),(13,1259,2,0),(11,1169,2,4),(14,1194,3,3),(15,1127,3,3),(16,1285,2,0);
/*!40000 ALTER TABLE `clans_users` ENABLE KEYS */;
UNLOCK TABLES;

--
-- Table structure for table `dominate`
--

DROP TABLE IF EXISTS `dominate`;
/*!40101 SET @saved_cs_client     = @@character_set_client */;
/*!40101 SET character_set_client = utf8 */;
CREATE TABLE `dominate` (
  `bstil` int(11) NOT NULL,
  `anklav` int(11) NOT NULL
) ENGINE=MyISAM DEFAULT CHARSET=cp1251;
/*!40101 SET character_set_client = @saved_cs_client */;

--
-- Dumping data for table `dominate`
--

LOCK TABLES `dominate` WRITE;
/*!40000 ALTER TABLE `dominate` DISABLE KEYS */;
INSERT INTO `dominate` VALUES (1500,1600);
/*!40000 ALTER TABLE `dominate` ENABLE KEYS */;
UNLOCK TABLES;

--
-- Table structure for table `drop_mediks`
--

DROP TABLE IF EXISTS `drop_mediks`;
/*!40101 SET @saved_cs_client     = @@character_set_client */;
/*!40101 SET character_set_client = utf8 */;
CREATE TABLE `drop_mediks` (
  `id` int(11) NOT NULL AUTO_INCREMENT,
  `name` varchar(30) COLLATE utf8_unicode_ci NOT NULL,
  `medik` varchar(30) COLLATE utf8_unicode_ci NOT NULL,
  `what` varchar(10) COLLATE utf8_unicode_ci NOT NULL,
  `regeneration` int(11) NOT NULL,
  `cena` int(11) NOT NULL,
  PRIMARY KEY (`id`)
) ENGINE=MyISAM AUTO_INCREMENT=6 DEFAULT CHARSET=utf8 COLLATE=utf8_unicode_ci;
/*!40101 SET character_set_client = @saved_cs_client */;

--
-- Dumping data for table `drop_mediks`
--

LOCK TABLES `drop_mediks` WRITE;
/*!40000 ALTER TABLE `drop_mediks` DISABLE KEYS */;
INSERT INTO `drop_mediks` VALUES (1,'Министимулятор','ministimulyator','hp',15,4),(2,'Чистая вода','chistaya_voda','hp',14,2),(3,'Стимулятор','stimulyator','hp',40,4),(4,'Ядер кола','yader_kola','energy',5,2),(5,'Квантовая ядер кола','kv_yader_kola','energy',10,3);
/*!40000 ALTER TABLE `drop_mediks` ENABLE KEYS */;
UNLOCK TABLES;

--
-- Table structure for table `drop_res`
--

DROP TABLE IF EXISTS `drop_res`;
/*!40101 SET @saved_cs_client     = @@character_set_client */;
/*!40101 SET character_set_client = utf8 */;
CREATE TABLE `drop_res` (
  `id` int(11) NOT NULL AUTO_INCREMENT,
  `res` varchar(30) COLLATE utf8_unicode_ci NOT NULL,
  `name` varchar(30) COLLATE utf8_unicode_ci NOT NULL,
  `cena` int(11) NOT NULL,
  PRIMARY KEY (`id`)
) ENGINE=MyISAM AUTO_INCREMENT=6 DEFAULT CHARSET=utf8 COLLATE=utf8_unicode_ci;
/*!40101 SET character_set_client = @saved_cs_client */;

--
-- Dumping data for table `drop_res`
--

LOCK TABLES `drop_res` WRITE;
/*!40000 ALTER TABLE `drop_res` DISABLE KEYS */;
INSERT INTO `drop_res` VALUES (1,'krisiniy_hvost','Крысиный хвост',2),(2,'jalo_scorpiona','Жало скорпиона',6),(3,'yadro_robota','Ядро робота',10),(4,'koja_bolotnika','Кожа болотника',12),(5,'antena_robota_robko','Антена робота РобКо',16);
/*!40000 ALTER TABLE `drop_res` ENABLE KEYS */;
UNLOCK TABLES;

--
-- Table structure for table `drop_vesh`
--

DROP TABLE IF EXISTS `drop_vesh`;
/*!40101 SET @saved_cs_client     = @@character_set_client */;
/*!40101 SET character_set_client = utf8 */;
CREATE TABLE `drop_vesh` (
  `id` int(11) NOT NULL AUTO_INCREMENT,
  `name` varchar(50) COLLATE utf8_unicode_ci NOT NULL,
  `tip` varchar(10) COLLATE utf8_unicode_ci NOT NULL,
  `pod_tip` varchar(5) COLLATE utf8_unicode_ci NOT NULL,
  `distany` int(2) NOT NULL,
  `patrons` varchar(15) COLLATE utf8_unicode_ci NOT NULL,
  `cena` int(11) NOT NULL,
  `umin` int(11) NOT NULL,
  `umax` int(11) NOT NULL,
  `protect` int(11) NOT NULL,
  `nsila` int(11) NOT NULL,
  `num` int(11) NOT NULL,
  `nlovk` int(11) NOT NULL,
  `nmetkost` int(11) NOT NULL,
  `ncold_weapon` int(11) NOT NULL,
  `nfire_weapon` int(11) NOT NULL,
  `nenergy` int(11) NOT NULL,
  `nlvl` int(3) NOT NULL,
  PRIMARY KEY (`id`)
) ENGINE=MyISAM DEFAULT CHARSET=utf8 COLLATE=utf8_unicode_ci;
/*!40101 SET character_set_client = @saved_cs_client */;

--
-- Dumping data for table `drop_vesh`
--

LOCK TABLES `drop_vesh` WRITE;
/*!40000 ALTER TABLE `drop_vesh` DISABLE KEYS */;
/*!40000 ALTER TABLE `drop_vesh` ENABLE KEYS */;
UNLOCK TABLES;

--
-- Table structure for table `forum_cats`
--

DROP TABLE IF EXISTS `forum_cats`;
/*!40101 SET @saved_cs_client     = @@character_set_client */;
/*!40101 SET character_set_client = utf8 */;
CREATE TABLE `forum_cats` (
  `id` int(3) NOT NULL AUTO_INCREMENT,
  `id_cat` int(3) NOT NULL,
  `name` varchar(50) NOT NULL,
  `text` varchar(500) NOT NULL,
  PRIMARY KEY (`id`)
) ENGINE=MyISAM AUTO_INCREMENT=14 DEFAULT CHARSET=utf8;
/*!40101 SET character_set_client = @saved_cs_client */;

--
-- Dumping data for table `forum_cats`
--

LOCK TABLES `forum_cats` WRITE;
/*!40000 ALTER TABLE `forum_cats` DISABLE KEYS */;
INSERT INTO `forum_cats` VALUES (1,0,'Новости игры','Обсуждаем нововведения и обновления.'),(3,0,'Общение','Кульное общение на разные темы!'),(4,0,'Помощь','Помощь по вопросам игры, от \"старичков\".'),(5,0,'Отряды','Темы кланов, создают только главы отрядов.'),(6,0,'Ошибки сайта','О всех багах сообщать сюда, учтеться и исправиться...'),(7,0,'Предложения','Предложения по игре, выражайте свои дельные мысли.'),(10,0,'Спортивный','Все спорцмены отписались, игра должна знать их в лицо.'),(11,0,'Интересы','У вас есть интерес схожий с другим, собери еще людей.'),(12,0,'Города','Города, области, встречи, отношения...'),(13,0,'Разное','Если вы не нашли раздел для своей темы, начинайте ее здесь!');
/*!40000 ALTER TABLE `forum_cats` ENABLE KEYS */;
UNLOCK TABLES;

--
-- Table structure for table `forum_msg`
--

DROP TABLE IF EXISTS `forum_msg`;
/*!40101 SET @saved_cs_client     = @@character_set_client */;
/*!40101 SET character_set_client = utf8 */;
CREATE TABLE `forum_msg` (
  `id` int(6) NOT NULL AUTO_INCREMENT,
  `id_cat` int(3) NOT NULL,
  `id_topic` int(5) NOT NULL,
  `text` text NOT NULL,
  `login` varchar(20) DEFAULT NULL,
  `login_id` int(11) NOT NULL,
  `time` varchar(10) NOT NULL,
  `edit_login` varchar(20) NOT NULL,
  `edit_time` varchar(10) NOT NULL,
  PRIMARY KEY (`id`)
) ENGINE=MyISAM AUTO_INCREMENT=284 DEFAULT CHARSET=utf8;
/*!40101 SET character_set_client = @saved_cs_client */;

--
-- Dumping data for table `forum_msg`
--

LOCK TABLES `forum_msg` WRITE;
/*!40000 ALTER TABLE `forum_msg` DISABLE KEYS */;
INSERT INTO `forum_msg` VALUES (1,1,1,'В этом разделе могут писать только представители администрации, имеющие доступ к админ панели.','Timon',727,'1327087288','',''),(4,10,3,'Пишем кто чем занимается,увлекается и т.д.','stasik',1115,'1327165913','I_Am_Death','1327361716'),(6,10,3,'Турниками и люблю мото-спорт','I_Am_Death',1169,'1327186684','',''),(7,7,4,'Админ поставь чтобы можно было продавать патроны как ресурсы.','I_Am_Death',1169,'1327190655','',''),(8,10,3,'На турниках и на брусьях :)','Timon',727,'1327214158','',''),(9,12,5,'Все земляки,отписываемся, не ленимся ;)','Timon',727,'1327214271','',''),(10,7,4,'Зачем?они же с мобов не падают','stasik',1115,'1327225825','',''),(11,10,3,'Раньше футбол,сейчас настольный теннис','stasik',1115,'1327225871','',''),(13,7,4,'stasik, выпадают','I_Am_Death',1169,'1327235517','',''),(149,4,30,'Выплатил :)','Артём',727,'1333043138','',''),(124,7,23,'Создана новая тема,в которой очень удобно играть:)','Кеп',1278,'1332741952','',''),(18,7,4,'Патроны?)','Timon',727,'1327251154','',''),(19,7,4,'Timon, да боезапас. Пистолетные патроны и т.д','I_Am_Death',1169,'1327254823','',''),(20,7,4,'На каком мобе?','stasik',1115,'1327256726','',''),(21,7,4,'stasik, на разных. Играй и узнаеш','I_Am_Death',1169,'1327257092','',''),(22,7,7,'Чтоб можно было сбрасывать способности и статы,а то бывает не правильно распределишь и потом вещей не купить.','stasik',1115,'1327257469','stasik','1327257816'),(24,7,7,'stasik, ну в этом и суть, что бы сначала вещи подобрать, а потом раскидать, за деньги можно снятие статтов сделать :)','Timon',727,'1327260202','',''),(25,10,3,'Настольный теннис обожаю тоже :)','Timon',727,'1327260268','',''),(28,3,9,'Выкладываен здесь ссылки на ваше личное фото.:) Ссылка не должна быть длинной как поезд:) ','stasik',1115,'1327260565','I_Am_Death','1332978439'),(29,3,9,'vkontakte.ru/id88621790','stasik',1115,'1327260675','',''),(31,7,7,'Я же не говорю бесплатно,но можно за 100$','stasik',1115,'1327260892','',''),(34,7,7,'Неа 100$ это дешево. Лучше за 1000$','I_Am_Death',1169,'1327261030','',''),(35,7,7,'А 1000$ много,так да уж 500$','stasik',1115,'1327261180','',''),(36,7,10,'Мое предложение состоит в том чтоб в игру было добавлено  больше брони ( т.к сейчас броня не выше 6ур) больше мобов (более высоких уровней чтоб кач и дроб был)  и больше заданий (даже если очень сложных) кто за? кто против? )))','Lost_Planet',1149,'1327261213','',''),(37,7,10,'Итак вроде все норм,но и правда бьют больно:)','stasik',1115,'1327261332','',''),(38,7,10,'Я за камешно. :) ','I_Am_Death',1169,'1327261362','',''),(39,7,10,'Прошу добавить это к сведенью потому что после 10ур очень сложно дальше качать персонажа у людей теряется интерес к игре ... ','Lost_Planet',1149,'1327261368','',''),(40,7,7,'stasik, нормально. Когда ты хорошо прокачаешся для тебя 1000$ будет мелоч.','I_Am_Death',1169,'1327261427','',''),(41,7,10,'stasik, это пока ты подумай как с моим уровнем качатся на мобах 10-12ур ?','Lost_Planet',1149,'1327261583','',''),(42,7,4,'я за)','flyfire',1127,'1327261783','',''),(44,7,10,'Lost_Planet, мне качатся еще долго :р','stasik',1115,'1327261903','',''),(47,7,11,'полезная штука + я за!','Lost_Planet',1149,'1327262224','',''),(48,7,11,'еще могу перки подкинуть, как в оригинале, надеюсь все играли)  и знают че и как там)','flyfire',1127,'1327262231','',''),(46,7,11,'в меню игрока хотелось бы видеть кнопку портал (маячек, свиток перемещения) ведь в оригинальном фоллауте есть быстрое перемещение в открытые локи, тут хотя б на базу сделать) а то заманался бегать, задания здавать)','flyfire',1127,'1327262116','',''),(50,7,11,'Я за +','I_Am_Death',1169,'1327262640','',''),(51,7,11,'Типо как в вов?типо в главных городах есть метро где телепорт,и там можно как бы &#039;сохранится&#039;','stasik',1115,'1327262706','',''),(52,7,12,'Думаю целеобразно будет добавить в игру как в оригинале одной тонкости ))) такую как крафт вещей, тоисть создание вещей например с определенных мобов  будут выпадать части к (оружию и т.д) чтоб крафтить мог не каждый предлогаю чтоб было добавленно пару способностей на такую роботу )))  ','Lost_Planet',1149,'1327262791','',''),(53,7,11,'*место','stasik',1115,'1327262842','',''),(54,7,12,'+','stasik',1115,'1327262897','',''),(55,7,4,'Ну вообщем я за :D','stasik',1115,'1327262955','',''),(56,7,12,'+','I_Am_Death',1169,'1327263044','',''),(57,7,11,'типа маяк на базу, заблудился фиг знает где, и чтоб не убиваться об моба и пешком не идти к базе, кнопку тыц, и на базе) ','flyfire',1127,'1327263095','',''),(58,7,11,'Но лучше на точках куда телепортнулся и обратно можно было. А то так если сразу в меню немного не интересно. Не побродиш. Не узнаеш где есть хорошие мобы с которых выпадают вещи и попыт.','I_Am_Death',1169,'1327263308','',''),(59,7,11,'о, в оригинале правда нет такой перки, но сдесь бы она не помешала, способность &laquo;Осторожность&raquo; герой не привлекает внимания монстров) согласитесь мужики, кумарит когда мелкие мобы нападают, когда по &laquo;делам&raquo;))) идешь)','flyfire',1127,'1327263323','',''),(60,7,11,'I_Am_Death, это ты совсем облегчить кач хочешь) +++','flyfire',1127,'1327263416','',''),(61,7,11,'flyfire, да и чтоб &quot;Осторожность&quot; зависила от уровня моба и героя ))) +  ','Lost_Planet',1149,'1327263605','',''),(62,7,11,'flyfire, да нормально все. Сойдет. И так с 7 до 10ур  прокачка идет два дня.','I_Am_Death',1169,'1327263839','',''),(63,3,9,'Не пиши темы в верхнем регистре тоесть большими буквами. ','I_Am_Death',1169,'1327263924','',''),(64,3,9,'Мое фото http://i.tabor.ru/photos/2011-11-14/3903382/6249077_640x480.jpg','I_Am_Death',1169,'1327264002','',''),(147,7,11,'Я думаю чем больше перков тем лучше, это способствует созданию уникального перса...','Albatross',1335,'1333026004','',''),(71,7,12,'с вашего разрешения я переиначу предложение) итак, крафт, в данном случае это сбор оружия по схеме, схемы можно купить в магазинах, или же у блуждающих караванщиков за ооочень большие деньги, для создания вооружения или брони из схемы потребуется дополнительный навык &laquo;ремонт&raquo; и станок) станок также можно найти в Мегатонне в мегазине оружия, за пользование станка взымается символическая сумма, 10 проц от стоимости схемы) причем если прокачал навык ремонт, то потерял в боевых качествах, так в игре появятся безобидные крафтеры и воины которые будут оплачивать их работу, взаимопомощь как грится)','flyfire',1127,'1327265442','',''),(67,7,11,'правда в оригинале нечто схожее с тем что мы обсуждаем называлась &laquo;скрытность&raquo; но осторожность круче звучит)','flyfire',1127,'1327264383','',''),(146,7,12,'с схемами то идея хорошая, но кто захочет стать &quot;безобидным крафтером&quot; именно &quot;безобидным&quot;???','Albatross',1335,'1333025540','',''),(143,13,32,'Нокиа C5-00 240х320','Albatross',1335,'1333024778','',''),(145,10,3,'вижу много кто турником увлекается я тоже, ну и футболом','Albatross',1335,'1333025110','',''),(74,7,12,'flyfire, да, звучит ... ','Lost_Planet',1149,'1327300839','',''),(75,7,11,'flyfire, согласен)))','Lost_Planet',1149,'1327300893','',''),(76,7,7,'I_Am_Death, ты смотри богатый нашолся :D','Lost_Planet',1149,'1327300959','',''),(126,6,28,'Незначительный , но баг.На торговой площади в вещевом рынке при выставлении повторно одноимённого товара, который был уже перед этим выставлен на продажу, колличество штук изменяется, а вот цена остаётся равной первой ставке.\r\nЕсли непонятно объяснил, пример:\r\nвыставил на продажу 10 крысиных хвостов по 0.5 бакса, потом выставил ещё 21 хвост по той же цене, в моей лавке колличество хвостов изменилось на 31, а вот цена как была 5$ так и осталась,хотя должна была по идее увеличиться на 20 $','HenaJleLL',1285,'1332767161','HenaJleLL','1332767193'),(80,10,3,'турник, волейбол, мото-фристайл ))) ','Lost_Planet',1149,'1327306092','',''),(116,1,27,'Коментарии к новостям.','Tank',1278,'1332693933','',''),(84,3,15,'Если у вас радостное событие\r\nЕсли вы хотите поделиться со всем миром своим счастьем\r\nЕсли нужно поздравить друга -\r\nТо вам сюда!\r\n~~~~~~~~~~~~~~~~~~ \r\n\r\nЗдесь вы можете сказать самые теплые слова тем, кто вам дорог.\r\nПринимаются любые поздравления. С Днем Рождения, Свадьбы, Развода (тоже кому то праздник). День Граненого Стакана тоже подойдет :)\r\n~~~~~~~~~~~~~~~~~~\r\nПосты не соответствующие теме будут удалены, а их Авторы наказаны. Флудите пожалуйста за  Барной Стойкой .','I_Am_Death',1169,'1327325814','I_Am_Death','1332978552'),(85,3,16,'Здесь флудим. Разговариваем о всем. Пишем что хотим.:) ~~~~~~~~~~~~~~~~~~\r\n\r\n Но не употреблять ненормативную лексику.','I_Am_Death',1169,'1327326334','I_Am_Death','1332978525'),(86,3,17,'Уважаемые Игроки, прошу прочесть эти правила и внять им! Незнание не освобождает от ответственности!\r\n~~~~~~~~~~~~~~~~~~   Запрещено:\r\nМат (мата неоскорбительного характера не бывает).\r\nНенормативная лексика (в неё включены и &quot;литературные&quot; слова)\r\nОскорбление игроков, модераторов и администрации.\r\nОскорбление религии, расы, пола, чести, достоинства и тд. Строго запрещены!\r\nКарается банном от нескольких часов, до полного блока.\r\nПримечание: завуалированый мат наказывается на усмотрение модератора (в зависимости от контекста).\r\nСоздание тем, предназначенных для других разделов, тем-дублей (копий).\r\nРеклама сайтов других игр, вредоносных приложений.\r\nПокупка/Продажа/Обмен любых атрибутов персонажа в этой, или любой другой игре. ~~~~~~~~~~~~~~~~~~    Темы городов и стран. В первый раз темы будут удалятся, в последующий - автор будет блокироваться от нескольких часов, до нескольких суток т.к для этого есть спец. раздел. Для Флуда есть спец. тема [Барная Стойка]. \r\nТемы с названиями &quot;Почему&quot;, &quot;Помогите&quot;, &quot;За что?&quot; и тому подобные будут удаляться. Пожалуйста постарайтесь в названии темы точно выразить её суть. ~~~~~~~~~~~~~~~~~~    [ВНИМАНИЕ! Правила будут дополнятся и редактироваться, для полного удобства игроков и охвата всех возможных нарушений].','I_Am_Death',1169,'1327327761','I_Am_Death','1332978155'),(120,4,30,'Создал моба: Имя Шерхан. Ваше задание найти его местоположение к примеру :X: 25; Y: 25.(приз 300 баксов)','Кеп',1278,'1332697800','',''),(121,4,30,'Нашел :)','Артём',727,'1332699073','',''),(122,4,30,'Администрация участия не берет:)','Кеп',1278,'1332705016','',''),(123,7,23,'Га га','F1sher',753,'1332711187','',''),(89,3,16,'Мне молока:)гг','stasik',1115,'1327336126','',''),(90,3,16,'stasik, :)  с вас 11.50','I_Am_Death',1169,'1327336417','',''),(91,3,16,'I_Am_Death, а кто бармен?','stasik',1115,'1327336768','',''),(92,3,16,'stasik, бармен не назначен. Пока что я, а там посмотрим.:) ','I_Am_Death',1169,'1327336956','',''),(93,3,16,'I_Am_Death, так наливай:)','stasik',1115,'1327337399','',''),(95,3,16,'Вот рюмка -&gt; \\~/ ,бочка (~) ,вот стакан [~]','stasik',1115,'1327338185','',''),(96,3,16,'stasik, интересно:)  ','I_Am_Death',1169,'1327338744','',''),(104,3,17,'P.S. Дорогие форумчане, если тема закрыта - это не значит что она удалена! В закрытом виде она еще сутки минимум будет висеть на форуме ( Это не касается бредотем и тому подобного ). Если вы все таки считаете, что тема вам эта нужна, у вас есть куча времени написать мне на рассмотрение коллективную просьбу об открытии. Но если тема будет открыта, а популярность к ней так и не вернется, или вернется на час, а потом угаснет на несколько суток снова, она будет повторно и окончательно закрыта. Приятной игры.','I_Am_Death',1169,'1327358684','I_Am_Death','1327358718'),(97,3,19,' И в сети бывает любовь. Присылайте заявку от обеих сторон мне в почту для того что бы появится в этом списке. Чтоб все знали что вы пара и любите друг друга.  Однополые пары не регистрируются. ~~~~~~~~~~~~~~~~~~  \r\nЗабракованные:\r\n\r\nтоп пуст:( подай заявку будь первым.  ~~~~~~~~~~~~~~~~~~ ','I_Am_Death',1169,'1327341251','I_Am_Death','1332978255'),(109,7,11,'В землях как выходишь стоит телепорт :)','Артём',727,'1328937653','',''),(110,7,23,'Уважаемый Артем :D Зделай вместо иконок,кнопку атаковать.А то я ели догадался что на мобов можно нападать :D ','number202',736,'1332532861','',''),(111,7,23,'number202, :)','Артём',727,'1332576498','',''),(118,6,29,'Все графические ошибки пишем сюда(мелочь,но приятно)','Tank',1278,'1332694051','',''),(117,6,28,'Сюда пишем баги,глюки,уязвимые места(за крупный баг можно получить приз)','Tank',1278,'1332694008','',''),(119,4,30,'И так здесь буду вылаживать разнообразные загадки,конкурсы. Конечно же с призами.','Кеп',1278,'1332694486','',''),(127,4,30,'Да создал там может и незаити!перса надо прокачать потом в дебри идти -','Leo',1274,'1332791676','',''),(128,6,28,'HenaJleLL, исправим :)','Артём',727,'1332795871','',''),(129,5,31,'Бойцы не принимаются, только представители администрации.','Артём',727,'1332835848','',''),(130,13,32,'Прошу отписатся по теме : Модель и размер экрана вашего телефона .','number202',736,'1332842172','',''),(131,7,33,'думаю было б здорово зделать кнопку на подобии &quot;кто тут&quot; думаю смысл ясен) ','lesvord',1231,'1332849723','',''),(132,7,34,'ну к примеру, можно зделать услугу или просто до третьего уровня возможность менять свою професию 1 рас и скидывать параметры до 3 ур) так как хочетса попробовать к примеру и то и то)','lesvord',1231,'1332850123','',''),(133,7,34,'Огромный +','stasik',1115,'1332852962','',''),(134,4,30,' X: 25; Y: 9 нашол)','lesvord',1231,'1332876311','',''),(135,7,33,'сделано :)','Артём',727,'1332876782','',''),(136,7,35,'смысл такой. У каждой стороны может быть по лидеру. Он выберается путем голосования. Тоесть он есть защитником свой стороны. В будущем он может захватывать зоны для кача тоесть 2лидера дерутса за зону и кто победит той стороне открыта фарм лока где есть возможность выбить елит шмот','lesvord',1231,'1332912307','',''),(137,13,36,'тут модераторы будут записывать кто наказан и за что.\r\n\r\nP.S ( флуд в теме будет наказуем, разрешено только оспорить наказание игрока)','lesvord',1231,'1332938678','lesvord','1332938782'),(138,13,36,'Забаненный:  Кеп [5]\r\nДата снятия бана: 28.03.12 (16:57)\r\nПричина: Использование слов верхнего регистра, в неоднократном порядке','lesvord',1231,'1332939159','',''),(142,12,5,'Привет всем :)','SACRED',762,'1333013932','',''),(140,5,31,'А я как?:) ','I_Am_Death',1169,'1332974946','',''),(141,13,32,'Nokia 3110 classic 128x160','I_Am_Death',1169,'1332975171','',''),(150,5,31,'I_Am_Death, ты представитель модераторов :)','Артём',727,'1333043173','',''),(151,5,31,'Артём, тогда надо сделать клан модераторов. Хотя бы для красоты:) ','I_Am_Death',1169,'1333060182','',''),(152,11,37,'Какую музыку любите?в каком направлении движетесь?','Артём',727,'1333117804','',''),(153,7,35,'Грёзы Войны','Кеп',1278,'1333118525','Кеп','1333118550'),(154,11,37,'Метал, альтернатива, рок. Короч в неформальном. Кстати а ты?:) ','I_Am_Death',1169,'1333118550','',''),(155,11,37,'I_Am_Death, у меня почти противоположное, рэп, придерживаюсь либо лирики либо чего то не обычного, но не слишком вульгарного :)','Артём',727,'1333118642','',''),(156,11,37,'Рок ','P_O_S_T_A_L',1361,'1333118746','',''),(157,11,37,'Меломан,начиная с Метала и вплоть Джастину Биберу','Кеп',1278,'1333118769','',''),(158,11,37,'дез, блэк метал, грайндэз, паган, фолк метал, ой кароч я завёрнут тупо на тяже :) ну конечно могу и рок и панк, альтернативки задолбить :)','Modara',1248,'1333118938','',''),(159,1,27,'Хм...счетчик форума хорошо показал себя в деле :)поясню, что это счетчик тем, а не сообщений :)','Артём',727,'1333119124','',''),(160,1,27,'Артём, Да прикольно. ','I_Am_Death',1169,'1333119343','',''),(161,11,37,'Modara, аналогично) я тож тяж)','flyfire',1127,'1333119374','',''),(162,11,37,'Приверженец Рока.В частую люблю Метал..','number202',736,'1333119563','',''),(163,4,30,'Загадка: Если человек идет на работу пешком, а назад едет на транспорте, то в целом на дорогу тратит полтора часа. Если же в оба конца он едет на транспорте, то весь путь занимает у него 30 минут. Сколько времен нужно человеку на дорогу, если на работу и назад он пойдет пешком?(приз 300 баксов)','Кеп',1278,'1333119862','',''),(164,11,37,'ёмаё!) адны металюги играют) КРУТА! :)','Modara',1248,'1333120262','',''),(166,4,38,'Доброе время суток.:) Это черный список игроков нашей любимой игры Fallout.8) \r\nЗдесь список игроков которым доверять нельзя.       \r\n[*Пока что список пуст и все послушные.*]   \r\nЕсли вас обманули писать здесь и игрок будет добавлен в этот список. Но чтоб игрок был добавлен нужно не меньше 3-х жалоб.\r\nАктивный Флуд строго запрещен.8)\r\nP.S. Просим вас не обращать внимание на прозьбы этих игроков.','I_Am_Death',1169,'1333121284','I_Am_Death','1333121337'),(167,11,37,'Modara, круто8)','I_Am_Death',1169,'1333122187','',''),(168,4,30,'2часа 30мин','Modara',1248,'1333122857','',''),(169,4,30,'2 часа','flyfire',1127,'1333123034','',''),(170,4,30,'3 часа','flyfire',1127,'1333123167','',''),(171,4,30,'1час 30 мин','P_O_S_T_A_L',1361,'1333124391','',''),(172,4,30,'1час','P_O_S_T_A_L',1361,'1333124423','',''),(173,4,30,'30 мин','P_O_S_T_A_L',1361,'1333124445','',''),(174,4,30,'Где мой приз:D','P_O_S_T_A_L',1361,'1333124507','',''),(175,4,30,'Правильно ответил Modara ','Кеп',1278,'1333125280','',''),(176,4,30,'ииииихххааааа))','Modara',1248,'1333125451','',''),(177,4,30,'Загадка:Сколько стоит 7? \r\n- 2 рубля. \r\n- Сколько стоит 21? \r\n- 4 рубля. \r\nЧто покупали и сколько стоит 105?(приз 400 баксов)','Кеп',1278,'1333125683','',''),(178,11,37,'Меломан :)','SACRED',762,'1333126232','',''),(179,4,30,'Я загадку не понял','P_O_S_T_A_L',1361,'1333126467','',''),(180,4,30,'подумай... это сложная','Кеп',1278,'1333126578','',''),(181,4,30,'Сколька стоит 7? Нет слов и магу паспорить все в гугол палезли:)','P_O_S_T_A_L',1361,'1333126711','',''),(182,4,30,'Это были номера для квартиры. &ldquo;105&rdquo; стоило 6 рублей','Modara',1248,'1333126764','',''),(183,4,30,'ы )','Modara',1248,'1333126796','',''),(184,4,30,'71','P_O_S_T_A_L',1361,'1333126827','',''),(185,4,30,'И снова Modara прав, у него походу яндекс норм работает...:) ','Кеп',1278,'1333126917','',''),(186,4,30,'гугал))','Modara',1248,'1333126967','',''),(187,4,30,'номерки для кватиры ( цифры металические)\r\n105 будет стоить 6 рублей\r\nВ гугле нашол','P_O_S_T_A_L',1361,'1333127024','',''),(188,4,30,'3G жгёт)','Modara',1248,'1333127032','',''),(189,4,30,'Не ну так не честно...Гады гГ','Кеп',1278,'1333127065','',''),(190,4,30,'его дарят один раз..но тот кому дарят не знает об этом..что это?(приз 100 баксов)','Кеп',1278,'1333127104','',''),(191,4,30,'Давай след эта соривнования у кого какой нет)','P_O_S_T_A_L',1361,'1333127160','',''),(192,4,30,'Жизнь','P_O_S_T_A_L',1361,'1333127212','',''),(193,4,30,'нет','Кеп',1278,'1333127231','',''),(194,4,30,'Дественасть))','P_O_S_T_A_L',1361,'1333127469','',''),(195,4,30,'гГ нет','Кеп',1278,'1333127491','',''),(196,4,30,'книга','Modara',1248,'1333127633','',''),(197,4,30,'нет','Кеп',1278,'1333127732','',''),(198,4,30,'слово','Modara',1248,'1333127877','',''),(199,4,30,'интелект','Modara',1248,'1333127922','',''),(200,4,30,'гГ нееет','Кеп',1278,'1333127968','',''),(201,4,30,'На какую букву наченаеца','P_O_S_T_A_L',1361,'1333127994','',''),(202,4,30,'Аха ну да..','Кеп',1278,'1333128012','',''),(203,11,37,'та да металично как то, альтернатив рок, хард рок, нью метал','Albatross',1335,'1333128327','',''),(204,4,30,'Ладно &quot;Г&quot;','Кеп',1278,'1333128410','',''),(205,4,30,'граната','Modara',1248,'1333128584','',''),(206,4,30,'близко','Кеп',1278,'1333128635','',''),(207,4,30,'гиниталии :) аахаха','Modara',1248,'1333128765','',''),(208,4,30,'Если заплатите 200 баксов  дам ответ Гг8)','Кеп',1278,'1333128985','Кеп','1333129014'),(209,4,30,'гражданство)','Modara',1248,'1333129095','',''),(210,4,30,'неа:)','Кеп',1278,'1333129131','',''),(211,4,30,'Гараскоп','P_O_S_T_A_L',1361,'1333129141','',''),(212,4,30,'Напомню условие, человек ничего об \r\nэтом не знает)','Кеп',1278,'1333129156','',''),(213,4,30,'Гемарой','P_O_S_T_A_L',1361,'1333129285','',''),(214,4,30,'герпес)','Modara',1248,'1333129288','',''),(215,3,16,'f','Кеп',1278,'1333130407','',''),(216,13,32,'PHILIPS 1400*1200','Кеп',1278,'1333130613','',''),(217,4,30,'голос','Modara',1248,'1333130692','',''),(218,4,30,'Ну да человек об этом ничего не знает, ну подумайте малость..','Кеп',1278,'1333130952','',''),(219,4,30,'гроб','Modara',1248,'1333131838','',''),(220,4,30,'Ну наконецто правильно!!!','Кеп',1278,'1333131880','',''),(221,4,30,'еее)','Modara',1248,'1333132006','',''),(222,4,30,'Что такое апиюнсино?(приз 100 баксов)','Кеп',1278,'1333133457','',''),(223,4,30,'апрель июнь сентябрь ноябрь все месяцы 30 дневные','Modara',1248,'1333133850','',''),(224,4,30,'Да','P_O_S_T_A_L',1361,'1333135044','',''),(225,11,37,'Ну я тоже люблю блэк и так далее но очень обожаю death metal','Lost_Planet',1149,'1333141732','',''),(226,11,37,'все кроме блотных\r\n','wiglard',1381,'1333168142','',''),(227,10,3,'Турник, брусья, настольный тенис, волейболл - это основные можно сказать :)','SACRED',762,'1333178604','',''),(228,3,16,'Кеп, 8)','I_Am_Death',1169,'1333181429','',''),(229,13,32,'нокиа С5-00   240х320','Modara',1248,'1333190517','',''),(230,3,39,':bla Тема хорошего настроения:rofl   Здесь игроки пишем анекдоты :) Только здесь поднимается настроение:) Читайте анекдоты и ржите.:rofl Анекдоты с (матами) запрещены. 8) Удачи всем и хорошего настроения.:)','I_Am_Death',1169,'1333216038','I_Am_Death','1333219223'),(231,7,34,'я за.','GERALD28',1306,'1333296785','',''),(232,3,40,'Начался конкурс на лучшего Мусорщика:) Тот кто первый наберет 0.99% Получит награду $1500. Получит тот кто наберет 0.99% мусора и отпишется здесь первым.:)  Второй игрок который  наберет 0.99% получит $500.8) Всем удачи Мусорщики.:) ===============\r\n1-е место занял [ timoha8134 ] ему $1500:) Ждем второго.','I_Am_Death',1169,'1333353323','I_Am_Death','1333724213'),(233,6,28,'Тоже баг наверное. Пытаюсь зайти в канализацию, нажимаю Канализация - Вход, а меня выкидывает в Казармы. Сейчас 3 раза подряд. До этого нормально заходил в Канализацию. ','Dark_Demetrius',1426,'1333389553','',''),(234,6,28,'И сейчас попробовал напасть на Кротокрыса, опять выкинуло в Казармы! :(','Dark_Demetrius',1426,'1333389778','',''),(235,5,41,'Внимание!!! Проводиться набор в клан представителей Анклава))) критерии таковы : 1) Иметь хоть 5лвл 2) Быть онлайн не мение 2 часов в сутки. Вот и все ))) обращайтесь ко мне в личку)))         ','Lost_Planet',1149,'1333404777','',''),(236,7,34,'Предлогаю чтобы можно было за деньги понятно что не маленькие, сбрасывать свои навыки и т.д . В общем одобряю предложение. Я за :)  ','Lost_Planet',1149,'1333404987','',''),(237,3,16,'Привет!мну мороженное,пироженное,гг','Stalls',1427,'1333453866','',''),(238,5,31,'думаю кл модераторов ет излишок. Мд такиеже игроки)','lesvord',1231,'1333522227','',''),(239,6,28,'Скорость загрузки страниц можна улучшить?второй день висы','Stalls',1427,'1333611098','',''),(240,13,36,'Забанен: К_О_Т\r\nПричина: Мат На: 5 часов','I_Am_Death',1169,'1333638549','',''),(241,6,42,'Когда они кончатся? ','Leo',1274,'1333712271','',''),(242,3,40,'я набрал 0.99% крышек','timoha8134',1259,'1333713653','',''),(243,6,42,'Leo, тогда,когда перестанут досить или поставят защиту от доса,либо когда поменяют хостера.','HenaJleLL',1285,'1333717570','',''),(244,3,40,'timoha8134, подходи на базу Анклав:) ','I_Am_Death',1169,'1333724033','',''),(245,3,40,'I_Am_Death, А где эта база находиться?','timoha8134',1259,'1333741913','',''),(246,3,40,'timoha8134, там где ты начинаеш свой путь.','I_Am_Death',1169,'1333865407','',''),(247,3,40,'I_Am_Death, ну я там был и нераз. А что там мне надо сделать?\r\n','timoha8134',1259,'1333879026','',''),(248,6,29,'Игра работает нормально только через оперу и встроенный браузер. При входе с других браузеров (например UC brouser) картинки и карта не отображаются. Приходится бегать наугад...','Shooshpan',1237,'1333922588','',''),(249,6,28,'Если заходить через старую оперу (к примеру 4.1) то пишет что куки устарели.','Shooshpan',1237,'1333922761','',''),(250,4,43,'Здесь можно писать вопросы по игре. Я думаю старые игроки могут помогать новичкам, так как библиотека очень скудная, и информации слишком мало.','Shooshpan',1237,'1333922987','',''),(251,11,37,'Короче компашка металюг пришла крошить мобов))','Shooshpan',1237,'1333923328','',''),(252,7,44,'заманался каждый день бегать в банк снимать проценты, нельзя ли сделать так, чтоб проценты сами капали на счет раз в сутки, допустим в 00:00?','flyfire',1127,'1333926872','',''),(253,7,44,'прикольно я смайл влепил Гг, сам того не ожидая.','flyfire',1127,'1333927059','',''),(254,4,43,'Чем яогая над бить?мой пистолет не берет','Stalls',1427,'1333988706','',''),(255,4,43,'Stalls, качнись до 10ур и возьми норм пуху. критами уложишь)))','flyfire',1127,'1334005128','',''),(256,7,45,'Тимон, ты ж обещал новые квесты, земли, перки, мобов))) я понимаю что обещанного три года ждут, но все же, извольте сесть за комп и накрапать нечто новое и досель невиданное)','flyfire',1127,'1334006081','',''),(257,3,39,'Прийшов новобранець вступати в лави Анклаву. Ну, йому командир усе що треба розказав, то й питайє:\r\n-Ну, будеш у нас служити?\r\n-Та я б залюбки, та тільки генералом.\r\nКомандир, звісно, отетерів від такої наглості. Як зібрав мізки докупи, загорлав на все горло:\r\n-ТИ ЩО, ІДІОТ?!!!\r\nМужик, відійшовши від шоку, боязко питає:\r\n-А це обов&#039;язкова умова?','flyfire',1127,'1334006428','',''),(258,3,39,'Лукас Симмс трясёт за грудки Мориарти:\r\n-Ты опять, сволочь, торговал из-под полы квантовой ядер-колой?!\r\n-Ты что, начальник, как можно?! Я давно завязал!\r\n-Да? Тогда почему возле салуна весь забор светится???','flyfire',1127,'1334008102','',''),(259,4,43,'Ясн:-)спасиб:-)','Stalls',1427,'1334031142','',''),(260,7,45,'Флай отстань от человека:)дармаед:)','Antihrist8',1194,'1334068424','',''),(261,12,46,'Общайтесь,встречайтесь,влюбляйтесь:)','Antihrist8',1194,'1334068797','',''),(262,3,40,'timoha8134, Подойти ко мне','I_Am_Death',1169,'1334119824','',''),(263,12,46,'аффтар, выпей йаду)','flyfire',1127,'1334123327','',''),(264,12,46,'Да пошло ты:)лосяра:)гг','Antihrist8',1194,'1334139132','',''),(265,12,46,'Antihrist8, сходи к Гудвину, урфинджус)','flyfire',1127,'1334163756','',''),(266,11,37,'Я меломан!','Saninto',1541,'1334515470','',''),(268,6,48,'я хочу пригласить друга но ссылка не верно зделайте что не будть(','HapyTo',1556,'1334566683','',''),(269,6,48,'Все работает, ссылка кидает на регестриацию, ведь так?','Артём',727,'1334571314','',''),(270,6,48,'Артем можна игроками сражаться!?','HapyTo',1556,'1334571995','',''),(271,6,48,'Да, и групповые есть бои, только тема не та.','Артём',727,'1334572131','',''),(272,6,48,'Откуда можна взят баксы!','HapyTo',1556,'1334572885','',''),(273,4,43,'Здесь помогут мне?','HapyTo',1556,'1334573483','',''),(274,7,49,'Кинте общий карта игры как план! А то  я запутался ходит по вокруг)!','HapyTo',1556,'1334574551','',''),(275,7,50,'Я вот выполняю задания например убить 8 собак я думал убил окла 8 но я не верно читал и вот зделайте чтобы видно склока убить монстров! жду ответов','HapyTo',1556,'1334583547','',''),(276,6,48,'В боях','Stalls',1427,'1334587085','',''),(277,6,28,'почему мне не добавили славу, я выйграл бой с игроком а вот славы как было 0 так и есть','timoha8134',1259,'1334588489','',''),(278,7,50,'HapyTo, на главной есть мои задания','Артём',727,'1334594490','',''),(279,7,50,'Артём,  ты меня не понял я имею виду  надо зделать чтобы в задние была сказано что я склока убил монстров например  : убить монстров:7/осталось:1','HapyTo',1556,'1334595301','',''),(280,10,3,'Футбол, и настольный тенис.','HapyTo',1556,'1334595492','',''),(281,7,49,'Карта не большая. Легко выучить можно.','I_Am_Death',1169,'1334644235','',''),(282,4,43,'HapyTo, да помогут. Тема для этого и создана. Чтобы помогать.','I_Am_Death',1169,'1334644485','',''),(283,4,43,'Ребятки, зачем нужны крышки от кока-колы?','Shooshpan',1237,'1335109242','','');
/*!40000 ALTER TABLE `forum_msg` ENABLE KEYS */;
UNLOCK TABLES;

--
-- Table structure for table `forum_topics`
--

DROP TABLE IF EXISTS `forum_topics`;
/*!40101 SET @saved_cs_client     = @@character_set_client */;
/*!40101 SET character_set_client = utf8 */;
CREATE TABLE `forum_topics` (
  `id` int(5) NOT NULL AUTO_INCREMENT,
  `id_cat` int(3) NOT NULL,
  `title` varchar(25) DEFAULT NULL,
  `authour` varchar(20) NOT NULL,
  `time` varchar(10) NOT NULL,
  `last_user` varchar(20) NOT NULL,
  `closed` int(1) NOT NULL,
  `top` int(1) NOT NULL,
  PRIMARY KEY (`id`)
) ENGINE=MyISAM AUTO_INCREMENT=51 DEFAULT CHARSET=utf8;
/*!40101 SET character_set_client = @saved_cs_client */;

--
-- Dumping data for table `forum_topics`
--

LOCK TABLES `forum_topics` WRITE;
/*!40000 ALTER TABLE `forum_topics` DISABLE KEYS */;
INSERT INTO `forum_topics` VALUES (1,1,'Правила раздела!','Timon','1327087288','Timon',1,1),(3,10,' Спортсмены ','stasik','1327165913','HapyTo',0,0),(27,1,'Новости','Tank','1332693932','Артём',0,0),(5,12,'Воронежская область','Timon','1327214271','SACRED',0,0),(4,7,'Патроны','I_Am_Death','1327190655','stasik',0,0),(7,7,'Предложение 2','stasik','1327257468','stasik',0,0),(9,3,'Наши Личные Фото','stasik','1327260565','I_Am_Death',0,0),(10,7,'Предложение от старика)))','Lost_Planet','1327261213','Lost_Planet',0,0),(11,7,'порталы','flyfire','1327262116','Albatross',0,0),(12,7,'Предложение от старика2))','Lost_Planet','1327262791','Albatross',0,0),(38,4,'Черный список','I_Am_Death','1333121284','I_Am_Death',0,0),(15,3,'Поздравления ','I_Am_Death','1327325814','I_Am_Death',0,0),(16,3,'Барная Стойка ','I_Am_Death','1327326334','Stalls',0,0),(17,3,'Правила раздела','I_Am_Death','1327327761','I_Am_Death',1,0),(19,3,'Пары Fallout','I_Am_Death','1327341251','I_Am_Death',1,0),(23,7,'Кнопка &quot;Атаковать&qu','number202','1332532861','Кеп',1,0),(29,6,'Графические ошибки','Tank','1332694051','Shooshpan',0,0),(28,6,'Баги','Tank','1332694008','timoha8134',0,0),(30,4,'Конкурсы','Кеп','1332694486','P_O_S_T_A_L',0,0),(31,5,'Администрация','Артём','1332835848','lesvord',0,0),(32,13,'Расширение экрана','number202','1332842172','Modara',0,0),(33,7,'Кнопка в чат','lesvord','1332849723','Артём',1,0),(34,7,'параметры','lesvord','1332850123','Lost_Planet',0,0),(35,7,'лидер фракцый','lesvord','1332912307','Кеп',0,0),(36,13,'Наказания','lesvord','1332938678','I_Am_Death',0,0),(37,11,'Топ: моя субкультура','Артём','1333117804','Saninto',0,0),(39,3,'Юмор','I_Am_Death','1333216037','flyfire',0,0),(40,3,'Конкурс Мусорщиков','I_Am_Death','1333353323','timoha8134',0,0),(41,5,'For_we_are_many','Lost_Planet','1333404777','Lost_Planet',0,0),(42,6,'Висы в игре','Leo','1333712271','Leo',0,0),(43,4,'Помошь по игре','Shooshpan','1333922987','Shooshpan',0,0),(44,7,'банк','flyfire','1333926872','flyfire',0,0),(45,7,'Новые земли,мобы и квесты','flyfire','1334006081','Antihrist8',0,0),(46,12,'Донецкая область:)','Antihrist8','1334068797','Antihrist8',0,0),(49,7,'Карта','HapyTo','1334574551','I_Am_Death',0,0),(48,6,'пригласить друга','HapyTo','1334566683','Stalls',0,0),(50,7,'Задания','HapyTo','1334583547','HapyTo',0,0);
/*!40000 ALTER TABLE `forum_topics` ENABLE KEYS */;
UNLOCK TABLES;

--
-- Table structure for table `help`
--

DROP TABLE IF EXISTS `help`;
/*!40101 SET @saved_cs_client     = @@character_set_client */;
/*!40101 SET character_set_client = utf8 */;
CREATE TABLE `help` (
  `id` int(11) NOT NULL AUTO_INCREMENT,
  `title` varchar(30) COLLATE utf8_unicode_ci NOT NULL,
  `info` varchar(30) COLLATE utf8_unicode_ci NOT NULL,
  `text` text COLLATE utf8_unicode_ci NOT NULL,
  PRIMARY KEY (`id`)
) ENGINE=MyISAM AUTO_INCREMENT=18 DEFAULT CHARSET=utf8 COLLATE=utf8_unicode_ci;
/*!40101 SET character_set_client = @saved_cs_client */;

--
-- Dumping data for table `help`
--

LOCK TABLES `help` WRITE;
/*!40000 ALTER TABLE `help` DISABLE KEYS */;
INSERT INTO `help` VALUES (1,'Помощь','help','<a href=\"help.php?info=about\">Об игре</a><br/>\r\n<a href=\"help.php?info=noob\">Новым игрокам</a><br/>\r\n<a href=\"help.php?info=battle\">Сражения</a><br/>\r\n<a href=\"help.php?info=clans\">Отряды</a><br/>\r\n<a href=\"help.php?info=bank\">Банк</a><br/>\r\n<a href=\"help.php?info=rules\">Правила</a>'),(2,'Об игре','about','Fallout - это онлайн игра (MMORPG) для мобильных телефонов с возможностью игры с ПК!<br/>\r\nВы можете сменить скучное времяпровождение на весёлое развлечение.<br/>\r\nУникальная система боя, возможность создания своего отряда, множество квестов и умений, которые не оставят равнодушными фанов игры FALLOUT(PC).<br/>\r\nНепрерывная война между Братством Стали и Анклавом за контроль над территориями. Захваты убежищ, нападения на монстров и вражеских бойцов.<br/> \r\nПрокачайте своего персонажа опасным снайпером или непробиваемым танком!<br/>\r\nВсё зависит только от граммотной прокачки перса!<br/>\r\nПоначалу происходящее может показаться необычным, но не спешите бросать игру в самом начале. Поиграйте несколько дней, разберитесь в происходящем, и вы не пожалеете, открыв для себя отличное развлечение на много месяцев вперед.<br/> \r\nИграть можно совершенно бесплатно! <br/>\r\nТеперь твоя очередь стать ЛЕГЕНДОЙ ПУСТОШИ!'),(3,'Новым игрокам','noob','Вы начинаете игру с 3 очками опыта.<br/>\r\nВы должны прокачать один из 10 параметров:<br/>\r\n<a href=\"help.php?info=hp\">Здоровье</a><br/>\r\n<a href=\"help.php?info=energy\">Энергия</a><br/>\r\n<a href=\"help.php?info=regeneration\">Регенерация</a><br/>\r\n<a href=\"help.php?info=sila\">Сила</a><br/>\r\n<a href=\"help.php?info=lovk\">Ловкость</a><br/>\r\n<a href=\"help.php?info=um\">Интеллект</a><br/>\r\n<a href=\"help.php?info=metkost\">Меткость</a><br/>\r\n<a href=\"help.php?info=fiz_protect\">Физ. защита</a><br/>\r\n<a href=\"help.php?info=cold_weapon\">Владение холодным оружием</a><br/>\r\n<a href=\"help.php?info=fire_weapon\">Владение стрелковым оружием</a><br/>\r\nОт прокачки зависит кем будет Ваш персонаж в дальнейшем(снайпер, танк или смесью этих стилей=)<br/>\r\nВсе вещи хранятся в инвентаре(и одеваются через инвентарь!). Чтобы снять вещь зайдите ПЕРСОНАЖ>СНАРЯЖЕНИЕ<br/>\r\nи снимите нужную вам вещь.<br/>\r\nЗа каждый новый уровень игрок получает одно очко способностей.<br/>\r\nНа эти очки он может изучить способности, для некоторых надо одно очко, а для некоторых больше!<br/>\r\nСпособности дают различные бонусы к статам и не только!<br/>\r\nВыполняйте квесты за них вы получаете различные вознаграждения!<br/>\r\nБудет ли Ваш персонаж Легендой зависит только от Вас!<br/>\r\n<i>Информация дополняется...</i>'),(4,'Здоровье','hp','Думаю и так всё понятно, нет здоровья - вы труп!'),(5,'Энергия','energy','Энергия очень важный параметр в игре!\r\nЗа счёт энергии вы передвигаетесь по карте и делаете ходы в бою! Поэтому не забывайте качать этот параметр!'),(6,'Регенерация','regeneration','Регенерация - это количество ед. здоровья и энергии, восстанавливаемых за миниту!'),(7,'Сила','sila','Сила - от силы зависит какие вещи вы сможете носить! Также сила добавляет урон при атаке холодным оружием!'),(8,'Ловкость','lovk','Ловкость - от ловкости зависит какие вещи вы сможете носить! Ловкость влияет на шанс уклонится во время боя! Влияет на шанс попадания с холодным оружием!'),(9,'Интеллект','um','Интеллект - от интеллекта зависит какие вещи вы сможете носить! В скором времени он понадобится для взлома компьютеров!'),(10,'Меткость','metkost','Меткость - от меткости зависит какие вещи вы сможете носить! Меткость влияет на шанс попадения из стрелкового оружия'),(11,'Физическая защита','fiz_protect','Это просто бонус к вашей защите.'),(12,'Владение холодным оружием','cold_weapon','Чем выше этот параметр тем чаще вы бьёте крит-удары с холодным оружием. И тем лучшее холодное оружие можете носить!'),(13,'Владение стрелковым оружием','fire_weapon','Чем выше этот параметр тем чаще вы бьёте крит-удары из стрелкового оружия. И тем лучшее стрелковое оружие можете носить!'),(14,'Сражения','battle','Бой со своим соперником вы начинаете на разных позициях!\r\nКаждое оружие имеет своё МДА - это минимальное расстояние для атаки.\r\nВо время боя вы пожете подойти, отойти, подождать, отдохнуть.\r\nЗа каждый ход во время боя тратится <a href=\"help.php?info=energy\">энергия</a>(стоит рассчитывать свои действия в бою с сильным соперником!).\r\nКак только ваш противник будет в зоне МДА вашего оружия, у вас появится цель!\r\nПобедив монстра вы можете получить опыт, деньги, вещи, медикаменты, патроны, ресурсы.\r\nПобедив игрока опыт и славу!'),(15,'Отряды','clans','Вы также можете создать отряд или же вступить в него!\r\nОтряды могут состоять только из игроков отдной фракции!\r\nКаждый отряд имеет свой уровень и когда игрок получает опыт, он передаёт его часть отряду!\r\nЧем больше бойцов в отряде, тем меньше с отряд получает опыта с игрока!\r\nПоэтому для быстрой прокачки лучше иметь пять активных игроков, чем сто трупов.'),(16,'Правила','rules','<b>Правила для игроков (ЗАПРЕЩЕНО):</b><br/>\r\n1) Применение ненормативной лексики, завуалированого мата, оскорбление в:<br/>\r\n* чате;<br/>\r\n* форуме;<br/>\r\n* названии клана;<br/>\r\n* нике персонажа;<br/>\r\n* анкете;<br/>\r\n* личных сообщениях;<br/>\r\n* званиях персонажа.\r\n<br/>2) Проявления религиозной, расовой, половой и прочей нетерпимости или дискриминации.\r\n<br/>3) Разжигание конфликтов между участниками игры!\r\n<br/>4) Преднамеренное многократное повторение сообщений, сообщения лишенные смысла (флуд).\r\n<br/>5) Верхний регистр при общении.\r\n<br/>6) Расспостранение ссылок на посторонние ресурсы, реклама посторонних интернет - ресурсов, как прямая так и косвенная!\r\n<br/>7) Нечестная прокачка игрового персонажа, использование сторонних програмных средств для улучшения/автоматизации игровых возможностей!\r\nИспользование недочетов игры, багов, програмных ошибок, расспостранение их другим лицам/продажа за деньги.\r\n<br/>P. S. При нахождении таковых немедленно сообщите Администрации, за что можете получить вознаграждение.\r\n<br/>8) Продажа персонажа, игровых денег, вещей и прочего, что касается игры, за реальные деньги, равно как и попытка совершить одно из данных действий, в обход Администрации!\r\n<br/>9) Намеренная регистрация персонажей с никами - плагиатами ников Администрации/модераторов, с никами несущими рекламу посторонних интернет- ресурсов.\r\nИспользование приставок Admin, GM, в имени персонажа, названии клана, звании персонаажа!\r\n<br/>10) Обман/ввод в заблуждение/дача ложных показаний/отказ в сотрудничестве при разбирательстве/угрозы Администрации/модераторам!\r\n<br/>11) Обсуждать, перечить действиям, оскорблять Администрацию/модераторов, игровой сервер!\r\n<br/>12) После наказания нарушителя правил, заведомое создание персонажей, или уже существующими персонажами вести подальшие разборки.\r\n<br/>13) Просьбы о назначении на должность модератора!\r\n<br/>Вы обязуетесь выполнять рекомендации/замечания которые делает вам Администратор, модератор.<br/>\r\n<b>Незнание правил не освобождает от ответственности!</b>'),(17,'Банк','bank','В банке вы храните свои деньги и получаете за это проценты! Размер процента зависит от суммы.<br/>\r\nМеньше 100 - 15%<br/>\r\nДо $300 - 10%<br/>\r\nДо $700 - 8%<br/>\r\nДо $1200 - 6%<br/>\r\nДо $5000 - 5%<br/>\r\nДо $10000 - 4%<br/>\r\nДо $30000 - 3%<br/>\r\nПосле $30000 - 2%<br/>\r\nПроцент начисляется раз в сутки.\r\n');
/*!40000 ALTER TABLE `help` ENABLE KEYS */;
UNLOCK TABLES;

--
-- Table structure for table `ignore`
--

DROP TABLE IF EXISTS `ignore`;
/*!40101 SET @saved_cs_client     = @@character_set_client */;
/*!40101 SET character_set_client = utf8 */;
CREATE TABLE `ignore` (
  `id` int(11) NOT NULL AUTO_INCREMENT,
  `usr` int(11) NOT NULL,
  `id_ign` int(11) NOT NULL,
  `tip` varchar(3) NOT NULL,
  PRIMARY KEY (`id`)
) ENGINE=InnoDB AUTO_INCREMENT=36 DEFAULT CHARSET=utf8;
/*!40101 SET character_set_client = @saved_cs_client */;

--
-- Dumping data for table `ignore`
--

LOCK TABLES `ignore` WRITE;
/*!40000 ALTER TABLE `ignore` DISABLE KEYS */;
INSERT INTO `ignore` VALUES (1,727,1127,'kon'),(5,1278,1127,'kon'),(9,727,736,'kon'),(10,727,1278,'kon'),(12,1231,1278,'kon'),(13,1351,1231,'kon'),(15,736,727,'kon'),(16,1285,727,'kon'),(17,736,762,'kon'),(18,1149,727,'kon'),(19,1149,1169,'kon'),(20,1169,727,'kon'),(21,1169,1149,'kon'),(22,1278,1271,'ign'),(23,1335,727,'kon'),(24,1248,1388,'kon'),(25,1259,762,'kon'),(26,1388,1248,'kon'),(27,1115,1361,'kon'),(28,1426,1427,'kon'),(29,1443,1444,'kon'),(30,1444,1443,'kon'),(31,1259,727,'kon'),(32,1194,1274,'kon'),(34,1536,1540,'kon'),(35,1608,1427,'kon');
/*!40000 ALTER TABLE `ignore` ENABLE KEYS */;
UNLOCK TABLES;

--
-- Table structure for table `info_box`
--

DROP TABLE IF EXISTS `info_box`;
/*!40101 SET @saved_cs_client     = @@character_set_client */;
/*!40101 SET character_set_client = utf8 */;
CREATE TABLE `info_box` (
  `id` int(11) NOT NULL AUTO_INCREMENT,
  `usr` int(11) NOT NULL,
  `text` text COLLATE utf8_unicode_ci NOT NULL,
  `views` int(11) NOT NULL,
  PRIMARY KEY (`id`)
) ENGINE=MyISAM AUTO_INCREMENT=19674 DEFAULT CHARSET=utf8 COLLATE=utf8_unicode_ci;
/*!40101 SET character_set_client = @saved_cs_client */;

--
-- Dumping data for table `info_box`
--

LOCK TABLES `info_box` WRITE;
/*!40000 ALTER TABLE `info_box` DISABLE KEYS */;
INSERT INTO `info_box` VALUES (6096,0,'Нет такого противника!',1),(7023,0,'Нет такого противника!',1),(16961,0,'Нет такого противника!',1);
/*!40000 ALTER TABLE `info_box` ENABLE KEYS */;
UNLOCK TABLES;

--
-- Table structure for table `invite`
--

DROP TABLE IF EXISTS `invite`;
/*!40101 SET @saved_cs_client     = @@character_set_client */;
/*!40101 SET character_set_client = utf8 */;
CREATE TABLE `invite` (
  `id` int(11) NOT NULL AUTO_INCREMENT,
  `usr` int(11) NOT NULL,
  `clan` int(11) NOT NULL,
  `text` text COLLATE utf8_unicode_ci NOT NULL,
  PRIMARY KEY (`id`)
) ENGINE=MyISAM AUTO_INCREMENT=17 DEFAULT CHARSET=utf8 COLLATE=utf8_unicode_ci;
/*!40101 SET character_set_client = @saved_cs_client */;

--
-- Dumping data for table `invite`
--

LOCK TABLES `invite` WRITE;
/*!40000 ALTER TABLE `invite` DISABLE KEYS */;
/*!40000 ALTER TABLE `invite` ENABLE KEYS */;
UNLOCK TABLES;

--
-- Table structure for table `item`
--

DROP TABLE IF EXISTS `item`;
/*!40101 SET @saved_cs_client     = @@character_set_client */;
/*!40101 SET character_set_client = utf8 */;
CREATE TABLE `item` (
  `id` int(11) NOT NULL AUTO_INCREMENT,
  `usr` int(11) NOT NULL,
  `name` varchar(50) COLLATE utf8_unicode_ci NOT NULL,
  `tip` varchar(10) COLLATE utf8_unicode_ci NOT NULL,
  `pod_tip` varchar(5) COLLATE utf8_unicode_ci NOT NULL,
  `distany` int(2) NOT NULL,
  `patrons` varchar(15) COLLATE utf8_unicode_ci NOT NULL,
  `cena` int(11) NOT NULL,
  `umin` int(11) NOT NULL,
  `umax` int(11) NOT NULL,
  `protect` int(11) NOT NULL,
  `nsila` int(11) NOT NULL,
  `num` int(11) NOT NULL,
  `nlovk` int(11) NOT NULL,
  `nmetkost` int(11) NOT NULL,
  `ncold_weapon` int(11) NOT NULL,
  `nfire_weapon` int(11) NOT NULL,
  `nenergy` int(11) NOT NULL,
  `nlvl` int(3) NOT NULL,
  `image` int(1) NOT NULL,
  PRIMARY KEY (`id`)
) ENGINE=MyISAM AUTO_INCREMENT=1852 DEFAULT CHARSET=utf8 COLLATE=utf8_unicode_ci;
/*!40101 SET character_set_client = @saved_cs_client */;

--
-- Dumping data for table `item`
--

LOCK TABLES `item` WRITE;
/*!40000 ALTER TABLE `item` DISABLE KEYS */;
INSERT INTO `item` VALUES (114,756,'Трость','weapon','cold',0,'',6,2,3,0,0,0,0,0,0,0,1,1,0),(368,1141,'Старые перчатки','ruki','',0,'',2,0,0,1,0,0,0,0,0,0,0,1,1),(367,1141,'Довоенная шляпа','golova','',0,'',4,0,0,2,0,0,0,0,0,0,0,1,1),(366,1141,'Сапоги из кожи брамина','nogi','',0,'',2,0,0,1,0,0,0,0,0,0,0,1,1),(365,1141,'Старый пояс','poyas','',0,'',2,0,0,1,0,0,0,0,0,0,0,1,1),(8,729,'Трость','weapon','cold',0,'',6,2,3,0,0,0,0,0,0,0,1,1,0),(9,729,'Довоенный костюм','body','',0,'',4,0,0,2,0,0,0,0,0,0,0,1,1),(10,729,'Старый пояс','poyas','',0,'',2,0,0,1,0,0,0,0,0,0,0,1,1),(11,729,'Сапоги из кожи брамина','nogi','',0,'',2,0,0,1,0,0,0,0,0,0,0,1,1),(12,729,'Довоенная шляпа','golova','',0,'',4,0,0,2,0,0,0,0,0,0,0,1,1),(13,729,'Старые перчатки','ruki','',0,'',2,0,0,1,0,0,0,0,0,0,0,1,1),(14,729,'Пистолет \"Комар\"','weapon','fire',2,'pistoletnie',8,11,14,0,0,0,0,0,0,0,1,1,1),(15,728,'Трость','weapon','cold',0,'',6,2,3,0,0,0,0,0,0,0,1,1,0),(16,728,'Довоенный костюм','body','',0,'',4,0,0,2,0,0,0,0,0,0,0,1,1),(17,728,'Старый пояс','poyas','',0,'',2,0,0,1,0,0,0,0,0,0,0,1,1),(18,728,'Сапоги из кожи брамина','nogi','',0,'',2,0,0,1,0,0,0,0,0,0,0,1,1),(19,728,'Довоенная шляпа','golova','',0,'',4,0,0,2,0,0,0,0,0,0,0,1,1),(20,728,'Старые перчатки','ruki','',0,'',2,0,0,1,0,0,0,0,0,0,0,1,1),(21,728,'Пистолет \"Комар\"','weapon','fire',2,'pistoletnie',8,11,14,0,0,0,0,0,0,0,1,1,1),(115,756,'Довоенный костюм','body','',0,'',4,0,0,2,0,0,0,0,0,0,0,1,1),(22,730,'Трость','weapon','cold',0,'',6,2,3,0,0,0,0,0,0,0,1,1,0),(23,730,'Довоенный костюм','body','',0,'',4,0,0,2,0,0,0,0,0,0,0,1,1),(24,730,'Старый пояс','poyas','',0,'',2,0,0,1,0,0,0,0,0,0,0,1,1),(25,730,'Сапоги из кожи брамина','nogi','',0,'',2,0,0,1,0,0,0,0,0,0,0,1,1),(26,730,'Довоенная шляпа','golova','',0,'',4,0,0,2,0,0,0,0,0,0,0,1,1),(27,730,'Старые перчатки','ruki','',0,'',2,0,0,1,0,0,0,0,0,0,0,1,1),(28,730,'Пистолет \"Комар\"','weapon','fire',2,'pistoletnie',8,11,14,0,0,0,0,0,0,0,1,1,1),(29,731,'Трость','weapon','cold',0,'',6,2,3,0,0,0,0,0,0,0,1,1,1),(30,731,'Довоенный костюм','body','',0,'',4,0,0,2,0,0,0,0,0,0,0,1,1),(31,731,'Старый пояс','poyas','',0,'',2,0,0,1,0,0,0,0,0,0,0,1,1),(32,731,'Сапоги из кожи брамина','nogi','',0,'',2,0,0,1,0,0,0,0,0,0,0,1,1),(33,731,'Довоенная шляпа','golova','',0,'',4,0,0,2,0,0,0,0,0,0,0,1,1),(34,731,'Старые перчатки','ruki','',0,'',2,0,0,1,0,0,0,0,0,0,0,1,1),(35,731,'Пистолет \"Комар\"','weapon','fire',2,'pistoletnie',8,11,14,0,0,0,0,0,0,0,1,1,0),(36,733,'Трость','weapon','cold',0,'',6,2,3,0,0,0,0,0,0,0,1,1,0),(37,733,'Довоенный костюм','body','',0,'',4,0,0,2,0,0,0,0,0,0,0,1,1),(38,733,'Старый пояс','poyas','',0,'',2,0,0,1,0,0,0,0,0,0,0,1,1),(39,733,'Сапоги из кожи брамина','nogi','',0,'',2,0,0,1,0,0,0,0,0,0,0,1,1),(40,733,'Довоенная шляпа','golova','',0,'',4,0,0,2,0,0,0,0,0,0,0,1,1),(41,733,'Старые перчатки','ruki','',0,'',2,0,0,1,0,0,0,0,0,0,0,1,1),(42,733,'Пистолет \"Комар\"','weapon','fire',2,'pistoletnie',8,11,14,0,0,0,0,0,0,0,1,1,1),(43,737,'Трость','weapon','cold',0,'',6,2,3,0,0,0,0,0,0,0,1,1,0),(44,737,'Довоенный костюм','body','',0,'',4,0,0,2,0,0,0,0,0,0,0,1,1),(45,737,'Старый пояс','poyas','',0,'',2,0,0,1,0,0,0,0,0,0,0,1,1),(46,737,'Сапоги из кожи брамина','nogi','',0,'',2,0,0,1,0,0,0,0,0,0,0,1,1),(47,737,'Довоенная шляпа','golova','',0,'',4,0,0,2,0,0,0,0,0,0,0,1,1),(48,737,'Старые перчатки','ruki','',0,'',2,0,0,1,0,0,0,0,0,0,0,1,1),(49,737,'Пистолет \"Комар\"','weapon','fire',2,'pistoletnie',8,11,14,0,0,0,0,0,0,0,1,1,1),(57,746,'Трость','weapon','cold',0,'',6,2,3,0,0,0,0,0,0,0,1,1,0),(415,1155,'Старый пояс','poyas','',0,'',2,0,0,1,0,0,0,0,0,0,0,1,1),(210,775,'Гаечный ключ','weapon','cold',0,'',33,6,9,0,2,1,1,1,2,0,1,2,1),(242,789,'Довоенный костюм','body','',0,'',4,0,0,2,0,0,0,0,0,0,0,1,1),(58,746,'Довоенный костюм','body','',0,'',4,0,0,2,0,0,0,0,0,0,0,1,1),(59,746,'Старый пояс','poyas','',0,'',2,0,0,1,0,0,0,0,0,0,0,1,1),(60,746,'Сапоги из кожи брамина','nogi','',0,'',2,0,0,1,0,0,0,0,0,0,0,1,1),(61,746,'Довоенная шляпа','golova','',0,'',4,0,0,2,0,0,0,0,0,0,0,1,1),(62,746,'Старые перчатки','ruki','',0,'',2,0,0,1,0,0,0,0,0,0,0,1,1),(63,746,'Пистолет \"Комар\"','weapon','fire',2,'pistoletnie',8,11,14,0,0,0,0,0,0,0,1,1,1),(64,745,'Трость','weapon','cold',0,'',6,2,3,0,0,0,0,0,0,0,1,1,0),(65,745,'Довоенный костюм','body','',0,'',4,0,0,2,0,0,0,0,0,0,0,1,0),(66,745,'Старый пояс','poyas','',0,'',2,0,0,1,0,0,0,0,0,0,0,1,0),(67,745,'Сапоги из кожи брамина','nogi','',0,'',2,0,0,1,0,0,0,0,0,0,0,1,0),(68,745,'Довоенная шляпа','golova','',0,'',4,0,0,2,0,0,0,0,0,0,0,1,0),(69,745,'Старые перчатки','ruki','',0,'',2,0,0,1,0,0,0,0,0,0,0,1,0),(70,745,'Пистолет \"Комар\"','weapon','fire',2,'pistoletnie',8,11,14,0,0,0,0,0,0,0,1,1,0),(71,747,'Трость','weapon','cold',0,'',6,2,3,0,0,0,0,0,0,0,1,1,1),(72,747,'Довоенный костюм','body','',0,'',4,0,0,2,0,0,0,0,0,0,0,1,1),(73,747,'Старый пояс','poyas','',0,'',2,0,0,1,0,0,0,0,0,0,0,1,1),(74,747,'Сапоги из кожи брамина','nogi','',0,'',2,0,0,1,0,0,0,0,0,0,0,1,1),(75,747,'Довоенная шляпа','golova','',0,'',4,0,0,2,0,0,0,0,0,0,0,1,1),(76,747,'Старые перчатки','ruki','',0,'',2,0,0,1,0,0,0,0,0,0,0,1,1),(77,747,'Пистолет \"Комар\"','weapon','fire',2,'pistoletnie',8,11,14,0,0,0,0,0,0,0,1,1,0),(78,748,'Трость','weapon','cold',0,'',6,2,3,0,0,0,0,0,0,0,1,1,0),(79,748,'Довоенный костюм','body','',0,'',4,0,0,2,0,0,0,0,0,0,0,1,1),(80,748,'Старый пояс','poyas','',0,'',2,0,0,1,0,0,0,0,0,0,0,1,1),(81,748,'Сапоги из кожи брамина','nogi','',0,'',2,0,0,1,0,0,0,0,0,0,0,1,1),(82,748,'Довоенная шляпа','golova','',0,'',4,0,0,2,0,0,0,0,0,0,0,1,1),(83,748,'Старые перчатки','ruki','',0,'',2,0,0,1,0,0,0,0,0,0,0,1,1),(84,748,'Пистолет \"Комар\"','weapon','fire',2,'pistoletnie',8,11,14,0,0,0,0,0,0,0,1,1,1),(85,744,'Трость','weapon','cold',0,'',6,2,3,0,0,0,0,0,0,0,1,1,0),(86,744,'Довоенный костюм','body','',0,'',4,0,0,2,0,0,0,0,0,0,0,1,1),(87,744,'Старый пояс','poyas','',0,'',2,0,0,1,0,0,0,0,0,0,0,1,1),(88,744,'Сапоги из кожи брамина','nogi','',0,'',2,0,0,1,0,0,0,0,0,0,0,1,1),(89,744,'Довоенная шляпа','golova','',0,'',4,0,0,2,0,0,0,0,0,0,0,1,1),(90,744,'Старые перчатки','ruki','',0,'',2,0,0,1,0,0,0,0,0,0,0,1,1),(325,744,'Маузер 9мм','weapon','fire',3,'pistoletnie',45,21,29,0,1,1,1,1,0,2,1,2,1),(92,752,'Трость','weapon','cold',0,'',6,2,3,0,0,0,0,0,0,0,1,1,0),(93,752,'Довоенный костюм','body','',0,'',4,0,0,2,0,0,0,0,0,0,0,1,1),(94,752,'Старый пояс','poyas','',0,'',2,0,0,1,0,0,0,0,0,0,0,1,1),(95,752,'Сапоги из кожи брамина','nogi','',0,'',2,0,0,1,0,0,0,0,0,0,0,1,1),(96,752,'Довоенная шляпа','golova','',0,'',4,0,0,2,0,0,0,0,0,0,0,1,1),(97,752,'Старые перчатки','ruki','',0,'',2,0,0,1,0,0,0,0,0,0,0,1,1),(98,752,'Пистолет \"Комар\"','weapon','fire',2,'pistoletnie',8,11,14,0,0,0,0,0,0,0,1,1,1),(122,761,'Довоенный костюм','body','',0,'',4,0,0,2,0,0,0,0,0,0,0,1,1),(102,753,'Сапоги из кожи брамина','nogi','',0,'',2,0,0,1,0,0,0,0,0,0,0,1,0),(371,753,'Укреплённые металлические рукавицы','ruki','',0,'',80,0,0,16,4,1,1,1,0,0,0,6,1),(373,753,'Укреплённые металлические сапоги','nogi','',0,'',85,0,0,18,4,1,1,1,0,0,0,6,1),(121,761,'Трость','weapon','cold',0,'',6,2,3,0,0,0,0,0,0,0,1,1,0),(106,754,'Трость','weapon','cold',0,'',6,2,3,0,0,0,0,0,0,0,1,1,1),(107,754,'Довоенный костюм','body','',0,'',4,0,0,2,0,0,0,0,0,0,0,1,1),(108,754,'Старый пояс','poyas','',0,'',2,0,0,1,0,0,0,0,0,0,0,1,1),(109,754,'Сапоги из кожи брамина','nogi','',0,'',2,0,0,1,0,0,0,0,0,0,0,1,1),(110,754,'Довоенная шляпа','golova','',0,'',4,0,0,2,0,0,0,0,0,0,0,1,1),(111,754,'Старые перчатки','ruki','',0,'',2,0,0,1,0,0,0,0,0,0,0,1,1),(112,754,'Пистолет \"Комар\"','weapon','fire',2,'pistoletnie',8,11,14,0,0,0,0,0,0,0,1,1,0),(372,753,'Пояс паладина','poyas','',0,'',70,0,0,14,4,1,1,1,0,0,0,6,1),(116,756,'Старый пояс','poyas','',0,'',2,0,0,1,0,0,0,0,0,0,0,1,1),(117,756,'Сапоги из кожи брамина','nogi','',0,'',2,0,0,1,0,0,0,0,0,0,0,1,1),(118,756,'Довоенная шляпа','golova','',0,'',4,0,0,2,0,0,0,0,0,0,0,1,1),(119,756,'Старые перчатки','ruki','',0,'',2,0,0,1,0,0,0,0,0,0,0,1,1),(120,756,'Пистолет \"Комар\"','weapon','fire',2,'pistoletnie',8,11,14,0,0,0,0,0,0,0,1,1,1),(123,761,'Старый пояс','poyas','',0,'',2,0,0,1,0,0,0,0,0,0,0,1,1),(124,761,'Сапоги из кожи брамина','nogi','',0,'',2,0,0,1,0,0,0,0,0,0,0,1,1),(125,761,'Довоенная шляпа','golova','',0,'',4,0,0,2,0,0,0,0,0,0,0,1,1),(126,761,'Старые перчатки','ruki','',0,'',2,0,0,1,0,0,0,0,0,0,0,1,1),(127,761,'Пистолет \"Комар\"','weapon','fire',2,'pistoletnie',8,11,14,0,0,0,0,0,0,0,1,1,1),(363,1141,'Трость','weapon','cold',0,'',6,2,3,0,0,0,0,0,0,0,1,1,0),(364,1141,'Довоенный костюм','body','',0,'',4,0,0,2,0,0,0,0,0,0,0,1,1),(131,736,'Трость','weapon','cold',0,'',6,2,3,0,0,0,0,0,0,0,1,1,1),(132,736,'Довоенный костюм','body','',0,'',4,0,0,2,0,0,0,0,0,0,0,1,1),(133,736,'Старый пояс','poyas','',0,'',2,0,0,1,0,0,0,0,0,0,0,1,1),(134,736,'Сапоги из кожи брамина','nogi','',0,'',2,0,0,1,0,0,0,0,0,0,0,1,1),(135,736,'Довоенная шляпа','golova','',0,'',4,0,0,2,0,0,0,0,0,0,0,1,1),(136,736,'Старые перчатки','ruki','',0,'',2,0,0,1,0,0,0,0,0,0,0,1,1),(137,736,'Пистолет \"Комар\"','weapon','fire',2,'pistoletnie',8,11,14,0,0,0,0,0,0,0,1,1,0),(139,763,'Трость','weapon','cold',0,'',6,2,3,0,0,0,0,0,0,0,1,1,0),(140,763,'Довоенный костюм','body','',0,'',4,0,0,2,0,0,0,0,0,0,0,1,1),(141,763,'Старый пояс','poyas','',0,'',2,0,0,1,0,0,0,0,0,0,0,1,1),(142,763,'Сапоги из кожи брамина','nogi','',0,'',2,0,0,1,0,0,0,0,0,0,0,1,1),(143,763,'Довоенная шляпа','golova','',0,'',4,0,0,2,0,0,0,0,0,0,0,1,1),(144,763,'Старые перчатки','ruki','',0,'',2,0,0,1,0,0,0,0,0,0,0,1,1),(145,763,'Пистолет \"Комар\"','weapon','fire',2,'pistoletnie',8,11,14,0,0,0,0,0,0,0,1,1,1),(146,764,'Трость','weapon','cold',0,'',6,2,3,0,0,0,0,0,0,0,1,1,0),(147,764,'Довоенный костюм','body','',0,'',4,0,0,2,0,0,0,0,0,0,0,1,0),(148,764,'Старый пояс','poyas','',0,'',2,0,0,1,0,0,0,0,0,0,0,1,1),(149,764,'Сапоги из кожи брамина','nogi','',0,'',2,0,0,1,0,0,0,0,0,0,0,1,1),(150,764,'Довоенная шляпа','golova','',0,'',4,0,0,2,0,0,0,0,0,0,0,1,1),(151,764,'Старые перчатки','ruki','',0,'',2,0,0,1,0,0,0,0,0,0,0,1,1),(152,764,'Пистолет \"Комар\"','weapon','fire',2,'pistoletnie',8,11,14,0,0,0,0,0,0,0,1,1,0),(388,742,'9mm Calico M-950','weapon','fire',3,'pistoletnie',700,50,55,0,5,3,4,3,0,6,1,9,1),(154,765,'Трость','weapon','cold',0,'',6,2,3,0,0,0,0,0,0,0,1,1,0),(156,765,'Старый пояс','poyas','',0,'',2,0,0,1,0,0,0,0,0,0,0,1,1),(157,765,'Сапоги из кожи брамина','nogi','',0,'',2,0,0,1,0,0,0,0,0,0,0,1,1),(183,776,'Трость','weapon','cold',0,'',6,2,3,0,0,0,0,0,0,0,1,1,1),(184,776,'Довоенный костюм','body','',0,'',4,0,0,2,0,0,0,0,0,0,0,1,1),(162,765,'Дротикомёт','weapon','fire',3,'drotiki',75,24,33,0,1,1,2,1,2,2,1,3,1),(161,753,'Самодельное ружьё','weapon','fire',4,'rujeinie',200,40,50,0,2,1,1,2,0,3,2,5,1),(163,765,'Пистолет \"Комар\"','weapon','fire',2,'pistoletnie',8,11,14,0,0,0,0,0,0,0,1,1,0),(165,765,'Лёгкая каска','golova','',0,'',30,0,0,7,3,1,1,1,0,0,0,3,1),(166,765,'Старая кожаная куртка','body','',0,'',30,0,0,8,1,1,3,1,0,0,0,3,1),(167,771,'Трость','weapon','cold',0,'',6,2,3,0,0,0,0,0,0,0,1,1,0),(168,771,'Довоенный костюм','body','',0,'',4,0,0,2,0,0,0,0,0,0,0,1,1),(169,771,'Старый пояс','poyas','',0,'',2,0,0,1,0,0,0,0,0,0,0,1,1),(170,771,'Сапоги из кожи брамина','nogi','',0,'',2,0,0,1,0,0,0,0,0,0,0,1,1),(171,771,'Довоенная шляпа','golova','',0,'',4,0,0,2,0,0,0,0,0,0,0,1,1),(172,771,'Старые перчатки','ruki','',0,'',2,0,0,1,0,0,0,0,0,0,0,1,1),(173,771,'Пистолет \"Комар\"','weapon','fire',2,'pistoletnie',8,11,14,0,0,0,0,0,0,0,1,1,1),(174,742,'Бронежелет','body','',0,'',100,0,0,26,6,1,1,1,0,0,0,6,1),(241,789,'Трость','weapon','cold',0,'',6,2,3,0,0,0,0,0,0,0,1,1,1),(177,775,'Старый пояс','poyas','',0,'',2,0,0,1,0,0,0,0,0,0,0,1,0),(178,775,'Сапоги из кожи брамина','nogi','',0,'',2,0,0,1,0,0,0,0,0,0,0,1,1),(179,775,'Довоенная шляпа','golova','',0,'',4,0,0,2,0,0,0,0,0,0,0,1,0),(180,775,'Старые перчатки','ruki','',0,'',2,0,0,1,0,0,0,0,0,0,0,1,1),(181,775,'Пистолет \"Комар\"','weapon','fire',2,'pistoletnie',8,11,14,0,0,0,0,0,0,0,1,1,0),(182,765,'Укреплёные кожаные рукавицы','ruki','',0,'',40,0,0,8,1,1,2,1,0,0,0,4,1),(185,776,'Старый пояс','poyas','',0,'',2,0,0,1,0,0,0,0,0,0,0,1,1),(186,776,'Сапоги из кожи брамина','nogi','',0,'',2,0,0,1,0,0,0,0,0,0,0,1,1),(187,776,'Довоенная шляпа','golova','',0,'',4,0,0,2,0,0,0,0,0,0,0,1,1),(188,776,'Старые перчатки','ruki','',0,'',2,0,0,1,0,0,0,0,0,0,0,1,1),(189,776,'Пистолет \"Комар\"','weapon','fire',2,'pistoletnie',8,11,14,0,0,0,0,0,0,0,1,1,0),(190,753,'Бронежелет','body','',0,'',100,0,0,26,6,1,1,1,0,0,0,6,1),(191,781,'Трость','weapon','cold',0,'',6,2,3,0,0,0,0,0,0,0,1,1,1),(192,781,'Довоенный костюм','body','',0,'',4,0,0,2,0,0,0,0,0,0,0,1,1),(193,781,'Старый пояс','poyas','',0,'',2,0,0,1,0,0,0,0,0,0,0,1,1),(194,781,'Сапоги из кожи брамина','nogi','',0,'',2,0,0,1,0,0,0,0,0,0,0,1,1),(195,781,'Довоенная шляпа','golova','',0,'',4,0,0,2,0,0,0,0,0,0,0,1,1),(196,781,'Старые перчатки','ruki','',0,'',2,0,0,1,0,0,0,0,0,0,0,1,1),(197,781,'Пистолет \"Комар\"','weapon','fire',2,'pistoletnie',8,11,14,0,0,0,0,0,0,0,1,1,0),(198,742,'Шлем','golova','',0,'',90,0,0,20,4,1,1,1,0,0,0,6,1),(199,742,'Укреплённые металлические сапоги','nogi','',0,'',85,0,0,18,4,1,1,1,0,0,0,6,1),(200,782,'Трость','weapon','cold',0,'',6,2,3,0,0,0,0,0,0,0,1,1,1),(201,782,'Довоенный костюм','body','',0,'',4,0,0,2,0,0,0,0,0,0,0,1,1),(202,782,'Старый пояс','poyas','',0,'',2,0,0,1,0,0,0,0,0,0,0,1,1),(203,782,'Сапоги из кожи брамина','nogi','',0,'',2,0,0,1,0,0,0,0,0,0,0,1,1),(204,782,'Довоенная шляпа','golova','',0,'',4,0,0,2,0,0,0,0,0,0,0,1,1),(205,782,'Старые перчатки','ruki','',0,'',2,0,0,1,0,0,0,0,0,0,0,1,1),(206,782,'Пистолет \"Комар\"','weapon','fire',2,'pistoletnie',8,11,14,0,0,0,0,0,0,0,1,1,0),(207,742,'Укреплённые металлические рукавицы','ruki','',0,'',80,0,0,16,4,1,1,1,0,0,0,6,1),(208,742,'Пояс паладина','poyas','',0,'',70,0,0,14,4,1,1,1,0,0,0,6,1),(414,1155,'Довоенный костюм','body','',0,'',4,0,0,2,0,0,0,0,0,0,0,1,1),(413,1155,'Трость','weapon','cold',0,'',6,2,3,0,0,0,0,0,0,0,1,1,0),(1656,1576,'Довоенный костюм','body','',0,'',4,0,0,2,0,0,0,0,0,0,0,1,1),(425,1162,'Старые перчатки','ruki','',0,'',2,0,0,1,0,0,0,0,0,0,0,1,1),(424,1162,'Довоенная шляпа','golova','',0,'',4,0,0,2,0,0,0,0,0,0,0,1,1),(240,775,'Кожаная броня','body','',0,'',36,0,0,10,3,1,1,1,0,0,0,3,0),(226,787,'Трость','weapon','cold',0,'',6,2,3,0,0,0,0,0,0,0,1,1,0),(227,787,'Довоенный костюм','body','',0,'',4,0,0,2,0,0,0,0,0,0,0,1,1),(228,787,'Старый пояс','poyas','',0,'',2,0,0,1,0,0,0,0,0,0,0,1,1),(229,787,'Сапоги из кожи брамина','nogi','',0,'',2,0,0,1,0,0,0,0,0,0,0,1,1),(230,787,'Довоенная шляпа','golova','',0,'',4,0,0,2,0,0,0,0,0,0,0,1,1),(231,787,'Старые перчатки','ruki','',0,'',2,0,0,1,0,0,0,0,0,0,0,1,1),(232,787,'Пистолет \"Комар\"','weapon','fire',2,'pistoletnie',8,11,14,0,0,0,0,0,0,0,1,1,1),(233,788,'Трость','weapon','cold',0,'',6,2,3,0,0,0,0,0,0,0,1,1,0),(234,788,'Довоенный костюм','body','',0,'',4,0,0,2,0,0,0,0,0,0,0,1,1),(235,788,'Старый пояс','poyas','',0,'',2,0,0,1,0,0,0,0,0,0,0,1,1),(236,788,'Сапоги из кожи брамина','nogi','',0,'',2,0,0,1,0,0,0,0,0,0,0,1,1),(237,788,'Довоенная шляпа','golova','',0,'',4,0,0,2,0,0,0,0,0,0,0,1,1),(238,788,'Старые перчатки','ruki','',0,'',2,0,0,1,0,0,0,0,0,0,0,1,1),(239,788,'Пистолет \"Комар\"','weapon','fire',2,'pistoletnie',8,11,14,0,0,0,0,0,0,0,1,1,1),(243,789,'Старый пояс','poyas','',0,'',2,0,0,1,0,0,0,0,0,0,0,1,1),(244,789,'Сапоги из кожи брамина','nogi','',0,'',2,0,0,1,0,0,0,0,0,0,0,1,1),(245,789,'Довоенная шляпа','golova','',0,'',4,0,0,2,0,0,0,0,0,0,0,1,1),(246,789,'Старые перчатки','ruki','',0,'',2,0,0,1,0,0,0,0,0,0,0,1,1),(247,789,'Пистолет \"Комар\"','weapon','fire',2,'pistoletnie',8,11,14,0,0,0,0,0,0,0,1,1,0),(248,790,'Трость','weapon','cold',0,'',6,2,3,0,0,0,0,0,0,0,1,1,1),(249,790,'Довоенный костюм','body','',0,'',4,0,0,2,0,0,0,0,0,0,0,1,1),(250,790,'Старый пояс','poyas','',0,'',2,0,0,1,0,0,0,0,0,0,0,1,1),(251,790,'Сапоги из кожи брамина','nogi','',0,'',2,0,0,1,0,0,0,0,0,0,0,1,1),(252,790,'Довоенная шляпа','golova','',0,'',4,0,0,2,0,0,0,0,0,0,0,1,1),(253,790,'Старые перчатки','ruki','',0,'',2,0,0,1,0,0,0,0,0,0,0,1,1),(254,790,'Пистолет \"Комар\"','weapon','fire',2,'pistoletnie',8,11,14,0,0,0,0,0,0,0,1,1,0),(271,1119,'Трость','weapon','cold',0,'',6,2,3,0,0,0,0,0,0,0,1,1,0),(256,1112,'Довоенный костюм','body','',0,'',4,0,0,2,0,0,0,0,0,0,0,1,1),(257,1112,'Старый пояс','poyas','',0,'',2,0,0,1,0,0,0,0,0,0,0,1,1),(258,1112,'Сапоги из кожи брамина','nogi','',0,'',2,0,0,1,0,0,0,0,0,0,0,1,1),(259,1112,'Довоенная шляпа','golova','',0,'',4,0,0,2,0,0,0,0,0,0,0,1,1),(260,1112,'Старые перчатки','ruki','',0,'',2,0,0,1,0,0,0,0,0,0,0,1,1),(261,1112,'Пистолет \"Комар\"','weapon','fire',2,'pistoletnie',8,11,14,0,0,0,0,0,0,0,1,1,0),(264,1115,'Старый пояс','poyas','',0,'',2,0,0,1,0,0,0,0,0,0,0,1,1),(265,1115,'Сапоги из кожи брамина','nogi','',0,'',2,0,0,1,0,0,0,0,0,0,0,1,1),(266,1115,'Довоенная шляпа','golova','',0,'',4,0,0,2,0,0,0,0,0,0,0,1,1),(267,1115,'Старые перчатки','ruki','',0,'',2,0,0,1,0,0,0,0,0,0,0,1,1),(478,1115,'Гаечный ключ','weapon','cold',0,'',33,6,9,0,2,1,1,1,2,0,1,2,0),(272,1119,'Довоенный костюм','body','',0,'',4,0,0,2,0,0,0,0,0,0,0,1,1),(270,1115,'Кожанная куртка','body','',0,'',16,0,0,5,0,0,0,0,0,0,0,1,1),(273,1119,'Старый пояс','poyas','',0,'',2,0,0,1,0,0,0,0,0,0,0,1,1),(274,1119,'Сапоги из кожи брамина','nogi','',0,'',2,0,0,1,0,0,0,0,0,0,0,1,1),(275,1119,'Довоенная шляпа','golova','',0,'',4,0,0,2,0,0,0,0,0,0,0,1,1),(276,1119,'Старые перчатки','ruki','',0,'',2,0,0,1,0,0,0,0,0,0,0,1,1),(277,1119,'Пистолет \"Комар\"','weapon','fire',2,'pistoletnie',8,11,14,0,0,0,0,0,0,0,1,1,1),(278,1120,'Трость','weapon','cold',0,'',6,2,3,0,0,0,0,0,0,0,1,1,1),(279,1120,'Довоенный костюм','body','',0,'',4,0,0,2,0,0,0,0,0,0,0,1,1),(280,1120,'Старый пояс','poyas','',0,'',2,0,0,1,0,0,0,0,0,0,0,1,1),(281,1120,'Сапоги из кожи брамина','nogi','',0,'',2,0,0,1,0,0,0,0,0,0,0,1,1),(282,1120,'Довоенная шляпа','golova','',0,'',4,0,0,2,0,0,0,0,0,0,0,1,1),(283,1120,'Старые перчатки','ruki','',0,'',2,0,0,1,0,0,0,0,0,0,0,1,1),(284,1120,'Пистолет \"Комар\"','weapon','fire',2,'pistoletnie',8,11,14,0,0,0,0,0,0,0,1,1,0),(348,1138,'Трость','weapon','cold',0,'',6,2,3,0,0,0,0,0,0,0,1,1,1),(285,1125,'Трость','weapon','cold',0,'',6,2,3,0,0,0,0,0,0,0,1,1,1),(286,1125,'Довоенный костюм','body','',0,'',4,0,0,2,0,0,0,0,0,0,0,1,1),(287,1125,'Старый пояс','poyas','',0,'',2,0,0,1,0,0,0,0,0,0,0,1,1),(288,1125,'Сапоги из кожи брамина','nogi','',0,'',2,0,0,1,0,0,0,0,0,0,0,1,1),(289,1125,'Довоенная шляпа','golova','',0,'',4,0,0,2,0,0,0,0,0,0,0,1,0),(290,1125,'Старые перчатки','ruki','',0,'',2,0,0,1,0,0,0,0,0,0,0,1,1),(291,1125,'Пистолет \"Комар\"','weapon','fire',2,'pistoletnie',8,11,14,0,0,0,0,0,0,0,1,1,0),(292,1126,'Трость','weapon','cold',0,'',6,2,3,0,0,0,0,0,0,0,1,1,0),(293,1126,'Довоенный костюм','body','',0,'',4,0,0,2,0,0,0,0,0,0,0,1,0),(294,1126,'Старый пояс','poyas','',0,'',2,0,0,1,0,0,0,0,0,0,0,1,0),(295,1126,'Сапоги из кожи брамина','nogi','',0,'',2,0,0,1,0,0,0,0,0,0,0,1,0),(296,1126,'Довоенная шляпа','golova','',0,'',4,0,0,2,0,0,0,0,0,0,0,1,0),(297,1126,'Старые перчатки','ruki','',0,'',2,0,0,1,0,0,0,0,0,0,0,1,0),(298,1126,'Пистолет \"Комар\"','weapon','fire',2,'pistoletnie',8,11,14,0,0,0,0,0,0,0,1,1,0),(309,1128,'Довоенный костюм','body','',0,'',4,0,0,2,0,0,0,0,0,0,0,1,1),(511,1194,'Укреплённые рукавицы','ruki','',0,'',54,0,0,12,3,1,1,1,0,0,0,5,1),(484,1191,'Довоенный костюм','body','',0,'',4,0,0,2,0,0,0,0,0,0,0,1,1),(542,1215,'Старый пояс','poyas','',0,'',2,0,0,1,0,0,0,0,0,0,0,1,1),(308,1128,'Трость','weapon','cold',0,'',6,2,3,0,0,0,0,0,0,0,1,1,0),(310,1128,'Старый пояс','poyas','',0,'',2,0,0,1,0,0,0,0,0,0,0,1,1),(311,1128,'Сапоги из кожи брамина','nogi','',0,'',2,0,0,1,0,0,0,0,0,0,0,1,1),(312,1128,'Довоенная шляпа','golova','',0,'',4,0,0,2,0,0,0,0,0,0,0,1,1),(313,1128,'Старые перчатки','ruki','',0,'',2,0,0,1,0,0,0,0,0,0,0,1,1),(1020,1362,'Пистолет \"Комар\"','weapon','fire',2,'pistoletnie',8,11,14,0,0,0,0,0,0,0,1,1,0),(323,764,'Гаечный ключ','weapon','cold',0,'',33,6,9,0,2,1,1,1,2,0,1,2,1),(315,1129,'Трость','weapon','cold',0,'',6,2,3,0,0,0,0,0,0,0,1,1,0),(316,1129,'Довоенный костюм','body','',0,'',4,0,0,2,0,0,0,0,0,0,0,1,1),(317,1129,'Старый пояс','poyas','',0,'',2,0,0,1,0,0,0,0,0,0,0,1,1),(318,1129,'Сапоги из кожи брамина','nogi','',0,'',2,0,0,1,0,0,0,0,0,0,0,1,1),(319,1129,'Довоенная шляпа','golova','',0,'',4,0,0,2,0,0,0,0,0,0,0,1,1),(320,1129,'Старые перчатки','ruki','',0,'',2,0,0,1,0,0,0,0,0,0,0,1,1),(321,1129,'Пистолет \"Комар\"','weapon','fire',2,'pistoletnie',8,11,14,0,0,0,0,0,0,0,1,1,1),(324,764,'Кожанная куртка','body','',0,'',16,0,0,5,0,0,0,0,0,0,0,1,1),(326,1131,'Трость','weapon','cold',0,'',6,2,3,0,0,0,0,0,0,0,1,1,1),(327,1131,'Довоенный костюм','body','',0,'',4,0,0,2,0,0,0,0,0,0,0,1,1),(328,1131,'Старый пояс','poyas','',0,'',2,0,0,1,0,0,0,0,0,0,0,1,1),(329,1131,'Сапоги из кожи брамина','nogi','',0,'',2,0,0,1,0,0,0,0,0,0,0,1,1),(330,1131,'Довоенная шляпа','golova','',0,'',4,0,0,2,0,0,0,0,0,0,0,1,1),(331,1131,'Старые перчатки','ruki','',0,'',2,0,0,1,0,0,0,0,0,0,0,1,1),(332,1131,'Пистолет \"Комар\"','weapon','fire',2,'pistoletnie',8,11,14,0,0,0,0,0,0,0,1,1,0),(333,1132,'Трость','weapon','cold',0,'',6,2,3,0,0,0,0,0,0,0,1,1,0),(334,1132,'Довоенный костюм','body','',0,'',4,0,0,2,0,0,0,0,0,0,0,1,1),(335,1132,'Старый пояс','poyas','',0,'',2,0,0,1,0,0,0,0,0,0,0,1,1),(336,1132,'Сапоги из кожи брамина','nogi','',0,'',2,0,0,1,0,0,0,0,0,0,0,1,1),(337,1132,'Довоенная шляпа','golova','',0,'',4,0,0,2,0,0,0,0,0,0,0,1,1),(338,1132,'Старые перчатки','ruki','',0,'',2,0,0,1,0,0,0,0,0,0,0,1,1),(339,1132,'Пистолет \"Комар\"','weapon','fire',2,'pistoletnie',8,11,14,0,0,0,0,0,0,0,1,1,1),(340,1135,'Трость','weapon','cold',0,'',6,2,3,0,0,0,0,0,0,0,1,1,1),(341,1135,'Довоенный костюм','body','',0,'',4,0,0,2,0,0,0,0,0,0,0,1,1),(342,1135,'Старый пояс','poyas','',0,'',2,0,0,1,0,0,0,0,0,0,0,1,1),(343,1135,'Сапоги из кожи брамина','nogi','',0,'',2,0,0,1,0,0,0,0,0,0,0,1,1),(344,1135,'Довоенная шляпа','golova','',0,'',4,0,0,2,0,0,0,0,0,0,0,1,1),(345,1135,'Старые перчатки','ruki','',0,'',2,0,0,1,0,0,0,0,0,0,0,1,1),(346,1135,'Пистолет \"Комар\"','weapon','fire',2,'pistoletnie',8,11,14,0,0,0,0,0,0,0,1,1,0),(541,1215,'Довоенный костюм','body','',0,'',4,0,0,2,0,0,0,0,0,0,0,1,1),(349,1138,'Довоенный костюм','body','',0,'',4,0,0,2,0,0,0,0,0,0,0,1,1),(350,1138,'Старый пояс','poyas','',0,'',2,0,0,1,0,0,0,0,0,0,0,1,1),(351,1138,'Сапоги из кожи брамина','nogi','',0,'',2,0,0,1,0,0,0,0,0,0,0,1,1),(352,1138,'Довоенная шляпа','golova','',0,'',4,0,0,2,0,0,0,0,0,0,0,1,1),(353,1138,'Старые перчатки','ruki','',0,'',2,0,0,1,0,0,0,0,0,0,0,1,1),(354,1138,'Пистолет \"Комар\"','weapon','fire',2,'pistoletnie',8,11,14,0,0,0,0,0,0,0,1,1,0),(355,727,'Погонялка для скота','weapon','cold',0,'',550,34,40,0,2,3,3,2,5,0,1,9,1),(356,727,'Рукавицы разведчика','ruki','',0,'',60,0,0,14,1,1,2,3,0,0,0,6,1),(357,727,'Сапоги разведчика','nogi','',0,'',65,0,0,16,1,1,2,3,0,0,0,6,1),(358,727,'Облегчённая броня','body','',0,'',80,0,0,22,1,1,2,2,0,0,0,6,1),(359,727,'Шлем рейдера-снайпера','','',0,'',70,0,0,16,1,1,3,3,0,0,0,6,1),(360,727,'Пояс паладина','poyas','',0,'',70,0,0,14,4,1,1,1,0,0,0,6,1),(369,1141,'Пистолет \"Комар\"','weapon','fire',2,'pistoletnie',8,11,14,0,0,0,0,0,0,0,1,1,1),(370,753,'Укреплёная каска','golova','',0,'',60,0,0,15,2,1,2,1,0,0,0,5,1),(375,1142,'Довоенный костюм','body','',0,'',4,0,0,2,0,0,0,0,0,0,0,1,1),(376,1142,'Старый пояс','poyas','',0,'',2,0,0,1,0,0,0,0,0,0,0,1,1),(377,1142,'Сапоги из кожи брамина','nogi','',0,'',2,0,0,1,0,0,0,0,0,0,0,1,1),(378,1142,'Довоенная шляпа','golova','',0,'',4,0,0,2,0,0,0,0,0,0,0,1,1),(379,1142,'Старые перчатки','ruki','',0,'',2,0,0,1,0,0,0,0,0,0,0,1,1),(396,1142,'Кастет','weapon','cold',0,'',22,4,7,0,2,1,1,1,1,0,1,1,1),(381,1144,'Трость','weapon','cold',0,'',6,2,3,0,0,0,0,0,0,0,1,1,1),(382,1144,'Довоенный костюм','body','',0,'',4,0,0,2,0,0,0,0,0,0,0,1,1),(383,1144,'Старый пояс','poyas','',0,'',2,0,0,1,0,0,0,0,0,0,0,1,1),(384,1144,'Сапоги из кожи брамина','nogi','',0,'',2,0,0,1,0,0,0,0,0,0,0,1,1),(385,1144,'Довоенная шляпа','golova','',0,'',4,0,0,2,0,0,0,0,0,0,0,1,1),(386,1144,'Старые перчатки','ruki','',0,'',2,0,0,1,0,0,0,0,0,0,0,1,1),(387,1144,'Пистолет \"Комар\"','weapon','fire',2,'pistoletnie',8,11,14,0,0,0,0,0,0,0,1,1,0),(1654,1145,'Сапоги разведчика','nogi','',0,'',65,0,0,16,1,1,2,3,0,0,0,6,1),(445,1167,'Довоенный костюм','body','',0,'',4,0,0,2,0,0,0,0,0,0,0,1,1),(1655,1576,'Трость','weapon','cold',0,'',6,2,3,0,0,0,0,0,0,0,1,1,0),(423,1162,'Сапоги из кожи брамина','nogi','',0,'',2,0,0,1,0,0,0,0,0,0,0,1,1),(1653,1145,'Рукавицы разведчика','ruki','',0,'',60,0,0,14,1,1,2,3,0,0,0,6,1),(422,1162,'Старый пояс','poyas','',0,'',2,0,0,1,0,0,0,0,0,0,0,1,1),(421,1162,'Довоенный костюм','body','',0,'',4,0,0,2,0,0,0,0,0,0,0,1,1),(420,1162,'Трость','weapon','cold',0,'',6,2,3,0,0,0,0,0,0,0,1,1,0),(467,775,'Тяжёлый металлический пояс','poyas','',0,'',38,0,0,7,3,1,1,1,0,0,0,4,1),(461,1169,'Бронежелет','body','',0,'',100,0,0,26,6,1,1,1,0,0,0,6,1),(1068,1304,'Кожаная броня','body','',0,'',36,0,0,10,3,1,1,1,0,0,0,3,0),(407,1149,'Бронежелет','body','',0,'',100,0,0,26,6,1,1,1,0,0,0,6,1),(408,1149,'Шлем','golova','',0,'',90,0,0,20,4,1,1,1,0,0,0,6,1),(409,1149,'Пояс паладина','poyas','',0,'',70,0,0,14,4,1,1,1,0,0,0,6,1),(410,1149,'Укреплённые металлические сапоги','nogi','',0,'',85,0,0,18,4,1,1,1,0,0,0,6,1),(411,1149,'Укреплённые металлические рукавицы','ruki','',0,'',80,0,0,16,4,1,1,1,0,0,0,6,1),(416,1155,'Сапоги из кожи брамина','nogi','',0,'',2,0,0,1,0,0,0,0,0,0,0,1,1),(417,1155,'Довоенная шляпа','golova','',0,'',4,0,0,2,0,0,0,0,0,0,0,1,1),(418,1155,'Старые перчатки','ruki','',0,'',2,0,0,1,0,0,0,0,0,0,0,1,1),(419,1155,'Пистолет \"Комар\"','weapon','fire',2,'pistoletnie',8,11,14,0,0,0,0,0,0,0,1,1,1),(426,1162,'Пистолет \"Комар\"','weapon','fire',2,'pistoletnie',8,11,14,0,0,0,0,0,0,0,1,1,1),(427,1163,'Трость','weapon','cold',0,'',6,2,3,0,0,0,0,0,0,0,1,1,1),(428,1163,'Довоенный костюм','body','',0,'',4,0,0,2,0,0,0,0,0,0,0,1,1),(429,1163,'Старый пояс','poyas','',0,'',2,0,0,1,0,0,0,0,0,0,0,1,1),(430,1163,'Сапоги из кожи брамина','nogi','',0,'',2,0,0,1,0,0,0,0,0,0,0,1,1),(431,1163,'Довоенная шляпа','golova','',0,'',4,0,0,2,0,0,0,0,0,0,0,1,1),(432,1163,'Старые перчатки','ruki','',0,'',2,0,0,1,0,0,0,0,0,0,0,1,1),(433,1163,'Пистолет \"Комар\"','weapon','fire',2,'pistoletnie',8,11,14,0,0,0,0,0,0,0,1,1,0),(434,1165,'Трость','weapon','cold',0,'',6,2,3,0,0,0,0,0,0,0,1,1,1),(435,1165,'Довоенный костюм','body','',0,'',4,0,0,2,0,0,0,0,0,0,0,1,1),(436,1165,'Старый пояс','poyas','',0,'',2,0,0,1,0,0,0,0,0,0,0,1,1),(437,1165,'Сапоги из кожи брамина','nogi','',0,'',2,0,0,1,0,0,0,0,0,0,0,1,1),(438,1165,'Довоенная шляпа','golova','',0,'',4,0,0,2,0,0,0,0,0,0,0,1,1),(439,1165,'Старые перчатки','ruki','',0,'',2,0,0,1,0,0,0,0,0,0,0,1,1),(440,1165,'Пистолет \"Комар\"','weapon','fire',2,'pistoletnie',8,11,14,0,0,0,0,0,0,0,1,1,0),(1662,1145,'Шлем рейдера-снайпера','','',0,'',70,0,0,16,1,1,3,3,0,0,0,6,1),(446,1167,'Старый пояс','poyas','',0,'',2,0,0,1,0,0,0,0,0,0,0,1,1),(447,1167,'Сапоги из кожи брамина','nogi','',0,'',2,0,0,1,0,0,0,0,0,0,0,1,1),(448,1167,'Довоенная шляпа','golova','',0,'',4,0,0,2,0,0,0,0,0,0,0,1,1),(449,1167,'Старые перчатки','ruki','',0,'',2,0,0,1,0,0,0,0,0,0,0,1,1),(459,1167,'Самодельный пистолет','weapon','fire',2,'pistoletnie',20,20,27,0,1,1,1,1,0,1,1,1,1),(462,1169,'Шлем','golova','',0,'',90,0,0,20,4,1,1,1,0,0,0,6,1),(471,1187,'Старый пояс','poyas','',0,'',2,0,0,1,0,0,0,0,0,0,0,1,1),(470,1187,'Довоенный костюм','body','',0,'',4,0,0,2,0,0,0,0,0,0,0,1,1),(469,1187,'Трость','weapon','cold',0,'',6,2,3,0,0,0,0,0,0,0,1,1,1),(509,1194,'Кувалда','weapon','cold',0,'',150,24,33,0,5,1,2,1,3,0,2,5,1),(468,775,'Боевая кожаная броня','body','',0,'',50,0,0,14,3,1,2,1,0,0,0,4,1),(463,1169,'Пояс паладина','poyas','',0,'',70,0,0,14,4,1,1,1,0,0,0,6,1),(464,1169,'Укреплённые металлические сапоги','nogi','',0,'',85,0,0,18,4,1,1,1,0,0,0,6,1),(465,1169,'Укреплённые металлические рукавицы','ruki','',0,'',80,0,0,16,4,1,1,1,0,0,0,6,1),(472,1187,'Сапоги из кожи брамина','nogi','',0,'',2,0,0,1,0,0,0,0,0,0,0,1,1),(473,1187,'Довоенная шляпа','golova','',0,'',4,0,0,2,0,0,0,0,0,0,0,1,1),(474,1187,'Старые перчатки','ruki','',0,'',2,0,0,1,0,0,0,0,0,0,0,1,1),(475,1187,'Пистолет \"Комар\"','weapon','fire',2,'pistoletnie',8,11,14,0,0,0,0,0,0,0,1,1,0),(1575,1259,'Пояс паладина','poyas','',0,'',70,0,0,14,4,1,1,1,0,0,0,6,1),(483,1191,'Трость','weapon','cold',0,'',6,2,3,0,0,0,0,0,0,0,1,1,0),(485,1191,'Старый пояс','poyas','',0,'',2,0,0,1,0,0,0,0,0,0,0,1,1),(486,1191,'Сапоги из кожи брамина','nogi','',0,'',2,0,0,1,0,0,0,0,0,0,0,1,1),(487,1191,'Довоенная шляпа','golova','',0,'',4,0,0,2,0,0,0,0,0,0,0,1,1),(488,1191,'Старые перчатки','ruki','',0,'',2,0,0,1,0,0,0,0,0,0,0,1,1),(489,1191,'Пистолет \"Комар\"','weapon','fire',2,'pistoletnie',8,11,14,0,0,0,0,0,0,0,1,1,1),(1574,1536,'Пояс паладина','poyas','',0,'',70,0,0,14,4,1,1,1,0,0,0,6,1),(515,1203,'Старый пояс','poyas','',0,'',2,0,0,1,0,0,0,0,0,0,0,1,1),(530,1211,'Довоенный костюм','body','',0,'',4,0,0,2,0,0,0,0,0,0,0,1,1),(529,1211,'Трость','weapon','cold',0,'',6,2,3,0,0,0,0,0,0,0,1,1,1),(513,1203,'Трость','weapon','cold',0,'',6,2,3,0,0,0,0,0,0,0,1,1,0),(514,1203,'Довоенный костюм','body','',0,'',4,0,0,2,0,0,0,0,0,0,0,1,1),(1029,1356,'Самодельный пистолет','weapon','fire',2,'pistoletnie',20,20,27,0,1,1,1,1,0,1,1,1,0),(523,775,'Металлическая каска','golova','',0,'',44,0,0,10,3,1,1,1,0,0,0,4,1),(516,1203,'Сапоги из кожи брамина','nogi','',0,'',2,0,0,1,0,0,0,0,0,0,0,1,1),(517,1203,'Довоенная шляпа','golova','',0,'',4,0,0,2,0,0,0,0,0,0,0,1,1),(518,1203,'Старые перчатки','ruki','',0,'',2,0,0,1,0,0,0,0,0,0,0,1,1),(519,1203,'Пистолет \"Комар\"','weapon','fire',2,'pistoletnie',8,11,14,0,0,0,0,0,0,0,1,1,1),(520,1127,'Укреплённые металлические рукавицы','ruki','',0,'',80,0,0,16,4,1,1,1,0,0,0,6,1),(521,1127,'Пояс паладина','poyas','',0,'',70,0,0,14,4,1,1,1,0,0,0,6,1),(522,1127,'Укреплённые металлические сапоги','nogi','',0,'',85,0,0,18,4,1,1,1,0,0,0,6,1),(526,1169,'.44 Magnum','weapon','fire',3,'avtomatnie',1100,65,73,0,8,2,5,3,0,8,1,11,0),(528,1194,'Боевые ботинки','nogi','',0,'',42,0,0,9,3,1,1,1,0,0,0,4,1),(531,1211,'Старый пояс','poyas','',0,'',2,0,0,1,0,0,0,0,0,0,0,1,1),(532,1211,'Сапоги из кожи брамина','nogi','',0,'',2,0,0,1,0,0,0,0,0,0,0,1,1),(533,1211,'Довоенная шляпа','golova','',0,'',4,0,0,2,0,0,0,0,0,0,0,1,1),(534,1211,'Старые перчатки','ruki','',0,'',2,0,0,1,0,0,0,0,0,0,0,1,1),(535,1211,'Пистолет \"Комар\"','weapon','fire',2,'pistoletnie',8,11,14,0,0,0,0,0,0,0,1,1,0),(536,1127,'Заточенный клинок Вакидзаси','cold','',0,'',450,34,38,0,3,2,4,1,6,0,1,8,1),(537,1127,'Шлем','golova','',0,'',90,0,0,20,4,1,1,1,0,0,0,6,1),(540,1215,'Трость','weapon','cold',0,'',6,2,3,0,0,0,0,0,0,0,1,1,1),(539,1127,'Бронежелет','body','',0,'',100,0,0,26,6,1,1,1,0,0,0,6,1),(543,1215,'Сапоги из кожи брамина','nogi','',0,'',2,0,0,1,0,0,0,0,0,0,0,1,1),(544,1215,'Довоенная шляпа','golova','',0,'',4,0,0,2,0,0,0,0,0,0,0,1,1),(545,1215,'Старые перчатки','ruki','',0,'',2,0,0,1,0,0,0,0,0,0,0,1,1),(546,1215,'Пистолет \"Комар\"','weapon','fire',2,'pistoletnie',8,11,14,0,0,0,0,0,0,0,1,1,0),(547,1216,'Трость','weapon','cold',0,'',6,2,3,0,0,0,0,0,0,0,1,1,0),(548,1216,'Довоенный костюм','body','',0,'',4,0,0,2,0,0,0,0,0,0,0,1,1),(549,1216,'Старый пояс','poyas','',0,'',2,0,0,1,0,0,0,0,0,0,0,1,1),(550,1216,'Сапоги из кожи брамина','nogi','',0,'',2,0,0,1,0,0,0,0,0,0,0,1,1),(551,1216,'Довоенная шляпа','golova','',0,'',4,0,0,2,0,0,0,0,0,0,0,1,1),(552,1216,'Старые перчатки','ruki','',0,'',2,0,0,1,0,0,0,0,0,0,0,1,1),(553,1216,'Пистолет \"Комар\"','weapon','fire',2,'pistoletnie',8,11,14,0,0,0,0,0,0,0,1,1,1),(554,1213,'Трость','weapon','cold',0,'',6,2,3,0,0,0,0,0,0,0,1,1,0),(555,1213,'Довоенный костюм','body','',0,'',4,0,0,2,0,0,0,0,0,0,0,1,1),(556,1213,'Старый пояс','poyas','',0,'',2,0,0,1,0,0,0,0,0,0,0,1,1),(557,1213,'Сапоги из кожи брамина','nogi','',0,'',2,0,0,1,0,0,0,0,0,0,0,1,1),(558,1213,'Довоенная шляпа','golova','',0,'',4,0,0,2,0,0,0,0,0,0,0,1,1),(559,1213,'Старые перчатки','ruki','',0,'',2,0,0,1,0,0,0,0,0,0,0,1,1),(560,1213,'Пистолет \"Комар\"','weapon','fire',2,'pistoletnie',8,11,14,0,0,0,0,0,0,0,1,1,1),(561,1219,'Трость','weapon','cold',0,'',6,2,3,0,0,0,0,0,0,0,1,1,0),(562,1219,'Довоенный костюм','body','',0,'',4,0,0,2,0,0,0,0,0,0,0,1,1),(563,1219,'Старый пояс','poyas','',0,'',2,0,0,1,0,0,0,0,0,0,0,1,1),(564,1219,'Сапоги из кожи брамина','nogi','',0,'',2,0,0,1,0,0,0,0,0,0,0,1,1),(565,1219,'Довоенная шляпа','golova','',0,'',4,0,0,2,0,0,0,0,0,0,0,1,1),(566,1219,'Старые перчатки','ruki','',0,'',2,0,0,1,0,0,0,0,0,0,0,1,1),(567,1219,'Пистолет \"Комар\"','weapon','fire',2,'pistoletnie',8,11,14,0,0,0,0,0,0,0,1,1,1),(568,1222,'Трость','weapon','cold',0,'',6,2,3,0,0,0,0,0,0,0,1,1,1),(569,1222,'Довоенный костюм','body','',0,'',4,0,0,2,0,0,0,0,0,0,0,1,1),(570,1222,'Старый пояс','poyas','',0,'',2,0,0,1,0,0,0,0,0,0,0,1,1),(571,1222,'Сапоги из кожи брамина','nogi','',0,'',2,0,0,1,0,0,0,0,0,0,0,1,1),(572,1222,'Довоенная шляпа','golova','',0,'',4,0,0,2,0,0,0,0,0,0,0,1,1),(573,1222,'Старые перчатки','ruki','',0,'',2,0,0,1,0,0,0,0,0,0,0,1,1),(574,1222,'Пистолет \"Комар\"','weapon','fire',2,'pistoletnie',8,11,14,0,0,0,0,0,0,0,1,1,0),(591,1235,'Довоенный костюм','body','',0,'',4,0,0,2,0,0,0,0,0,0,0,1,1),(576,1220,'Довоенный костюм','body','',0,'',4,0,0,2,0,0,0,0,0,0,0,1,1),(577,1220,'Старый пояс','poyas','',0,'',2,0,0,1,0,0,0,0,0,0,0,1,1),(578,1220,'Сапоги из кожи брамина','nogi','',0,'',2,0,0,1,0,0,0,0,0,0,0,1,1),(579,1220,'Довоенная шляпа','golova','',0,'',4,0,0,2,0,0,0,0,0,0,0,1,1),(580,1220,'Старые перчатки','ruki','',0,'',2,0,0,1,0,0,0,0,0,0,0,1,1),(581,1220,'Пистолет \"Комар\"','weapon','fire',2,'pistoletnie',8,11,14,0,0,0,0,0,0,0,1,1,1),(582,1229,'Трость','weapon','cold',0,'',6,2,3,0,0,0,0,0,0,0,1,1,1),(583,1229,'Довоенный костюм','body','',0,'',4,0,0,2,0,0,0,0,0,0,0,1,1),(584,1229,'Старый пояс','poyas','',0,'',2,0,0,1,0,0,0,0,0,0,0,1,1),(585,1229,'Сапоги из кожи брамина','nogi','',0,'',2,0,0,1,0,0,0,0,0,0,0,1,1),(586,1229,'Довоенная шляпа','golova','',0,'',4,0,0,2,0,0,0,0,0,0,0,1,1),(587,1229,'Старые перчатки','ruki','',0,'',2,0,0,1,0,0,0,0,0,0,0,1,1),(588,1229,'Пистолет \"Комар\"','weapon','fire',2,'pistoletnie',8,11,14,0,0,0,0,0,0,0,1,1,0),(590,1235,'Трость','weapon','cold',0,'',6,2,3,0,0,0,0,0,0,0,1,1,0),(592,1235,'Старый пояс','poyas','',0,'',2,0,0,1,0,0,0,0,0,0,0,1,1),(593,1235,'Сапоги из кожи брамина','nogi','',0,'',2,0,0,1,0,0,0,0,0,0,0,1,1),(594,1235,'Довоенная шляпа','golova','',0,'',4,0,0,2,0,0,0,0,0,0,0,1,1),(595,1235,'Старые перчатки','ruki','',0,'',2,0,0,1,0,0,0,0,0,0,0,1,1),(596,1235,'Пистолет \"Комар\"','weapon','fire',2,'pistoletnie',8,11,14,0,0,0,0,0,0,0,1,1,1),(902,1237,'Рукавицы из плотной кожи','ruki','',0,'',25,0,0,5,1,1,2,1,0,0,0,3,1),(1522,1541,'Трость','weapon','cold',0,'',6,2,3,0,0,0,0,0,0,0,1,1,0),(907,1343,'Трость','weapon','cold',0,'',6,2,3,0,0,0,0,0,0,0,1,1,0),(900,1237,'Разведшлем','golova','',0,'',28,0,0,6,1,1,2,2,0,0,0,3,1),(903,1237,'Ботинки разведчика','nogi','',0,'',40,0,0,8,1,1,2,1,0,0,0,4,1),(604,1246,'Трость','weapon','cold',0,'',6,2,3,0,0,0,0,0,0,0,1,1,1),(605,1246,'Довоенный костюм','body','',0,'',4,0,0,2,0,0,0,0,0,0,0,1,1),(606,1246,'Старый пояс','poyas','',0,'',2,0,0,1,0,0,0,0,0,0,0,1,1),(607,1246,'Сапоги из кожи брамина','nogi','',0,'',2,0,0,1,0,0,0,0,0,0,0,1,1),(608,1246,'Довоенная шляпа','golova','',0,'',4,0,0,2,0,0,0,0,0,0,0,1,1),(609,1246,'Старые перчатки','ruki','',0,'',2,0,0,1,0,0,0,0,0,0,0,1,1),(610,1246,'Пистолет \"Комар\"','weapon','fire',2,'pistoletnie',8,11,14,0,0,0,0,0,0,0,1,1,0),(611,1250,'Трость','weapon','cold',0,'',6,2,3,0,0,0,0,0,0,0,1,1,0),(612,1250,'Довоенный костюм','body','',0,'',4,0,0,2,0,0,0,0,0,0,0,1,1),(613,1250,'Старый пояс','poyas','',0,'',2,0,0,1,0,0,0,0,0,0,0,1,1),(614,1250,'Сапоги из кожи брамина','nogi','',0,'',2,0,0,1,0,0,0,0,0,0,0,1,1),(615,1250,'Довоенная шляпа','golova','',0,'',4,0,0,2,0,0,0,0,0,0,0,1,1),(616,1250,'Старые перчатки','ruki','',0,'',2,0,0,1,0,0,0,0,0,0,0,1,1),(617,1250,'Пистолет \"Комар\"','weapon','fire',2,'pistoletnie',8,11,14,0,0,0,0,0,0,0,1,1,1),(751,1236,'Пояс рейдера','poyas','',0,'',12,0,0,3,1,1,1,1,0,0,0,2,1),(753,1304,'Трость','weapon','cold',0,'',6,2,3,0,0,0,0,0,0,0,1,1,0),(870,1231,'Укреплённые металлические сапоги','nogi','',0,'',85,0,0,18,4,1,1,1,0,0,0,6,1),(749,1279,'Кожаная разведброня','body','',0,'',45,0,0,12,2,1,3,1,0,0,0,4,1),(1459,1518,'Трость','weapon','cold',0,'',6,2,3,0,0,0,0,0,0,0,1,1,0),(734,1291,'Довоенный костюм','body','',0,'',4,0,0,2,0,0,0,0,0,0,0,1,1),(744,1136,'Самодельный пистолет','weapon','fire',2,'pistoletnie',20,20,27,0,1,1,1,1,0,1,1,1,0),(921,1344,'Трость','weapon','cold',0,'',6,2,3,0,0,0,0,0,0,0,1,1,1),(1497,1259,'Browning HP','weapon','fire',3,'pistoletnie',350,40,47,0,2,1,3,4,0,4,1,7,1),(1560,1304,'Металлическая каска','golova','',0,'',44,0,0,10,3,1,1,1,0,0,0,4,1),(1470,1274,'Desert Eagle','weapon','fire',3,'avtomatnie',1250,70,79,0,10,3,6,5,0,10,1,13,0),(1623,1563,'Сапоги из кожи брамина','nogi','',0,'',2,0,0,1,0,0,0,0,0,0,0,1,1),(632,1267,'Трость','weapon','cold',0,'',6,2,3,0,0,0,0,0,0,0,1,1,0),(633,1267,'Довоенный костюм','body','',0,'',4,0,0,2,0,0,0,0,0,0,0,1,1),(634,1267,'Старый пояс','poyas','',0,'',2,0,0,1,0,0,0,0,0,0,0,1,1),(635,1267,'Сапоги из кожи брамина','nogi','',0,'',2,0,0,1,0,0,0,0,0,0,0,1,1),(636,1267,'Довоенная шляпа','golova','',0,'',4,0,0,2,0,0,0,0,0,0,0,1,1),(637,1267,'Старые перчатки','ruki','',0,'',2,0,0,1,0,0,0,0,0,0,0,1,1),(638,1267,'Пистолет \"Комар\"','weapon','fire',2,'pistoletnie',8,11,14,0,0,0,0,0,0,0,1,1,1),(639,1136,'Трость','weapon','cold',0,'',6,2,3,0,0,0,0,0,0,0,1,1,1),(640,1136,'Довоенный костюм','body','',0,'',4,0,0,2,0,0,0,0,0,0,0,1,1),(641,1136,'Старый пояс','poyas','',0,'',2,0,0,1,0,0,0,0,0,0,0,1,1),(642,1136,'Сапоги из кожи брамина','nogi','',0,'',2,0,0,1,0,0,0,0,0,0,0,1,1),(643,1136,'Довоенная шляпа','golova','',0,'',4,0,0,2,0,0,0,0,0,0,0,1,1),(644,1136,'Старые перчатки','ruki','',0,'',2,0,0,1,0,0,0,0,0,0,0,1,1),(645,1136,'Пистолет \"Комар\"','weapon','fire',2,'pistoletnie',8,11,14,0,0,0,0,0,0,0,1,1,0),(646,1271,'Трость','weapon','cold',0,'',6,2,3,0,0,0,0,0,0,0,1,1,0),(647,1271,'Довоенный костюм','body','',0,'',4,0,0,2,0,0,0,0,0,0,0,1,1),(648,1271,'Старый пояс','poyas','',0,'',2,0,0,1,0,0,0,0,0,0,0,1,1),(649,1271,'Сапоги из кожи брамина','nogi','',0,'',2,0,0,1,0,0,0,0,0,0,0,1,1),(650,1271,'Довоенная шляпа','golova','',0,'',4,0,0,2,0,0,0,0,0,0,0,1,1),(651,1271,'Старые перчатки','ruki','',0,'',2,0,0,1,0,0,0,0,0,0,0,1,1),(652,1271,'Пистолет \"Комар\"','weapon','fire',2,'pistoletnie',8,11,14,0,0,0,0,0,0,0,1,1,1),(707,1282,'Боевые берцы','nogi','',0,'',26,0,0,6,2,1,2,1,0,0,0,3,1),(842,1279,'Самодельное ружьё','weapon','fire',4,'rujeinie',200,40,50,0,2,1,1,2,0,3,2,5,1),(660,1275,'Трость','weapon','cold',0,'',6,2,3,0,0,0,0,0,0,0,1,1,1),(661,1275,'Довоенный костюм','body','',0,'',4,0,0,2,0,0,0,0,0,0,0,1,1),(662,1275,'Старый пояс','poyas','',0,'',2,0,0,1,0,0,0,0,0,0,0,1,1),(663,1275,'Сапоги из кожи брамина','nogi','',0,'',2,0,0,1,0,0,0,0,0,0,0,1,1),(664,1275,'Довоенная шляпа','golova','',0,'',4,0,0,2,0,0,0,0,0,0,0,1,1),(665,1275,'Старые перчатки','ruki','',0,'',2,0,0,1,0,0,0,0,0,0,0,1,1),(666,1275,'Пистолет \"Комар\"','weapon','fire',2,'pistoletnie',8,11,14,0,0,0,0,0,0,0,1,1,0),(724,1236,'Шлем мотоциклиста','golova','',0,'',18,0,0,5,2,1,1,1,0,0,0,2,1),(1210,1204,'Кожаная разведброня','body','',0,'',45,0,0,12,2,1,3,1,0,0,0,4,1),(1200,1422,'Трость','weapon','cold',0,'',6,2,3,0,0,0,0,0,0,0,1,1,1),(672,1236,'Старые перчатки','ruki','',0,'',2,0,0,1,0,0,0,0,0,0,0,1,1),(674,1278,'Трость','weapon','cold',0,'',6,2,3,0,0,0,0,0,0,0,1,1,0),(675,1278,'Довоенный костюм','body','',0,'',4,0,0,2,0,0,0,0,0,0,0,1,1),(676,1278,'Старый пояс','poyas','',0,'',2,0,0,1,0,0,0,0,0,0,0,1,1),(677,1278,'Сапоги из кожи брамина','nogi','',0,'',2,0,0,1,0,0,0,0,0,0,0,1,1),(678,1278,'Довоенная шляпа','golova','',0,'',4,0,0,2,0,0,0,0,0,0,0,1,1),(679,1278,'Старые перчатки','ruki','',0,'',2,0,0,1,0,0,0,0,0,0,0,1,1),(733,1291,'Трость','weapon','cold',0,'',6,2,3,0,0,0,0,0,0,0,1,1,0),(1196,1307,'Дротикомёт','weapon','fire',3,'drotiki',75,24,33,0,1,1,2,1,2,2,1,3,0),(1306,1442,'Трость','weapon','cold',0,'',6,2,3,0,0,0,0,0,0,0,1,1,1),(888,1340,'Трость','weapon','cold',0,'',6,2,3,0,0,0,0,0,0,0,1,1,0),(946,1279,'Рукавицы разведчика','ruki','',0,'',60,0,0,14,1,1,2,3,0,0,0,6,1),(1097,1366,'Старый пояс','poyas','',0,'',2,0,0,1,0,0,0,0,0,0,0,1,1),(821,1236,'Боевая кожаная броня','body','',0,'',50,0,0,14,3,1,2,1,0,0,0,4,1),(692,1282,'Довоенный костюм','body','',0,'',4,0,0,2,0,0,0,0,0,0,0,1,0),(693,1282,'Старый пояс','poyas','',0,'',2,0,0,1,0,0,0,0,0,0,0,1,1),(708,1282,'Боевая кожанная куртка','body','',0,'',26,0,0,8,2,1,1,1,0,0,0,2,0),(695,1282,'Довоенная шляпа','golova','',0,'',4,0,0,2,0,0,0,0,0,0,0,1,1),(696,1282,'Старые перчатки','ruki','',0,'',2,0,0,1,0,0,0,0,0,0,0,1,1),(706,1282,'Маузер 9мм','weapon','fire',3,'pistoletnie',45,21,29,0,1,1,1,1,0,2,1,2,1),(709,1288,'Трость','weapon','cold',0,'',6,2,3,0,0,0,0,0,0,0,1,1,1),(698,1236,'Маузер 9мм','weapon','fire',3,'pistoletnie',45,21,29,0,1,1,1,1,0,2,1,2,1),(799,1318,'Довоенный костюм','body','',0,'',4,0,0,2,0,0,0,0,0,0,0,1,1),(798,1318,'Трость','weapon','cold',0,'',6,2,3,0,0,0,0,0,0,0,1,1,1),(813,1301,'Трость','weapon','cold',0,'',6,2,3,0,0,0,0,0,0,0,1,1,0),(1297,1285,'Укреплённые металлические сапоги','nogi','',0,'',85,0,0,18,4,1,1,1,0,0,0,6,1),(710,1288,'Довоенный костюм','body','',0,'',4,0,0,2,0,0,0,0,0,0,0,1,1),(711,1288,'Старый пояс','poyas','',0,'',2,0,0,1,0,0,0,0,0,0,0,1,1),(712,1288,'Сапоги из кожи брамина','nogi','',0,'',2,0,0,1,0,0,0,0,0,0,0,1,1),(713,1288,'Довоенная шляпа','golova','',0,'',4,0,0,2,0,0,0,0,0,0,0,1,1),(714,1288,'Старые перчатки','ruki','',0,'',2,0,0,1,0,0,0,0,0,0,0,1,1),(715,1288,'Пистолет \"Комар\"','weapon','fire',2,'pistoletnie',8,11,14,0,0,0,0,0,0,0,1,1,0),(716,1289,'Трость','weapon','cold',0,'',6,2,3,0,0,0,0,0,0,0,1,1,0),(717,1289,'Довоенный костюм','body','',0,'',4,0,0,2,0,0,0,0,0,0,0,1,0),(718,1289,'Старый пояс','poyas','',0,'',2,0,0,1,0,0,0,0,0,0,0,1,0),(719,1289,'Сапоги из кожи брамина','nogi','',0,'',2,0,0,1,0,0,0,0,0,0,0,1,0),(720,1289,'Довоенная шляпа','golova','',0,'',4,0,0,2,0,0,0,0,0,0,0,1,0),(721,1289,'Старые перчатки','ruki','',0,'',2,0,0,1,0,0,0,0,0,0,0,1,0),(722,1289,'Пистолет \"Комар\"','weapon','fire',2,'pistoletnie',8,11,14,0,0,0,0,0,0,0,1,1,0),(725,1236,'Берцы','nogi','',0,'',14,0,0,4,2,1,1,1,0,0,0,2,1),(1467,1145,'Самодельное ружьё','weapon','fire',4,'rujeinie',200,40,50,0,2,1,1,2,0,3,2,5,1),(1197,1307,'Лёгкий бронежелет','body','',0,'',70,0,0,18,2,1,2,1,0,0,0,5,0),(1835,1634,'Довоенный костюм','body','',0,'',4,0,0,2,0,0,0,0,0,0,0,1,1),(1804,1628,'Довоенный костюм','body','',0,'',4,0,0,2,0,0,0,0,0,0,0,1,1),(735,1291,'Старый пояс','poyas','',0,'',2,0,0,1,0,0,0,0,0,0,0,1,1),(736,1291,'Сапоги из кожи брамина','nogi','',0,'',2,0,0,1,0,0,0,0,0,0,0,1,1),(737,1291,'Довоенная шляпа','golova','',0,'',4,0,0,2,0,0,0,0,0,0,0,1,1),(738,1291,'Старые перчатки','ruki','',0,'',2,0,0,1,0,0,0,0,0,0,0,1,1),(739,1291,'Пистолет \"Комар\"','weapon','fire',2,'pistoletnie',8,11,14,0,0,0,0,0,0,0,1,1,1),(740,1274,'Пояс паладина','poyas','',0,'',70,0,0,14,4,1,1,1,0,0,0,6,1),(1620,1563,'Трость','weapon','cold',0,'',6,2,3,0,0,0,0,0,0,0,1,1,1),(1621,1563,'Довоенный костюм','body','',0,'',4,0,0,2,0,0,0,0,0,0,0,1,1),(750,1279,'Ботинки разведчика','nogi','',0,'',40,0,0,8,1,1,2,1,0,0,0,4,1),(1069,1378,'Трость','weapon','cold',0,'',6,2,3,0,0,0,0,0,0,0,1,1,0),(755,1304,'Старый пояс','poyas','',0,'',2,0,0,1,0,0,0,0,0,0,0,1,1),(756,1304,'Сапоги из кожи брамина','nogi','',0,'',2,0,0,1,0,0,0,0,0,0,0,1,1),(757,1304,'Довоенная шляпа','golova','',0,'',4,0,0,2,0,0,0,0,0,0,0,1,0),(758,1304,'Старые перчатки','ruki','',0,'',2,0,0,1,0,0,0,0,0,0,0,1,1),(759,1304,'Пистолет \"Комар\"','weapon','fire',2,'pistoletnie',8,11,14,0,0,0,0,0,0,0,1,1,0),(760,1306,'Трость','weapon','cold',0,'',6,2,3,0,0,0,0,0,0,0,1,1,0),(761,1306,'Довоенный костюм','body','',0,'',4,0,0,2,0,0,0,0,0,0,0,1,1),(762,1306,'Старый пояс','poyas','',0,'',2,0,0,1,0,0,0,0,0,0,0,1,1),(1195,1307,'Маузер 9мм','weapon','fire',3,'pistoletnie',45,21,29,0,1,1,1,1,0,2,1,2,1),(764,1306,'Довоенная шляпа','golova','',0,'',4,0,0,2,0,0,0,0,0,0,0,1,1),(765,1306,'Старые перчатки','ruki','',0,'',2,0,0,1,0,0,0,0,0,0,0,1,1),(766,1306,'Пистолет \"Комар\"','weapon','fire',2,'pistoletnie',8,11,14,0,0,0,0,0,0,0,1,1,1),(1794,1427,'Пояс паладина','poyas','',0,'',70,0,0,14,4,1,1,1,0,0,0,6,1),(769,1307,'Старый пояс','poyas','',0,'',2,0,0,1,0,0,0,0,0,0,0,1,1),(770,1307,'Сапоги из кожи брамина','nogi','',0,'',2,0,0,1,0,0,0,0,0,0,0,1,0),(1332,1447,'Трость','weapon','cold',0,'',6,2,3,0,0,0,0,0,0,0,1,1,1),(1216,1307,'Кожаная разведброня','body','',0,'',45,0,0,12,2,1,3,1,0,0,0,4,1),(775,1310,'Довоенный костюм','body','',0,'',4,0,0,2,0,0,0,0,0,0,0,1,1),(776,1310,'Старый пояс','poyas','',0,'',2,0,0,1,0,0,0,0,0,0,0,1,1),(777,1310,'Сапоги из кожи брамина','nogi','',0,'',2,0,0,1,0,0,0,0,0,0,0,1,1),(778,1310,'Довоенная шляпа','golova','',0,'',4,0,0,2,0,0,0,0,0,0,0,1,1),(779,1310,'Старые перчатки','ruki','',0,'',2,0,0,1,0,0,0,0,0,0,0,1,1),(780,1310,'Пистолет \"Комар\"','weapon','fire',2,'pistoletnie',8,11,14,0,0,0,0,0,0,0,1,1,1),(841,727,'Зачарованный шлем','golova','',0,'',90,0,0,20,4,1,1,1,0,0,0,6,1),(887,1248,'Пояс паладина','poyas','',0,'',70,0,0,14,4,1,1,1,0,0,0,6,1),(871,1285,'Пояс паладина','poyas','',0,'',70,0,0,14,4,1,1,1,0,0,0,6,1),(1484,1285,'9mm M92FS Beretta','weapon','fire',3,'pistoletnie',500,45,53,0,3,2,3,5,0,5,1,8,1),(800,1318,'Старый пояс','poyas','',0,'',2,0,0,1,0,0,0,0,0,0,0,1,1),(801,1318,'Сапоги из кожи брамина','nogi','',0,'',2,0,0,1,0,0,0,0,0,0,0,1,1),(802,1318,'Довоенная шляпа','golova','',0,'',4,0,0,2,0,0,0,0,0,0,0,1,1),(803,1318,'Старые перчатки','ruki','',0,'',2,0,0,1,0,0,0,0,0,0,0,1,1),(804,1318,'Пистолет \"Комар\"','weapon','fire',2,'pistoletnie',8,11,14,0,0,0,0,0,0,0,1,1,0),(1096,1366,'Довоенный костюм','body','',0,'',4,0,0,2,0,0,0,0,0,0,0,1,1),(867,1231,'Пояс паладина','poyas','',0,'',70,0,0,14,4,1,1,1,0,0,0,6,1),(1213,1307,'Укреплёные кожаные рукавицы','ruki','',0,'',40,0,0,8,1,1,2,1,0,0,0,4,1),(1158,1382,'Старый пояс','poyas','',0,'',2,0,0,1,0,0,0,0,0,0,0,1,1),(814,1301,'Довоенный костюм','body','',0,'',4,0,0,2,0,0,0,0,0,0,0,1,0),(815,1301,'Старый пояс','poyas','',0,'',2,0,0,1,0,0,0,0,0,0,0,1,0),(816,1301,'Сапоги из кожи брамина','nogi','',0,'',2,0,0,1,0,0,0,0,0,0,0,1,0),(817,1301,'Довоенная шляпа','golova','',0,'',4,0,0,2,0,0,0,0,0,0,0,1,0),(818,1301,'Старые перчатки','ruki','',0,'',2,0,0,1,0,0,0,0,0,0,0,1,0),(819,1301,'Пистолет \"Комар\"','weapon','fire',2,'pistoletnie',8,11,14,0,0,0,0,0,0,0,1,1,0),(988,1356,'Довоенный костюм','body','',0,'',4,0,0,2,0,0,0,0,0,0,0,1,1),(987,1356,'Трость','weapon','cold',0,'',6,2,3,0,0,0,0,0,0,0,1,1,0),(825,1328,'Трость','weapon','cold',0,'',6,2,3,0,0,0,0,0,0,0,1,1,1),(826,1328,'Довоенный костюм','body','',0,'',4,0,0,2,0,0,0,0,0,0,0,1,1),(827,1328,'Старый пояс','poyas','',0,'',2,0,0,1,0,0,0,0,0,0,0,1,1),(828,1328,'Сапоги из кожи брамина','nogi','',0,'',2,0,0,1,0,0,0,0,0,0,0,1,1),(829,1328,'Довоенная шляпа','golova','',0,'',4,0,0,2,0,0,0,0,0,0,0,1,1),(830,1328,'Старые перчатки','ruki','',0,'',2,0,0,1,0,0,0,0,0,0,0,1,1),(831,1328,'Пистолет \"Комар\"','weapon','fire',2,'pistoletnie',8,11,14,0,0,0,0,0,0,0,1,1,0),(1219,1285,'Зачарованный шлем','golova','',0,'',90,0,0,20,4,1,1,1,0,0,0,6,1),(1212,1204,'Укреплёные кожаные рукавицы','ruki','',0,'',40,0,0,8,1,1,2,1,0,0,0,4,1),(869,1231,'Укреплённые металлические рукавицы','ruki','',0,'',80,0,0,16,4,1,1,1,0,0,0,6,1),(850,1335,'Трость','weapon','cold',0,'',6,2,3,0,0,0,0,0,0,0,1,1,0),(868,1231,'Бронежелет','body','',0,'',100,0,0,26,6,1,1,1,0,0,0,6,1),(851,1335,'Довоенный костюм','body','',0,'',4,0,0,2,0,0,0,0,0,0,0,1,1),(847,1279,'Старый пластинчатый пояс','poyas','',0,'',45,0,0,10,2,1,1,1,0,0,0,5,1),(852,1335,'Старый пояс','poyas','',0,'',2,0,0,1,0,0,0,0,0,0,0,1,1),(853,1335,'Сапоги из кожи брамина','nogi','',0,'',2,0,0,1,0,0,0,0,0,0,0,1,1),(854,1335,'Довоенная шляпа','golova','',0,'',4,0,0,2,0,0,0,0,0,0,0,1,1),(855,1335,'Старые перчатки','ruki','',0,'',2,0,0,1,0,0,0,0,0,0,0,1,1),(856,1335,'Пистолет \"Комар\"','weapon','fire',2,'pistoletnie',8,11,14,0,0,0,0,0,0,0,1,1,0),(857,1248,'Облегчённая броня','body','',0,'',80,0,0,22,1,1,2,2,0,0,0,6,1),(947,1351,'Трость','weapon','cold',0,'',6,2,3,0,0,0,0,0,0,0,1,1,0),(964,1354,'Сапоги из кожи брамина','nogi','',0,'',2,0,0,1,0,0,0,0,0,0,0,1,1),(965,1354,'Довоенная шляпа','golova','',0,'',4,0,0,2,0,0,0,0,0,0,0,1,1),(963,1354,'Старый пояс','poyas','',0,'',2,0,0,1,0,0,0,0,0,0,0,1,1),(962,1354,'Довоенный костюм','body','',0,'',4,0,0,2,0,0,0,0,0,0,0,1,1),(922,1344,'Довоенный костюм','body','',0,'',4,0,0,2,0,0,0,0,0,0,0,1,1),(915,1279,'Шлем рейдера-снайпера','','',0,'',70,0,0,16,1,1,3,3,0,0,0,6,1),(961,1354,'Трость','weapon','cold',0,'',6,2,3,0,0,0,0,0,0,0,1,1,1),(866,1231,'Зачарованный шлем','golova','',0,'',90,0,0,20,4,1,1,1,0,0,0,6,1),(1163,1404,'Трость','weapon','cold',0,'',6,2,3,0,0,0,0,0,0,0,1,1,0),(1162,1382,'Пистолет \"Комар\"','weapon','fire',2,'pistoletnie',8,11,14,0,0,0,0,0,0,0,1,1,1),(879,1339,'Трость','weapon','cold',0,'',6,2,3,0,0,0,0,0,0,0,1,1,1),(880,1339,'Довоенный костюм','body','',0,'',4,0,0,2,0,0,0,0,0,0,0,1,1),(881,1339,'Старый пояс','poyas','',0,'',2,0,0,1,0,0,0,0,0,0,0,1,1),(882,1339,'Сапоги из кожи брамина','nogi','',0,'',2,0,0,1,0,0,0,0,0,0,0,1,1),(883,1339,'Довоенная шляпа','golova','',0,'',4,0,0,2,0,0,0,0,0,0,0,1,1),(884,1339,'Старые перчатки','ruki','',0,'',2,0,0,1,0,0,0,0,0,0,0,1,1),(885,1339,'Пистолет \"Комар\"','weapon','fire',2,'pistoletnie',8,11,14,0,0,0,0,0,0,0,1,1,0),(886,1248,'Укреплённые металлические рукавицы','ruki','',0,'',80,0,0,16,4,1,1,1,0,0,0,6,1),(889,1340,'Довоенный костюм','body','',0,'',4,0,0,2,0,0,0,0,0,0,0,1,1),(890,1340,'Старый пояс','poyas','',0,'',2,0,0,1,0,0,0,0,0,0,0,1,1),(891,1340,'Сапоги из кожи брамина','nogi','',0,'',2,0,0,1,0,0,0,0,0,0,0,1,1),(892,1340,'Довоенная шляпа','golova','',0,'',4,0,0,2,0,0,0,0,0,0,0,1,1),(893,1340,'Старые перчатки','ruki','',0,'',2,0,0,1,0,0,0,0,0,0,0,1,1),(894,1340,'Пистолет \"Комар\"','weapon','fire',2,'pistoletnie',8,11,14,0,0,0,0,0,0,0,1,1,1),(1624,1563,'Довоенная шляпа','golova','',0,'',4,0,0,2,0,0,0,0,0,0,0,1,1),(1561,1536,'Browning HP','weapon','fire',3,'pistoletnie',350,40,47,0,2,1,3,4,0,4,1,7,1),(898,1274,'Зачарованный шлем','golova','',0,'',90,0,0,20,4,1,1,1,0,0,0,6,1),(899,1274,'Бронежелет','body','',0,'',100,0,0,26,6,1,1,1,0,0,0,6,1),(901,1237,'Старая кожаная куртка','body','',0,'',30,0,0,8,1,1,3,1,0,0,0,3,1),(904,1237,'Металлический пояс','poyas','',0,'',24,0,0,5,2,1,1,1,0,0,0,3,1),(908,1343,'Довоенный костюм','body','',0,'',4,0,0,2,0,0,0,0,0,0,0,1,1),(909,1343,'Старый пояс','poyas','',0,'',2,0,0,1,0,0,0,0,0,0,0,1,1),(910,1343,'Сапоги из кожи брамина','nogi','',0,'',2,0,0,1,0,0,0,0,0,0,0,1,1),(911,1343,'Довоенная шляпа','golova','',0,'',4,0,0,2,0,0,0,0,0,0,0,1,1),(912,1343,'Старые перчатки','ruki','',0,'',2,0,0,1,0,0,0,0,0,0,0,1,1),(913,1343,'Пистолет \"Комар\"','weapon','fire',2,'pistoletnie',8,11,14,0,0,0,0,0,0,0,1,1,1),(923,1344,'Старый пояс','poyas','',0,'',2,0,0,1,0,0,0,0,0,0,0,1,1),(924,1344,'Сапоги из кожи брамина','nogi','',0,'',2,0,0,1,0,0,0,0,0,0,0,1,1),(925,1344,'Довоенная шляпа','golova','',0,'',4,0,0,2,0,0,0,0,0,0,0,1,1),(926,1344,'Старые перчатки','ruki','',0,'',2,0,0,1,0,0,0,0,0,0,0,1,1),(927,1344,'Пистолет \"Комар\"','weapon','fire',2,'pistoletnie',8,11,14,0,0,0,0,0,0,0,1,1,0),(928,1345,'Трость','weapon','cold',0,'',6,2,3,0,0,0,0,0,0,0,1,1,1),(929,1345,'Довоенный костюм','body','',0,'',4,0,0,2,0,0,0,0,0,0,0,1,0),(930,1345,'Старый пояс','poyas','',0,'',2,0,0,1,0,0,0,0,0,0,0,1,0),(931,1345,'Сапоги из кожи брамина','nogi','',0,'',2,0,0,1,0,0,0,0,0,0,0,1,0),(932,1345,'Довоенная шляпа','golova','',0,'',4,0,0,2,0,0,0,0,0,0,0,1,0),(933,1345,'Старые перчатки','ruki','',0,'',2,0,0,1,0,0,0,0,0,0,0,1,0),(934,1345,'Пистолет \"Комар\"','weapon','fire',2,'pistoletnie',8,11,14,0,0,0,0,0,0,0,1,1,0),(935,1278,'Боевой нож','weapon','cold',0,'',120,18,24,0,2,1,3,1,3,0,1,5,1),(938,1348,'Трость','weapon','cold',0,'',6,2,3,0,0,0,0,0,0,0,1,1,1),(1015,1362,'Довоенный костюм','body','',0,'',4,0,0,2,0,0,0,0,0,0,0,1,1),(939,1348,'Довоенный костюм','body','',0,'',4,0,0,2,0,0,0,0,0,0,0,1,1),(940,1348,'Старый пояс','poyas','',0,'',2,0,0,1,0,0,0,0,0,0,0,1,1),(941,1348,'Сапоги из кожи брамина','nogi','',0,'',2,0,0,1,0,0,0,0,0,0,0,1,1),(942,1348,'Довоенная шляпа','golova','',0,'',4,0,0,2,0,0,0,0,0,0,0,1,1),(943,1348,'Старые перчатки','ruki','',0,'',2,0,0,1,0,0,0,0,0,0,0,1,1),(944,1348,'Пистолет \"Комар\"','weapon','fire',2,'pistoletnie',8,11,14,0,0,0,0,0,0,0,1,1,0),(986,1231,'10mm пистолет','weapon','fire',3,'avtomatnie',1000,63,70,0,6,3,6,4,0,8,1,10,1),(948,1351,'Довоенный костюм','body','',0,'',4,0,0,2,0,0,0,0,0,0,0,1,0),(949,1351,'Старый пояс','poyas','',0,'',2,0,0,1,0,0,0,0,0,0,0,1,0),(950,1351,'Сапоги из кожи брамина','nogi','',0,'',2,0,0,1,0,0,0,0,0,0,0,1,0),(951,1351,'Довоенная шляпа','golova','',0,'',4,0,0,2,0,0,0,0,0,0,0,1,0),(952,1351,'Старые перчатки','ruki','',0,'',2,0,0,1,0,0,0,0,0,0,0,1,0),(953,1351,'Пистолет \"Комар\"','weapon','fire',2,'pistoletnie',8,11,14,0,0,0,0,0,0,0,1,1,0),(957,1351,'Пояс рейдера','poyas','',0,'',12,0,0,3,1,1,1,1,0,0,0,2,1),(954,1351,'Лёгкий шлем','golova','',0,'',16,0,0,4,1,1,2,1,0,0,0,2,1),(955,1351,'Боевая кожанная куртка','body','',0,'',26,0,0,8,2,1,1,1,0,0,0,2,1),(956,1351,'Берцы','nogi','',0,'',14,0,0,4,2,1,1,1,0,0,0,2,1),(958,1351,'Перчатки из толстой кожи','ruki','',0,'',14,0,0,4,2,1,1,1,0,0,0,2,1),(959,1351,'Маузер 9мм','weapon','fire',3,'pistoletnie',45,21,29,0,1,1,1,1,0,2,1,2,1),(966,1354,'Старые перчатки','ruki','',0,'',2,0,0,1,0,0,0,0,0,0,0,1,1),(967,1354,'Пистолет \"Комар\"','weapon','fire',2,'pistoletnie',8,11,14,0,0,0,0,0,0,0,1,1,0),(968,1353,'Трость','weapon','cold',0,'',6,2,3,0,0,0,0,0,0,0,1,1,0),(969,1353,'Довоенный костюм','body','',0,'',4,0,0,2,0,0,0,0,0,0,0,1,1),(970,1353,'Старый пояс','poyas','',0,'',2,0,0,1,0,0,0,0,0,0,0,1,1),(971,1353,'Сапоги из кожи брамина','nogi','',0,'',2,0,0,1,0,0,0,0,0,0,0,1,1),(972,1353,'Довоенная шляпа','golova','',0,'',4,0,0,2,0,0,0,0,0,0,0,1,1),(973,1353,'Старые перчатки','ruki','',0,'',2,0,0,1,0,0,0,0,0,0,0,1,1),(974,1353,'Пистолет \"Комар\"','weapon','fire',2,'pistoletnie',8,11,14,0,0,0,0,0,0,0,1,1,1),(975,1128,'Маузер 9мм','weapon','fire',3,'pistoletnie',45,21,29,0,1,1,1,1,0,2,1,2,1),(1018,1362,'Довоенная шляпа','golova','',0,'',4,0,0,2,0,0,0,0,0,0,0,1,1),(1019,1362,'Старые перчатки','ruki','',0,'',2,0,0,1,0,0,0,0,0,0,0,1,1),(1161,1382,'Старые перчатки','ruki','',0,'',2,0,0,1,0,0,0,0,0,0,0,1,1),(1016,1362,'Старый пояс','poyas','',0,'',2,0,0,1,0,0,0,0,0,0,0,1,1),(1017,1362,'Сапоги из кожи брамина','nogi','',0,'',2,0,0,1,0,0,0,0,0,0,0,1,1),(983,1248,'Зачарованный шлем','golova','',0,'',90,0,0,20,4,1,1,1,0,0,0,6,1),(984,1248,'Сапоги разведчика','nogi','',0,'',65,0,0,16,1,1,2,3,0,0,0,6,1),(989,1356,'Старый пояс','poyas','',0,'',2,0,0,1,0,0,0,0,0,0,0,1,1),(990,1356,'Сапоги из кожи брамина','nogi','',0,'',2,0,0,1,0,0,0,0,0,0,0,1,1),(991,1356,'Довоенная шляпа','golova','',0,'',4,0,0,2,0,0,0,0,0,0,0,1,1),(992,1356,'Старые перчатки','ruki','',0,'',2,0,0,1,0,0,0,0,0,0,0,1,1),(993,1356,'Пистолет \"Комар\"','weapon','fire',2,'pistoletnie',8,11,14,0,0,0,0,0,0,0,1,1,1),(1275,1435,'Укреплённые металлические сапоги','nogi','',0,'',85,0,0,18,4,1,1,1,0,0,0,6,1),(1276,1435,'Бронежелет','body','',0,'',100,0,0,26,6,1,1,1,0,0,0,6,1),(1277,1435,'Зачарованный шлем','golova','',0,'',90,0,0,20,4,1,1,1,0,0,0,6,1),(1278,1435,'9mm M92FS Beretta','weapon','fire',3,'pistoletnie',500,45,53,0,3,2,3,5,0,5,1,8,0),(1280,1435,'Укреплённые металлические рукавицы','ruki','',0,'',80,0,0,16,4,1,1,1,0,0,0,6,1),(1013,1360,'Трость','weapon','cold',0,'',6,2,3,0,0,0,0,0,0,0,1,1,0),(1038,1335,'Маузер 9мм','weapon','fire',3,'pistoletnie',45,21,29,0,1,1,1,1,0,2,1,2,1),(1027,1231,'Заточенный клинок Вакидзаси','cold','',0,'',450,34,38,0,3,2,4,1,6,0,1,8,0),(1095,1366,'Трость','weapon','cold',0,'',6,2,3,0,0,0,0,0,0,0,1,1,1),(1279,1435,'Пояс паладина','poyas','',0,'',70,0,0,14,4,1,1,1,0,0,0,6,1),(1060,1228,'Трость','weapon','cold',0,'',6,2,3,0,0,0,0,0,0,0,1,1,0),(1014,1362,'Трость','weapon','cold',0,'',6,2,3,0,0,0,0,0,0,0,1,1,1),(1043,1370,'Трость','weapon','cold',0,'',6,2,3,0,0,0,0,0,0,0,1,1,0),(1044,1370,'Довоенный костюм','body','',0,'',4,0,0,2,0,0,0,0,0,0,0,1,1),(1045,1370,'Старый пояс','poyas','',0,'',2,0,0,1,0,0,0,0,0,0,0,1,1),(1046,1370,'Сапоги из кожи брамина','nogi','',0,'',2,0,0,1,0,0,0,0,0,0,0,1,1),(1047,1370,'Довоенная шляпа','golova','',0,'',4,0,0,2,0,0,0,0,0,0,0,1,1),(1048,1370,'Старые перчатки','ruki','',0,'',2,0,0,1,0,0,0,0,0,0,0,1,1),(1049,1370,'Пистолет \"Комар\"','weapon','fire',2,'pistoletnie',8,11,14,0,0,0,0,0,0,0,1,1,1),(1052,1372,'Трость','weapon','cold',0,'',6,2,3,0,0,0,0,0,0,0,1,1,0),(1053,1372,'Довоенный костюм','body','',0,'',4,0,0,2,0,0,0,0,0,0,0,1,1),(1054,1372,'Старый пояс','poyas','',0,'',2,0,0,1,0,0,0,0,0,0,0,1,1),(1055,1372,'Сапоги из кожи брамина','nogi','',0,'',2,0,0,1,0,0,0,0,0,0,0,1,1),(1056,1372,'Довоенная шляпа','golova','',0,'',4,0,0,2,0,0,0,0,0,0,0,1,1),(1057,1372,'Старые перчатки','ruki','',0,'',2,0,0,1,0,0,0,0,0,0,0,1,1),(1058,1372,'Пистолет \"Комар\"','weapon','fire',2,'pistoletnie',8,11,14,0,0,0,0,0,0,0,1,1,1),(1059,1169,'Обрез','weapon','fire',2,'batarei',1400,95,105,0,13,2,4,3,0,9,2,13,1),(1061,1228,'Довоенный костюм','body','',0,'',4,0,0,2,0,0,0,0,0,0,0,1,1),(1062,1228,'Старый пояс','poyas','',0,'',2,0,0,1,0,0,0,0,0,0,0,1,1),(1063,1228,'Сапоги из кожи брамина','nogi','',0,'',2,0,0,1,0,0,0,0,0,0,0,1,1),(1064,1228,'Довоенная шляпа','golova','',0,'',4,0,0,2,0,0,0,0,0,0,0,1,1),(1065,1228,'Старые перчатки','ruki','',0,'',2,0,0,1,0,0,0,0,0,0,0,1,1),(1066,1228,'Пистолет \"Комар\"','weapon','fire',2,'pistoletnie',8,11,14,0,0,0,0,0,0,0,1,1,1),(1125,1204,'Маузер 9мм','weapon','fire',3,'pistoletnie',45,21,29,0,1,1,1,1,0,2,1,2,1),(1067,1149,'Scorpion','weapon','fire',3,'pistoletnie',1750,83,91,0,9,4,6,7,0,12,1,15,1),(1070,1378,'Довоенный костюм','body','',0,'',4,0,0,2,0,0,0,0,0,0,0,1,1),(1071,1378,'Старый пояс','poyas','',0,'',2,0,0,1,0,0,0,0,0,0,0,1,1),(1072,1378,'Сапоги из кожи брамина','nogi','',0,'',2,0,0,1,0,0,0,0,0,0,0,1,1),(1073,1378,'Довоенная шляпа','golova','',0,'',4,0,0,2,0,0,0,0,0,0,0,1,1),(1074,1378,'Старые перчатки','ruki','',0,'',2,0,0,1,0,0,0,0,0,0,0,1,1),(1075,1378,'Пистолет \"Комар\"','weapon','fire',2,'pistoletnie',8,11,14,0,0,0,0,0,0,0,1,1,1),(1076,1169,'Desert Eagle','weapon','fire',3,'avtomatnie',1250,70,79,0,10,3,6,5,0,10,1,13,0),(1077,1305,'Трость','weapon','cold',0,'',6,2,3,0,0,0,0,0,0,0,1,1,1),(1078,1305,'Довоенный костюм','body','',0,'',4,0,0,2,0,0,0,0,0,0,0,1,1),(1079,1305,'Старый пояс','poyas','',0,'',2,0,0,1,0,0,0,0,0,0,0,1,1),(1080,1305,'Сапоги из кожи брамина','nogi','',0,'',2,0,0,1,0,0,0,0,0,0,0,1,1),(1081,1305,'Довоенная шляпа','golova','',0,'',4,0,0,2,0,0,0,0,0,0,0,1,1),(1082,1305,'Старые перчатки','ruki','',0,'',2,0,0,1,0,0,0,0,0,0,0,1,1),(1083,1305,'Пистолет \"Комар\"','weapon','fire',2,'pistoletnie',8,11,14,0,0,0,0,0,0,0,1,1,0),(1086,1381,'Довоенный костюм','body','',0,'',4,0,0,2,0,0,0,0,0,0,0,1,1),(1087,1381,'Старый пояс','poyas','',0,'',2,0,0,1,0,0,0,0,0,0,0,1,1),(1088,1381,'Сапоги из кожи брамина','nogi','',0,'',2,0,0,1,0,0,0,0,0,0,0,1,1),(1089,1381,'Довоенная шляпа','golova','',0,'',4,0,0,2,0,0,0,0,0,0,0,1,1),(1090,1381,'Старые перчатки','ruki','',0,'',2,0,0,1,0,0,0,0,0,0,0,1,1),(1159,1382,'Сапоги из кожи брамина','nogi','',0,'',2,0,0,1,0,0,0,0,0,0,0,1,1),(1160,1382,'Довоенная шляпа','golova','',0,'',4,0,0,2,0,0,0,0,0,0,0,1,1),(1098,1366,'Сапоги из кожи брамина','nogi','',0,'',2,0,0,1,0,0,0,0,0,0,0,1,1),(1099,1366,'Довоенная шляпа','golova','',0,'',4,0,0,2,0,0,0,0,0,0,0,1,1),(1100,1366,'Старые перчатки','ruki','',0,'',2,0,0,1,0,0,0,0,0,0,0,1,1),(1101,1366,'Пистолет \"Комар\"','weapon','fire',2,'pistoletnie',8,11,14,0,0,0,0,0,0,0,1,1,0),(1103,1387,'Довоенный костюм','body','',0,'',4,0,0,2,0,0,0,0,0,0,0,1,1),(1666,1585,'Довоенный костюм','body','',0,'',4,0,0,2,0,0,0,0,0,0,0,1,1),(1106,1387,'Довоенная шляпа','golova','',0,'',4,0,0,2,0,0,0,0,0,0,0,1,1),(1664,1387,'Выкидной нож','weapon','cold',0,'',44,8,14,0,2,1,2,1,3,0,1,3,1),(1108,1387,'Пистолет \"Комар\"','weapon','fire',2,'pistoletnie',8,11,14,0,0,0,0,0,0,0,1,1,0),(1266,1248,'9mm Calico M-950','weapon','fire',3,'pistoletnie',700,50,55,0,5,3,4,3,0,6,1,9,1),(1110,1390,'Трость','weapon','cold',0,'',6,2,3,0,0,0,0,0,0,0,1,1,1),(1111,1390,'Довоенный костюм','body','',0,'',4,0,0,2,0,0,0,0,0,0,0,1,1),(1112,1390,'Старый пояс','poyas','',0,'',2,0,0,1,0,0,0,0,0,0,0,1,1),(1113,1390,'Сапоги из кожи брамина','nogi','',0,'',2,0,0,1,0,0,0,0,0,0,0,1,1),(1114,1390,'Довоенная шляпа','golova','',0,'',4,0,0,2,0,0,0,0,0,0,0,1,1),(1115,1390,'Старые перчатки','ruki','',0,'',2,0,0,1,0,0,0,0,0,0,0,1,1),(1116,1390,'Пистолет \"Комар\"','weapon','fire',2,'pistoletnie',8,11,14,0,0,0,0,0,0,0,1,1,0),(1117,1391,'Трость','weapon','cold',0,'',6,2,3,0,0,0,0,0,0,0,1,1,0),(1118,1391,'Довоенный костюм','body','',0,'',4,0,0,2,0,0,0,0,0,0,0,1,1),(1119,1391,'Старый пояс','poyas','',0,'',2,0,0,1,0,0,0,0,0,0,0,1,1),(1120,1391,'Сапоги из кожи брамина','nogi','',0,'',2,0,0,1,0,0,0,0,0,0,0,1,1),(1121,1391,'Довоенная шляпа','golova','',0,'',4,0,0,2,0,0,0,0,0,0,0,1,1),(1122,1391,'Старые перчатки','ruki','',0,'',2,0,0,1,0,0,0,0,0,0,0,1,1),(1123,1391,'Пистолет \"Комар\"','weapon','fire',2,'pistoletnie',8,11,14,0,0,0,0,0,0,0,1,1,1),(1124,1381,'Самодельный пистолет','weapon','fire',2,'pistoletnie',20,20,27,0,1,1,1,1,0,1,1,1,1),(1156,1382,'Трость','weapon','cold',0,'',6,2,3,0,0,0,0,0,0,0,1,1,0),(1128,1396,'Трость','weapon','cold',0,'',6,2,3,0,0,0,0,0,0,0,1,1,1),(1129,1396,'Довоенный костюм','body','',0,'',4,0,0,2,0,0,0,0,0,0,0,1,1),(1130,1396,'Старый пояс','poyas','',0,'',2,0,0,1,0,0,0,0,0,0,0,1,1),(1131,1396,'Сапоги из кожи брамина','nogi','',0,'',2,0,0,1,0,0,0,0,0,0,0,1,1),(1132,1396,'Довоенная шляпа','golova','',0,'',4,0,0,2,0,0,0,0,0,0,0,1,1),(1133,1396,'Старые перчатки','ruki','',0,'',2,0,0,1,0,0,0,0,0,0,0,1,1),(1134,1396,'Пистолет \"Комар\"','weapon','fire',2,'pistoletnie',8,11,14,0,0,0,0,0,0,0,1,1,0),(1135,1398,'Трость','weapon','cold',0,'',6,2,3,0,0,0,0,0,0,0,1,1,0),(1136,1398,'Довоенный костюм','body','',0,'',4,0,0,2,0,0,0,0,0,0,0,1,1),(1137,1398,'Старый пояс','poyas','',0,'',2,0,0,1,0,0,0,0,0,0,0,1,1),(1138,1398,'Сапоги из кожи брамина','nogi','',0,'',2,0,0,1,0,0,0,0,0,0,0,1,1),(1139,1398,'Довоенная шляпа','golova','',0,'',4,0,0,2,0,0,0,0,0,0,0,1,1),(1140,1398,'Старые перчатки','ruki','',0,'',2,0,0,1,0,0,0,0,0,0,0,1,1),(1141,1398,'Пистолет \"Комар\"','weapon','fire',2,'pistoletnie',8,11,14,0,0,0,0,0,0,0,1,1,1),(1149,762,'Боевой нож','weapon','cold',0,'',120,18,24,0,2,1,3,1,3,0,1,5,1),(1143,1388,'Довоенный костюм','body','',0,'',4,0,0,2,0,0,0,0,0,0,0,1,1),(1144,1388,'Старый пояс','poyas','',0,'',2,0,0,1,0,0,0,0,0,0,0,1,1),(1145,1388,'Сапоги из кожи брамина','nogi','',0,'',2,0,0,1,0,0,0,0,0,0,0,1,1),(1146,1388,'Довоенная шляпа','golova','',0,'',4,0,0,2,0,0,0,0,0,0,0,1,1),(1147,1388,'Старые перчатки','ruki','',0,'',2,0,0,1,0,0,0,0,0,0,0,1,1),(1148,1388,'Пистолет \"Комар\"','weapon','fire',2,'pistoletnie',8,11,14,0,0,0,0,0,0,0,1,1,1),(1150,762,'Старый пластинчатый пояс','poyas','',0,'',45,0,0,10,2,1,1,1,0,0,0,5,1),(1151,762,'Укреплёная каска','golova','',0,'',60,0,0,15,2,1,2,1,0,0,0,5,1),(1157,1382,'Довоенный костюм','body','',0,'',4,0,0,2,0,0,0,0,0,0,0,1,1),(1153,762,'Укреплённые рукавицы','ruki','',0,'',54,0,0,12,3,1,1,1,0,0,0,5,1),(1154,762,'Лёгкий бронежелет','body','',0,'',70,0,0,18,2,1,2,1,0,0,0,5,1),(1155,762,'Металлические сапоги','nogi','',0,'',57,0,0,14,3,1,1,1,0,0,0,5,1),(1165,1404,'Старый пояс','poyas','',0,'',2,0,0,1,0,0,0,0,0,0,0,1,1),(1166,1404,'Сапоги из кожи брамина','nogi','',0,'',2,0,0,1,0,0,0,0,0,0,0,1,1),(1508,1538,'Трость','weapon','cold',0,'',6,2,3,0,0,0,0,0,0,0,1,1,1),(1177,1404,'Маузер 9мм','weapon','fire',3,'pistoletnie',45,21,29,0,1,1,1,1,0,2,1,2,1),(1170,1405,'Трость','weapon','cold',0,'',6,2,3,0,0,0,0,0,0,0,1,1,0),(1171,1405,'Довоенный костюм','body','',0,'',4,0,0,2,0,0,0,0,0,0,0,1,1),(1172,1405,'Старый пояс','poyas','',0,'',2,0,0,1,0,0,0,0,0,0,0,1,1),(1173,1405,'Сапоги из кожи брамина','nogi','',0,'',2,0,0,1,0,0,0,0,0,0,0,1,1),(1174,1405,'Довоенная шляпа','golova','',0,'',4,0,0,2,0,0,0,0,0,0,0,1,1),(1175,1405,'Старые перчатки','ruki','',0,'',2,0,0,1,0,0,0,0,0,0,0,1,1),(1176,1405,'Пистолет \"Комар\"','weapon','fire',2,'pistoletnie',8,11,14,0,0,0,0,0,0,0,1,1,1),(1178,1413,'Трость','weapon','cold',0,'',6,2,3,0,0,0,0,0,0,0,1,1,0),(1179,1413,'Довоенный костюм','body','',0,'',4,0,0,2,0,0,0,0,0,0,0,1,1),(1180,1413,'Старый пояс','poyas','',0,'',2,0,0,1,0,0,0,0,0,0,0,1,1),(1181,1413,'Сапоги из кожи брамина','nogi','',0,'',2,0,0,1,0,0,0,0,0,0,0,1,1),(1182,1413,'Довоенная шляпа','golova','',0,'',4,0,0,2,0,0,0,0,0,0,0,1,1),(1183,1413,'Старые перчатки','ruki','',0,'',2,0,0,1,0,0,0,0,0,0,0,1,1),(1184,1413,'Пистолет \"Комар\"','weapon','fire',2,'pistoletnie',8,11,14,0,0,0,0,0,0,0,1,1,1),(1186,1420,'Трость','weapon','cold',0,'',6,2,3,0,0,0,0,0,0,0,1,1,1),(1187,1420,'Довоенный костюм','body','',0,'',4,0,0,2,0,0,0,0,0,0,0,1,1),(1188,1420,'Старый пояс','poyas','',0,'',2,0,0,1,0,0,0,0,0,0,0,1,1),(1189,1420,'Сапоги из кожи брамина','nogi','',0,'',2,0,0,1,0,0,0,0,0,0,0,1,1),(1190,1420,'Довоенная шляпа','golova','',0,'',4,0,0,2,0,0,0,0,0,0,0,1,1),(1191,1420,'Старые перчатки','ruki','',0,'',2,0,0,1,0,0,0,0,0,0,0,1,1),(1192,1420,'Пистолет \"Комар\"','weapon','fire',2,'pistoletnie',8,11,14,0,0,0,0,0,0,0,1,1,0),(1193,1306,'Берцы','nogi','',0,'',14,0,0,4,2,1,1,1,0,0,0,2,1),(1215,1307,'Ботинки разведчика','nogi','',0,'',40,0,0,8,1,1,2,1,0,0,0,4,1),(1217,1204,'Ботинки разведчика','nogi','',0,'',40,0,0,8,1,1,2,1,0,0,0,4,1),(1199,1307,'Кожанная куртка','body','',0,'',16,0,0,5,0,0,0,0,0,0,0,1,0),(1201,1422,'Довоенный костюм','body','',0,'',4,0,0,2,0,0,0,0,0,0,0,1,1),(1202,1422,'Старый пояс','poyas','',0,'',2,0,0,1,0,0,0,0,0,0,0,1,1),(1203,1422,'Сапоги из кожи брамина','nogi','',0,'',2,0,0,1,0,0,0,0,0,0,0,1,1),(1204,1422,'Довоенная шляпа','golova','',0,'',4,0,0,2,0,0,0,0,0,0,0,1,1),(1205,1422,'Старые перчатки','ruki','',0,'',2,0,0,1,0,0,0,0,0,0,0,1,1),(1206,1422,'Пистолет \"Комар\"','weapon','fire',2,'pistoletnie',8,11,14,0,0,0,0,0,0,0,1,1,0),(1207,1404,'Кожаная разведброня','body','',0,'',45,0,0,12,2,1,3,1,0,0,0,4,1),(1208,1404,'Шлем бейсболиста','golova','',0,'',40,0,0,8,1,1,2,1,0,0,0,4,1),(1209,1404,'Укреплёные кожаные рукавицы','ruki','',0,'',40,0,0,8,1,1,2,1,0,0,0,4,1),(1214,1307,'Шлем бейсболиста','golova','',0,'',40,0,0,8,1,1,2,1,0,0,0,4,1),(1220,1285,'Бронежелет','body','',0,'',100,0,0,26,6,1,1,1,0,0,0,6,1),(1334,1447,'Старый пояс','poyas','',0,'',2,0,0,1,0,0,0,0,0,0,0,1,1),(1224,1426,'Старый пояс','poyas','',0,'',2,0,0,1,0,0,0,0,0,0,0,1,1),(1225,1426,'Сапоги из кожи брамина','nogi','',0,'',2,0,0,1,0,0,0,0,0,0,0,1,1),(1333,1447,'Довоенный костюм','body','',0,'',4,0,0,2,0,0,0,0,0,0,0,1,1),(1227,1426,'Старые перчатки','ruki','',0,'',2,0,0,1,0,0,0,0,0,0,0,1,1),(1329,1426,'Разведшлем','golova','',0,'',28,0,0,6,1,1,2,2,0,0,0,3,1),(1335,1447,'Сапоги из кожи брамина','nogi','',0,'',2,0,0,1,0,0,0,0,0,0,0,1,1),(1229,1428,'Трость','weapon','cold',0,'',6,2,3,0,0,0,0,0,0,0,1,1,1),(1230,1428,'Довоенный костюм','body','',0,'',4,0,0,2,0,0,0,0,0,0,0,1,1),(1231,1428,'Старый пояс','poyas','',0,'',2,0,0,1,0,0,0,0,0,0,0,1,1),(1232,1428,'Сапоги из кожи брамина','nogi','',0,'',2,0,0,1,0,0,0,0,0,0,0,1,1),(1233,1428,'Довоенная шляпа','golova','',0,'',4,0,0,2,0,0,0,0,0,0,0,1,1),(1234,1428,'Старые перчатки','ruki','',0,'',2,0,0,1,0,0,0,0,0,0,0,1,1),(1235,1428,'Пистолет \"Комар\"','weapon','fire',2,'pistoletnie',8,11,14,0,0,0,0,0,0,0,1,1,0),(1328,1426,'Кожаная разведброня','body','',0,'',45,0,0,12,2,1,3,1,0,0,0,4,1),(1352,1452,'Старый пояс','poyas','',0,'',2,0,0,1,0,0,0,0,0,0,0,1,1),(1795,1616,'Сапоги разведчика','nogi','',0,'',65,0,0,16,1,1,2,3,0,0,0,6,0),(1307,1442,'Довоенный костюм','body','',0,'',4,0,0,2,0,0,0,0,0,0,0,1,1),(1351,1452,'Довоенный костюм','body','',0,'',4,0,0,2,0,0,0,0,0,0,0,1,1),(1243,1430,'Трость','weapon','cold',0,'',6,2,3,0,0,0,0,0,0,0,1,1,0),(1244,1430,'Довоенный костюм','body','',0,'',4,0,0,2,0,0,0,0,0,0,0,1,1),(1245,1430,'Старый пояс','poyas','',0,'',2,0,0,1,0,0,0,0,0,0,0,1,1),(1246,1430,'Сапоги из кожи брамина','nogi','',0,'',2,0,0,1,0,0,0,0,0,0,0,1,1),(1247,1430,'Довоенная шляпа','golova','',0,'',4,0,0,2,0,0,0,0,0,0,0,1,1),(1248,1430,'Старые перчатки','ruki','',0,'',2,0,0,1,0,0,0,0,0,0,0,1,1),(1249,1430,'Пистолет \"Комар\"','weapon','fire',2,'pistoletnie',8,11,14,0,0,0,0,0,0,0,1,1,1),(1250,1431,'Трость','weapon','cold',0,'',6,2,3,0,0,0,0,0,0,0,1,1,1),(1251,1431,'Довоенный костюм','body','',0,'',4,0,0,2,0,0,0,0,0,0,0,1,1),(1252,1431,'Старый пояс','poyas','',0,'',2,0,0,1,0,0,0,0,0,0,0,1,1),(1253,1431,'Сапоги из кожи брамина','nogi','',0,'',2,0,0,1,0,0,0,0,0,0,0,1,1),(1254,1431,'Довоенная шляпа','golova','',0,'',4,0,0,2,0,0,0,0,0,0,0,1,1),(1255,1431,'Старые перчатки','ruki','',0,'',2,0,0,1,0,0,0,0,0,0,0,1,1),(1256,1431,'Пистолет \"Комар\"','weapon','fire',2,'pistoletnie',8,11,14,0,0,0,0,0,0,0,1,1,0),(1434,1204,'Укреплёная каска','golova','',0,'',60,0,0,15,2,1,2,1,0,0,0,5,1),(1433,1204,'Старый пластинчатый пояс','poyas','',0,'',45,0,0,10,2,1,1,1,0,0,0,5,1),(1288,1439,'Довоенная шляпа','golova','',0,'',4,0,0,2,0,0,0,0,0,0,0,1,1),(1419,1488,'Трость','weapon','cold',0,'',6,2,3,0,0,0,0,0,0,0,1,1,0),(1374,1435,'P220 Sig Sauer','weapon','fire',3,'pistoletnie',300,35,43,0,2,1,3,3,0,4,1,6,1),(1373,1274,'Укреплённые металлические рукавицы','ruki','',0,'',80,0,0,16,4,1,1,1,0,0,0,6,1),(1565,1548,'Старый пояс','poyas','',0,'',2,0,0,1,0,0,0,0,0,0,0,1,1),(1284,1439,'Трость','weapon','cold',0,'',6,2,3,0,0,0,0,0,0,0,1,1,0),(1285,1439,'Довоенный костюм','body','',0,'',4,0,0,2,0,0,0,0,0,0,0,1,1),(1286,1439,'Старый пояс','poyas','',0,'',2,0,0,1,0,0,0,0,0,0,0,1,1),(1287,1439,'Сапоги из кожи брамина','nogi','',0,'',2,0,0,1,0,0,0,0,0,0,0,1,1),(1268,1437,'Довоенный костюм','body','',0,'',4,0,0,2,0,0,0,0,0,0,0,1,1),(1269,1437,'Старый пояс','poyas','',0,'',2,0,0,1,0,0,0,0,0,0,0,1,1),(1270,1437,'Сапоги из кожи брамина','nogi','',0,'',2,0,0,1,0,0,0,0,0,0,0,1,1),(1271,1437,'Довоенная шляпа','golova','',0,'',4,0,0,2,0,0,0,0,0,0,0,1,1),(1272,1437,'Старые перчатки','ruki','',0,'',2,0,0,1,0,0,0,0,0,0,0,1,1),(1665,1585,'Трость','weapon','cold',0,'',6,2,3,0,0,0,0,0,0,0,1,1,0),(1274,1437,'Самодельный пистолет','weapon','fire',2,'pistoletnie',20,20,27,0,1,1,1,1,0,1,1,1,1),(1289,1439,'Старые перчатки','ruki','',0,'',2,0,0,1,0,0,0,0,0,0,0,1,1),(1290,1439,'Пистолет \"Комар\"','weapon','fire',2,'pistoletnie',8,11,14,0,0,0,0,0,0,0,1,1,1),(1291,1387,'Перчатки охотника','ruki','',0,'',12,0,0,3,1,1,2,1,0,0,0,2,1),(1292,1387,'Лёгкие сапоги','nogi','',0,'',12,0,0,3,1,1,2,1,0,0,0,2,1),(1293,1387,'Пояс рейдера','poyas','',0,'',12,0,0,3,1,1,1,1,0,0,0,2,1),(1798,1625,'Старый пояс','poyas','',0,'',2,0,0,1,0,0,0,0,0,0,0,1,1),(1295,1285,'Укреплённые металлические рукавицы','ruki','',0,'',80,0,0,16,4,1,1,1,0,0,0,6,1),(1298,1441,'Трость','weapon','cold',0,'',6,2,3,0,0,0,0,0,0,0,1,1,1),(1299,1441,'Довоенный костюм','body','',0,'',4,0,0,2,0,0,0,0,0,0,0,1,1),(1300,1441,'Старый пояс','poyas','',0,'',2,0,0,1,0,0,0,0,0,0,0,1,1),(1301,1441,'Сапоги из кожи брамина','nogi','',0,'',2,0,0,1,0,0,0,0,0,0,0,1,1),(1302,1441,'Довоенная шляпа','golova','',0,'',4,0,0,2,0,0,0,0,0,0,0,1,1),(1303,1441,'Старые перчатки','ruki','',0,'',2,0,0,1,0,0,0,0,0,0,0,1,1),(1304,1441,'Пистолет \"Комар\"','weapon','fire',2,'pistoletnie',8,11,14,0,0,0,0,0,0,0,1,1,0),(1308,1442,'Старый пояс','poyas','',0,'',2,0,0,1,0,0,0,0,0,0,0,1,1),(1309,1442,'Сапоги из кожи брамина','nogi','',0,'',2,0,0,1,0,0,0,0,0,0,0,1,1),(1310,1442,'Довоенная шляпа','golova','',0,'',4,0,0,2,0,0,0,0,0,0,0,1,1),(1311,1442,'Старые перчатки','ruki','',0,'',2,0,0,1,0,0,0,0,0,0,0,1,1),(1312,1442,'Пистолет \"Комар\"','weapon','fire',2,'pistoletnie',8,11,14,0,0,0,0,0,0,0,1,1,0),(1313,1443,'Трость','weapon','cold',0,'',6,2,3,0,0,0,0,0,0,0,1,1,0),(1314,1443,'Довоенный костюм','body','',0,'',4,0,0,2,0,0,0,0,0,0,0,1,1),(1315,1443,'Старый пояс','poyas','',0,'',2,0,0,1,0,0,0,0,0,0,0,1,1),(1316,1443,'Сапоги из кожи брамина','nogi','',0,'',2,0,0,1,0,0,0,0,0,0,0,1,1),(1317,1443,'Довоенная шляпа','golova','',0,'',4,0,0,2,0,0,0,0,0,0,0,1,1),(1318,1443,'Старые перчатки','ruki','',0,'',2,0,0,1,0,0,0,0,0,0,0,1,1),(1319,1443,'Пистолет \"Комар\"','weapon','fire',2,'pistoletnie',8,11,14,0,0,0,0,0,0,0,1,1,1),(1796,1625,'Трость','weapon','cold',0,'',6,2,3,0,0,0,0,0,0,0,1,1,1),(1350,1452,'Трость','weapon','cold',0,'',6,2,3,0,0,0,0,0,0,0,1,1,0),(1372,1274,'Укреплённые металлические сапоги','nogi','',0,'',85,0,0,18,4,1,1,1,0,0,0,6,1),(1793,1427,'10mm пистолет','weapon','fire',3,'avtomatnie',1000,63,70,0,6,3,6,4,0,8,1,10,1),(1326,1426,'Маузер 9мм','weapon','fire',3,'pistoletnie',45,21,29,0,1,1,1,1,0,2,1,2,1),(1327,1426,'Кастет','weapon','cold',0,'',22,4,7,0,1,0,0,0,1,0,1,1,0),(1336,1447,'Довоенная шляпа','golova','',0,'',4,0,0,2,0,0,0,0,0,0,0,1,1),(1337,1447,'Старые перчатки','ruki','',0,'',2,0,0,1,0,0,0,0,0,0,0,1,1),(1338,1447,'Пистолет \"Комар\"','weapon','fire',2,'pistoletnie',8,11,14,0,0,0,0,0,0,0,1,1,0),(1340,1451,'Трость','weapon','cold',0,'',6,2,3,0,0,0,0,0,0,0,1,1,1),(1341,1451,'Довоенный костюм','body','',0,'',4,0,0,2,0,0,0,0,0,0,0,1,1),(1342,1451,'Старый пояс','poyas','',0,'',2,0,0,1,0,0,0,0,0,0,0,1,1),(1343,1451,'Сапоги из кожи брамина','nogi','',0,'',2,0,0,1,0,0,0,0,0,0,0,1,1),(1344,1451,'Довоенная шляпа','golova','',0,'',4,0,0,2,0,0,0,0,0,0,0,1,1),(1345,1451,'Старые перчатки','ruki','',0,'',2,0,0,1,0,0,0,0,0,0,0,1,1),(1346,1451,'Пистолет \"Комар\"','weapon','fire',2,'pistoletnie',8,11,14,0,0,0,0,0,0,0,1,1,0),(1797,1625,'Довоенный костюм','body','',0,'',4,0,0,2,0,0,0,0,0,0,0,1,1),(1353,1452,'Сапоги из кожи брамина','nogi','',0,'',2,0,0,1,0,0,0,0,0,0,0,1,1),(1354,1452,'Довоенная шляпа','golova','',0,'',4,0,0,2,0,0,0,0,0,0,0,1,1),(1355,1452,'Старые перчатки','ruki','',0,'',2,0,0,1,0,0,0,0,0,0,0,1,1),(1356,1452,'Пистолет \"Комар\"','weapon','fire',2,'pistoletnie',8,11,14,0,0,0,0,0,0,0,1,1,1),(1365,1455,'Трость','weapon','cold',0,'',6,2,3,0,0,0,0,0,0,0,1,1,1),(1357,1427,'Шлем рейдера-снайпера','','',0,'',70,0,0,16,1,1,3,3,0,0,0,6,1),(1358,1454,'Трость','weapon','cold',0,'',6,2,3,0,0,0,0,0,0,0,1,1,0),(1359,1454,'Довоенный костюм','body','',0,'',4,0,0,2,0,0,0,0,0,0,0,1,1),(1360,1454,'Старый пояс','poyas','',0,'',2,0,0,1,0,0,0,0,0,0,0,1,1),(1361,1454,'Сапоги из кожи брамина','nogi','',0,'',2,0,0,1,0,0,0,0,0,0,0,1,1),(1362,1454,'Довоенная шляпа','golova','',0,'',4,0,0,2,0,0,0,0,0,0,0,1,1),(1363,1454,'Старые перчатки','ruki','',0,'',2,0,0,1,0,0,0,0,0,0,0,1,1),(1364,1454,'Пистолет \"Комар\"','weapon','fire',2,'pistoletnie',8,11,14,0,0,0,0,0,0,0,1,1,1),(1366,1455,'Довоенный костюм','body','',0,'',4,0,0,2,0,0,0,0,0,0,0,1,1),(1367,1455,'Старый пояс','poyas','',0,'',2,0,0,1,0,0,0,0,0,0,0,1,1),(1368,1455,'Сапоги из кожи брамина','nogi','',0,'',2,0,0,1,0,0,0,0,0,0,0,1,1),(1369,1455,'Довоенная шляпа','golova','',0,'',4,0,0,2,0,0,0,0,0,0,0,1,1),(1370,1455,'Старые перчатки','ruki','',0,'',2,0,0,1,0,0,0,0,0,0,0,1,1),(1371,1455,'Пистолет \"Комар\"','weapon','fire',2,'pistoletnie',8,11,14,0,0,0,0,0,0,0,1,1,0),(1376,1464,'Трость','weapon','cold',0,'',6,2,3,0,0,0,0,0,0,0,1,1,1),(1377,1464,'Довоенный костюм','body','',0,'',4,0,0,2,0,0,0,0,0,0,0,1,1),(1378,1464,'Старый пояс','poyas','',0,'',2,0,0,1,0,0,0,0,0,0,0,1,1),(1379,1464,'Сапоги из кожи брамина','nogi','',0,'',2,0,0,1,0,0,0,0,0,0,0,1,1),(1380,1464,'Довоенная шляпа','golova','',0,'',4,0,0,2,0,0,0,0,0,0,0,1,1),(1381,1464,'Старые перчатки','ruki','',0,'',2,0,0,1,0,0,0,0,0,0,0,1,1),(1382,1464,'Пистолет \"Комар\"','weapon','fire',2,'pistoletnie',8,11,14,0,0,0,0,0,0,0,1,1,0),(1383,1467,'Трость','weapon','cold',0,'',6,2,3,0,0,0,0,0,0,0,1,1,1),(1384,1467,'Довоенный костюм','body','',0,'',4,0,0,2,0,0,0,0,0,0,0,1,1),(1385,1467,'Старый пояс','poyas','',0,'',2,0,0,1,0,0,0,0,0,0,0,1,1),(1386,1467,'Сапоги из кожи брамина','nogi','',0,'',2,0,0,1,0,0,0,0,0,0,0,1,1),(1387,1467,'Довоенная шляпа','golova','',0,'',4,0,0,2,0,0,0,0,0,0,0,1,1),(1388,1467,'Старые перчатки','ruki','',0,'',2,0,0,1,0,0,0,0,0,0,0,1,1),(1389,1467,'Пистолет \"Комар\"','weapon','fire',2,'pistoletnie',8,11,14,0,0,0,0,0,0,0,1,1,0),(1390,1469,'Трость','weapon','cold',0,'',6,2,3,0,0,0,0,0,0,0,1,1,1),(1391,1469,'Довоенный костюм','body','',0,'',4,0,0,2,0,0,0,0,0,0,0,1,1),(1392,1469,'Старый пояс','poyas','',0,'',2,0,0,1,0,0,0,0,0,0,0,1,1),(1393,1469,'Сапоги из кожи брамина','nogi','',0,'',2,0,0,1,0,0,0,0,0,0,0,1,1),(1394,1469,'Довоенная шляпа','golova','',0,'',4,0,0,2,0,0,0,0,0,0,0,1,1),(1395,1469,'Старые перчатки','ruki','',0,'',2,0,0,1,0,0,0,0,0,0,0,1,1),(1396,1469,'Пистолет \"Комар\"','weapon','fire',2,'pistoletnie',8,11,14,0,0,0,0,0,0,0,1,1,0),(1397,1470,'Трость','weapon','cold',0,'',6,2,3,0,0,0,0,0,0,0,1,1,0),(1398,1470,'Довоенный костюм','body','',0,'',4,0,0,2,0,0,0,0,0,0,0,1,1),(1399,1470,'Старый пояс','poyas','',0,'',2,0,0,1,0,0,0,0,0,0,0,1,1),(1400,1470,'Сапоги из кожи брамина','nogi','',0,'',2,0,0,1,0,0,0,0,0,0,0,1,1),(1401,1470,'Довоенная шляпа','golova','',0,'',4,0,0,2,0,0,0,0,0,0,0,1,1),(1402,1470,'Старые перчатки','ruki','',0,'',2,0,0,1,0,0,0,0,0,0,0,1,1),(1403,1470,'Пистолет \"Комар\"','weapon','fire',2,'pistoletnie',8,11,14,0,0,0,0,0,0,0,1,1,1),(1404,1471,'Трость','weapon','cold',0,'',6,2,3,0,0,0,0,0,0,0,1,1,0),(1405,1471,'Довоенный костюм','body','',0,'',4,0,0,2,0,0,0,0,0,0,0,1,1),(1406,1471,'Старый пояс','poyas','',0,'',2,0,0,1,0,0,0,0,0,0,0,1,1),(1407,1471,'Сапоги из кожи брамина','nogi','',0,'',2,0,0,1,0,0,0,0,0,0,0,1,1),(1408,1471,'Довоенная шляпа','golova','',0,'',4,0,0,2,0,0,0,0,0,0,0,1,1),(1409,1471,'Старые перчатки','ruki','',0,'',2,0,0,1,0,0,0,0,0,0,0,1,1),(1410,1471,'Пистолет \"Комар\"','weapon','fire',2,'pistoletnie',8,11,14,0,0,0,0,0,0,0,1,1,1),(1411,1472,'Трость','weapon','cold',0,'',6,2,3,0,0,0,0,0,0,0,1,1,0),(1412,1472,'Довоенный костюм','body','',0,'',4,0,0,2,0,0,0,0,0,0,0,1,1),(1413,1472,'Старый пояс','poyas','',0,'',2,0,0,1,0,0,0,0,0,0,0,1,1),(1414,1472,'Сапоги из кожи брамина','nogi','',0,'',2,0,0,1,0,0,0,0,0,0,0,1,1),(1415,1472,'Довоенная шляпа','golova','',0,'',4,0,0,2,0,0,0,0,0,0,0,1,1),(1416,1472,'Старые перчатки','ruki','',0,'',2,0,0,1,0,0,0,0,0,0,0,1,1),(1417,1472,'Пистолет \"Комар\"','weapon','fire',2,'pistoletnie',8,11,14,0,0,0,0,0,0,0,1,1,1),(1420,1488,'Довоенный костюм','body','',0,'',4,0,0,2,0,0,0,0,0,0,0,1,0),(1421,1488,'Старый пояс','poyas','',0,'',2,0,0,1,0,0,0,0,0,0,0,1,0),(1422,1488,'Сапоги из кожи брамина','nogi','',0,'',2,0,0,1,0,0,0,0,0,0,0,1,0),(1423,1488,'Довоенная шляпа','golova','',0,'',4,0,0,2,0,0,0,0,0,0,0,1,0),(1424,1488,'Старые перчатки','ruki','',0,'',2,0,0,1,0,0,0,0,0,0,0,1,0),(1425,1488,'Пистолет \"Комар\"','weapon','fire',2,'pistoletnie',8,11,14,0,0,0,0,0,0,0,1,1,0),(1426,1489,'Трость','weapon','cold',0,'',6,2,3,0,0,0,0,0,0,0,1,1,0),(1427,1489,'Довоенный костюм','body','',0,'',4,0,0,2,0,0,0,0,0,0,0,1,0),(1428,1489,'Старый пояс','poyas','',0,'',2,0,0,1,0,0,0,0,0,0,0,1,0),(1429,1489,'Сапоги из кожи брамина','nogi','',0,'',2,0,0,1,0,0,0,0,0,0,0,1,0),(1430,1489,'Довоенная шляпа','golova','',0,'',4,0,0,2,0,0,0,0,0,0,0,1,0),(1431,1489,'Старые перчатки','ruki','',0,'',2,0,0,1,0,0,0,0,0,0,0,1,0),(1432,1489,'Пистолет \"Комар\"','weapon','fire',2,'pistoletnie',8,11,14,0,0,0,0,0,0,0,1,1,0),(1437,1504,'Трость','weapon','cold',0,'',6,2,3,0,0,0,0,0,0,0,1,1,1),(1438,1504,'Довоенный костюм','body','',0,'',4,0,0,2,0,0,0,0,0,0,0,1,1),(1439,1504,'Старый пояс','poyas','',0,'',2,0,0,1,0,0,0,0,0,0,0,1,1),(1440,1504,'Сапоги из кожи брамина','nogi','',0,'',2,0,0,1,0,0,0,0,0,0,0,1,1),(1441,1504,'Довоенная шляпа','golova','',0,'',4,0,0,2,0,0,0,0,0,0,0,1,1),(1442,1504,'Старые перчатки','ruki','',0,'',2,0,0,1,0,0,0,0,0,0,0,1,1),(1443,1504,'Пистолет \"Комар\"','weapon','fire',2,'pistoletnie',8,11,14,0,0,0,0,0,0,0,1,1,0),(1444,1510,'Трость','weapon','cold',0,'',6,2,3,0,0,0,0,0,0,0,1,1,1),(1445,1510,'Довоенный костюм','body','',0,'',4,0,0,2,0,0,0,0,0,0,0,1,1),(1446,1510,'Старый пояс','poyas','',0,'',2,0,0,1,0,0,0,0,0,0,0,1,1),(1447,1510,'Сапоги из кожи брамина','nogi','',0,'',2,0,0,1,0,0,0,0,0,0,0,1,1),(1448,1510,'Довоенная шляпа','golova','',0,'',4,0,0,2,0,0,0,0,0,0,0,1,1),(1449,1510,'Старые перчатки','ruki','',0,'',2,0,0,1,0,0,0,0,0,0,0,1,1),(1450,1510,'Пистолет \"Комар\"','weapon','fire',2,'pistoletnie',8,11,14,0,0,0,0,0,0,0,1,1,0),(1622,1563,'Старый пояс','poyas','',0,'',2,0,0,1,0,0,0,0,0,0,0,1,1),(1452,1511,'Довоенный костюм','body','',0,'',4,0,0,2,0,0,0,0,0,0,0,1,1),(1453,1511,'Старый пояс','poyas','',0,'',2,0,0,1,0,0,0,0,0,0,0,1,1),(1454,1511,'Сапоги из кожи брамина','nogi','',0,'',2,0,0,1,0,0,0,0,0,0,0,1,1),(1455,1511,'Довоенная шляпа','golova','',0,'',4,0,0,2,0,0,0,0,0,0,0,1,1),(1456,1511,'Старые перчатки','ruki','',0,'',2,0,0,1,0,0,0,0,0,0,0,1,1),(1457,1511,'Пистолет \"Комар\"','weapon','fire',2,'pistoletnie',8,11,14,0,0,0,0,0,0,0,1,1,1),(1458,1127,'Потрошитель','weapon','cold',0,'',666,40,44,0,5,2,5,1,6,0,1,10,1),(1460,1518,'Довоенный костюм','body','',0,'',4,0,0,2,0,0,0,0,0,0,0,1,1),(1461,1518,'Старый пояс','poyas','',0,'',2,0,0,1,0,0,0,0,0,0,0,1,1),(1462,1518,'Сапоги из кожи брамина','nogi','',0,'',2,0,0,1,0,0,0,0,0,0,0,1,1),(1463,1518,'Довоенная шляпа','golova','',0,'',4,0,0,2,0,0,0,0,0,0,0,1,1),(1464,1518,'Старые перчатки','ruki','',0,'',2,0,0,1,0,0,0,0,0,0,0,1,1),(1465,1518,'Пистолет \"Комар\"','weapon','fire',2,'pistoletnie',8,11,14,0,0,0,0,0,0,0,1,1,1),(1466,1127,'Заточенный клинок Вакидзаси','cold','',0,'',450,34,38,0,3,2,4,1,6,0,1,8,0),(1474,1194,'Пояс паладина','poyas','',0,'',70,0,0,14,4,1,1,1,0,0,0,6,1),(1496,1304,'Боевая кожаная броня','body','',0,'',50,0,0,14,3,1,2,1,0,0,0,4,1),(1498,1259,'Бронежелет','body','',0,'',100,0,0,26,6,1,1,1,0,0,0,6,1),(1477,1525,'Трость','weapon','cold',0,'',6,2,3,0,0,0,0,0,0,0,1,1,0),(1478,1525,'Довоенный костюм','body','',0,'',4,0,0,2,0,0,0,0,0,0,0,1,1),(1479,1525,'Старый пояс','poyas','',0,'',2,0,0,1,0,0,0,0,0,0,0,1,1),(1480,1525,'Сапоги из кожи брамина','nogi','',0,'',2,0,0,1,0,0,0,0,0,0,0,1,1),(1481,1525,'Довоенная шляпа','golova','',0,'',4,0,0,2,0,0,0,0,0,0,0,1,1),(1482,1525,'Старые перчатки','ruki','',0,'',2,0,0,1,0,0,0,0,0,0,0,1,1),(1483,1525,'Пистолет \"Комар\"','weapon','fire',2,'pistoletnie',8,11,14,0,0,0,0,0,0,0,1,1,1),(1485,1259,'Заточенное копьё','weapon','cold',0,'',300,32,38,0,4,2,3,1,5,0,2,6,0),(1486,1304,'Кастет с шипами','weapon','cold',0,'',66,11,17,0,2,1,3,1,3,0,1,4,1),(1487,1274,'Обрез','weapon','fire',2,'batarei',1400,95,105,0,13,2,4,3,0,9,2,13,0),(1488,1274,'Uzi','weapon','fire',3,'pistoletnie',1600,81,88,0,8,4,5,6,0,10,1,15,1),(1489,1531,'Трость','weapon','cold',0,'',6,2,3,0,0,0,0,0,0,0,1,1,1),(1490,1531,'Довоенный костюм','body','',0,'',4,0,0,2,0,0,0,0,0,0,0,1,1),(1491,1531,'Старый пояс','poyas','',0,'',2,0,0,1,0,0,0,0,0,0,0,1,1),(1492,1531,'Сапоги из кожи брамина','nogi','',0,'',2,0,0,1,0,0,0,0,0,0,0,1,1),(1493,1531,'Довоенная шляпа','golova','',0,'',4,0,0,2,0,0,0,0,0,0,0,1,0),(1494,1531,'Старые перчатки','ruki','',0,'',2,0,0,1,0,0,0,0,0,0,0,1,0),(1495,1531,'Пистолет \"Комар\"','weapon','fire',2,'pistoletnie',8,11,14,0,0,0,0,0,0,0,1,1,0),(1563,1548,'Трость','weapon','cold',0,'',6,2,3,0,0,0,0,0,0,0,1,1,0),(1551,1546,'Довоенный костюм','body','',0,'',4,0,0,2,0,0,0,0,0,0,0,1,1),(1547,1541,'Нож','weapon','cold',0,'',20,3,6,0,0,0,0,0,1,0,1,1,1),(1559,1540,'Самодельное ружьё','weapon','fire',4,'rujeinie',200,40,50,0,2,1,1,2,0,3,2,5,1),(1562,1536,'Сапоги разведчика','nogi','',0,'',65,0,0,16,1,1,2,3,0,0,0,6,1),(1548,1536,'Лёгкий бронежелет','body','',0,'',70,0,0,18,2,1,2,1,0,0,0,5,1),(1576,1259,'Зачарованный шлем','golova','',0,'',90,0,0,20,4,1,1,1,0,0,0,6,1),(1550,1546,'Трость','weapon','cold',0,'',6,2,3,0,0,0,0,0,0,0,1,1,0),(1509,1538,'Довоенный костюм','body','',0,'',4,0,0,2,0,0,0,0,0,0,0,1,1),(1510,1538,'Старый пояс','poyas','',0,'',2,0,0,1,0,0,0,0,0,0,0,1,1),(1511,1538,'Сапоги из кожи брамина','nogi','',0,'',2,0,0,1,0,0,0,0,0,0,0,1,1),(1512,1538,'Довоенная шляпа','golova','',0,'',4,0,0,2,0,0,0,0,0,0,0,1,1),(1513,1538,'Старые перчатки','ruki','',0,'',2,0,0,1,0,0,0,0,0,0,0,1,1),(1514,1538,'Пистолет \"Комар\"','weapon','fire',2,'pistoletnie',8,11,14,0,0,0,0,0,0,0,1,1,0),(1523,1541,'Довоенный костюм','body','',0,'',4,0,0,2,0,0,0,0,0,0,0,1,1),(1516,1540,'Довоенный костюм','body','',0,'',4,0,0,2,0,0,0,0,0,0,0,1,1),(1517,1540,'Старый пояс','poyas','',0,'',2,0,0,1,0,0,0,0,0,0,0,1,1),(1518,1540,'Сапоги из кожи брамина','nogi','',0,'',2,0,0,1,0,0,0,0,0,0,0,1,1),(1519,1540,'Довоенная шляпа','golova','',0,'',4,0,0,2,0,0,0,0,0,0,0,1,1),(1520,1540,'Старые перчатки','ruki','',0,'',2,0,0,1,0,0,0,0,0,0,0,1,1),(1564,1548,'Довоенный костюм','body','',0,'',4,0,0,2,0,0,0,0,0,0,0,1,1),(1531,1543,'Трость','weapon','cold',0,'',6,2,3,0,0,0,0,0,0,0,1,1,1),(1524,1541,'Старый пояс','poyas','',0,'',2,0,0,1,0,0,0,0,0,0,0,1,1),(1525,1541,'Сапоги из кожи брамина','nogi','',0,'',2,0,0,1,0,0,0,0,0,0,0,1,1),(1526,1541,'Довоенная шляпа','golova','',0,'',4,0,0,2,0,0,0,0,0,0,0,1,1),(1527,1541,'Старые перчатки','ruki','',0,'',2,0,0,1,0,0,0,0,0,0,0,1,1),(1528,1541,'Пистолет \"Комар\"','weapon','fire',2,'pistoletnie',8,11,14,0,0,0,0,0,0,0,1,1,0),(1577,1542,'Трость','weapon','cold',0,'',6,2,3,0,0,0,0,0,0,0,1,1,0),(1566,1548,'Сапоги из кожи брамина','nogi','',0,'',2,0,0,1,0,0,0,0,0,0,0,1,1),(1532,1543,'Довоенный костюм','body','',0,'',4,0,0,2,0,0,0,0,0,0,0,1,1),(1533,1543,'Старый пояс','poyas','',0,'',2,0,0,1,0,0,0,0,0,0,0,1,1),(1534,1543,'Сапоги из кожи брамина','nogi','',0,'',2,0,0,1,0,0,0,0,0,0,0,1,1),(1535,1543,'Довоенная шляпа','golova','',0,'',4,0,0,2,0,0,0,0,0,0,0,1,1),(1536,1543,'Старые перчатки','ruki','',0,'',2,0,0,1,0,0,0,0,0,0,0,1,1),(1537,1543,'Пистолет \"Комар\"','weapon','fire',2,'pistoletnie',8,11,14,0,0,0,0,0,0,0,1,1,0),(1538,1544,'Трость','weapon','cold',0,'',6,2,3,0,0,0,0,0,0,0,1,1,1),(1539,1544,'Довоенный костюм','body','',0,'',4,0,0,2,0,0,0,0,0,0,0,1,1),(1540,1544,'Старый пояс','poyas','',0,'',2,0,0,1,0,0,0,0,0,0,0,1,1),(1541,1544,'Сапоги из кожи брамина','nogi','',0,'',2,0,0,1,0,0,0,0,0,0,0,1,1),(1542,1544,'Довоенная шляпа','golova','',0,'',4,0,0,2,0,0,0,0,0,0,0,1,1),(1543,1544,'Старые перчатки','ruki','',0,'',2,0,0,1,0,0,0,0,0,0,0,1,1),(1544,1544,'Пистолет \"Комар\"','weapon','fire',2,'pistoletnie',8,11,14,0,0,0,0,0,0,0,1,1,0),(1572,1194,'Бронежелет','body','',0,'',100,0,0,26,6,1,1,1,0,0,0,6,1),(1552,1546,'Старый пояс','poyas','',0,'',2,0,0,1,0,0,0,0,0,0,0,1,1),(1553,1546,'Сапоги из кожи брамина','nogi','',0,'',2,0,0,1,0,0,0,0,0,0,0,1,1),(1554,1546,'Довоенная шляпа','golova','',0,'',4,0,0,2,0,0,0,0,0,0,0,1,1),(1555,1546,'Старые перчатки','ruki','',0,'',2,0,0,1,0,0,0,0,0,0,0,1,1),(1556,1546,'Пистолет \"Комар\"','weapon','fire',2,'pistoletnie',8,11,14,0,0,0,0,0,0,0,1,1,1),(1571,1536,'Зачарованный шлем','golova','',0,'',90,0,0,20,4,1,1,1,0,0,0,6,1),(1573,1194,'Зачарованный шлем','golova','',0,'',90,0,0,20,4,1,1,1,0,0,0,6,1),(1567,1548,'Довоенная шляпа','golova','',0,'',4,0,0,2,0,0,0,0,0,0,0,1,1),(1568,1548,'Старые перчатки','ruki','',0,'',2,0,0,1,0,0,0,0,0,0,0,1,1),(1569,1548,'Пистолет \"Комар\"','weapon','fire',2,'pistoletnie',8,11,14,0,0,0,0,0,0,0,1,1,1),(1570,1536,'Рукавицы разведчика','ruki','',0,'',60,0,0,14,1,1,2,3,0,0,0,6,1),(1578,1542,'Довоенный костюм','body','',0,'',4,0,0,2,0,0,0,0,0,0,0,1,1),(1579,1542,'Старый пояс','poyas','',0,'',2,0,0,1,0,0,0,0,0,0,0,1,1),(1580,1542,'Сапоги из кожи брамина','nogi','',0,'',2,0,0,1,0,0,0,0,0,0,0,1,1),(1581,1542,'Довоенная шляпа','golova','',0,'',4,0,0,2,0,0,0,0,0,0,0,1,1),(1582,1542,'Старые перчатки','ruki','',0,'',2,0,0,1,0,0,0,0,0,0,0,1,1),(1583,1542,'Пистолет \"Комар\"','weapon','fire',2,'pistoletnie',8,11,14,0,0,0,0,0,0,0,1,1,1),(1584,1546,'Маузер 9мм','weapon','fire',3,'pistoletnie',45,21,29,0,1,1,1,1,0,2,1,2,0),(1585,1554,'Трость','weapon','cold',0,'',6,2,3,0,0,0,0,0,0,0,1,1,1),(1586,1554,'Довоенный костюм','body','',0,'',4,0,0,2,0,0,0,0,0,0,0,1,1),(1587,1554,'Старый пояс','poyas','',0,'',2,0,0,1,0,0,0,0,0,0,0,1,1),(1588,1554,'Сапоги из кожи брамина','nogi','',0,'',2,0,0,1,0,0,0,0,0,0,0,1,1),(1589,1554,'Довоенная шляпа','golova','',0,'',4,0,0,2,0,0,0,0,0,0,0,1,1),(1590,1554,'Старые перчатки','ruki','',0,'',2,0,0,1,0,0,0,0,0,0,0,1,1),(1591,1554,'Пистолет \"Комар\"','weapon','fire',2,'pistoletnie',8,11,14,0,0,0,0,0,0,0,1,1,0),(1608,1562,'Трость','weapon','cold',0,'',6,2,3,0,0,0,0,0,0,0,1,1,0),(1593,1556,'Довоенный костюм','body','',0,'',4,0,0,2,0,0,0,0,0,0,0,1,0),(1594,1556,'Старый пояс','poyas','',0,'',2,0,0,1,0,0,0,0,0,0,0,1,1),(1625,1563,'Старые перчатки','ruki','',0,'',2,0,0,1,0,0,0,0,0,0,0,1,1),(1596,1556,'Довоенная шляпа','golova','',0,'',4,0,0,2,0,0,0,0,0,0,0,1,1),(1597,1556,'Старые перчатки','ruki','',0,'',2,0,0,1,0,0,0,0,0,0,0,1,1),(1629,1556,'Кожаная броня','body','',0,'',36,0,0,10,3,1,1,1,0,0,0,3,1),(1618,1259,'Укреплённые металлические сапоги','nogi','',0,'',85,0,0,18,4,1,1,1,0,0,0,6,1),(1630,1565,'Трость','weapon','cold',0,'',6,2,3,0,0,0,0,0,0,0,1,1,1),(1600,1561,'Трость','weapon','cold',0,'',6,2,3,0,0,0,0,0,0,0,1,1,1),(1601,1561,'Довоенный костюм','body','',0,'',4,0,0,2,0,0,0,0,0,0,0,1,1),(1602,1561,'Старый пояс','poyas','',0,'',2,0,0,1,0,0,0,0,0,0,0,1,1),(1603,1561,'Сапоги из кожи брамина','nogi','',0,'',2,0,0,1,0,0,0,0,0,0,0,1,1),(1604,1561,'Довоенная шляпа','golova','',0,'',4,0,0,2,0,0,0,0,0,0,0,1,1),(1605,1561,'Старые перчатки','ruki','',0,'',2,0,0,1,0,0,0,0,0,0,0,1,1),(1606,1561,'Пистолет \"Комар\"','weapon','fire',2,'pistoletnie',8,11,14,0,0,0,0,0,0,0,1,1,0),(1609,1562,'Довоенный костюм','body','',0,'',4,0,0,2,0,0,0,0,0,0,0,1,1),(1610,1562,'Старый пояс','poyas','',0,'',2,0,0,1,0,0,0,0,0,0,0,1,1),(1611,1562,'Сапоги из кожи брамина','nogi','',0,'',2,0,0,1,0,0,0,0,0,0,0,1,1),(1612,1562,'Довоенная шляпа','golova','',0,'',4,0,0,2,0,0,0,0,0,0,0,1,1),(1613,1562,'Старые перчатки','ruki','',0,'',2,0,0,1,0,0,0,0,0,0,0,1,1),(1614,1562,'Пистолет \"Комар\"','weapon','fire',2,'pistoletnie',8,11,14,0,0,0,0,0,0,0,1,1,1),(1615,1556,'Боевые берцы','nogi','',0,'',26,0,0,6,2,1,2,1,0,0,0,3,1),(1619,1259,'Укреплённые металлические рукавицы','ruki','',0,'',80,0,0,16,4,1,1,1,0,0,0,6,1),(1626,1563,'Пистолет \"Комар\"','weapon','fire',2,'pistoletnie',8,11,14,0,0,0,0,0,0,0,1,1,0),(1628,1556,'Копьё','weapon','cold',0,'',88,16,23,0,3,1,2,1,3,0,2,4,1),(1631,1565,'Довоенный костюм','body','',0,'',4,0,0,2,0,0,0,0,0,0,0,1,1),(1632,1565,'Старый пояс','poyas','',0,'',2,0,0,1,0,0,0,0,0,0,0,1,1),(1633,1565,'Сапоги из кожи брамина','nogi','',0,'',2,0,0,1,0,0,0,0,0,0,0,1,1),(1634,1565,'Довоенная шляпа','golova','',0,'',4,0,0,2,0,0,0,0,0,0,0,1,1),(1635,1565,'Старые перчатки','ruki','',0,'',2,0,0,1,0,0,0,0,0,0,0,1,1),(1636,1565,'Пистолет \"Комар\"','weapon','fire',2,'pistoletnie',8,11,14,0,0,0,0,0,0,0,1,1,0),(1651,1145,'Пояс паладина','poyas','',0,'',70,0,0,14,4,1,1,1,0,0,0,6,1),(1637,1569,'Трость','weapon','cold',0,'',6,2,3,0,0,0,0,0,0,0,1,1,0),(1638,1569,'Довоенный костюм','body','',0,'',4,0,0,2,0,0,0,0,0,0,0,1,1),(1639,1569,'Старый пояс','poyas','',0,'',2,0,0,1,0,0,0,0,0,0,0,1,1),(1640,1569,'Сапоги из кожи брамина','nogi','',0,'',2,0,0,1,0,0,0,0,0,0,0,1,1),(1641,1569,'Довоенная шляпа','golova','',0,'',4,0,0,2,0,0,0,0,0,0,0,1,1),(1642,1569,'Старые перчатки','ruki','',0,'',2,0,0,1,0,0,0,0,0,0,0,1,1),(1643,1569,'Пистолет \"Комар\"','weapon','fire',2,'pistoletnie',8,11,14,0,0,0,0,0,0,0,1,1,1),(1644,1574,'Трость','weapon','cold',0,'',6,2,3,0,0,0,0,0,0,0,1,1,1),(1645,1574,'Довоенный костюм','body','',0,'',4,0,0,2,0,0,0,0,0,0,0,1,1),(1646,1574,'Старый пояс','poyas','',0,'',2,0,0,1,0,0,0,0,0,0,0,1,1),(1647,1574,'Сапоги из кожи брамина','nogi','',0,'',2,0,0,1,0,0,0,0,0,0,0,1,1),(1648,1574,'Довоенная шляпа','golova','',0,'',4,0,0,2,0,0,0,0,0,0,0,1,1),(1649,1574,'Старые перчатки','ruki','',0,'',2,0,0,1,0,0,0,0,0,0,0,1,1),(1650,1574,'Пистолет \"Комар\"','weapon','fire',2,'pistoletnie',8,11,14,0,0,0,0,0,0,0,1,1,0),(1652,1145,'Облегчённая броня','body','',0,'',80,0,0,22,1,1,2,2,0,0,0,6,1),(1657,1576,'Старый пояс','poyas','',0,'',2,0,0,1,0,0,0,0,0,0,0,1,1),(1658,1576,'Сапоги из кожи брамина','nogi','',0,'',2,0,0,1,0,0,0,0,0,0,0,1,1),(1659,1576,'Довоенная шляпа','golova','',0,'',4,0,0,2,0,0,0,0,0,0,0,1,1),(1660,1576,'Старые перчатки','ruki','',0,'',2,0,0,1,0,0,0,0,0,0,0,1,1),(1661,1576,'Пистолет \"Комар\"','weapon','fire',2,'pistoletnie',8,11,14,0,0,0,0,0,0,0,1,1,1),(1663,1387,'Гаечный ключ','weapon','cold',0,'',33,6,9,0,2,1,1,1,2,0,1,2,0),(1667,1585,'Старый пояс','poyas','',0,'',2,0,0,1,0,0,0,0,0,0,0,1,1),(1668,1585,'Сапоги из кожи брамина','nogi','',0,'',2,0,0,1,0,0,0,0,0,0,0,1,1),(1669,1585,'Довоенная шляпа','golova','',0,'',4,0,0,2,0,0,0,0,0,0,0,1,1),(1670,1585,'Старые перчатки','ruki','',0,'',2,0,0,1,0,0,0,0,0,0,0,1,1),(1671,1585,'Пистолет \"Комар\"','weapon','fire',2,'pistoletnie',8,11,14,0,0,0,0,0,0,0,1,1,1),(1672,1586,'Трость','weapon','cold',0,'',6,2,3,0,0,0,0,0,0,0,1,1,0),(1673,1586,'Довоенный костюм','body','',0,'',4,0,0,2,0,0,0,0,0,0,0,1,1),(1674,1586,'Старый пояс','poyas','',0,'',2,0,0,1,0,0,0,0,0,0,0,1,1),(1675,1586,'Сапоги из кожи брамина','nogi','',0,'',2,0,0,1,0,0,0,0,0,0,0,1,1),(1676,1586,'Довоенная шляпа','golova','',0,'',4,0,0,2,0,0,0,0,0,0,0,1,1),(1677,1586,'Старые перчатки','ruki','',0,'',2,0,0,1,0,0,0,0,0,0,0,1,1),(1678,1586,'Пистолет \"Комар\"','weapon','fire',2,'pistoletnie',8,11,14,0,0,0,0,0,0,0,1,1,1),(1679,1584,'Трость','weapon','cold',0,'',6,2,3,0,0,0,0,0,0,0,1,1,1),(1680,1584,'Довоенный костюм','body','',0,'',4,0,0,2,0,0,0,0,0,0,0,1,0),(1681,1584,'Старый пояс','poyas','',0,'',2,0,0,1,0,0,0,0,0,0,0,1,1),(1682,1584,'Сапоги из кожи брамина','nogi','',0,'',2,0,0,1,0,0,0,0,0,0,0,1,0),(1683,1584,'Довоенная шляпа','golova','',0,'',4,0,0,2,0,0,0,0,0,0,0,1,0),(1684,1584,'Старые перчатки','ruki','',0,'',2,0,0,1,0,0,0,0,0,0,0,1,0),(1685,1584,'Пистолет \"Комар\"','weapon','fire',2,'pistoletnie',8,11,14,0,0,0,0,0,0,0,1,1,0),(1686,1601,'Трость','weapon','cold',0,'',6,2,3,0,0,0,0,0,0,0,1,1,1),(1687,1601,'Довоенный костюм','body','',0,'',4,0,0,2,0,0,0,0,0,0,0,1,1),(1688,1601,'Старый пояс','poyas','',0,'',2,0,0,1,0,0,0,0,0,0,0,1,1),(1689,1601,'Сапоги из кожи брамина','nogi','',0,'',2,0,0,1,0,0,0,0,0,0,0,1,1),(1690,1601,'Довоенная шляпа','golova','',0,'',4,0,0,2,0,0,0,0,0,0,0,1,1),(1691,1601,'Старые перчатки','ruki','',0,'',2,0,0,1,0,0,0,0,0,0,0,1,1),(1692,1601,'Пистолет \"Комар\"','weapon','fire',2,'pistoletnie',8,11,14,0,0,0,0,0,0,0,1,1,0),(1693,1603,'Трость','weapon','cold',0,'',6,2,3,0,0,0,0,0,0,0,1,1,0),(1694,1603,'Довоенный костюм','body','',0,'',4,0,0,2,0,0,0,0,0,0,0,1,0),(1695,1603,'Старый пояс','poyas','',0,'',2,0,0,1,0,0,0,0,0,0,0,1,0),(1696,1603,'Сапоги из кожи брамина','nogi','',0,'',2,0,0,1,0,0,0,0,0,0,0,1,0),(1697,1603,'Довоенная шляпа','golova','',0,'',4,0,0,2,0,0,0,0,0,0,0,1,0),(1698,1603,'Старые перчатки','ruki','',0,'',2,0,0,1,0,0,0,0,0,0,0,1,0),(1699,1603,'Пистолет \"Комар\"','weapon','fire',2,'pistoletnie',8,11,14,0,0,0,0,0,0,0,1,1,0),(1700,1604,'Трость','weapon','cold',0,'',6,2,3,0,0,0,0,0,0,0,1,1,1),(1701,1604,'Довоенный костюм','body','',0,'',4,0,0,2,0,0,0,0,0,0,0,1,1),(1702,1604,'Старый пояс','poyas','',0,'',2,0,0,1,0,0,0,0,0,0,0,1,1),(1703,1604,'Сапоги из кожи брамина','nogi','',0,'',2,0,0,1,0,0,0,0,0,0,0,1,1),(1704,1604,'Довоенная шляпа','golova','',0,'',4,0,0,2,0,0,0,0,0,0,0,1,1),(1705,1604,'Старые перчатки','ruki','',0,'',2,0,0,1,0,0,0,0,0,0,0,1,1),(1706,1604,'Пистолет \"Комар\"','weapon','fire',2,'pistoletnie',8,11,14,0,0,0,0,0,0,0,1,1,0),(1707,1606,'Трость','weapon','cold',0,'',6,2,3,0,0,0,0,0,0,0,1,1,0),(1708,1606,'Довоенный костюм','body','',0,'',4,0,0,2,0,0,0,0,0,0,0,1,0),(1709,1606,'Старый пояс','poyas','',0,'',2,0,0,1,0,0,0,0,0,0,0,1,0),(1710,1606,'Сапоги из кожи брамина','nogi','',0,'',2,0,0,1,0,0,0,0,0,0,0,1,0),(1711,1606,'Довоенная шляпа','golova','',0,'',4,0,0,2,0,0,0,0,0,0,0,1,0),(1712,1606,'Старые перчатки','ruki','',0,'',2,0,0,1,0,0,0,0,0,0,0,1,0),(1713,1606,'Пистолет \"Комар\"','weapon','fire',2,'pistoletnie',8,11,14,0,0,0,0,0,0,0,1,1,0),(1715,1608,'Довоенный костюм','body','',0,'',4,0,0,2,0,0,0,0,0,0,0,1,1),(1716,1608,'Старый пояс','poyas','',0,'',2,0,0,1,0,0,0,0,0,0,0,1,1),(1724,1522,'Трость','weapon','cold',0,'',6,2,3,0,0,0,0,0,0,0,1,1,0),(1718,1608,'Довоенная шляпа','golova','',0,'',4,0,0,2,0,0,0,0,0,0,0,1,1),(1719,1608,'Старые перчатки','ruki','',0,'',2,0,0,1,0,0,0,0,0,0,0,1,1),(1720,1608,'Пистолет \"Комар\"','weapon','fire',2,'pistoletnie',8,11,14,0,0,0,0,0,0,0,1,1,1),(1725,1522,'Довоенный костюм','body','',0,'',4,0,0,2,0,0,0,0,0,0,0,1,1),(1723,1608,'Берцы','nogi','',0,'',14,0,0,4,2,1,1,1,0,0,0,2,1),(1726,1522,'Старый пояс','poyas','',0,'',2,0,0,1,0,0,0,0,0,0,0,1,1),(1727,1522,'Сапоги из кожи брамина','nogi','',0,'',2,0,0,1,0,0,0,0,0,0,0,1,1),(1728,1522,'Довоенная шляпа','golova','',0,'',4,0,0,2,0,0,0,0,0,0,0,1,1),(1729,1522,'Старые перчатки','ruki','',0,'',2,0,0,1,0,0,0,0,0,0,0,1,1),(1730,1522,'Пистолет \"Комар\"','weapon','fire',2,'pistoletnie',8,11,14,0,0,0,0,0,0,0,1,1,1),(1731,1614,'Трость','weapon','cold',0,'',6,2,3,0,0,0,0,0,0,0,1,1,0),(1732,1614,'Довоенный костюм','body','',0,'',4,0,0,2,0,0,0,0,0,0,0,1,1),(1733,1614,'Старый пояс','poyas','',0,'',2,0,0,1,0,0,0,0,0,0,0,1,1),(1734,1614,'Сапоги из кожи брамина','nogi','',0,'',2,0,0,1,0,0,0,0,0,0,0,1,1),(1735,1614,'Довоенная шляпа','golova','',0,'',4,0,0,2,0,0,0,0,0,0,0,1,1),(1736,1614,'Старые перчатки','ruki','',0,'',2,0,0,1,0,0,0,0,0,0,0,1,1),(1737,1614,'Пистолет \"Комар\"','weapon','fire',2,'pistoletnie',8,11,14,0,0,0,0,0,0,0,1,1,1),(1738,1615,'Трость','weapon','cold',0,'',6,2,3,0,0,0,0,0,0,0,1,1,0),(1739,1615,'Довоенный костюм','body','',0,'',4,0,0,2,0,0,0,0,0,0,0,1,1),(1740,1615,'Старый пояс','poyas','',0,'',2,0,0,1,0,0,0,0,0,0,0,1,1),(1741,1615,'Сапоги из кожи брамина','nogi','',0,'',2,0,0,1,0,0,0,0,0,0,0,1,1),(1742,1615,'Довоенная шляпа','golova','',0,'',4,0,0,2,0,0,0,0,0,0,0,1,1),(1743,1615,'Старые перчатки','ruki','',0,'',2,0,0,1,0,0,0,0,0,0,0,1,1),(1744,1615,'Пистолет \"Комар\"','weapon','fire',2,'pistoletnie',8,11,14,0,0,0,0,0,0,0,1,1,1),(1800,1625,'Довоенная шляпа','golova','',0,'',4,0,0,2,0,0,0,0,0,0,0,1,1),(1789,1621,'Лёгкая каска','golova','',0,'',30,0,0,7,3,1,1,1,0,0,0,3,1),(1747,1616,'Старый пояс','poyas','',0,'',2,0,0,1,0,0,0,0,0,0,0,1,1),(1748,1616,'Сапоги из кожи брамина','nogi','',0,'',2,0,0,1,0,0,0,0,0,0,0,1,1),(1749,1616,'Довоенная шляпа','golova','',0,'',4,0,0,2,0,0,0,0,0,0,0,1,1),(1750,1616,'Старые перчатки','ruki','',0,'',2,0,0,1,0,0,0,0,0,0,0,1,1),(1799,1625,'Сапоги из кожи брамина','nogi','',0,'',2,0,0,1,0,0,0,0,0,0,0,1,1),(1752,1617,'Трость','weapon','cold',0,'',6,2,3,0,0,0,0,0,0,0,1,1,0),(1753,1617,'Довоенный костюм','body','',0,'',4,0,0,2,0,0,0,0,0,0,0,1,1),(1754,1617,'Старый пояс','poyas','',0,'',2,0,0,1,0,0,0,0,0,0,0,1,1),(1755,1617,'Сапоги из кожи брамина','nogi','',0,'',2,0,0,1,0,0,0,0,0,0,0,1,0),(1756,1617,'Довоенная шляпа','golova','',0,'',4,0,0,2,0,0,0,0,0,0,0,1,1),(1757,1617,'Старые перчатки','ruki','',0,'',2,0,0,1,0,0,0,0,0,0,0,1,1),(1758,1617,'Пистолет \"Комар\"','weapon','fire',2,'pistoletnie',8,11,14,0,0,0,0,0,0,0,1,1,1),(1759,1616,'Броня рейдера-разведчика','body','',0,'',24,0,0,6,1,1,2,1,0,0,0,2,1),(1760,1618,'Трость','weapon','cold',0,'',6,2,3,0,0,0,0,0,0,0,1,1,0),(1761,1618,'Довоенный костюм','body','',0,'',4,0,0,2,0,0,0,0,0,0,0,1,1),(1762,1618,'Старый пояс','poyas','',0,'',2,0,0,1,0,0,0,0,0,0,0,1,1),(1763,1618,'Сапоги из кожи брамина','nogi','',0,'',2,0,0,1,0,0,0,0,0,0,0,1,1),(1764,1618,'Довоенная шляпа','golova','',0,'',4,0,0,2,0,0,0,0,0,0,0,1,1),(1765,1618,'Старые перчатки','ruki','',0,'',2,0,0,1,0,0,0,0,0,0,0,1,1),(1766,1618,'Пистолет \"Комар\"','weapon','fire',2,'pistoletnie',8,11,14,0,0,0,0,0,0,0,1,1,1),(1767,1619,'Трость','weapon','cold',0,'',6,2,3,0,0,0,0,0,0,0,1,1,1),(1768,1619,'Довоенный костюм','body','',0,'',4,0,0,2,0,0,0,0,0,0,0,1,1),(1769,1619,'Старый пояс','poyas','',0,'',2,0,0,1,0,0,0,0,0,0,0,1,1),(1770,1619,'Сапоги из кожи брамина','nogi','',0,'',2,0,0,1,0,0,0,0,0,0,0,1,1),(1771,1619,'Довоенная шляпа','golova','',0,'',4,0,0,2,0,0,0,0,0,0,0,1,1),(1772,1619,'Старые перчатки','ruki','',0,'',2,0,0,1,0,0,0,0,0,0,0,1,1),(1773,1619,'Пистолет \"Комар\"','weapon','fire',2,'pistoletnie',8,11,14,0,0,0,0,0,0,0,1,1,0),(1774,1620,'Трость','weapon','cold',0,'',6,2,3,0,0,0,0,0,0,0,1,1,1),(1775,1620,'Довоенный костюм','body','',0,'',4,0,0,2,0,0,0,0,0,0,0,1,1),(1776,1620,'Старый пояс','poyas','',0,'',2,0,0,1,0,0,0,0,0,0,0,1,1),(1777,1620,'Сапоги из кожи брамина','nogi','',0,'',2,0,0,1,0,0,0,0,0,0,0,1,1),(1778,1620,'Довоенная шляпа','golova','',0,'',4,0,0,2,0,0,0,0,0,0,0,1,1),(1779,1620,'Старые перчатки','ruki','',0,'',2,0,0,1,0,0,0,0,0,0,0,1,1),(1780,1620,'Пистолет \"Комар\"','weapon','fire',2,'pistoletnie',8,11,14,0,0,0,0,0,0,0,1,1,0),(1781,1621,'Трость','weapon','cold',0,'',6,2,3,0,0,0,0,0,0,0,1,1,1),(1783,1621,'Старый пояс','poyas','',0,'',2,0,0,1,0,0,0,0,0,0,0,1,1),(1784,1621,'Сапоги из кожи брамина','nogi','',0,'',2,0,0,1,0,0,0,0,0,0,0,1,1),(1790,1617,'Боевые берцы','nogi','',0,'',26,0,0,6,2,1,2,1,0,0,0,3,1),(1786,1621,'Старые перчатки','ruki','',0,'',2,0,0,1,0,0,0,0,0,0,0,1,1),(1787,1621,'Пистолет \"Комар\"','weapon','fire',2,'pistoletnie',8,11,14,0,0,0,0,0,0,0,1,1,0),(1788,1621,'Кожаная броня','body','',0,'',36,0,0,10,3,1,1,1,0,0,0,3,1),(1791,1616,'Самодельный пистолет','weapon','fire',2,'pistoletnie',20,20,27,0,1,1,1,1,0,1,1,1,1),(1801,1625,'Старые перчатки','ruki','',0,'',2,0,0,1,0,0,0,0,0,0,0,1,1),(1802,1625,'Пистолет \"Комар\"','weapon','fire',2,'pistoletnie',8,11,14,0,0,0,0,0,0,0,1,1,0),(1844,1628,'Рукавицы разведчика','ruki','',0,'',60,0,0,14,1,1,2,3,0,0,0,6,1),(1846,1636,'Довоенный костюм','body','',0,'',4,0,0,2,0,0,0,0,0,0,0,1,1),(1807,1628,'Довоенная шляпа','golova','',0,'',4,0,0,2,0,0,0,0,0,0,0,1,1),(1845,1636,'Трость','weapon','cold',0,'',6,2,3,0,0,0,0,0,0,0,1,1,1),(1834,1634,'Трость','weapon','cold',0,'',6,2,3,0,0,0,0,0,0,0,1,1,1),(1818,1630,'Трость','weapon','cold',0,'',6,2,3,0,0,0,0,0,0,0,1,1,0),(1810,1629,'Трость','weapon','cold',0,'',6,2,3,0,0,0,0,0,0,0,1,1,0),(1811,1629,'Довоенный костюм','body','',0,'',4,0,0,2,0,0,0,0,0,0,0,1,1),(1812,1629,'Старый пояс','poyas','',0,'',2,0,0,1,0,0,0,0,0,0,0,1,1),(1813,1629,'Сапоги из кожи брамина','nogi','',0,'',2,0,0,1,0,0,0,0,0,0,0,1,1),(1814,1629,'Довоенная шляпа','golova','',0,'',4,0,0,2,0,0,0,0,0,0,0,1,1),(1815,1629,'Старые перчатки','ruki','',0,'',2,0,0,1,0,0,0,0,0,0,0,1,1),(1816,1629,'Пистолет \"Комар\"','weapon','fire',2,'pistoletnie',8,11,14,0,0,0,0,0,0,0,1,1,1),(1819,1630,'Довоенный костюм','body','',0,'',4,0,0,2,0,0,0,0,0,0,0,1,0),(1820,1630,'Старый пояс','poyas','',0,'',2,0,0,1,0,0,0,0,0,0,0,1,0),(1821,1630,'Сапоги из кожи брамина','nogi','',0,'',2,0,0,1,0,0,0,0,0,0,0,1,0),(1822,1630,'Довоенная шляпа','golova','',0,'',4,0,0,2,0,0,0,0,0,0,0,1,0),(1823,1630,'Старые перчатки','ruki','',0,'',2,0,0,1,0,0,0,0,0,0,0,1,0),(1824,1630,'Пистолет \"Комар\"','weapon','fire',2,'pistoletnie',8,11,14,0,0,0,0,0,0,0,1,1,0),(1832,1628,'Самодельное ружьё','weapon','fire',4,'rujeinie',200,40,50,0,2,1,1,2,0,3,2,5,1),(1825,1631,'Трость','weapon','cold',0,'',6,2,3,0,0,0,0,0,0,0,1,1,0),(1836,1634,'Старый пояс','poyas','',0,'',2,0,0,1,0,0,0,0,0,0,0,1,1),(1827,1631,'Старый пояс','poyas','',0,'',2,0,0,1,0,0,0,0,0,0,0,1,1),(1828,1631,'Сапоги из кожи брамина','nogi','',0,'',2,0,0,1,0,0,0,0,0,0,0,1,1),(1829,1631,'Довоенная шляпа','golova','',0,'',4,0,0,2,0,0,0,0,0,0,0,1,1),(1830,1631,'Старые перчатки','ruki','',0,'',2,0,0,1,0,0,0,0,0,0,0,1,1),(1831,1631,'Пистолет \"Комар\"','weapon','fire',2,'pistoletnie',8,11,14,0,0,0,0,0,0,0,1,1,1),(1833,1631,'Кожаная броня','body','',0,'',36,0,0,10,3,1,1,1,0,0,0,3,1),(1837,1634,'Сапоги из кожи брамина','nogi','',0,'',2,0,0,1,0,0,0,0,0,0,0,1,1),(1838,1634,'Довоенная шляпа','golova','',0,'',4,0,0,2,0,0,0,0,0,0,0,1,1),(1839,1634,'Старые перчатки','ruki','',0,'',2,0,0,1,0,0,0,0,0,0,0,1,1),(1840,1634,'Пистолет \"Комар\"','weapon','fire',2,'pistoletnie',8,11,14,0,0,0,0,0,0,0,1,1,0),(1841,1427,'Бронежелет','body','',0,'',100,0,0,26,6,1,1,1,0,0,0,6,1),(1842,1628,'Сапоги разведчика','nogi','',0,'',65,0,0,16,1,1,2,3,0,0,0,6,1),(1843,1628,'Пояс паладина','poyas','',0,'',70,0,0,14,4,1,1,1,0,0,0,6,0),(1847,1636,'Старый пояс','poyas','',0,'',2,0,0,1,0,0,0,0,0,0,0,1,1),(1848,1636,'Сапоги из кожи брамина','nogi','',0,'',2,0,0,1,0,0,0,0,0,0,0,1,1),(1849,1636,'Довоенная шляпа','golova','',0,'',4,0,0,2,0,0,0,0,0,0,0,1,1),(1850,1636,'Старые перчатки','ruki','',0,'',2,0,0,1,0,0,0,0,0,0,0,1,1),(1851,1636,'Пистолет \"Комар\"','weapon','fire',2,'pistoletnie',8,11,14,0,0,0,0,0,0,0,1,1,0);
/*!40000 ALTER TABLE `item` ENABLE KEYS */;
UNLOCK TABLES;

--
-- Table structure for table `item_mediks`
--

DROP TABLE IF EXISTS `item_mediks`;
/*!40101 SET @saved_cs_client     = @@character_set_client */;
/*!40101 SET character_set_client = utf8 */;
CREATE TABLE `item_mediks` (
  `id` int(11) NOT NULL AUTO_INCREMENT,
  `usr` int(11) NOT NULL,
  `name` varchar(30) COLLATE utf8_unicode_ci NOT NULL,
  `medik` varchar(30) COLLATE utf8_unicode_ci NOT NULL,
  `what` varchar(10) COLLATE utf8_unicode_ci NOT NULL,
  `regeneration` int(11) NOT NULL,
  `cena` int(11) NOT NULL,
  `kol` int(11) NOT NULL,
  PRIMARY KEY (`id`)
) ENGINE=MyISAM AUTO_INCREMENT=284 DEFAULT CHARSET=utf8 COLLATE=utf8_unicode_ci;
/*!40101 SET character_set_client = @saved_cs_client */;

--
-- Dumping data for table `item_mediks`
--

LOCK TABLES `item_mediks` WRITE;
/*!40000 ALTER TABLE `item_mediks` DISABLE KEYS */;
INSERT INTO `item_mediks` VALUES (114,775,'Министимулятор','ministimulyator','hp',15,4,1),(6,730,'Министимулятор','ministimulyator','hp',15,4,2),(8,753,'Министимулятор','ministimulyator','hp',15,4,2),(28,764,'Стимулятор','stimulyator','hp',40,4,2),(10,736,'Министимулятор','ministimulyator','hp',15,4,2),(15,765,'Ядер кола','yader_kola','energy',5,2,1),(17,753,'Стимулятор','stimulyator','hp',40,4,10),(18,753,'Ядер кола','yader_kola','energy',5,2,1),(243,1145,'Стимулятор','stimulyator','hp',40,4,4),(72,1127,'Стимулятор','stimulyator','hp',40,4,10),(116,1215,'Министимулятор','ministimulyator','hp',15,4,2),(61,1169,'Квантовая ядер кола','kv_yader_kola','energy',10,3,79),(60,1149,'Министимулятор','ministimulyator','hp',15,4,9),(33,753,'Чистая вода','chistaya_voda','hp',14,2,1),(35,1141,'Министимулятор','ministimulyator','hp',15,4,2),(41,1149,'Ядер кола','yader_kola','energy',5,2,22),(42,1149,'Квантовая ядер кола','kv_yader_kola','energy',10,3,41),(43,1149,'Стимулятор','stimulyator','hp',40,4,45),(58,1155,'Чистая вода','chistaya_voda','hp',14,2,2),(57,1155,'Министимулятор','ministimulyator','hp',15,4,2),(59,1169,'Стимулятор','stimulyator','hp',40,4,172),(68,742,'Стимулятор','stimulyator','hp',40,4,4),(76,1127,'Ядер кола','yader_kola','energy',5,2,6),(97,1149,'Чистая вода','chistaya_voda','hp',14,2,9),(117,1246,'Министимулятор','ministimulyator','hp',15,4,2),(118,1274,'Министимулятор','ministimulyator','hp',15,4,19),(129,1248,'Стимулятор','stimulyator','hp',40,4,15),(233,1204,'Квантовая ядер кола','kv_yader_kola','energy',10,3,3),(128,1237,'Министимулятор','ministimulyator','hp',15,4,2),(130,1248,'Ядер кола','yader_kola','energy',5,2,4),(132,1310,'Квантовая ядер кола','kv_yader_kola','energy',10,3,1),(135,1274,'Ядер кола','yader_kola','energy',5,2,26),(147,1279,'Стимулятор','stimulyator','hp',40,4,10),(142,1127,'Квантовая ядер кола','kv_yader_kola','energy',10,3,10),(169,1285,'Ядер кола','yader_kola','energy',5,2,3),(229,1471,'Министимулятор','ministimulyator','hp',15,4,2),(144,1278,'Ядер кола','yader_kola','energy',5,2,1),(177,1169,'Чистая вода','chistaya_voda','hp',14,2,23),(221,1274,'Квантовая ядер кола','kv_yader_kola','energy',10,3,15),(162,1278,'Стимулятор','stimulyator','hp',40,4,1),(161,1279,'Министимулятор','ministimulyator','hp',15,4,2),(156,1274,'Чистая вода','chistaya_voda','hp',14,2,22),(157,1237,'Стимулятор','stimulyator','hp',40,4,5),(178,1169,'Министимулятор','ministimulyator','hp',15,4,28),(167,1304,'Министимулятор','ministimulyator','hp',15,4,2),(166,1279,'Ядер кола','yader_kola','energy',5,2,1),(171,1231,'Министимулятор','ministimulyator','hp',15,4,2),(172,1231,'Ядер кола','yader_kola','energy',5,2,1),(185,1169,'Ядер кола','yader_kola','energy',5,2,9),(191,1248,'Министимулятор','ministimulyator','hp',15,4,1),(192,1248,'Чистая вода','chistaya_voda','hp',14,2,2),(189,1370,'Министимулятор','ministimulyator','hp',15,4,2),(193,1127,'Чистая вода','chistaya_voda','hp',14,2,9),(196,1335,'Ядер кола','yader_kola','energy',5,2,1),(195,1381,'Чистая вода','chistaya_voda','hp',14,2,2),(197,1335,'Чистая вода','chistaya_voda','hp',14,2,4),(198,1335,'Стимулятор','stimulyator','hp',40,4,10),(199,762,'Стимулятор','stimulyator','hp',40,4,10),(200,1127,'Министимулятор','ministimulyator','hp',15,4,8),(201,1404,'Министимулятор','ministimulyator','hp',15,4,1),(202,1307,'Министимулятор','ministimulyator','hp',15,4,2),(203,1307,'Стимулятор','stimulyator','hp',40,4,10),(205,1404,'Ядер кола','yader_kola','energy',5,2,1),(210,1430,'Министимулятор','ministimulyator','hp',15,4,2),(267,1259,'Квантовая ядер кола','kv_yader_kola','energy',10,3,1),(271,1259,'Чистая вода','chistaya_voda','hp',14,2,1),(209,1372,'Ядер кола','yader_kola','energy',5,2,3),(232,1204,'Стимулятор','stimulyator','hp',40,4,11),(275,1617,'Министимулятор','ministimulyator','hp',15,4,2),(217,1435,'Стимулятор','stimulyator','hp',40,4,2),(239,1511,'Министимулятор','ministimulyator','hp',15,4,2),(240,1274,'Стимулятор','stimulyator','hp',40,4,34),(265,1556,'Министимулятор','ministimulyator','hp',15,4,3),(250,1259,'Ядер кола','yader_kola','energy',5,2,9),(245,1259,'Стимулятор','stimulyator','hp',40,4,9),(246,1145,'Чистая вода','chistaya_voda','hp',14,2,1),(251,1259,'Министимулятор','ministimulyator','hp',15,4,7),(264,1304,'Ядер кола','yader_kola','energy',5,2,1),(276,1621,'Министимулятор','ministimulyator','hp',15,4,2),(262,1194,'Стимулятор','stimulyator','hp',40,4,4),(263,1194,'Квантовая ядер кола','kv_yader_kola','energy',10,3,9),(269,1427,'Квантовая ядер кола','kv_yader_kola','energy',10,3,3),(270,1565,'Министимулятор','ministimulyator','hp',15,4,2),(278,1631,'Министимулятор','ministimulyator','hp',15,4,1),(282,1628,'Чистая вода','chistaya_voda','hp',14,2,2),(281,1625,'Стимулятор','stimulyator','hp',40,4,10),(283,1628,'Министимулятор','ministimulyator','hp',15,4,2);
/*!40000 ALTER TABLE `item_mediks` ENABLE KEYS */;
UNLOCK TABLES;

--
-- Table structure for table `item_patrons`
--

DROP TABLE IF EXISTS `item_patrons`;
/*!40101 SET @saved_cs_client     = @@character_set_client */;
/*!40101 SET character_set_client = utf8 */;
CREATE TABLE `item_patrons` (
  `id` int(11) NOT NULL AUTO_INCREMENT,
  `usr` int(11) NOT NULL,
  `tip` varchar(15) CHARACTER SET utf8 COLLATE utf8_unicode_ci NOT NULL,
  `name` varchar(50) CHARACTER SET utf8 COLLATE utf8_unicode_ci NOT NULL,
  `kol` int(11) NOT NULL,
  PRIMARY KEY (`id`)
) ENGINE=MyISAM AUTO_INCREMENT=5331 DEFAULT CHARSET=cp1251;
/*!40101 SET character_set_client = @saved_cs_client */;

--
-- Dumping data for table `item_patrons`
--

LOCK TABLES `item_patrons` WRITE;
/*!40000 ALTER TABLE `item_patrons` DISABLE KEYS */;
INSERT INTO `item_patrons` VALUES (1,727,'avtomatnie','Автоматные патроны',0),(2,727,'vintovochnie','Винтовочные патроны',0),(3,727,'pistoletnie','Пистолетные патроны',613),(4,727,'rujeinie','Ружейные патроны',0),(5,727,'drotiki','Дротики',101),(6,727,'streli','Стрелы',0),(7,727,'atomnie','Атомные снаряды',0),(8,727,'minometnie','Миномётные снаряды',0),(9,727,'batarei','Энергетические батареи',2),(10,728,'avtomatnie','Автоматные патроны',0),(11,728,'vintovochnie','Винтовочные патроны',0),(12,728,'pistoletnie','Пистолетные патроны',50),(13,728,'rujeinie','Ружейные патроны',0),(14,728,'drotiki','Дротики',0),(15,728,'streli','Стрелы',0),(16,728,'atomnie','Атомные снаряды',0),(17,728,'minometnie','Миномётные снаряды',0),(18,728,'batarei','Энергетические батареи',0),(19,729,'avtomatnie','Автоматные патроны',0),(20,729,'vintovochnie','Винтовочные патроны',0),(21,729,'pistoletnie','Пистолетные патроны',29),(22,729,'rujeinie','Ружейные патроны',0),(23,729,'drotiki','Дротики',0),(24,729,'streli','Стрелы',0),(25,729,'atomnie','Атомные снаряды',0),(26,729,'minometnie','Миномётные снаряды',0),(27,729,'batarei','Энергетические батареи',0),(28,730,'avtomatnie','Автоматные патроны',0),(29,730,'vintovochnie','Винтовочные патроны',0),(30,730,'pistoletnie','Пистолетные патроны',100),(31,730,'rujeinie','Ружейные патроны',0),(32,730,'drotiki','Дротики',0),(33,730,'streli','Стрелы',0),(34,730,'atomnie','Атомные снаряды',0),(35,730,'minometnie','Миномётные снаряды',0),(36,730,'batarei','Энергетические батареи',0),(37,731,'avtomatnie','Автоматные патроны',0),(38,731,'vintovochnie','Винтовочные патроны',0),(39,731,'pistoletnie','Пистолетные патроны',50),(40,731,'rujeinie','Ружейные патроны',0),(41,731,'drotiki','Дротики',0),(42,731,'streli','Стрелы',0),(43,731,'atomnie','Атомные снаряды',0),(44,731,'minometnie','Миномётные снаряды',0),(45,731,'batarei','Энергетические батареи',0),(46,732,'avtomatnie','Автоматные патроны',0),(47,732,'vintovochnie','Винтовочные патроны',0),(48,732,'pistoletnie','Пистолетные патроны',0),(49,732,'rujeinie','Ружейные патроны',0),(50,732,'drotiki','Дротики',0),(51,732,'streli','Стрелы',0),(52,732,'atomnie','Атомные снаряды',0),(53,732,'minometnie','Миномётные снаряды',0),(54,732,'batarei','Энергетические батареи',0),(55,733,'avtomatnie','Автоматные патроны',0),(56,733,'vintovochnie','Винтовочные патроны',0),(57,733,'pistoletnie','Пистолетные патроны',44),(58,733,'rujeinie','Ружейные патроны',0),(59,733,'drotiki','Дротики',0),(60,733,'streli','Стрелы',0),(61,733,'atomnie','Атомные снаряды',0),(62,733,'minometnie','Миномётные снаряды',0),(63,733,'batarei','Энергетические батареи',0),(64,734,'avtomatnie','Автоматные патроны',0),(65,734,'vintovochnie','Винтовочные патроны',0),(66,734,'pistoletnie','Пистолетные патроны',0),(67,734,'rujeinie','Ружейные патроны',0),(68,734,'drotiki','Дротики',0),(69,734,'streli','Стрелы',0),(70,734,'atomnie','Атомные снаряды',0),(71,734,'minometnie','Миномётные снаряды',0),(72,734,'batarei','Энергетические батареи',0),(73,735,'avtomatnie','Автоматные патроны',0),(74,735,'vintovochnie','Винтовочные патроны',0),(75,735,'pistoletnie','Пистолетные патроны',0),(76,735,'rujeinie','Ружейные патроны',0),(77,735,'drotiki','Дротики',0),(78,735,'streli','Стрелы',0),(79,735,'atomnie','Атомные снаряды',0),(80,735,'minometnie','Миномётные снаряды',0),(81,735,'batarei','Энергетические батареи',0),(82,736,'avtomatnie','Автоматные патроны',0),(83,736,'vintovochnie','Винтовочные патроны',0),(84,736,'pistoletnie','Пистолетные патроны',0),(85,736,'rujeinie','Ружейные патроны',0),(86,736,'drotiki','Дротики',0),(87,736,'streli','Стрелы',0),(88,736,'atomnie','Атомные снаряды',0),(89,736,'minometnie','Миномётные снаряды',0),(90,736,'batarei','Энергетические батареи',0),(91,737,'avtomatnie','Автоматные патроны',0),(92,737,'vintovochnie','Винтовочные патроны',0),(93,737,'pistoletnie','Пистолетные патроны',43),(94,737,'rujeinie','Ружейные патроны',0),(95,737,'drotiki','Дротики',0),(96,737,'streli','Стрелы',0),(97,737,'atomnie','Атомные снаряды',0),(98,737,'minometnie','Миномётные снаряды',0),(99,737,'batarei','Энергетические батареи',0),(100,738,'avtomatnie','Автоматные патроны',0),(101,738,'vintovochnie','Винтовочные патроны',0),(102,738,'pistoletnie','Пистолетные патроны',0),(103,738,'rujeinie','Ружейные патроны',0),(104,738,'drotiki','Дротики',0),(105,738,'streli','Стрелы',0),(106,738,'atomnie','Атомные снаряды',0),(107,738,'minometnie','Миномётные снаряды',0),(108,738,'batarei','Энергетические батареи',0),(109,739,'avtomatnie','Автоматные патроны',0),(110,739,'vintovochnie','Винтовочные патроны',0),(111,739,'pistoletnie','Пистолетные патроны',0),(112,739,'rujeinie','Ружейные патроны',0),(113,739,'drotiki','Дротики',0),(114,739,'streli','Стрелы',0),(115,739,'atomnie','Атомные снаряды',0),(116,739,'minometnie','Миномётные снаряды',0),(117,739,'batarei','Энергетические батареи',0),(118,740,'avtomatnie','Автоматные патроны',0),(119,740,'vintovochnie','Винтовочные патроны',0),(120,740,'pistoletnie','Пистолетные патроны',0),(121,740,'rujeinie','Ружейные патроны',0),(122,740,'drotiki','Дротики',0),(123,740,'streli','Стрелы',0),(124,740,'atomnie','Атомные снаряды',0),(125,740,'minometnie','Миномётные снаряды',0),(126,740,'batarei','Энергетические батареи',0),(127,741,'avtomatnie','Автоматные патроны',0),(128,741,'vintovochnie','Винтовочные патроны',0),(129,741,'pistoletnie','Пистолетные патроны',0),(130,741,'rujeinie','Ружейные патроны',0),(131,741,'drotiki','Дротики',0),(132,741,'streli','Стрелы',0),(133,741,'atomnie','Атомные снаряды',0),(134,741,'minometnie','Миномётные снаряды',0),(135,741,'batarei','Энергетические батареи',0),(136,742,'avtomatnie','Автоматные патроны',0),(137,742,'vintovochnie','Винтовочные патроны',3),(138,742,'pistoletnie','Пистолетные патроны',389),(139,742,'rujeinie','Ружейные патроны',4),(140,742,'drotiki','Дротики',17),(141,742,'streli','Стрелы',0),(142,742,'atomnie','Атомные снаряды',0),(143,742,'minometnie','Миномётные снаряды',0),(144,742,'batarei','Энергетические батареи',103),(145,743,'avtomatnie','Автоматные патроны',0),(146,743,'vintovochnie','Винтовочные патроны',0),(147,743,'pistoletnie','Пистолетные патроны',0),(148,743,'rujeinie','Ружейные патроны',0),(149,743,'drotiki','Дротики',0),(150,743,'streli','Стрелы',0),(151,743,'atomnie','Атомные снаряды',0),(152,743,'minometnie','Миномётные снаряды',0),(153,743,'batarei','Энергетические батареи',0),(154,744,'avtomatnie','Автоматные патроны',0),(155,744,'vintovochnie','Винтовочные патроны',0),(156,744,'pistoletnie','Пистолетные патроны',166),(157,744,'rujeinie','Ружейные патроны',0),(158,744,'drotiki','Дротики',0),(159,744,'streli','Стрелы',0),(160,744,'atomnie','Атомные снаряды',0),(161,744,'minometnie','Миномётные снаряды',0),(162,744,'batarei','Энергетические батареи',0),(163,745,'avtomatnie','Автоматные патроны',0),(164,745,'vintovochnie','Винтовочные патроны',0),(165,745,'pistoletnie','Пистолетные патроны',50),(166,745,'rujeinie','Ружейные патроны',0),(167,745,'drotiki','Дротики',0),(168,745,'streli','Стрелы',0),(169,745,'atomnie','Атомные снаряды',0),(170,745,'minometnie','Миномётные снаряды',0),(171,745,'batarei','Энергетические батареи',0),(172,746,'avtomatnie','Автоматные патроны',0),(173,746,'vintovochnie','Винтовочные патроны',0),(174,746,'pistoletnie','Пистолетные патроны',45),(175,746,'rujeinie','Ружейные патроны',0),(176,746,'drotiki','Дротики',0),(177,746,'streli','Стрелы',0),(178,746,'atomnie','Атомные снаряды',0),(179,746,'minometnie','Миномётные снаряды',0),(180,746,'batarei','Энергетические батареи',0),(181,747,'avtomatnie','Автоматные патроны',0),(182,747,'vintovochnie','Винтовочные патроны',0),(183,747,'pistoletnie','Пистолетные патроны',50),(184,747,'rujeinie','Ружейные патроны',0),(185,747,'drotiki','Дротики',0),(186,747,'streli','Стрелы',0),(187,747,'atomnie','Атомные снаряды',0),(188,747,'minometnie','Миномётные снаряды',0),(189,747,'batarei','Энергетические батареи',0),(190,748,'avtomatnie','Автоматные патроны',0),(191,748,'vintovochnie','Винтовочные патроны',0),(192,748,'pistoletnie','Пистолетные патроны',37),(193,748,'rujeinie','Ружейные патроны',0),(194,748,'drotiki','Дротики',0),(195,748,'streli','Стрелы',0),(196,748,'atomnie','Атомные снаряды',0),(197,748,'minometnie','Миномётные снаряды',0),(198,748,'batarei','Энергетические батареи',0),(199,749,'avtomatnie','Автоматные патроны',0),(200,749,'vintovochnie','Винтовочные патроны',0),(201,749,'pistoletnie','Пистолетные патроны',0),(202,749,'rujeinie','Ружейные патроны',0),(203,749,'drotiki','Дротики',0),(204,749,'streli','Стрелы',0),(205,749,'atomnie','Атомные снаряды',0),(206,749,'minometnie','Миномётные снаряды',0),(207,749,'batarei','Энергетические батареи',0),(208,750,'avtomatnie','Автоматные патроны',0),(209,750,'vintovochnie','Винтовочные патроны',0),(210,750,'pistoletnie','Пистолетные патроны',0),(211,750,'rujeinie','Ружейные патроны',0),(212,750,'drotiki','Дротики',0),(213,750,'streli','Стрелы',0),(214,750,'atomnie','Атомные снаряды',0),(215,750,'minometnie','Миномётные снаряды',0),(216,750,'batarei','Энергетические батареи',0),(217,751,'avtomatnie','Автоматные патроны',0),(218,751,'vintovochnie','Винтовочные патроны',0),(219,751,'pistoletnie','Пистолетные патроны',0),(220,751,'rujeinie','Ружейные патроны',0),(221,751,'drotiki','Дротики',0),(222,751,'streli','Стрелы',0),(223,751,'atomnie','Атомные снаряды',0),(224,751,'minometnie','Миномётные снаряды',0),(225,751,'batarei','Энергетические батареи',0),(226,752,'avtomatnie','Автоматные патроны',0),(227,752,'vintovochnie','Винтовочные патроны',0),(228,752,'pistoletnie','Пистолетные патроны',50),(229,752,'rujeinie','Ружейные патроны',0),(230,752,'drotiki','Дротики',0),(231,752,'streli','Стрелы',0),(232,752,'atomnie','Атомные снаряды',0),(233,752,'minometnie','Миномётные снаряды',0),(234,752,'batarei','Энергетические батареи',0),(235,753,'avtomatnie','Автоматные патроны',0),(236,753,'vintovochnie','Винтовочные патроны',0),(237,753,'pistoletnie','Пистолетные патроны',3),(238,753,'rujeinie','Ружейные патроны',43),(239,753,'drotiki','Дротики',60),(240,753,'streli','Стрелы',0),(241,753,'atomnie','Атомные снаряды',0),(242,753,'minometnie','Миномётные снаряды',0),(243,753,'batarei','Энергетические батареи',0),(244,754,'avtomatnie','Автоматные патроны',0),(245,754,'vintovochnie','Винтовочные патроны',0),(246,754,'pistoletnie','Пистолетные патроны',50),(247,754,'rujeinie','Ружейные патроны',0),(248,754,'drotiki','Дротики',0),(249,754,'streli','Стрелы',0),(250,754,'atomnie','Атомные снаряды',0),(251,754,'minometnie','Миномётные снаряды',0),(252,754,'batarei','Энергетические батареи',0),(253,755,'avtomatnie','Автоматные патроны',0),(254,755,'vintovochnie','Винтовочные патроны',0),(255,755,'pistoletnie','Пистолетные патроны',0),(256,755,'rujeinie','Ружейные патроны',0),(257,755,'drotiki','Дротики',0),(258,755,'streli','Стрелы',0),(259,755,'atomnie','Атомные снаряды',0),(260,755,'minometnie','Миномётные снаряды',0),(261,755,'batarei','Энергетические батареи',0),(262,756,'avtomatnie','Автоматные патроны',0),(263,756,'vintovochnie','Винтовочные патроны',0),(264,756,'pistoletnie','Пистолетные патроны',46),(265,756,'rujeinie','Ружейные патроны',0),(266,756,'drotiki','Дротики',0),(267,756,'streli','Стрелы',0),(268,756,'atomnie','Атомные снаряды',0),(269,756,'minometnie','Миномётные снаряды',0),(270,756,'batarei','Энергетические батареи',0),(271,757,'avtomatnie','Автоматные патроны',0),(272,757,'vintovochnie','Винтовочные патроны',0),(273,757,'pistoletnie','Пистолетные патроны',0),(274,757,'rujeinie','Ружейные патроны',0),(275,757,'drotiki','Дротики',0),(276,757,'streli','Стрелы',0),(277,757,'atomnie','Атомные снаряды',0),(278,757,'minometnie','Миномётные снаряды',0),(279,757,'batarei','Энергетические батареи',0),(280,758,'avtomatnie','Автоматные патроны',0),(281,758,'vintovochnie','Винтовочные патроны',0),(282,758,'pistoletnie','Пистолетные патроны',0),(283,758,'rujeinie','Ружейные патроны',0),(284,758,'drotiki','Дротики',0),(285,758,'streli','Стрелы',0),(286,758,'atomnie','Атомные снаряды',0),(287,758,'minometnie','Миномётные снаряды',0),(288,758,'batarei','Энергетические батареи',0),(289,759,'avtomatnie','Автоматные патроны',0),(290,759,'vintovochnie','Винтовочные патроны',0),(291,759,'pistoletnie','Пистолетные патроны',0),(292,759,'rujeinie','Ружейные патроны',0),(293,759,'drotiki','Дротики',0),(294,759,'streli','Стрелы',0),(295,759,'atomnie','Атомные снаряды',0),(296,759,'minometnie','Миномётные снаряды',0),(297,759,'batarei','Энергетические батареи',0),(298,760,'avtomatnie','Автоматные патроны',0),(299,760,'vintovochnie','Винтовочные патроны',0),(300,760,'pistoletnie','Пистолетные патроны',0),(301,760,'rujeinie','Ружейные патроны',0),(302,760,'drotiki','Дротики',0),(303,760,'streli','Стрелы',0),(304,760,'atomnie','Атомные снаряды',0),(305,760,'minometnie','Миномётные снаряды',0),(306,760,'batarei','Энергетические батареи',0),(307,761,'avtomatnie','Автоматные патроны',0),(308,761,'vintovochnie','Винтовочные патроны',0),(309,761,'pistoletnie','Пистолетные патроны',47),(310,761,'rujeinie','Ружейные патроны',0),(311,761,'drotiki','Дротики',0),(312,761,'streli','Стрелы',0),(313,761,'atomnie','Атомные снаряды',0),(314,761,'minometnie','Миномётные снаряды',0),(315,761,'batarei','Энергетические батареи',0),(316,762,'avtomatnie','Автоматные патроны',0),(317,762,'vintovochnie','Винтовочные патроны',0),(318,762,'pistoletnie','Пистолетные патроны',143),(319,762,'rujeinie','Ружейные патроны',0),(320,762,'drotiki','Дротики',0),(321,762,'streli','Стрелы',0),(322,762,'atomnie','Атомные снаряды',0),(323,762,'minometnie','Миномётные снаряды',0),(324,762,'batarei','Энергетические батареи',0),(424,774,'avtomatnie','Автоматные патроны',0),(325,763,'avtomatnie','Автоматные патроны',0),(326,763,'vintovochnie','Винтовочные патроны',0),(327,763,'pistoletnie','Пистолетные патроны',14),(328,763,'rujeinie','Ружейные патроны',0),(329,763,'drotiki','Дротики',0),(330,763,'streli','Стрелы',0),(331,763,'atomnie','Атомные снаряды',0),(332,763,'minometnie','Миномётные снаряды',0),(333,763,'batarei','Энергетические батареи',0),(334,764,'avtomatnie','Автоматные патроны',0),(335,764,'vintovochnie','Винтовочные патроны',0),(336,764,'pistoletnie','Пистолетные патроны',50),(337,764,'rujeinie','Ружейные патроны',0),(338,764,'drotiki','Дротики',0),(339,764,'streli','Стрелы',0),(340,764,'atomnie','Атомные снаряды',0),(341,764,'minometnie','Миномётные снаряды',0),(342,764,'batarei','Энергетические батареи',0),(343,765,'avtomatnie','Автоматные патроны',0),(344,765,'vintovochnie','Винтовочные патроны',0),(345,765,'pistoletnie','Пистолетные патроны',40),(346,765,'rujeinie','Ружейные патроны',0),(347,765,'drotiki','Дротики',544),(348,765,'streli','Стрелы',0),(349,765,'atomnie','Атомные снаряды',0),(350,765,'minometnie','Миномётные снаряды',0),(351,765,'batarei','Энергетические батареи',0),(352,766,'avtomatnie','Автоматные патроны',0),(353,766,'vintovochnie','Винтовочные патроны',0),(354,766,'pistoletnie','Пистолетные патроны',0),(355,766,'rujeinie','Ружейные патроны',0),(356,766,'drotiki','Дротики',0),(357,766,'streli','Стрелы',0),(358,766,'atomnie','Атомные снаряды',0),(359,766,'minometnie','Миномётные снаряды',0),(360,766,'batarei','Энергетические батареи',0),(442,776,'avtomatnie','Автоматные патроны',0),(361,767,'avtomatnie','Автоматные патроны',0),(362,767,'vintovochnie','Винтовочные патроны',0),(363,767,'pistoletnie','Пистолетные патроны',0),(364,767,'rujeinie','Ружейные патроны',0),(365,767,'drotiki','Дротики',0),(366,767,'streli','Стрелы',0),(367,767,'atomnie','Атомные снаряды',0),(368,767,'minometnie','Миномётные снаряды',0),(369,767,'batarei','Энергетические батареи',0),(370,768,'avtomatnie','Автоматные патроны',0),(371,768,'vintovochnie','Винтовочные патроны',0),(372,768,'pistoletnie','Пистолетные патроны',0),(373,768,'rujeinie','Ружейные патроны',0),(374,768,'drotiki','Дротики',0),(375,768,'streli','Стрелы',0),(376,768,'atomnie','Атомные снаряды',0),(377,768,'minometnie','Миномётные снаряды',0),(378,768,'batarei','Энергетические батареи',0),(379,769,'avtomatnie','Автоматные патроны',0),(380,769,'vintovochnie','Винтовочные патроны',0),(381,769,'pistoletnie','Пистолетные патроны',0),(382,769,'rujeinie','Ружейные патроны',0),(383,769,'drotiki','Дротики',0),(384,769,'streli','Стрелы',0),(385,769,'atomnie','Атомные снаряды',0),(386,769,'minometnie','Миномётные снаряды',0),(387,769,'batarei','Энергетические батареи',0),(388,770,'avtomatnie','Автоматные патроны',0),(389,770,'vintovochnie','Винтовочные патроны',0),(390,770,'pistoletnie','Пистолетные патроны',0),(391,770,'rujeinie','Ружейные патроны',0),(392,770,'drotiki','Дротики',0),(393,770,'streli','Стрелы',0),(394,770,'atomnie','Атомные снаряды',0),(395,770,'minometnie','Миномётные снаряды',0),(396,770,'batarei','Энергетические батареи',0),(397,771,'avtomatnie','Автоматные патроны',0),(398,771,'vintovochnie','Винтовочные патроны',0),(399,771,'pistoletnie','Пистолетные патроны',45),(400,771,'rujeinie','Ружейные патроны',0),(401,771,'drotiki','Дротики',0),(402,771,'streli','Стрелы',0),(403,771,'atomnie','Атомные снаряды',0),(404,771,'minometnie','Миномётные снаряды',0),(405,771,'batarei','Энергетические батареи',0),(406,772,'avtomatnie','Автоматные патроны',0),(407,772,'vintovochnie','Винтовочные патроны',0),(408,772,'pistoletnie','Пистолетные патроны',0),(409,772,'rujeinie','Ружейные патроны',0),(410,772,'drotiki','Дротики',0),(411,772,'streli','Стрелы',0),(412,772,'atomnie','Атомные снаряды',0),(413,772,'minometnie','Миномётные снаряды',0),(414,772,'batarei','Энергетические батареи',0),(415,773,'avtomatnie','Автоматные патроны',0),(416,773,'vintovochnie','Винтовочные патроны',0),(417,773,'pistoletnie','Пистолетные патроны',0),(418,773,'rujeinie','Ружейные патроны',0),(419,773,'drotiki','Дротики',0),(420,773,'streli','Стрелы',0),(421,773,'atomnie','Атомные снаряды',0),(422,773,'minometnie','Миномётные снаряды',0),(423,773,'batarei','Энергетические батареи',0),(425,774,'vintovochnie','Винтовочные патроны',0),(426,774,'pistoletnie','Пистолетные патроны',0),(427,774,'rujeinie','Ружейные патроны',0),(428,774,'drotiki','Дротики',0),(429,774,'streli','Стрелы',0),(430,774,'atomnie','Атомные снаряды',0),(431,774,'minometnie','Миномётные снаряды',0),(432,774,'batarei','Энергетические батареи',0),(433,775,'avtomatnie','Автоматные патроны',0),(434,775,'vintovochnie','Винтовочные патроны',0),(435,775,'pistoletnie','Пистолетные патроны',50),(436,775,'rujeinie','Ружейные патроны',0),(437,775,'drotiki','Дротики',0),(438,775,'streli','Стрелы',0),(439,775,'atomnie','Атомные снаряды',0),(440,775,'minometnie','Миномётные снаряды',0),(441,775,'batarei','Энергетические батареи',0),(443,776,'vintovochnie','Винтовочные патроны',0),(444,776,'pistoletnie','Пистолетные патроны',50),(445,776,'rujeinie','Ружейные патроны',0),(446,776,'drotiki','Дротики',0),(447,776,'streli','Стрелы',0),(448,776,'atomnie','Атомные снаряды',0),(449,776,'minometnie','Миномётные снаряды',0),(450,776,'batarei','Энергетические батареи',0),(451,777,'avtomatnie','Автоматные патроны',0),(452,777,'vintovochnie','Винтовочные патроны',0),(453,777,'pistoletnie','Пистолетные патроны',0),(454,777,'rujeinie','Ружейные патроны',0),(455,777,'drotiki','Дротики',0),(456,777,'streli','Стрелы',0),(457,777,'atomnie','Атомные снаряды',0),(458,777,'minometnie','Миномётные снаряды',0),(459,777,'batarei','Энергетические батареи',0),(460,778,'avtomatnie','Автоматные патроны',0),(461,778,'vintovochnie','Винтовочные патроны',0),(462,778,'pistoletnie','Пистолетные патроны',0),(463,778,'rujeinie','Ружейные патроны',0),(464,778,'drotiki','Дротики',0),(465,778,'streli','Стрелы',0),(466,778,'atomnie','Атомные снаряды',0),(467,778,'minometnie','Миномётные снаряды',0),(468,778,'batarei','Энергетические батареи',0),(469,779,'avtomatnie','Автоматные патроны',0),(470,779,'vintovochnie','Винтовочные патроны',0),(471,779,'pistoletnie','Пистолетные патроны',0),(472,779,'rujeinie','Ружейные патроны',0),(473,779,'drotiki','Дротики',0),(474,779,'streli','Стрелы',0),(475,779,'atomnie','Атомные снаряды',0),(476,779,'minometnie','Миномётные снаряды',0),(477,779,'batarei','Энергетические батареи',0),(478,780,'avtomatnie','Автоматные патроны',0),(479,780,'vintovochnie','Винтовочные патроны',0),(480,780,'pistoletnie','Пистолетные патроны',0),(481,780,'rujeinie','Ружейные патроны',0),(482,780,'drotiki','Дротики',0),(483,780,'streli','Стрелы',0),(484,780,'atomnie','Атомные снаряды',0),(485,780,'minometnie','Миномётные снаряды',0),(486,780,'batarei','Энергетические батареи',0),(487,781,'avtomatnie','Автоматные патроны',0),(488,781,'vintovochnie','Винтовочные патроны',0),(489,781,'pistoletnie','Пистолетные патроны',47),(490,781,'rujeinie','Ружейные патроны',0),(491,781,'drotiki','Дротики',0),(492,781,'streli','Стрелы',0),(493,781,'atomnie','Атомные снаряды',0),(494,781,'minometnie','Миномётные снаряды',0),(495,781,'batarei','Энергетические батареи',0),(496,782,'avtomatnie','Автоматные патроны',0),(497,782,'vintovochnie','Винтовочные патроны',0),(498,782,'pistoletnie','Пистолетные патроны',50),(499,782,'rujeinie','Ружейные патроны',0),(500,782,'drotiki','Дротики',0),(501,782,'streli','Стрелы',0),(502,782,'atomnie','Атомные снаряды',0),(503,782,'minometnie','Миномётные снаряды',0),(504,782,'batarei','Энергетические батареи',0),(505,783,'avtomatnie','Автоматные патроны',0),(506,783,'vintovochnie','Винтовочные патроны',0),(507,783,'pistoletnie','Пистолетные патроны',0),(508,783,'rujeinie','Ружейные патроны',0),(509,783,'drotiki','Дротики',0),(510,783,'streli','Стрелы',0),(511,783,'atomnie','Атомные снаряды',0),(512,783,'minometnie','Миномётные снаряды',0),(513,783,'batarei','Энергетические батареи',0),(514,784,'avtomatnie','Автоматные патроны',0),(515,784,'vintovochnie','Винтовочные патроны',0),(516,784,'pistoletnie','Пистолетные патроны',0),(517,784,'rujeinie','Ружейные патроны',0),(518,784,'drotiki','Дротики',0),(519,784,'streli','Стрелы',0),(520,784,'atomnie','Атомные снаряды',0),(521,784,'minometnie','Миномётные снаряды',0),(522,784,'batarei','Энергетические батареи',0),(523,785,'avtomatnie','Автоматные патроны',0),(524,785,'vintovochnie','Винтовочные патроны',0),(525,785,'pistoletnie','Пистолетные патроны',0),(526,785,'rujeinie','Ружейные патроны',0),(527,785,'drotiki','Дротики',0),(528,785,'streli','Стрелы',0),(529,785,'atomnie','Атомные снаряды',0),(530,785,'minometnie','Миномётные снаряды',0),(531,785,'batarei','Энергетические батареи',0),(532,786,'avtomatnie','Автоматные патроны',0),(533,786,'vintovochnie','Винтовочные патроны',0),(534,786,'pistoletnie','Пистолетные патроны',0),(535,786,'rujeinie','Ружейные патроны',0),(536,786,'drotiki','Дротики',0),(537,786,'streli','Стрелы',0),(538,786,'atomnie','Атомные снаряды',0),(539,786,'minometnie','Миномётные снаряды',0),(540,786,'batarei','Энергетические батареи',0),(541,787,'avtomatnie','Автоматные патроны',0),(542,787,'vintovochnie','Винтовочные патроны',0),(543,787,'pistoletnie','Пистолетные патроны',27),(544,787,'rujeinie','Ружейные патроны',0),(545,787,'drotiki','Дротики',0),(546,787,'streli','Стрелы',0),(547,787,'atomnie','Атомные снаряды',0),(548,787,'minometnie','Миномётные снаряды',0),(549,787,'batarei','Энергетические батареи',0),(550,788,'avtomatnie','Автоматные патроны',0),(551,788,'vintovochnie','Винтовочные патроны',0),(552,788,'pistoletnie','Пистолетные патроны',44),(553,788,'rujeinie','Ружейные патроны',0),(554,788,'drotiki','Дротики',0),(555,788,'streli','Стрелы',0),(556,788,'atomnie','Атомные снаряды',0),(557,788,'minometnie','Миномётные снаряды',0),(558,788,'batarei','Энергетические батареи',0),(559,789,'avtomatnie','Автоматные патроны',0),(560,789,'vintovochnie','Винтовочные патроны',0),(561,789,'pistoletnie','Пистолетные патроны',50),(562,789,'rujeinie','Ружейные патроны',0),(563,789,'drotiki','Дротики',0),(564,789,'streli','Стрелы',0),(565,789,'atomnie','Атомные снаряды',0),(566,789,'minometnie','Миномётные снаряды',0),(567,789,'batarei','Энергетические батареи',0),(568,790,'avtomatnie','Автоматные патроны',0),(569,790,'vintovochnie','Винтовочные патроны',0),(570,790,'pistoletnie','Пистолетные патроны',50),(571,790,'rujeinie','Ружейные патроны',0),(572,790,'drotiki','Дротики',0),(573,790,'streli','Стрелы',0),(574,790,'atomnie','Атомные снаряды',0),(575,790,'minometnie','Миномётные снаряды',0),(576,790,'batarei','Энергетические батареи',0),(577,1112,'avtomatnie','Автоматные патроны',0),(578,1112,'vintovochnie','Винтовочные патроны',0),(579,1112,'pistoletnie','Пистолетные патроны',70),(580,1112,'rujeinie','Ружейные патроны',0),(581,1112,'drotiki','Дротики',0),(582,1112,'streli','Стрелы',0),(583,1112,'atomnie','Атомные снаряды',0),(584,1112,'minometnie','Миномётные снаряды',0),(585,1112,'batarei','Энергетические батареи',0),(1123,1171,'streli','Стрелы',0),(1122,1171,'drotiki','Дротики',0),(1121,1171,'rujeinie','Ружейные патроны',0),(1120,1171,'pistoletnie','Пистолетные патроны',0),(1119,1171,'vintovochnie','Винтовочные патроны',0),(1118,1171,'avtomatnie','Автоматные патроны',0),(596,1113,'avtomatnie','Автоматные патроны',0),(597,1113,'vintovochnie','Винтовочные патроны',0),(598,1113,'pistoletnie','Пистолетные патроны',0),(599,1113,'rujeinie','Ружейные патроны',0),(600,1113,'drotiki','Дротики',0),(601,1113,'streli','Стрелы',0),(602,1113,'atomnie','Атомные снаряды',0),(603,1113,'minometnie','Миномётные снаряды',0),(604,1113,'batarei','Энергетические батареи',0),(605,1114,'avtomatnie','Автоматные патроны',0),(606,1114,'vintovochnie','Винтовочные патроны',0),(607,1114,'pistoletnie','Пистолетные патроны',0),(608,1114,'rujeinie','Ружейные патроны',0),(609,1114,'drotiki','Дротики',0),(610,1114,'streli','Стрелы',0),(611,1114,'atomnie','Атомные снаряды',0),(612,1114,'minometnie','Миномётные снаряды',0),(613,1114,'batarei','Энергетические батареи',0),(614,1115,'avtomatnie','Автоматные патроны',0),(615,1115,'vintovochnie','Винтовочные патроны',0),(616,1115,'pistoletnie','Пистолетные патроны',0),(617,1115,'rujeinie','Ружейные патроны',0),(618,1115,'drotiki','Дротики',0),(619,1115,'streli','Стрелы',0),(620,1115,'atomnie','Атомные снаряды',0),(621,1115,'minometnie','Миномётные снаряды',0),(622,1115,'batarei','Энергетические батареи',0),(623,1116,'avtomatnie','Автоматные патроны',0),(624,1116,'vintovochnie','Винтовочные патроны',0),(625,1116,'pistoletnie','Пистолетные патроны',0),(626,1116,'rujeinie','Ружейные патроны',0),(627,1116,'drotiki','Дротики',0),(628,1116,'streli','Стрелы',0),(629,1116,'atomnie','Атомные снаряды',0),(630,1116,'minometnie','Миномётные снаряды',0),(631,1116,'batarei','Энергетические батареи',0),(632,1117,'avtomatnie','Автоматные патроны',0),(633,1117,'vintovochnie','Винтовочные патроны',0),(634,1117,'pistoletnie','Пистолетные патроны',0),(635,1117,'rujeinie','Ружейные патроны',0),(636,1117,'drotiki','Дротики',0),(637,1117,'streli','Стрелы',0),(638,1117,'atomnie','Атомные снаряды',0),(639,1117,'minometnie','Миномётные снаряды',0),(640,1117,'batarei','Энергетические батареи',0),(641,1118,'avtomatnie','Автоматные патроны',0),(642,1118,'vintovochnie','Винтовочные патроны',0),(643,1118,'pistoletnie','Пистолетные патроны',0),(644,1118,'rujeinie','Ружейные патроны',0),(645,1118,'drotiki','Дротики',0),(646,1118,'streli','Стрелы',0),(647,1118,'atomnie','Атомные снаряды',0),(648,1118,'minometnie','Миномётные снаряды',0),(649,1118,'batarei','Энергетические батареи',0),(650,1119,'avtomatnie','Автоматные патроны',0),(651,1119,'vintovochnie','Винтовочные патроны',0),(652,1119,'pistoletnie','Пистолетные патроны',33),(653,1119,'rujeinie','Ружейные патроны',0),(654,1119,'drotiki','Дротики',0),(655,1119,'streli','Стрелы',0),(656,1119,'atomnie','Атомные снаряды',0),(657,1119,'minometnie','Миномётные снаряды',0),(658,1119,'batarei','Энергетические батареи',0),(659,1120,'avtomatnie','Автоматные патроны',0),(660,1120,'vintovochnie','Винтовочные патроны',0),(661,1120,'pistoletnie','Пистолетные патроны',50),(662,1120,'rujeinie','Ружейные патроны',0),(663,1120,'drotiki','Дротики',0),(664,1120,'streli','Стрелы',0),(665,1120,'atomnie','Атомные снаряды',0),(666,1120,'minometnie','Миномётные снаряды',0),(667,1120,'batarei','Энергетические батареи',0),(668,1121,'avtomatnie','Автоматные патроны',0),(669,1121,'vintovochnie','Винтовочные патроны',0),(670,1121,'pistoletnie','Пистолетные патроны',0),(671,1121,'rujeinie','Ружейные патроны',0),(672,1121,'drotiki','Дротики',0),(673,1121,'streli','Стрелы',0),(674,1121,'atomnie','Атомные снаряды',0),(675,1121,'minometnie','Миномётные снаряды',0),(676,1121,'batarei','Энергетические батареи',0),(677,1122,'avtomatnie','Автоматные патроны',0),(678,1122,'vintovochnie','Винтовочные патроны',0),(679,1122,'pistoletnie','Пистолетные патроны',0),(680,1122,'rujeinie','Ружейные патроны',0),(681,1122,'drotiki','Дротики',0),(682,1122,'streli','Стрелы',0),(683,1122,'atomnie','Атомные снаряды',0),(684,1122,'minometnie','Миномётные снаряды',0),(685,1122,'batarei','Энергетические батареи',0),(686,1123,'avtomatnie','Автоматные патроны',0),(687,1123,'vintovochnie','Винтовочные патроны',0),(688,1123,'pistoletnie','Пистолетные патроны',0),(689,1123,'rujeinie','Ружейные патроны',0),(690,1123,'drotiki','Дротики',0),(691,1123,'streli','Стрелы',0),(692,1123,'atomnie','Атомные снаряды',0),(693,1123,'minometnie','Миномётные снаряды',0),(694,1123,'batarei','Энергетические батареи',0),(695,1124,'avtomatnie','Автоматные патроны',0),(696,1124,'vintovochnie','Винтовочные патроны',0),(697,1124,'pistoletnie','Пистолетные патроны',0),(698,1124,'rujeinie','Ружейные патроны',0),(699,1124,'drotiki','Дротики',0),(700,1124,'streli','Стрелы',0),(701,1124,'atomnie','Атомные снаряды',0),(702,1124,'minometnie','Миномётные снаряды',0),(703,1124,'batarei','Энергетические батареи',0),(704,1125,'avtomatnie','Автоматные патроны',0),(705,1125,'vintovochnie','Винтовочные патроны',0),(706,1125,'pistoletnie','Пистолетные патроны',50),(707,1125,'rujeinie','Ружейные патроны',0),(708,1125,'drotiki','Дротики',0),(709,1125,'streli','Стрелы',0),(710,1125,'atomnie','Атомные снаряды',0),(711,1125,'minometnie','Миномётные снаряды',0),(712,1125,'batarei','Энергетические батареи',0),(713,1126,'avtomatnie','Автоматные патроны',0),(714,1126,'vintovochnie','Винтовочные патроны',0),(715,1126,'pistoletnie','Пистолетные патроны',50),(716,1126,'rujeinie','Ружейные патроны',0),(717,1126,'drotiki','Дротики',0),(718,1126,'streli','Стрелы',0),(719,1126,'atomnie','Атомные снаряды',0),(720,1126,'minometnie','Миномётные снаряды',0),(721,1126,'batarei','Энергетические батареи',0),(722,1127,'avtomatnie','Автоматные патроны',0),(723,1127,'vintovochnie','Винтовочные патроны',0),(724,1127,'pistoletnie','Пистолетные патроны',50),(725,1127,'rujeinie','Ружейные патроны',0),(726,1127,'drotiki','Дротики',60),(727,1127,'streli','Стрелы',0),(728,1127,'atomnie','Атомные снаряды',0),(729,1127,'minometnie','Миномётные снаряды',0),(730,1127,'batarei','Энергетические батареи',6),(731,1128,'avtomatnie','Автоматные патроны',0),(732,1128,'vintovochnie','Винтовочные патроны',0),(733,1128,'pistoletnie','Пистолетные патроны',1),(734,1128,'rujeinie','Ружейные патроны',0),(735,1128,'drotiki','Дротики',0),(736,1128,'streli','Стрелы',0),(737,1128,'atomnie','Атомные снаряды',0),(738,1128,'minometnie','Миномётные снаряды',0),(739,1128,'batarei','Энергетические батареи',0),(740,1129,'avtomatnie','Автоматные патроны',0),(741,1129,'vintovochnie','Винтовочные патроны',0),(742,1129,'pistoletnie','Пистолетные патроны',7),(743,1129,'rujeinie','Ружейные патроны',0),(744,1129,'drotiki','Дротики',0),(745,1129,'streli','Стрелы',0),(746,1129,'atomnie','Атомные снаряды',0),(747,1129,'minometnie','Миномётные снаряды',0),(748,1129,'batarei','Энергетические батареи',0),(749,1130,'avtomatnie','Автоматные патроны',0),(750,1130,'vintovochnie','Винтовочные патроны',0),(751,1130,'pistoletnie','Пистолетные патроны',0),(752,1130,'rujeinie','Ружейные патроны',0),(753,1130,'drotiki','Дротики',0),(754,1130,'streli','Стрелы',0),(755,1130,'atomnie','Атомные снаряды',0),(756,1130,'minometnie','Миномётные снаряды',0),(757,1130,'batarei','Энергетические батареи',0),(758,1131,'avtomatnie','Автоматные патроны',0),(759,1131,'vintovochnie','Винтовочные патроны',0),(760,1131,'pistoletnie','Пистолетные патроны',50),(761,1131,'rujeinie','Ружейные патроны',0),(762,1131,'drotiki','Дротики',0),(763,1131,'streli','Стрелы',0),(764,1131,'atomnie','Атомные снаряды',0),(765,1131,'minometnie','Миномётные снаряды',0),(766,1131,'batarei','Энергетические батареи',0),(767,1132,'avtomatnie','Автоматные патроны',0),(768,1132,'vintovochnie','Винтовочные патроны',0),(769,1132,'pistoletnie','Пистолетные патроны',50),(770,1132,'rujeinie','Ружейные патроны',0),(771,1132,'drotiki','Дротики',0),(772,1132,'streli','Стрелы',0),(773,1132,'atomnie','Атомные снаряды',0),(774,1132,'minometnie','Миномётные снаряды',0),(775,1132,'batarei','Энергетические батареи',0),(776,1133,'avtomatnie','Автоматные патроны',0),(777,1133,'vintovochnie','Винтовочные патроны',0),(778,1133,'pistoletnie','Пистолетные патроны',0),(779,1133,'rujeinie','Ружейные патроны',0),(780,1133,'drotiki','Дротики',0),(781,1133,'streli','Стрелы',0),(782,1133,'atomnie','Атомные снаряды',0),(783,1133,'minometnie','Миномётные снаряды',0),(784,1133,'batarei','Энергетические батареи',0),(785,1134,'avtomatnie','Автоматные патроны',0),(786,1134,'vintovochnie','Винтовочные патроны',0),(787,1134,'pistoletnie','Пистолетные патроны',0),(788,1134,'rujeinie','Ружейные патроны',0),(789,1134,'drotiki','Дротики',0),(790,1134,'streli','Стрелы',0),(791,1134,'atomnie','Атомные снаряды',0),(792,1134,'minometnie','Миномётные снаряды',0),(793,1134,'batarei','Энергетические батареи',0),(794,1135,'avtomatnie','Автоматные патроны',0),(795,1135,'vintovochnie','Винтовочные патроны',0),(796,1135,'pistoletnie','Пистолетные патроны',50),(797,1135,'rujeinie','Ружейные патроны',0),(798,1135,'drotiki','Дротики',0),(799,1135,'streli','Стрелы',0),(800,1135,'atomnie','Атомные снаряды',0),(801,1135,'minometnie','Миномётные снаряды',0),(802,1135,'batarei','Энергетические батареи',0),(803,1136,'avtomatnie','Автоматные патроны',0),(804,1136,'vintovochnie','Винтовочные патроны',0),(805,1136,'pistoletnie','Пистолетные патроны',0),(806,1136,'rujeinie','Ружейные патроны',0),(807,1136,'drotiki','Дротики',0),(808,1136,'streli','Стрелы',0),(809,1136,'atomnie','Атомные снаряды',0),(810,1136,'minometnie','Миномётные снаряды',0),(811,1136,'batarei','Энергетические батареи',0),(812,1137,'avtomatnie','Автоматные патроны',0),(813,1137,'vintovochnie','Винтовочные патроны',0),(814,1137,'pistoletnie','Пистолетные патроны',0),(815,1137,'rujeinie','Ружейные патроны',0),(816,1137,'drotiki','Дротики',0),(817,1137,'streli','Стрелы',0),(818,1137,'atomnie','Атомные снаряды',0),(819,1137,'minometnie','Миномётные снаряды',0),(820,1137,'batarei','Энергетические батареи',0),(821,1138,'avtomatnie','Автоматные патроны',0),(822,1138,'vintovochnie','Винтовочные патроны',0),(823,1138,'pistoletnie','Пистолетные патроны',50),(824,1138,'rujeinie','Ружейные патроны',0),(825,1138,'drotiki','Дротики',0),(826,1138,'streli','Стрелы',0),(827,1138,'atomnie','Атомные снаряды',0),(828,1138,'minometnie','Миномётные снаряды',0),(829,1138,'batarei','Энергетические батареи',0),(830,1139,'avtomatnie','Автоматные патроны',0),(831,1139,'vintovochnie','Винтовочные патроны',0),(832,1139,'pistoletnie','Пистолетные патроны',0),(833,1139,'rujeinie','Ружейные патроны',0),(834,1139,'drotiki','Дротики',0),(835,1139,'streli','Стрелы',0),(836,1139,'atomnie','Атомные снаряды',0),(837,1139,'minometnie','Миномётные снаряды',0),(838,1139,'batarei','Энергетические батареи',0),(839,1140,'avtomatnie','Автоматные патроны',0),(840,1140,'vintovochnie','Винтовочные патроны',0),(841,1140,'pistoletnie','Пистолетные патроны',0),(842,1140,'rujeinie','Ружейные патроны',0),(843,1140,'drotiki','Дротики',0),(844,1140,'streli','Стрелы',0),(845,1140,'atomnie','Атомные снаряды',0),(846,1140,'minometnie','Миномётные снаряды',0),(847,1140,'batarei','Энергетические батареи',0),(848,1141,'avtomatnie','Автоматные патроны',0),(849,1141,'vintovochnie','Винтовочные патроны',0),(850,1141,'pistoletnie','Пистолетные патроны',47),(851,1141,'rujeinie','Ружейные патроны',0),(852,1141,'drotiki','Дротики',0),(853,1141,'streli','Стрелы',0),(854,1141,'atomnie','Атомные снаряды',0),(855,1141,'minometnie','Миномётные снаряды',0),(856,1141,'batarei','Энергетические батареи',0),(857,1142,'avtomatnie','Автоматные патроны',0),(858,1142,'vintovochnie','Винтовочные патроны',0),(859,1142,'pistoletnie','Пистолетные патроны',41),(860,1142,'rujeinie','Ружейные патроны',0),(861,1142,'drotiki','Дротики',0),(862,1142,'streli','Стрелы',0),(863,1142,'atomnie','Атомные снаряды',0),(864,1142,'minometnie','Миномётные снаряды',0),(865,1142,'batarei','Энергетические батареи',0),(866,1143,'avtomatnie','Автоматные патроны',0),(867,1143,'vintovochnie','Винтовочные патроны',0),(868,1143,'pistoletnie','Пистолетные патроны',0),(869,1143,'rujeinie','Ружейные патроны',0),(870,1143,'drotiki','Дротики',0),(871,1143,'streli','Стрелы',0),(872,1143,'atomnie','Атомные снаряды',0),(873,1143,'minometnie','Миномётные снаряды',0),(874,1143,'batarei','Энергетические батареи',0),(875,1144,'avtomatnie','Автоматные патроны',0),(876,1144,'vintovochnie','Винтовочные патроны',0),(877,1144,'pistoletnie','Пистолетные патроны',50),(878,1144,'rujeinie','Ружейные патроны',0),(879,1144,'drotiki','Дротики',0),(880,1144,'streli','Стрелы',0),(881,1144,'atomnie','Атомные снаряды',0),(882,1144,'minometnie','Миномётные снаряды',0),(883,1144,'batarei','Энергетические батареи',0),(884,1145,'avtomatnie','Автоматные патроны',0),(885,1145,'vintovochnie','Винтовочные патроны',0),(886,1145,'pistoletnie','Пистолетные патроны',145),(887,1145,'rujeinie','Ружейные патроны',148),(888,1145,'drotiki','Дротики',0),(889,1145,'streli','Стрелы',0),(890,1145,'atomnie','Атомные снаряды',0),(891,1145,'minometnie','Миномётные снаряды',0),(892,1145,'batarei','Энергетические батареи',7),(893,1146,'avtomatnie','Автоматные патроны',0),(894,1146,'vintovochnie','Винтовочные патроны',0),(895,1146,'pistoletnie','Пистолетные патроны',0),(896,1146,'rujeinie','Ружейные патроны',0),(897,1146,'drotiki','Дротики',0),(898,1146,'streli','Стрелы',0),(899,1146,'atomnie','Атомные снаряды',0),(900,1146,'minometnie','Миномётные снаряды',0),(901,1146,'batarei','Энергетические батареи',0),(902,1147,'avtomatnie','Автоматные патроны',0),(903,1147,'vintovochnie','Винтовочные патроны',0),(904,1147,'pistoletnie','Пистолетные патроны',0),(905,1147,'rujeinie','Ружейные патроны',0),(906,1147,'drotiki','Дротики',0),(907,1147,'streli','Стрелы',0),(908,1147,'atomnie','Атомные снаряды',0),(909,1147,'minometnie','Миномётные снаряды',0),(910,1147,'batarei','Энергетические батареи',0),(911,1148,'avtomatnie','Автоматные патроны',0),(912,1148,'vintovochnie','Винтовочные патроны',0),(913,1148,'pistoletnie','Пистолетные патроны',0),(914,1148,'rujeinie','Ружейные патроны',0),(915,1148,'drotiki','Дротики',0),(916,1148,'streli','Стрелы',0),(917,1148,'atomnie','Атомные снаряды',0),(918,1148,'minometnie','Миномётные снаряды',0),(919,1148,'batarei','Энергетические батареи',0),(920,1149,'avtomatnie','Автоматные патроны',1352),(921,1149,'vintovochnie','Винтовочные патроны',917),(922,1149,'pistoletnie','Пистолетные патроны',485),(923,1149,'rujeinie','Ружейные патроны',526),(924,1149,'drotiki','Дротики',773),(925,1149,'streli','Стрелы',0),(926,1149,'atomnie','Атомные снаряды',0),(927,1149,'minometnie','Миномётные снаряды',0),(928,1149,'batarei','Энергетические батареи',0),(929,1150,'avtomatnie','Автоматные патроны',0),(930,1150,'vintovochnie','Винтовочные патроны',0),(931,1150,'pistoletnie','Пистолетные патроны',0),(932,1150,'rujeinie','Ружейные патроны',0),(933,1150,'drotiki','Дротики',0),(934,1150,'streli','Стрелы',0),(935,1150,'atomnie','Атомные снаряды',0),(936,1150,'minometnie','Миномётные снаряды',0),(937,1150,'batarei','Энергетические батареи',0),(938,1151,'avtomatnie','Автоматные патроны',0),(939,1151,'vintovochnie','Винтовочные патроны',0),(940,1151,'pistoletnie','Пистолетные патроны',0),(941,1151,'rujeinie','Ружейные патроны',0),(942,1151,'drotiki','Дротики',0),(943,1151,'streli','Стрелы',0),(944,1151,'atomnie','Атомные снаряды',0),(945,1151,'minometnie','Миномётные снаряды',0),(946,1151,'batarei','Энергетические батареи',0),(947,1152,'avtomatnie','Автоматные патроны',0),(948,1152,'vintovochnie','Винтовочные патроны',0),(949,1152,'pistoletnie','Пистолетные патроны',0),(950,1152,'rujeinie','Ружейные патроны',0),(951,1152,'drotiki','Дротики',0),(952,1152,'streli','Стрелы',0),(953,1152,'atomnie','Атомные снаряды',0),(954,1152,'minometnie','Миномётные снаряды',0),(955,1152,'batarei','Энергетические батареи',0),(956,1153,'avtomatnie','Автоматные патроны',0),(957,1153,'vintovochnie','Винтовочные патроны',0),(958,1153,'pistoletnie','Пистолетные патроны',0),(959,1153,'rujeinie','Ружейные патроны',0),(960,1153,'drotiki','Дротики',0),(961,1153,'streli','Стрелы',0),(962,1153,'atomnie','Атомные снаряды',0),(963,1153,'minometnie','Миномётные снаряды',0),(964,1153,'batarei','Энергетические батареи',0),(965,1154,'avtomatnie','Автоматные патроны',0),(966,1154,'vintovochnie','Винтовочные патроны',0),(967,1154,'pistoletnie','Пистолетные патроны',0),(968,1154,'rujeinie','Ружейные патроны',0),(969,1154,'drotiki','Дротики',0),(970,1154,'streli','Стрелы',0),(971,1154,'atomnie','Атомные снаряды',0),(972,1154,'minometnie','Миномётные снаряды',0),(973,1154,'batarei','Энергетические батареи',0),(974,1155,'avtomatnie','Автоматные патроны',0),(975,1155,'vintovochnie','Винтовочные патроны',0),(976,1155,'pistoletnie','Пистолетные патроны',91),(977,1155,'rujeinie','Ружейные патроны',0),(978,1155,'drotiki','Дротики',0),(979,1155,'streli','Стрелы',0),(980,1155,'atomnie','Атомные снаряды',0),(981,1155,'minometnie','Миномётные снаряды',0),(982,1155,'batarei','Энергетические батареи',0),(983,1156,'avtomatnie','Автоматные патроны',0),(984,1156,'vintovochnie','Винтовочные патроны',0),(985,1156,'pistoletnie','Пистолетные патроны',0),(986,1156,'rujeinie','Ружейные патроны',0),(987,1156,'drotiki','Дротики',0),(988,1156,'streli','Стрелы',0),(989,1156,'atomnie','Атомные снаряды',0),(990,1156,'minometnie','Миномётные снаряды',0),(991,1156,'batarei','Энергетические батареи',0),(992,1157,'avtomatnie','Автоматные патроны',0),(993,1157,'vintovochnie','Винтовочные патроны',0),(994,1157,'pistoletnie','Пистолетные патроны',0),(995,1157,'rujeinie','Ружейные патроны',0),(996,1157,'drotiki','Дротики',0),(997,1157,'streli','Стрелы',0),(998,1157,'atomnie','Атомные снаряды',0),(999,1157,'minometnie','Миномётные снаряды',0),(1000,1157,'batarei','Энергетические батареи',0),(1001,1158,'avtomatnie','Автоматные патроны',0),(1002,1158,'vintovochnie','Винтовочные патроны',0),(1003,1158,'pistoletnie','Пистолетные патроны',0),(1004,1158,'rujeinie','Ружейные патроны',0),(1005,1158,'drotiki','Дротики',0),(1006,1158,'streli','Стрелы',0),(1007,1158,'atomnie','Атомные снаряды',0),(1008,1158,'minometnie','Миномётные снаряды',0),(1009,1158,'batarei','Энергетические батареи',0),(1010,1159,'avtomatnie','Автоматные патроны',0),(1011,1159,'vintovochnie','Винтовочные патроны',0),(1012,1159,'pistoletnie','Пистолетные патроны',0),(1013,1159,'rujeinie','Ружейные патроны',0),(1014,1159,'drotiki','Дротики',0),(1015,1159,'streli','Стрелы',0),(1016,1159,'atomnie','Атомные снаряды',0),(1017,1159,'minometnie','Миномётные снаряды',0),(1018,1159,'batarei','Энергетические батареи',0),(1019,1160,'avtomatnie','Автоматные патроны',0),(1020,1160,'vintovochnie','Винтовочные патроны',0),(1021,1160,'pistoletnie','Пистолетные патроны',0),(1022,1160,'rujeinie','Ружейные патроны',0),(1023,1160,'drotiki','Дротики',0),(1024,1160,'streli','Стрелы',0),(1025,1160,'atomnie','Атомные снаряды',0),(1026,1160,'minometnie','Миномётные снаряды',0),(1027,1160,'batarei','Энергетические батареи',0),(1028,1161,'avtomatnie','Автоматные патроны',0),(1029,1161,'vintovochnie','Винтовочные патроны',0),(1030,1161,'pistoletnie','Пистолетные патроны',0),(1031,1161,'rujeinie','Ружейные патроны',0),(1032,1161,'drotiki','Дротики',0),(1033,1161,'streli','Стрелы',0),(1034,1161,'atomnie','Атомные снаряды',0),(1035,1161,'minometnie','Миномётные снаряды',0),(1036,1161,'batarei','Энергетические батареи',0),(1037,1162,'avtomatnie','Автоматные патроны',0),(1038,1162,'vintovochnie','Винтовочные патроны',0),(1039,1162,'pistoletnie','Пистолетные патроны',50),(1040,1162,'rujeinie','Ружейные патроны',0),(1041,1162,'drotiki','Дротики',0),(1042,1162,'streli','Стрелы',0),(1043,1162,'atomnie','Атомные снаряды',0),(1044,1162,'minometnie','Миномётные снаряды',0),(1045,1162,'batarei','Энергетические батареи',0),(1046,1163,'avtomatnie','Автоматные патроны',0),(1047,1163,'vintovochnie','Винтовочные патроны',0),(1048,1163,'pistoletnie','Пистолетные патроны',50),(1049,1163,'rujeinie','Ружейные патроны',0),(1050,1163,'drotiki','Дротики',0),(1051,1163,'streli','Стрелы',0),(1052,1163,'atomnie','Атомные снаряды',0),(1053,1163,'minometnie','Миномётные снаряды',0),(1054,1163,'batarei','Энергетические батареи',0),(1055,1164,'avtomatnie','Автоматные патроны',0),(1056,1164,'vintovochnie','Винтовочные патроны',0),(1057,1164,'pistoletnie','Пистолетные патроны',0),(1058,1164,'rujeinie','Ружейные патроны',0),(1059,1164,'drotiki','Дротики',0),(1060,1164,'streli','Стрелы',0),(1061,1164,'atomnie','Атомные снаряды',0),(1062,1164,'minometnie','Миномётные снаряды',0),(1063,1164,'batarei','Энергетические батареи',0),(1064,1165,'avtomatnie','Автоматные патроны',0),(1065,1165,'vintovochnie','Винтовочные патроны',0),(1066,1165,'pistoletnie','Пистолетные патроны',50),(1067,1165,'rujeinie','Ружейные патроны',0),(1068,1165,'drotiki','Дротики',0),(1069,1165,'streli','Стрелы',0),(1070,1165,'atomnie','Атомные снаряды',0),(1071,1165,'minometnie','Миномётные снаряды',0),(1072,1165,'batarei','Энергетические батареи',0),(1073,1166,'avtomatnie','Автоматные патроны',0),(1074,1166,'vintovochnie','Винтовочные патроны',0),(1075,1166,'pistoletnie','Пистолетные патроны',0),(1076,1166,'rujeinie','Ружейные патроны',0),(1077,1166,'drotiki','Дротики',0),(1078,1166,'streli','Стрелы',0),(1079,1166,'atomnie','Атомные снаряды',0),(1080,1166,'minometnie','Миномётные снаряды',0),(1081,1166,'batarei','Энергетические батареи',0),(1082,1167,'avtomatnie','Автоматные патроны',0),(1083,1167,'vintovochnie','Винтовочные патроны',0),(1084,1167,'pistoletnie','Пистолетные патроны',31),(1085,1167,'rujeinie','Ружейные патроны',0),(1086,1167,'drotiki','Дротики',0),(1087,1167,'streli','Стрелы',0),(1088,1167,'atomnie','Атомные снаряды',0),(1089,1167,'minometnie','Миномётные снаряды',0),(1090,1167,'batarei','Энергетические батареи',0),(1091,1168,'avtomatnie','Автоматные патроны',0),(1092,1168,'vintovochnie','Винтовочные патроны',0),(1093,1168,'pistoletnie','Пистолетные патроны',0),(1094,1168,'rujeinie','Ружейные патроны',0),(1095,1168,'drotiki','Дротики',0),(1096,1168,'streli','Стрелы',0),(1097,1168,'atomnie','Атомные снаряды',0),(1098,1168,'minometnie','Миномётные снаряды',0),(1099,1168,'batarei','Энергетические батареи',0),(1100,1169,'avtomatnie','Автоматные патроны',503),(1101,1169,'vintovochnie','Винтовочные патроны',938),(1102,1169,'pistoletnie','Пистолетные патроны',1129),(1103,1169,'rujeinie','Ружейные патроны',1094),(1104,1169,'drotiki','Дротики',1099),(1105,1169,'streli','Стрелы',0),(1106,1169,'atomnie','Атомные снаряды',0),(1107,1169,'minometnie','Миномётные снаряды',0),(1108,1169,'batarei','Энергетические батареи',797),(1109,1170,'avtomatnie','Автоматные патроны',0),(1110,1170,'vintovochnie','Винтовочные патроны',0),(1111,1170,'pistoletnie','Пистолетные патроны',0),(1112,1170,'rujeinie','Ружейные патроны',0),(1113,1170,'drotiki','Дротики',0),(1114,1170,'streli','Стрелы',0),(1115,1170,'atomnie','Атомные снаряды',0),(1116,1170,'minometnie','Миномётные снаряды',0),(1117,1170,'batarei','Энергетические батареи',0),(1124,1171,'atomnie','Атомные снаряды',0),(1125,1171,'minometnie','Миномётные снаряды',0),(1126,1171,'batarei','Энергетические батареи',0),(1127,1172,'avtomatnie','Автоматные патроны',0),(1128,1172,'vintovochnie','Винтовочные патроны',0),(1129,1172,'pistoletnie','Пистолетные патроны',0),(1130,1172,'rujeinie','Ружейные патроны',0),(1131,1172,'drotiki','Дротики',0),(1132,1172,'streli','Стрелы',0),(1133,1172,'atomnie','Атомные снаряды',0),(1134,1172,'minometnie','Миномётные снаряды',0),(1135,1172,'batarei','Энергетические батареи',0),(1136,1173,'avtomatnie','Автоматные патроны',0),(1137,1173,'vintovochnie','Винтовочные патроны',0),(1138,1173,'pistoletnie','Пистолетные патроны',0),(1139,1173,'rujeinie','Ружейные патроны',0),(1140,1173,'drotiki','Дротики',0),(1141,1173,'streli','Стрелы',0),(1142,1173,'atomnie','Атомные снаряды',0),(1143,1173,'minometnie','Миномётные снаряды',0),(1144,1173,'batarei','Энергетические батареи',0),(1145,1174,'avtomatnie','Автоматные патроны',0),(1146,1174,'vintovochnie','Винтовочные патроны',0),(1147,1174,'pistoletnie','Пистолетные патроны',0),(1148,1174,'rujeinie','Ружейные патроны',0),(1149,1174,'drotiki','Дротики',0),(1150,1174,'streli','Стрелы',0),(1151,1174,'atomnie','Атомные снаряды',0),(1152,1174,'minometnie','Миномётные снаряды',0),(1153,1174,'batarei','Энергетические батареи',0),(1154,1175,'avtomatnie','Автоматные патроны',0),(1155,1175,'vintovochnie','Винтовочные патроны',0),(1156,1175,'pistoletnie','Пистолетные патроны',0),(1157,1175,'rujeinie','Ружейные патроны',0),(1158,1175,'drotiki','Дротики',0),(1159,1175,'streli','Стрелы',0),(1160,1175,'atomnie','Атомные снаряды',0),(1161,1175,'minometnie','Миномётные снаряды',0),(1162,1175,'batarei','Энергетические батареи',0),(1163,1176,'avtomatnie','Автоматные патроны',0),(1164,1176,'vintovochnie','Винтовочные патроны',0),(1165,1176,'pistoletnie','Пистолетные патроны',0),(1166,1176,'rujeinie','Ружейные патроны',0),(1167,1176,'drotiki','Дротики',0),(1168,1176,'streli','Стрелы',0),(1169,1176,'atomnie','Атомные снаряды',0),(1170,1176,'minometnie','Миномётные снаряды',0),(1171,1176,'batarei','Энергетические батареи',0),(1172,1177,'avtomatnie','Автоматные патроны',0),(1173,1177,'vintovochnie','Винтовочные патроны',0),(1174,1177,'pistoletnie','Пистолетные патроны',0),(1175,1177,'rujeinie','Ружейные патроны',0),(1176,1177,'drotiki','Дротики',0),(1177,1177,'streli','Стрелы',0),(1178,1177,'atomnie','Атомные снаряды',0),(1179,1177,'minometnie','Миномётные снаряды',0),(1180,1177,'batarei','Энергетические батареи',0),(1181,1178,'avtomatnie','Автоматные патроны',0),(1182,1178,'vintovochnie','Винтовочные патроны',0),(1183,1178,'pistoletnie','Пистолетные патроны',0),(1184,1178,'rujeinie','Ружейные патроны',0),(1185,1178,'drotiki','Дротики',0),(1186,1178,'streli','Стрелы',0),(1187,1178,'atomnie','Атомные снаряды',0),(1188,1178,'minometnie','Миномётные снаряды',0),(1189,1178,'batarei','Энергетические батареи',0),(1190,1179,'avtomatnie','Автоматные патроны',0),(1191,1179,'vintovochnie','Винтовочные патроны',0),(1192,1179,'pistoletnie','Пистолетные патроны',0),(1193,1179,'rujeinie','Ружейные патроны',0),(1194,1179,'drotiki','Дротики',0),(1195,1179,'streli','Стрелы',0),(1196,1179,'atomnie','Атомные снаряды',0),(1197,1179,'minometnie','Миномётные снаряды',0),(1198,1179,'batarei','Энергетические батареи',0),(1199,1180,'avtomatnie','Автоматные патроны',0),(1200,1180,'vintovochnie','Винтовочные патроны',0),(1201,1180,'pistoletnie','Пистолетные патроны',0),(1202,1180,'rujeinie','Ружейные патроны',0),(1203,1180,'drotiki','Дротики',0),(1204,1180,'streli','Стрелы',0),(1205,1180,'atomnie','Атомные снаряды',0),(1206,1180,'minometnie','Миномётные снаряды',0),(1207,1180,'batarei','Энергетические батареи',0),(1208,1181,'avtomatnie','Автоматные патроны',0),(1209,1181,'vintovochnie','Винтовочные патроны',0),(1210,1181,'pistoletnie','Пистолетные патроны',0),(1211,1181,'rujeinie','Ружейные патроны',0),(1212,1181,'drotiki','Дротики',0),(1213,1181,'streli','Стрелы',0),(1214,1181,'atomnie','Атомные снаряды',0),(1215,1181,'minometnie','Миномётные снаряды',0),(1216,1181,'batarei','Энергетические батареи',0),(1217,1182,'avtomatnie','Автоматные патроны',0),(1218,1182,'vintovochnie','Винтовочные патроны',0),(1219,1182,'pistoletnie','Пистолетные патроны',0),(1220,1182,'rujeinie','Ружейные патроны',0),(1221,1182,'drotiki','Дротики',0),(1222,1182,'streli','Стрелы',0),(1223,1182,'atomnie','Атомные снаряды',0),(1224,1182,'minometnie','Миномётные снаряды',0),(1225,1182,'batarei','Энергетические батареи',0),(1226,1183,'avtomatnie','Автоматные патроны',0),(1227,1183,'vintovochnie','Винтовочные патроны',0),(1228,1183,'pistoletnie','Пистолетные патроны',0),(1229,1183,'rujeinie','Ружейные патроны',0),(1230,1183,'drotiki','Дротики',0),(1231,1183,'streli','Стрелы',0),(1232,1183,'atomnie','Атомные снаряды',0),(1233,1183,'minometnie','Миномётные снаряды',0),(1234,1183,'batarei','Энергетические батареи',0),(1235,1184,'avtomatnie','Автоматные патроны',0),(1236,1184,'vintovochnie','Винтовочные патроны',0),(1237,1184,'pistoletnie','Пистолетные патроны',0),(1238,1184,'rujeinie','Ружейные патроны',0),(1239,1184,'drotiki','Дротики',0),(1240,1184,'streli','Стрелы',0),(1241,1184,'atomnie','Атомные снаряды',0),(1242,1184,'minometnie','Миномётные снаряды',0),(1243,1184,'batarei','Энергетические батареи',0),(1244,1185,'avtomatnie','Автоматные патроны',0),(1245,1185,'vintovochnie','Винтовочные патроны',0),(1246,1185,'pistoletnie','Пистолетные патроны',0),(1247,1185,'rujeinie','Ружейные патроны',0),(1248,1185,'drotiki','Дротики',0),(1249,1185,'streli','Стрелы',0),(1250,1185,'atomnie','Атомные снаряды',0),(1251,1185,'minometnie','Миномётные снаряды',0),(1252,1185,'batarei','Энергетические батареи',0),(1253,1186,'avtomatnie','Автоматные патроны',0),(1254,1186,'vintovochnie','Винтовочные патроны',0),(1255,1186,'pistoletnie','Пистолетные патроны',0),(1256,1186,'rujeinie','Ружейные патроны',0),(1257,1186,'drotiki','Дротики',0),(1258,1186,'streli','Стрелы',0),(1259,1186,'atomnie','Атомные снаряды',0),(1260,1186,'minometnie','Миномётные снаряды',0),(1261,1186,'batarei','Энергетические батареи',0),(1262,1187,'avtomatnie','Автоматные патроны',0),(1263,1187,'vintovochnie','Винтовочные патроны',0),(1264,1187,'pistoletnie','Пистолетные патроны',50),(1265,1187,'rujeinie','Ружейные патроны',0),(1266,1187,'drotiki','Дротики',0),(1267,1187,'streli','Стрелы',0),(1268,1187,'atomnie','Атомные снаряды',0),(1269,1187,'minometnie','Миномётные снаряды',0),(1270,1187,'batarei','Энергетические батареи',0),(1271,1188,'avtomatnie','Автоматные патроны',0),(1272,1188,'vintovochnie','Винтовочные патроны',0),(1273,1188,'pistoletnie','Пистолетные патроны',0),(1274,1188,'rujeinie','Ружейные патроны',0),(1275,1188,'drotiki','Дротики',0),(1276,1188,'streli','Стрелы',0),(1277,1188,'atomnie','Атомные снаряды',0),(1278,1188,'minometnie','Миномётные снаряды',0),(1279,1188,'batarei','Энергетические батареи',0),(1280,1189,'avtomatnie','Автоматные патроны',0),(1281,1189,'vintovochnie','Винтовочные патроны',0),(1282,1189,'pistoletnie','Пистолетные патроны',0),(1283,1189,'rujeinie','Ружейные патроны',0),(1284,1189,'drotiki','Дротики',0),(1285,1189,'streli','Стрелы',0),(1286,1189,'atomnie','Атомные снаряды',0),(1287,1189,'minometnie','Миномётные снаряды',0),(1288,1189,'batarei','Энергетические батареи',0),(1289,1190,'avtomatnie','Автоматные патроны',0),(1290,1190,'vintovochnie','Винтовочные патроны',0),(1291,1190,'pistoletnie','Пистолетные патроны',0),(1292,1190,'rujeinie','Ружейные патроны',0),(1293,1190,'drotiki','Дротики',0),(1294,1190,'streli','Стрелы',0),(1295,1190,'atomnie','Атомные снаряды',0),(1296,1190,'minometnie','Миномётные снаряды',0),(1297,1190,'batarei','Энергетические батареи',0),(1298,1191,'avtomatnie','Автоматные патроны',0),(1299,1191,'vintovochnie','Винтовочные патроны',0),(1300,1191,'pistoletnie','Пистолетные патроны',50),(1301,1191,'rujeinie','Ружейные патроны',0),(1302,1191,'drotiki','Дротики',0),(1303,1191,'streli','Стрелы',0),(1304,1191,'atomnie','Атомные снаряды',0),(1305,1191,'minometnie','Миномётные снаряды',0),(1306,1191,'batarei','Энергетические батареи',0),(1307,1192,'avtomatnie','Автоматные патроны',0),(1308,1192,'vintovochnie','Винтовочные патроны',0),(1309,1192,'pistoletnie','Пистолетные патроны',0),(1310,1192,'rujeinie','Ружейные патроны',0),(1311,1192,'drotiki','Дротики',0),(1312,1192,'streli','Стрелы',0),(1313,1192,'atomnie','Атомные снаряды',0),(1314,1192,'minometnie','Миномётные снаряды',0),(1315,1192,'batarei','Энергетические батареи',0),(1316,1193,'avtomatnie','Автоматные патроны',0),(1317,1193,'vintovochnie','Винтовочные патроны',0),(1318,1193,'pistoletnie','Пистолетные патроны',0),(1319,1193,'rujeinie','Ружейные патроны',0),(1320,1193,'drotiki','Дротики',0),(1321,1193,'streli','Стрелы',0),(1322,1193,'atomnie','Атомные снаряды',0),(1323,1193,'minometnie','Миномётные снаряды',0),(1324,1193,'batarei','Энергетические батареи',0),(1325,1194,'avtomatnie','Автоматные патроны',0),(1326,1194,'vintovochnie','Винтовочные патроны',0),(1327,1194,'pistoletnie','Пистолетные патроны',50),(1328,1194,'rujeinie','Ружейные патроны',0),(1329,1194,'drotiki','Дротики',0),(1330,1194,'streli','Стрелы',0),(1331,1194,'atomnie','Атомные снаряды',0),(1332,1194,'minometnie','Миномётные снаряды',0),(1333,1194,'batarei','Энергетические батареи',0),(1334,1195,'avtomatnie','Автоматные патроны',0),(1335,1195,'vintovochnie','Винтовочные патроны',0),(1336,1195,'pistoletnie','Пистолетные патроны',0),(1337,1195,'rujeinie','Ружейные патроны',0),(1338,1195,'drotiki','Дротики',0),(1339,1195,'streli','Стрелы',0),(1340,1195,'atomnie','Атомные снаряды',0),(1341,1195,'minometnie','Миномётные снаряды',0),(1342,1195,'batarei','Энергетические батареи',0),(1343,1196,'avtomatnie','Автоматные патроны',0),(1344,1196,'vintovochnie','Винтовочные патроны',0),(1345,1196,'pistoletnie','Пистолетные патроны',0),(1346,1196,'rujeinie','Ружейные патроны',0),(1347,1196,'drotiki','Дротики',0),(1348,1196,'streli','Стрелы',0),(1349,1196,'atomnie','Атомные снаряды',0),(1350,1196,'minometnie','Миномётные снаряды',0),(1351,1196,'batarei','Энергетические батареи',0),(1352,1197,'avtomatnie','Автоматные патроны',0),(1353,1197,'vintovochnie','Винтовочные патроны',0),(1354,1197,'pistoletnie','Пистолетные патроны',0),(1355,1197,'rujeinie','Ружейные патроны',0),(1356,1197,'drotiki','Дротики',0),(1357,1197,'streli','Стрелы',0),(1358,1197,'atomnie','Атомные снаряды',0),(1359,1197,'minometnie','Миномётные снаряды',0),(1360,1197,'batarei','Энергетические батареи',0),(1361,1198,'avtomatnie','Автоматные патроны',0),(1362,1198,'vintovochnie','Винтовочные патроны',0),(1363,1198,'pistoletnie','Пистолетные патроны',0),(1364,1198,'rujeinie','Ружейные патроны',0),(1365,1198,'drotiki','Дротики',0),(1366,1198,'streli','Стрелы',0),(1367,1198,'atomnie','Атомные снаряды',0),(1368,1198,'minometnie','Миномётные снаряды',0),(1369,1198,'batarei','Энергетические батареи',0),(1370,1199,'avtomatnie','Автоматные патроны',0),(1371,1199,'vintovochnie','Винтовочные патроны',0),(1372,1199,'pistoletnie','Пистолетные патроны',0),(1373,1199,'rujeinie','Ружейные патроны',0),(1374,1199,'drotiki','Дротики',0),(1375,1199,'streli','Стрелы',0),(1376,1199,'atomnie','Атомные снаряды',0),(1377,1199,'minometnie','Миномётные снаряды',0),(1378,1199,'batarei','Энергетические батареи',0),(1379,1200,'avtomatnie','Автоматные патроны',0),(1380,1200,'vintovochnie','Винтовочные патроны',0),(1381,1200,'pistoletnie','Пистолетные патроны',0),(1382,1200,'rujeinie','Ружейные патроны',0),(1383,1200,'drotiki','Дротики',0),(1384,1200,'streli','Стрелы',0),(1385,1200,'atomnie','Атомные снаряды',0),(1386,1200,'minometnie','Миномётные снаряды',0),(1387,1200,'batarei','Энергетические батареи',0),(1388,1201,'avtomatnie','Автоматные патроны',0),(1389,1201,'vintovochnie','Винтовочные патроны',0),(1390,1201,'pistoletnie','Пистолетные патроны',0),(1391,1201,'rujeinie','Ружейные патроны',0),(1392,1201,'drotiki','Дротики',0),(1393,1201,'streli','Стрелы',0),(1394,1201,'atomnie','Атомные снаряды',0),(1395,1201,'minometnie','Миномётные снаряды',0),(1396,1201,'batarei','Энергетические батареи',0),(1397,1202,'avtomatnie','Автоматные патроны',0),(1398,1202,'vintovochnie','Винтовочные патроны',0),(1399,1202,'pistoletnie','Пистолетные патроны',0),(1400,1202,'rujeinie','Ружейные патроны',0),(1401,1202,'drotiki','Дротики',0),(1402,1202,'streli','Стрелы',0),(1403,1202,'atomnie','Атомные снаряды',0),(1404,1202,'minometnie','Миномётные снаряды',0),(1405,1202,'batarei','Энергетические батареи',0),(1406,1203,'avtomatnie','Автоматные патроны',0),(1407,1203,'vintovochnie','Винтовочные патроны',0),(1408,1203,'pistoletnie','Пистолетные патроны',40),(1409,1203,'rujeinie','Ружейные патроны',0),(1410,1203,'drotiki','Дротики',0),(1411,1203,'streli','Стрелы',0),(1412,1203,'atomnie','Атомные снаряды',0),(1413,1203,'minometnie','Миномётные снаряды',0),(1414,1203,'batarei','Энергетические батареи',0),(1415,1204,'avtomatnie','Автоматные патроны',0),(1416,1204,'vintovochnie','Винтовочные патроны',0),(1417,1204,'pistoletnie','Пистолетные патроны',113),(1418,1204,'rujeinie','Ружейные патроны',0),(1419,1204,'drotiki','Дротики',1),(1420,1204,'streli','Стрелы',0),(1421,1204,'atomnie','Атомные снаряды',0),(1422,1204,'minometnie','Миномётные снаряды',0),(1423,1204,'batarei','Энергетические батареи',0),(1424,1205,'avtomatnie','Автоматные патроны',0),(1425,1205,'vintovochnie','Винтовочные патроны',0),(1426,1205,'pistoletnie','Пистолетные патроны',0),(1427,1205,'rujeinie','Ружейные патроны',0),(1428,1205,'drotiki','Дротики',0),(1429,1205,'streli','Стрелы',0),(1430,1205,'atomnie','Атомные снаряды',0),(1431,1205,'minometnie','Миномётные снаряды',0),(1432,1205,'batarei','Энергетические батареи',0),(1433,1206,'avtomatnie','Автоматные патроны',0),(1434,1206,'vintovochnie','Винтовочные патроны',0),(1435,1206,'pistoletnie','Пистолетные патроны',0),(1436,1206,'rujeinie','Ружейные патроны',0),(1437,1206,'drotiki','Дротики',0),(1438,1206,'streli','Стрелы',0),(1439,1206,'atomnie','Атомные снаряды',0),(1440,1206,'minometnie','Миномётные снаряды',0),(1441,1206,'batarei','Энергетические батареи',0),(1442,1207,'avtomatnie','Автоматные патроны',0),(1443,1207,'vintovochnie','Винтовочные патроны',0),(1444,1207,'pistoletnie','Пистолетные патроны',0),(1445,1207,'rujeinie','Ружейные патроны',0),(1446,1207,'drotiki','Дротики',0),(1447,1207,'streli','Стрелы',0),(1448,1207,'atomnie','Атомные снаряды',0),(1449,1207,'minometnie','Миномётные снаряды',0),(1450,1207,'batarei','Энергетические батареи',0),(1451,1208,'avtomatnie','Автоматные патроны',0),(1452,1208,'vintovochnie','Винтовочные патроны',0),(1453,1208,'pistoletnie','Пистолетные патроны',0),(1454,1208,'rujeinie','Ружейные патроны',0),(1455,1208,'drotiki','Дротики',0),(1456,1208,'streli','Стрелы',0),(1457,1208,'atomnie','Атомные снаряды',0),(1458,1208,'minometnie','Миномётные снаряды',0),(1459,1208,'batarei','Энергетические батареи',0),(1460,1209,'avtomatnie','Автоматные патроны',0),(1461,1209,'vintovochnie','Винтовочные патроны',0),(1462,1209,'pistoletnie','Пистолетные патроны',0),(1463,1209,'rujeinie','Ружейные патроны',0),(1464,1209,'drotiki','Дротики',0),(1465,1209,'streli','Стрелы',0),(1466,1209,'atomnie','Атомные снаряды',0),(1467,1209,'minometnie','Миномётные снаряды',0),(1468,1209,'batarei','Энергетические батареи',0),(1469,1210,'avtomatnie','Автоматные патроны',0),(1470,1210,'vintovochnie','Винтовочные патроны',0),(1471,1210,'pistoletnie','Пистолетные патроны',0),(1472,1210,'rujeinie','Ружейные патроны',0),(1473,1210,'drotiki','Дротики',0),(1474,1210,'streli','Стрелы',0),(1475,1210,'atomnie','Атомные снаряды',0),(1476,1210,'minometnie','Миномётные снаряды',0),(1477,1210,'batarei','Энергетические батареи',0),(1478,1211,'avtomatnie','Автоматные патроны',0),(1479,1211,'vintovochnie','Винтовочные патроны',0),(1480,1211,'pistoletnie','Пистолетные патроны',50),(1481,1211,'rujeinie','Ружейные патроны',0),(1482,1211,'drotiki','Дротики',0),(1483,1211,'streli','Стрелы',0),(1484,1211,'atomnie','Атомные снаряды',0),(1485,1211,'minometnie','Миномётные снаряды',0),(1486,1211,'batarei','Энергетические батареи',0),(1487,1212,'avtomatnie','Автоматные патроны',0),(1488,1212,'vintovochnie','Винтовочные патроны',0),(1489,1212,'pistoletnie','Пистолетные патроны',0),(1490,1212,'rujeinie','Ружейные патроны',0),(1491,1212,'drotiki','Дротики',0),(1492,1212,'streli','Стрелы',0),(1493,1212,'atomnie','Атомные снаряды',0),(1494,1212,'minometnie','Миномётные снаряды',0),(1495,1212,'batarei','Энергетические батареи',0),(1496,1213,'avtomatnie','Автоматные патроны',0),(1497,1213,'vintovochnie','Винтовочные патроны',0),(1498,1213,'pistoletnie','Пистолетные патроны',47),(1499,1213,'rujeinie','Ружейные патроны',0),(1500,1213,'drotiki','Дротики',0),(1501,1213,'streli','Стрелы',0),(1502,1213,'atomnie','Атомные снаряды',0),(1503,1213,'minometnie','Миномётные снаряды',0),(1504,1213,'batarei','Энергетические батареи',0),(1505,1214,'avtomatnie','Автоматные патроны',0),(1506,1214,'vintovochnie','Винтовочные патроны',0),(1507,1214,'pistoletnie','Пистолетные патроны',0),(1508,1214,'rujeinie','Ружейные патроны',0),(1509,1214,'drotiki','Дротики',0),(1510,1214,'streli','Стрелы',0),(1511,1214,'atomnie','Атомные снаряды',0),(1512,1214,'minometnie','Миномётные снаряды',0),(1513,1214,'batarei','Энергетические батареи',0),(1514,1215,'avtomatnie','Автоматные патроны',0),(1515,1215,'vintovochnie','Винтовочные патроны',0),(1516,1215,'pistoletnie','Пистолетные патроны',64),(1517,1215,'rujeinie','Ружейные патроны',0),(1518,1215,'drotiki','Дротики',0),(1519,1215,'streli','Стрелы',0),(1520,1215,'atomnie','Атомные снаряды',0),(1521,1215,'minometnie','Миномётные снаряды',0),(1522,1215,'batarei','Энергетические батареи',0),(1523,1216,'avtomatnie','Автоматные патроны',0),(1524,1216,'vintovochnie','Винтовочные патроны',0),(1525,1216,'pistoletnie','Пистолетные патроны',39),(1526,1216,'rujeinie','Ружейные патроны',0),(1527,1216,'drotiki','Дротики',0),(1528,1216,'streli','Стрелы',0),(1529,1216,'atomnie','Атомные снаряды',0),(1530,1216,'minometnie','Миномётные снаряды',0),(1531,1216,'batarei','Энергетические батареи',0),(1532,1217,'avtomatnie','Автоматные патроны',0),(1533,1217,'vintovochnie','Винтовочные патроны',0),(1534,1217,'pistoletnie','Пистолетные патроны',0),(1535,1217,'rujeinie','Ружейные патроны',0),(1536,1217,'drotiki','Дротики',0),(1537,1217,'streli','Стрелы',0),(1538,1217,'atomnie','Атомные снаряды',0),(1539,1217,'minometnie','Миномётные снаряды',0),(1540,1217,'batarei','Энергетические батареи',0),(1541,1218,'avtomatnie','Автоматные патроны',0),(1542,1218,'vintovochnie','Винтовочные патроны',0),(1543,1218,'pistoletnie','Пистолетные патроны',0),(1544,1218,'rujeinie','Ружейные патроны',0),(1545,1218,'drotiki','Дротики',0),(1546,1218,'streli','Стрелы',0),(1547,1218,'atomnie','Атомные снаряды',0),(1548,1218,'minometnie','Миномётные снаряды',0),(1549,1218,'batarei','Энергетические батареи',0),(1550,1219,'avtomatnie','Автоматные патроны',0),(1551,1219,'vintovochnie','Винтовочные патроны',0),(1552,1219,'pistoletnie','Пистолетные патроны',38),(1553,1219,'rujeinie','Ружейные патроны',0),(1554,1219,'drotiki','Дротики',0),(1555,1219,'streli','Стрелы',0),(1556,1219,'atomnie','Атомные снаряды',0),(1557,1219,'minometnie','Миномётные снаряды',0),(1558,1219,'batarei','Энергетические батареи',0),(1559,1220,'avtomatnie','Автоматные патроны',0),(1560,1220,'vintovochnie','Винтовочные патроны',0),(1561,1220,'pistoletnie','Пистолетные патроны',49),(1562,1220,'rujeinie','Ружейные патроны',0),(1563,1220,'drotiki','Дротики',0),(1564,1220,'streli','Стрелы',0),(1565,1220,'atomnie','Атомные снаряды',0),(1566,1220,'minometnie','Миномётные снаряды',0),(1567,1220,'batarei','Энергетические батареи',0),(1568,1221,'avtomatnie','Автоматные патроны',0),(1569,1221,'vintovochnie','Винтовочные патроны',0),(1570,1221,'pistoletnie','Пистолетные патроны',0),(1571,1221,'rujeinie','Ружейные патроны',0),(1572,1221,'drotiki','Дротики',0),(1573,1221,'streli','Стрелы',0),(1574,1221,'atomnie','Атомные снаряды',0),(1575,1221,'minometnie','Миномётные снаряды',0),(1576,1221,'batarei','Энергетические батареи',0),(1577,1222,'avtomatnie','Автоматные патроны',0),(1578,1222,'vintovochnie','Винтовочные патроны',0),(1579,1222,'pistoletnie','Пистолетные патроны',50),(1580,1222,'rujeinie','Ружейные патроны',0),(1581,1222,'drotiki','Дротики',0),(1582,1222,'streli','Стрелы',0),(1583,1222,'atomnie','Атомные снаряды',0),(1584,1222,'minometnie','Миномётные снаряды',0),(1585,1222,'batarei','Энергетические батареи',0),(1586,1223,'avtomatnie','Автоматные патроны',0),(1587,1223,'vintovochnie','Винтовочные патроны',0),(1588,1223,'pistoletnie','Пистолетные патроны',0),(1589,1223,'rujeinie','Ружейные патроны',0),(1590,1223,'drotiki','Дротики',0),(1591,1223,'streli','Стрелы',0),(1592,1223,'atomnie','Атомные снаряды',0),(1593,1223,'minometnie','Миномётные снаряды',0),(1594,1223,'batarei','Энергетические батареи',0),(1595,1224,'avtomatnie','Автоматные патроны',0),(1596,1224,'vintovochnie','Винтовочные патроны',0),(1597,1224,'pistoletnie','Пистолетные патроны',0),(1598,1224,'rujeinie','Ружейные патроны',0),(1599,1224,'drotiki','Дротики',0),(1600,1224,'streli','Стрелы',0),(1601,1224,'atomnie','Атомные снаряды',0),(1602,1224,'minometnie','Миномётные снаряды',0),(1603,1224,'batarei','Энергетические батареи',0),(1604,1225,'avtomatnie','Автоматные патроны',0),(1605,1225,'vintovochnie','Винтовочные патроны',0),(1606,1225,'pistoletnie','Пистолетные патроны',0),(1607,1225,'rujeinie','Ружейные патроны',0),(1608,1225,'drotiki','Дротики',0),(1609,1225,'streli','Стрелы',0),(1610,1225,'atomnie','Атомные снаряды',0),(1611,1225,'minometnie','Миномётные снаряды',0),(1612,1225,'batarei','Энергетические батареи',0),(1613,1226,'avtomatnie','Автоматные патроны',0),(1614,1226,'vintovochnie','Винтовочные патроны',0),(1615,1226,'pistoletnie','Пистолетные патроны',0),(1616,1226,'rujeinie','Ружейные патроны',0),(1617,1226,'drotiki','Дротики',0),(1618,1226,'streli','Стрелы',0),(1619,1226,'atomnie','Атомные снаряды',0),(1620,1226,'minometnie','Миномётные снаряды',0),(1621,1226,'batarei','Энергетические батареи',0),(1622,1227,'avtomatnie','Автоматные патроны',0),(1623,1227,'vintovochnie','Винтовочные патроны',0),(1624,1227,'pistoletnie','Пистолетные патроны',0),(1625,1227,'rujeinie','Ружейные патроны',0),(1626,1227,'drotiki','Дротики',0),(1627,1227,'streli','Стрелы',0),(1628,1227,'atomnie','Атомные снаряды',0),(1629,1227,'minometnie','Миномётные снаряды',0),(1630,1227,'batarei','Энергетические батареи',0),(1631,1228,'avtomatnie','Автоматные патроны',0),(1632,1228,'vintovochnie','Винтовочные патроны',0),(1633,1228,'pistoletnie','Пистолетные патроны',36),(1634,1228,'rujeinie','Ружейные патроны',0),(1635,1228,'drotiki','Дротики',0),(1636,1228,'streli','Стрелы',0),(1637,1228,'atomnie','Атомные снаряды',0),(1638,1228,'minometnie','Миномётные снаряды',0),(1639,1228,'batarei','Энергетические батареи',0),(1640,1229,'avtomatnie','Автоматные патроны',0),(1641,1229,'vintovochnie','Винтовочные патроны',0),(1642,1229,'pistoletnie','Пистолетные патроны',50),(1643,1229,'rujeinie','Ружейные патроны',0),(1644,1229,'drotiki','Дротики',0),(1645,1229,'streli','Стрелы',0),(1646,1229,'atomnie','Атомные снаряды',0),(1647,1229,'minometnie','Миномётные снаряды',0),(1648,1229,'batarei','Энергетические батареи',0),(1649,1230,'avtomatnie','Автоматные патроны',0),(1650,1230,'vintovochnie','Винтовочные патроны',0),(1651,1230,'pistoletnie','Пистолетные патроны',0),(1652,1230,'rujeinie','Ружейные патроны',0),(1653,1230,'drotiki','Дротики',0),(1654,1230,'streli','Стрелы',0),(1655,1230,'atomnie','Атомные снаряды',0),(1656,1230,'minometnie','Миномётные снаряды',0),(1657,1230,'batarei','Энергетические батареи',0),(1658,1231,'avtomatnie','Автоматные патроны',251),(1659,1231,'vintovochnie','Винтовочные патроны',25),(1660,1231,'pistoletnie','Пистолетные патроны',562),(1661,1231,'rujeinie','Ружейные патроны',62),(1662,1231,'drotiki','Дротики',40),(1663,1231,'streli','Стрелы',0),(1664,1231,'atomnie','Атомные снаряды',0),(1665,1231,'minometnie','Миномётные снаряды',0),(1666,1231,'batarei','Энергетические батареи',17),(1667,1232,'avtomatnie','Автоматные патроны',0),(1668,1232,'vintovochnie','Винтовочные патроны',0),(1669,1232,'pistoletnie','Пистолетные патроны',0),(1670,1232,'rujeinie','Ружейные патроны',0),(1671,1232,'drotiki','Дротики',0),(1672,1232,'streli','Стрелы',0),(1673,1232,'atomnie','Атомные снаряды',0),(1674,1232,'minometnie','Миномётные снаряды',0),(1675,1232,'batarei','Энергетические батареи',0),(1676,1233,'avtomatnie','Автоматные патроны',0),(1677,1233,'vintovochnie','Винтовочные патроны',0),(1678,1233,'pistoletnie','Пистолетные патроны',0),(1679,1233,'rujeinie','Ружейные патроны',0),(1680,1233,'drotiki','Дротики',0),(1681,1233,'streli','Стрелы',0),(1682,1233,'atomnie','Атомные снаряды',0),(1683,1233,'minometnie','Миномётные снаряды',0),(1684,1233,'batarei','Энергетические батареи',0),(1685,1234,'avtomatnie','Автоматные патроны',0),(1686,1234,'vintovochnie','Винтовочные патроны',0),(1687,1234,'pistoletnie','Пистолетные патроны',0),(1688,1234,'rujeinie','Ружейные патроны',0),(1689,1234,'drotiki','Дротики',0),(1690,1234,'streli','Стрелы',0),(1691,1234,'atomnie','Атомные снаряды',0),(1692,1234,'minometnie','Миномётные снаряды',0),(1693,1234,'batarei','Энергетические батареи',0),(1694,1235,'avtomatnie','Автоматные патроны',0),(1695,1235,'vintovochnie','Винтовочные патроны',0),(1696,1235,'pistoletnie','Пистолетные патроны',29),(1697,1235,'rujeinie','Ружейные патроны',0),(1698,1235,'drotiki','Дротики',0),(1699,1235,'streli','Стрелы',0),(1700,1235,'atomnie','Атомные снаряды',0),(1701,1235,'minometnie','Миномётные снаряды',0),(1702,1235,'batarei','Энергетические батареи',0),(1703,1236,'avtomatnie','Автоматные патроны',0),(1704,1236,'vintovochnie','Винтовочные патроны',0),(1705,1236,'pistoletnie','Пистолетные патроны',161),(1706,1236,'rujeinie','Ружейные патроны',0),(1707,1236,'drotiki','Дротики',0),(1708,1236,'streli','Стрелы',0),(1709,1236,'atomnie','Атомные снаряды',0),(1710,1236,'minometnie','Миномётные снаряды',0),(1711,1236,'batarei','Энергетические батареи',0),(1712,1237,'avtomatnie','Автоматные патроны',6),(1713,1237,'vintovochnie','Винтовочные патроны',0),(1714,1237,'pistoletnie','Пистолетные патроны',0),(1715,1237,'rujeinie','Ружейные патроны',0),(1716,1237,'drotiki','Дротики',0),(1717,1237,'streli','Стрелы',0),(1718,1237,'atomnie','Атомные снаряды',0),(1719,1237,'minometnie','Миномётные снаряды',0),(1720,1237,'batarei','Энергетические батареи',0),(1721,1238,'avtomatnie','Автоматные патроны',0),(1722,1238,'vintovochnie','Винтовочные патроны',0),(1723,1238,'pistoletnie','Пистолетные патроны',0),(1724,1238,'rujeinie','Ружейные патроны',0),(1725,1238,'drotiki','Дротики',0),(1726,1238,'streli','Стрелы',0),(1727,1238,'atomnie','Атомные снаряды',0),(1728,1238,'minometnie','Миномётные снаряды',0),(1729,1238,'batarei','Энергетические батареи',0),(1730,1239,'avtomatnie','Автоматные патроны',0),(1731,1239,'vintovochnie','Винтовочные патроны',0),(1732,1239,'pistoletnie','Пистолетные патроны',0),(1733,1239,'rujeinie','Ружейные патроны',0),(1734,1239,'drotiki','Дротики',0),(1735,1239,'streli','Стрелы',0),(1736,1239,'atomnie','Атомные снаряды',0),(1737,1239,'minometnie','Миномётные снаряды',0),(1738,1239,'batarei','Энергетические батареи',0),(1739,1240,'avtomatnie','Автоматные патроны',0),(1740,1240,'vintovochnie','Винтовочные патроны',0),(1741,1240,'pistoletnie','Пистолетные патроны',0),(1742,1240,'rujeinie','Ружейные патроны',0),(1743,1240,'drotiki','Дротики',0),(1744,1240,'streli','Стрелы',0),(1745,1240,'atomnie','Атомные снаряды',0),(1746,1240,'minometnie','Миномётные снаряды',0),(1747,1240,'batarei','Энергетические батареи',0),(1748,1241,'avtomatnie','Автоматные патроны',0),(1749,1241,'vintovochnie','Винтовочные патроны',0),(1750,1241,'pistoletnie','Пистолетные патроны',0),(1751,1241,'rujeinie','Ружейные патроны',0),(1752,1241,'drotiki','Дротики',0),(1753,1241,'streli','Стрелы',0),(1754,1241,'atomnie','Атомные снаряды',0),(1755,1241,'minometnie','Миномётные снаряды',0),(1756,1241,'batarei','Энергетические батареи',0),(1757,1242,'avtomatnie','Автоматные патроны',0),(1758,1242,'vintovochnie','Винтовочные патроны',0),(1759,1242,'pistoletnie','Пистолетные патроны',0),(1760,1242,'rujeinie','Ружейные патроны',0),(1761,1242,'drotiki','Дротики',0),(1762,1242,'streli','Стрелы',0),(1763,1242,'atomnie','Атомные снаряды',0),(1764,1242,'minometnie','Миномётные снаряды',0),(1765,1242,'batarei','Энергетические батареи',0),(1766,1243,'avtomatnie','Автоматные патроны',0),(1767,1243,'vintovochnie','Винтовочные патроны',0),(1768,1243,'pistoletnie','Пистолетные патроны',0),(1769,1243,'rujeinie','Ружейные патроны',0),(1770,1243,'drotiki','Дротики',0),(1771,1243,'streli','Стрелы',0),(1772,1243,'atomnie','Атомные снаряды',0),(1773,1243,'minometnie','Миномётные снаряды',0),(1774,1243,'batarei','Энергетические батареи',0),(1775,1244,'avtomatnie','Автоматные патроны',0),(1776,1244,'vintovochnie','Винтовочные патроны',0),(1777,1244,'pistoletnie','Пистолетные патроны',0),(1778,1244,'rujeinie','Ружейные патроны',0),(1779,1244,'drotiki','Дротики',0),(1780,1244,'streli','Стрелы',0),(1781,1244,'atomnie','Атомные снаряды',0),(1782,1244,'minometnie','Миномётные снаряды',0),(1783,1244,'batarei','Энергетические батареи',0),(1784,1245,'avtomatnie','Автоматные патроны',0),(1785,1245,'vintovochnie','Винтовочные патроны',0),(1786,1245,'pistoletnie','Пистолетные патроны',0),(1787,1245,'rujeinie','Ружейные патроны',0),(1788,1245,'drotiki','Дротики',0),(1789,1245,'streli','Стрелы',0),(1790,1245,'atomnie','Атомные снаряды',0),(1791,1245,'minometnie','Миномётные снаряды',0),(1792,1245,'batarei','Энергетические батареи',0),(1793,1246,'avtomatnie','Автоматные патроны',0),(1794,1246,'vintovochnie','Винтовочные патроны',0),(1795,1246,'pistoletnie','Пистолетные патроны',26),(1796,1246,'rujeinie','Ружейные патроны',0),(1797,1246,'drotiki','Дротики',0),(1798,1246,'streli','Стрелы',0),(1799,1246,'atomnie','Атомные снаряды',0),(1800,1246,'minometnie','Миномётные снаряды',0),(1801,1246,'batarei','Энергетические батареи',0),(1802,1247,'avtomatnie','Автоматные патроны',0),(1803,1247,'vintovochnie','Винтовочные патроны',0),(1804,1247,'pistoletnie','Пистолетные патроны',0),(1805,1247,'rujeinie','Ружейные патроны',0),(1806,1247,'drotiki','Дротики',0),(1807,1247,'streli','Стрелы',0),(1808,1247,'atomnie','Атомные снаряды',0),(1809,1247,'minometnie','Миномётные снаряды',0),(1810,1247,'batarei','Энергетические батареи',0),(1811,1248,'avtomatnie','Автоматные патроны',20),(1812,1248,'vintovochnie','Винтовочные патроны',0),(1813,1248,'pistoletnie','Пистолетные патроны',715),(1814,1248,'rujeinie','Ружейные патроны',0),(1815,1248,'drotiki','Дротики',0),(1816,1248,'streli','Стрелы',0),(1817,1248,'atomnie','Атомные снаряды',0),(1818,1248,'minometnie','Миномётные снаряды',0),(1819,1248,'batarei','Энергетические батареи',37),(1820,1249,'avtomatnie','Автоматные патроны',0),(1821,1249,'vintovochnie','Винтовочные патроны',0),(1822,1249,'pistoletnie','Пистолетные патроны',0),(1823,1249,'rujeinie','Ружейные патроны',0),(1824,1249,'drotiki','Дротики',0),(1825,1249,'streli','Стрелы',0),(1826,1249,'atomnie','Атомные снаряды',0),(1827,1249,'minometnie','Миномётные снаряды',0),(1828,1249,'batarei','Энергетические батареи',0),(1829,1250,'avtomatnie','Автоматные патроны',0),(1830,1250,'vintovochnie','Винтовочные патроны',0),(1831,1250,'pistoletnie','Пистолетные патроны',47),(1832,1250,'rujeinie','Ружейные патроны',0),(1833,1250,'drotiki','Дротики',0),(1834,1250,'streli','Стрелы',0),(1835,1250,'atomnie','Атомные снаряды',0),(1836,1250,'minometnie','Миномётные снаряды',0),(1837,1250,'batarei','Энергетические батареи',0),(1838,1251,'avtomatnie','Автоматные патроны',0),(1839,1251,'vintovochnie','Винтовочные патроны',0),(1840,1251,'pistoletnie','Пистолетные патроны',0),(1841,1251,'rujeinie','Ружейные патроны',0),(1842,1251,'drotiki','Дротики',0),(1843,1251,'streli','Стрелы',0),(1844,1251,'atomnie','Атомные снаряды',0),(1845,1251,'minometnie','Миномётные снаряды',0),(1846,1251,'batarei','Энергетические батареи',0),(1847,1252,'avtomatnie','Автоматные патроны',0),(1848,1252,'vintovochnie','Винтовочные патроны',0),(1849,1252,'pistoletnie','Пистолетные патроны',0),(1850,1252,'rujeinie','Ружейные патроны',0),(1851,1252,'drotiki','Дротики',0),(1852,1252,'streli','Стрелы',0),(1853,1252,'atomnie','Атомные снаряды',0),(1854,1252,'minometnie','Миномётные снаряды',0),(1855,1252,'batarei','Энергетические батареи',0),(1856,1253,'avtomatnie','Автоматные патроны',0),(1857,1253,'vintovochnie','Винтовочные патроны',0),(1858,1253,'pistoletnie','Пистолетные патроны',0),(1859,1253,'rujeinie','Ружейные патроны',0),(1860,1253,'drotiki','Дротики',0),(1861,1253,'streli','Стрелы',0),(1862,1253,'atomnie','Атомные снаряды',0),(1863,1253,'minometnie','Миномётные снаряды',0),(1864,1253,'batarei','Энергетические батареи',0),(1865,1254,'avtomatnie','Автоматные патроны',0),(1866,1254,'vintovochnie','Винтовочные патроны',0),(1867,1254,'pistoletnie','Пистолетные патроны',0),(1868,1254,'rujeinie','Ружейные патроны',0),(1869,1254,'drotiki','Дротики',0),(1870,1254,'streli','Стрелы',0),(1871,1254,'atomnie','Атомные снаряды',0),(1872,1254,'minometnie','Миномётные снаряды',0),(1873,1254,'batarei','Энергетические батареи',0),(1874,1255,'avtomatnie','Автоматные патроны',0),(1875,1255,'vintovochnie','Винтовочные патроны',0),(1876,1255,'pistoletnie','Пистолетные патроны',0),(1877,1255,'rujeinie','Ружейные патроны',0),(1878,1255,'drotiki','Дротики',0),(1879,1255,'streli','Стрелы',0),(1880,1255,'atomnie','Атомные снаряды',0),(1881,1255,'minometnie','Миномётные снаряды',0),(1882,1255,'batarei','Энергетические батареи',0),(1883,1256,'avtomatnie','Автоматные патроны',0),(1884,1256,'vintovochnie','Винтовочные патроны',0),(1885,1256,'pistoletnie','Пистолетные патроны',0),(1886,1256,'rujeinie','Ружейные патроны',0),(1887,1256,'drotiki','Дротики',0),(1888,1256,'streli','Стрелы',0),(1889,1256,'atomnie','Атомные снаряды',0),(1890,1256,'minometnie','Миномётные снаряды',0),(1891,1256,'batarei','Энергетические батареи',0),(1892,1257,'avtomatnie','Автоматные патроны',0),(1893,1257,'vintovochnie','Винтовочные патроны',0),(1894,1257,'pistoletnie','Пистолетные патроны',0),(1895,1257,'rujeinie','Ружейные патроны',0),(1896,1257,'drotiki','Дротики',0),(1897,1257,'streli','Стрелы',0),(1898,1257,'atomnie','Атомные снаряды',0),(1899,1257,'minometnie','Миномётные снаряды',0),(1900,1257,'batarei','Энергетические батареи',0),(1901,1258,'avtomatnie','Автоматные патроны',0),(1902,1258,'vintovochnie','Винтовочные патроны',0),(1903,1258,'pistoletnie','Пистолетные патроны',0),(1904,1258,'rujeinie','Ружейные патроны',0),(1905,1258,'drotiki','Дротики',0),(1906,1258,'streli','Стрелы',0),(1907,1258,'atomnie','Атомные снаряды',0),(1908,1258,'minometnie','Миномётные снаряды',0),(1909,1258,'batarei','Энергетические батареи',0),(1910,1259,'avtomatnie','Автоматные патроны',6),(1911,1259,'vintovochnie','Винтовочные патроны',0),(1912,1259,'pistoletnie','Пистолетные патроны',68),(1913,1259,'rujeinie','Ружейные патроны',2),(1914,1259,'drotiki','Дротики',0),(1915,1259,'streli','Стрелы',0),(1916,1259,'atomnie','Атомные снаряды',0),(1917,1259,'minometnie','Миномётные снаряды',0),(1918,1259,'batarei','Энергетические батареи',12),(1919,1260,'avtomatnie','Автоматные патроны',0),(1920,1260,'vintovochnie','Винтовочные патроны',0),(1921,1260,'pistoletnie','Пистолетные патроны',0),(1922,1260,'rujeinie','Ружейные патроны',0),(1923,1260,'drotiki','Дротики',0),(1924,1260,'streli','Стрелы',0),(1925,1260,'atomnie','Атомные снаряды',0),(1926,1260,'minometnie','Миномётные снаряды',0),(1927,1260,'batarei','Энергетические батареи',0),(1937,1262,'avtomatnie','Автоматные патроны',0),(1928,1261,'avtomatnie','Автоматные патроны',0),(1929,1261,'vintovochnie','Винтовочные патроны',0),(1930,1261,'pistoletnie','Пистолетные патроны',0),(1931,1261,'rujeinie','Ружейные патроны',0),(1932,1261,'drotiki','Дротики',0),(1933,1261,'streli','Стрелы',0),(1934,1261,'atomnie','Атомные снаряды',0),(1935,1261,'minometnie','Миномётные снаряды',0),(1936,1261,'batarei','Энергетические батареи',0),(1938,1262,'vintovochnie','Винтовочные патроны',0),(1939,1262,'pistoletnie','Пистолетные патроны',0),(1940,1262,'rujeinie','Ружейные патроны',0),(1941,1262,'drotiki','Дротики',0),(1942,1262,'streli','Стрелы',0),(1943,1262,'atomnie','Атомные снаряды',0),(1944,1262,'minometnie','Миномётные снаряды',0),(1945,1262,'batarei','Энергетические батареи',0),(1946,1263,'avtomatnie','Автоматные патроны',0),(1947,1263,'vintovochnie','Винтовочные патроны',0),(1948,1263,'pistoletnie','Пистолетные патроны',0),(1949,1263,'rujeinie','Ружейные патроны',0),(1950,1263,'drotiki','Дротики',0),(1951,1263,'streli','Стрелы',0),(1952,1263,'atomnie','Атомные снаряды',0),(1953,1263,'minometnie','Миномётные снаряды',0),(1954,1263,'batarei','Энергетические батареи',0),(1955,1264,'avtomatnie','Автоматные патроны',0),(1956,1264,'vintovochnie','Винтовочные патроны',0),(1957,1264,'pistoletnie','Пистолетные патроны',0),(1958,1264,'rujeinie','Ружейные патроны',0),(1959,1264,'drotiki','Дротики',0),(1960,1264,'streli','Стрелы',0),(1961,1264,'atomnie','Атомные снаряды',0),(1962,1264,'minometnie','Миномётные снаряды',0),(1963,1264,'batarei','Энергетические батареи',0),(1964,1265,'avtomatnie','Автоматные патроны',0),(1965,1265,'vintovochnie','Винтовочные патроны',0),(1966,1265,'pistoletnie','Пистолетные патроны',0),(1967,1265,'rujeinie','Ружейные патроны',0),(1968,1265,'drotiki','Дротики',0),(1969,1265,'streli','Стрелы',0),(1970,1265,'atomnie','Атомные снаряды',0),(1971,1265,'minometnie','Миномётные снаряды',0),(1972,1265,'batarei','Энергетические батареи',0),(1973,1266,'avtomatnie','Автоматные патроны',0),(1974,1266,'vintovochnie','Винтовочные патроны',0),(1975,1266,'pistoletnie','Пистолетные патроны',0),(1976,1266,'rujeinie','Ружейные патроны',0),(1977,1266,'drotiki','Дротики',0),(1978,1266,'streli','Стрелы',0),(1979,1266,'atomnie','Атомные снаряды',0),(1980,1266,'minometnie','Миномётные снаряды',0),(1981,1266,'batarei','Энергетические батареи',0),(1982,1267,'avtomatnie','Автоматные патроны',0),(1983,1267,'vintovochnie','Винтовочные патроны',0),(1984,1267,'pistoletnie','Пистолетные патроны',50),(1985,1267,'rujeinie','Ружейные патроны',0),(1986,1267,'drotiki','Дротики',0),(1987,1267,'streli','Стрелы',0),(1988,1267,'atomnie','Атомные снаряды',0),(1989,1267,'minometnie','Миномётные снаряды',0),(1990,1267,'batarei','Энергетические батареи',0),(1991,1268,'avtomatnie','Автоматные патроны',0),(1992,1268,'vintovochnie','Винтовочные патроны',0),(1993,1268,'pistoletnie','Пистолетные патроны',0),(1994,1268,'rujeinie','Ружейные патроны',0),(1995,1268,'drotiki','Дротики',0),(1996,1268,'streli','Стрелы',0),(1997,1268,'atomnie','Атомные снаряды',0),(1998,1268,'minometnie','Миномётные снаряды',0),(1999,1268,'batarei','Энергетические батареи',0),(2216,1293,'avtomatnie','Автоматные патроны',0),(2000,1269,'avtomatnie','Автоматные патроны',0),(2001,1269,'vintovochnie','Винтовочные патроны',0),(2002,1269,'pistoletnie','Пистолетные патроны',0),(2003,1269,'rujeinie','Ружейные патроны',0),(2004,1269,'drotiki','Дротики',0),(2005,1269,'streli','Стрелы',0),(2006,1269,'atomnie','Атомные снаряды',0),(2007,1269,'minometnie','Миномётные снаряды',0),(2008,1269,'batarei','Энергетические батареи',0),(2009,1270,'avtomatnie','Автоматные патроны',0),(2010,1270,'vintovochnie','Винтовочные патроны',0),(2011,1270,'pistoletnie','Пистолетные патроны',0),(2012,1270,'rujeinie','Ружейные патроны',0),(2013,1270,'drotiki','Дротики',0),(2014,1270,'streli','Стрелы',0),(2015,1270,'atomnie','Атомные снаряды',0),(2016,1270,'minometnie','Миномётные снаряды',0),(2017,1270,'batarei','Энергетические батареи',0),(2018,1271,'avtomatnie','Автоматные патроны',0),(2019,1271,'vintovochnie','Винтовочные патроны',0),(2020,1271,'pistoletnie','Пистолетные патроны',50),(2021,1271,'rujeinie','Ружейные патроны',0),(2022,1271,'drotiki','Дротики',0),(2023,1271,'streli','Стрелы',0),(2024,1271,'atomnie','Атомные снаряды',0),(2025,1271,'minometnie','Миномётные снаряды',0),(2026,1271,'batarei','Энергетические батареи',0),(2027,1272,'avtomatnie','Автоматные патроны',0),(2028,1272,'vintovochnie','Винтовочные патроны',0),(2029,1272,'pistoletnie','Пистолетные патроны',0),(2030,1272,'rujeinie','Ружейные патроны',0),(2031,1272,'drotiki','Дротики',0),(2032,1272,'streli','Стрелы',0),(2033,1272,'atomnie','Атомные снаряды',0),(2034,1272,'minometnie','Миномётные снаряды',0),(2035,1272,'batarei','Энергетические батареи',0),(2036,1273,'avtomatnie','Автоматные патроны',0),(2037,1273,'vintovochnie','Винтовочные патроны',0),(2038,1273,'pistoletnie','Пистолетные патроны',0),(2039,1273,'rujeinie','Ружейные патроны',0),(2040,1273,'drotiki','Дротики',0),(2041,1273,'streli','Стрелы',0),(2042,1273,'atomnie','Атомные снаряды',0),(2043,1273,'minometnie','Миномётные снаряды',0),(2044,1273,'batarei','Энергетические батареи',0),(2045,1274,'avtomatnie','Автоматные патроны',961),(2046,1274,'vintovochnie','Винтовочные патроны',181),(2047,1274,'pistoletnie','Пистолетные патроны',4937),(2048,1274,'rujeinie','Ружейные патроны',277),(2049,1274,'drotiki','Дротики',344),(2050,1274,'streli','Стрелы',0),(2051,1274,'atomnie','Атомные снаряды',0),(2052,1274,'minometnie','Миномётные снаряды',0),(2053,1274,'batarei','Энергетические батареи',718),(2054,1275,'avtomatnie','Автоматные патроны',0),(2055,1275,'vintovochnie','Винтовочные патроны',0),(2056,1275,'pistoletnie','Пистолетные патроны',50),(2057,1275,'rujeinie','Ружейные патроны',0),(2058,1275,'drotiki','Дротики',0),(2059,1275,'streli','Стрелы',0),(2060,1275,'atomnie','Атомные снаряды',0),(2061,1275,'minometnie','Миномётные снаряды',0),(2062,1275,'batarei','Энергетические батареи',0),(2063,1276,'avtomatnie','Автоматные патроны',0),(2064,1276,'vintovochnie','Винтовочные патроны',0),(2065,1276,'pistoletnie','Пистолетные патроны',0),(2066,1276,'rujeinie','Ружейные патроны',0),(2067,1276,'drotiki','Дротики',0),(2068,1276,'streli','Стрелы',0),(2069,1276,'atomnie','Атомные снаряды',0),(2070,1276,'minometnie','Миномётные снаряды',0),(2071,1276,'batarei','Энергетические батареи',0),(2072,1277,'avtomatnie','Автоматные патроны',0),(2073,1277,'vintovochnie','Винтовочные патроны',0),(2074,1277,'pistoletnie','Пистолетные патроны',0),(2075,1277,'rujeinie','Ружейные патроны',0),(2076,1277,'drotiki','Дротики',0),(2077,1277,'streli','Стрелы',0),(2078,1277,'atomnie','Атомные снаряды',0),(2079,1277,'minometnie','Миномётные снаряды',0),(2080,1277,'batarei','Энергетические батареи',0),(2081,1278,'avtomatnie','Автоматные патроны',15),(2082,1278,'vintovochnie','Винтовочные патроны',0),(2083,1278,'pistoletnie','Пистолетные патроны',0),(2084,1278,'rujeinie','Ружейные патроны',16),(2085,1278,'drotiki','Дротики',0),(2086,1278,'streli','Стрелы',0),(2087,1278,'atomnie','Атомные снаряды',0),(2088,1278,'minometnie','Миномётные снаряды',0),(2089,1278,'batarei','Энергетические батареи',0),(2099,1280,'avtomatnie','Автоматные патроны',0),(2090,1279,'avtomatnie','Автоматные патроны',0),(2091,1279,'vintovochnie','Винтовочные патроны',0),(2092,1279,'pistoletnie','Пистолетные патроны',50),(2093,1279,'rujeinie','Ружейные патроны',63),(2094,1279,'drotiki','Дротики',0),(2095,1279,'streli','Стрелы',0),(2096,1279,'atomnie','Атомные снаряды',0),(2097,1279,'minometnie','Миномётные снаряды',0),(2098,1279,'batarei','Энергетические батареи',0),(2100,1280,'vintovochnie','Винтовочные патроны',0),(2101,1280,'pistoletnie','Пистолетные патроны',0),(2102,1280,'rujeinie','Ружейные патроны',0),(2103,1280,'drotiki','Дротики',0),(2104,1280,'streli','Стрелы',0),(2105,1280,'atomnie','Атомные снаряды',0),(2106,1280,'minometnie','Миномётные снаряды',0),(2107,1280,'batarei','Энергетические батареи',0),(2108,1281,'avtomatnie','Автоматные патроны',0),(2109,1281,'vintovochnie','Винтовочные патроны',0),(2110,1281,'pistoletnie','Пистолетные патроны',0),(2111,1281,'rujeinie','Ружейные патроны',0),(2112,1281,'drotiki','Дротики',0),(2113,1281,'streli','Стрелы',0),(2114,1281,'atomnie','Атомные снаряды',0),(2115,1281,'minometnie','Миномётные снаряды',0),(2116,1281,'batarei','Энергетические батареи',0),(2117,1282,'avtomatnie','Автоматные патроны',0),(2118,1282,'vintovochnie','Винтовочные патроны',0),(2119,1282,'pistoletnie','Пистолетные патроны',31),(2120,1282,'rujeinie','Ружейные патроны',0),(2121,1282,'drotiki','Дротики',0),(2122,1282,'streli','Стрелы',0),(2123,1282,'atomnie','Атомные снаряды',0),(2124,1282,'minometnie','Миномётные снаряды',0),(2125,1282,'batarei','Энергетические батареи',0),(2126,1283,'avtomatnie','Автоматные патроны',0),(2127,1283,'vintovochnie','Винтовочные патроны',0),(2128,1283,'pistoletnie','Пистолетные патроны',0),(2129,1283,'rujeinie','Ружейные патроны',0),(2130,1283,'drotiki','Дротики',0),(2131,1283,'streli','Стрелы',0),(2132,1283,'atomnie','Атомные снаряды',0),(2133,1283,'minometnie','Миномётные снаряды',0),(2134,1283,'batarei','Энергетические батареи',0),(2135,1284,'avtomatnie','Автоматные патроны',0),(2136,1284,'vintovochnie','Винтовочные патроны',0),(2137,1284,'pistoletnie','Пистолетные патроны',0),(2138,1284,'rujeinie','Ружейные патроны',0),(2139,1284,'drotiki','Дротики',0),(2140,1284,'streli','Стрелы',0),(2141,1284,'atomnie','Атомные снаряды',0),(2142,1284,'minometnie','Миномётные снаряды',0),(2143,1284,'batarei','Энергетические батареи',0),(2144,1285,'avtomatnie','Автоматные патроны',0),(2145,1285,'vintovochnie','Винтовочные патроны',0),(2146,1285,'pistoletnie','Пистолетные патроны',123),(2147,1285,'rujeinie','Ружейные патроны',64),(2148,1285,'drotiki','Дротики',0),(2149,1285,'streli','Стрелы',0),(2150,1285,'atomnie','Атомные снаряды',0),(2151,1285,'minometnie','Миномётные снаряды',0),(2152,1285,'batarei','Энергетические батареи',65),(2153,1286,'avtomatnie','Автоматные патроны',0),(2154,1286,'vintovochnie','Винтовочные патроны',0),(2155,1286,'pistoletnie','Пистолетные патроны',0),(2156,1286,'rujeinie','Ружейные патроны',0),(2157,1286,'drotiki','Дротики',0),(2158,1286,'streli','Стрелы',0),(2159,1286,'atomnie','Атомные снаряды',0),(2160,1286,'minometnie','Миномётные снаряды',0),(2161,1286,'batarei','Энергетические батареи',0),(2162,1287,'avtomatnie','Автоматные патроны',0),(2163,1287,'vintovochnie','Винтовочные патроны',0),(2164,1287,'pistoletnie','Пистолетные патроны',0),(2165,1287,'rujeinie','Ружейные патроны',0),(2166,1287,'drotiki','Дротики',0),(2167,1287,'streli','Стрелы',0),(2168,1287,'atomnie','Атомные снаряды',0),(2169,1287,'minometnie','Миномётные снаряды',0),(2170,1287,'batarei','Энергетические батареи',0),(2171,1288,'avtomatnie','Автоматные патроны',0),(2172,1288,'vintovochnie','Винтовочные патроны',0),(2173,1288,'pistoletnie','Пистолетные патроны',50),(2174,1288,'rujeinie','Ружейные патроны',0),(2175,1288,'drotiki','Дротики',0),(2176,1288,'streli','Стрелы',0),(2177,1288,'atomnie','Атомные снаряды',0),(2178,1288,'minometnie','Миномётные снаряды',0),(2179,1288,'batarei','Энергетические батареи',0),(2180,1289,'avtomatnie','Автоматные патроны',0),(2181,1289,'vintovochnie','Винтовочные патроны',0),(2182,1289,'pistoletnie','Пистолетные патроны',50),(2183,1289,'rujeinie','Ружейные патроны',0),(2184,1289,'drotiki','Дротики',0),(2185,1289,'streli','Стрелы',0),(2186,1289,'atomnie','Атомные снаряды',0),(2187,1289,'minometnie','Миномётные снаряды',0),(2188,1289,'batarei','Энергетические батареи',0),(2189,1290,'avtomatnie','Автоматные патроны',0),(2190,1290,'vintovochnie','Винтовочные патроны',0),(2191,1290,'pistoletnie','Пистолетные патроны',0),(2192,1290,'rujeinie','Ружейные патроны',0),(2193,1290,'drotiki','Дротики',0),(2194,1290,'streli','Стрелы',0),(2195,1290,'atomnie','Атомные снаряды',0),(2196,1290,'minometnie','Миномётные снаряды',0),(2197,1290,'batarei','Энергетические батареи',0),(2198,1291,'avtomatnie','Автоматные патроны',0),(2199,1291,'vintovochnie','Винтовочные патроны',0),(2200,1291,'pistoletnie','Пистолетные патроны',34),(2201,1291,'rujeinie','Ружейные патроны',0),(2202,1291,'drotiki','Дротики',0),(2203,1291,'streli','Стрелы',0),(2204,1291,'atomnie','Атомные снаряды',0),(2205,1291,'minometnie','Миномётные снаряды',0),(2206,1291,'batarei','Энергетические батареи',0),(2207,1292,'avtomatnie','Автоматные патроны',0),(2208,1292,'vintovochnie','Винтовочные патроны',0),(2209,1292,'pistoletnie','Пистолетные патроны',0),(2210,1292,'rujeinie','Ружейные патроны',0),(2211,1292,'drotiki','Дротики',0),(2212,1292,'streli','Стрелы',0),(2213,1292,'atomnie','Атомные снаряды',0),(2214,1292,'minometnie','Миномётные снаряды',0),(2215,1292,'batarei','Энергетические батареи',0),(2217,1293,'vintovochnie','Винтовочные патроны',0),(2218,1293,'pistoletnie','Пистолетные патроны',0),(2219,1293,'rujeinie','Ружейные патроны',0),(2220,1293,'drotiki','Дротики',0),(2221,1293,'streli','Стрелы',0),(2222,1293,'atomnie','Атомные снаряды',0),(2223,1293,'minometnie','Миномётные снаряды',0),(2224,1293,'batarei','Энергетические батареи',0),(2225,1294,'avtomatnie','Автоматные патроны',0),(2226,1294,'vintovochnie','Винтовочные патроны',0),(2227,1294,'pistoletnie','Пистолетные патроны',0),(2228,1294,'rujeinie','Ружейные патроны',0),(2229,1294,'drotiki','Дротики',0),(2230,1294,'streli','Стрелы',0),(2231,1294,'atomnie','Атомные снаряды',0),(2232,1294,'minometnie','Миномётные снаряды',0),(2233,1294,'batarei','Энергетические батареи',0),(2234,1295,'avtomatnie','Автоматные патроны',0),(2235,1295,'vintovochnie','Винтовочные патроны',0),(2236,1295,'pistoletnie','Пистолетные патроны',0),(2237,1295,'rujeinie','Ружейные патроны',0),(2238,1295,'drotiki','Дротики',0),(2239,1295,'streli','Стрелы',0),(2240,1295,'atomnie','Атомные снаряды',0),(2241,1295,'minometnie','Миномётные снаряды',0),(2242,1295,'batarei','Энергетические батареи',0),(2243,1296,'avtomatnie','Автоматные патроны',0),(2244,1296,'vintovochnie','Винтовочные патроны',0),(2245,1296,'pistoletnie','Пистолетные патроны',0),(2246,1296,'rujeinie','Ружейные патроны',0),(2247,1296,'drotiki','Дротики',0),(2248,1296,'streli','Стрелы',0),(2249,1296,'atomnie','Атомные снаряды',0),(2250,1296,'minometnie','Миномётные снаряды',0),(2251,1296,'batarei','Энергетические батареи',0),(2252,1297,'avtomatnie','Автоматные патроны',0),(2253,1297,'vintovochnie','Винтовочные патроны',0),(2254,1297,'pistoletnie','Пистолетные патроны',0),(2255,1297,'rujeinie','Ружейные патроны',0),(2256,1297,'drotiki','Дротики',0),(2257,1297,'streli','Стрелы',0),(2258,1297,'atomnie','Атомные снаряды',0),(2259,1297,'minometnie','Миномётные снаряды',0),(2260,1297,'batarei','Энергетические батареи',0),(2261,1298,'avtomatnie','Автоматные патроны',0),(2262,1298,'vintovochnie','Винтовочные патроны',0),(2263,1298,'pistoletnie','Пистолетные патроны',0),(2264,1298,'rujeinie','Ружейные патроны',0),(2265,1298,'drotiki','Дротики',0),(2266,1298,'streli','Стрелы',0),(2267,1298,'atomnie','Атомные снаряды',0),(2268,1298,'minometnie','Миномётные снаряды',0),(2269,1298,'batarei','Энергетические батареи',0),(2270,1299,'avtomatnie','Автоматные патроны',0),(2271,1299,'vintovochnie','Винтовочные патроны',0),(2272,1299,'pistoletnie','Пистолетные патроны',0),(2273,1299,'rujeinie','Ружейные патроны',0),(2274,1299,'drotiki','Дротики',0),(2275,1299,'streli','Стрелы',0),(2276,1299,'atomnie','Атомные снаряды',0),(2277,1299,'minometnie','Миномётные снаряды',0),(2278,1299,'batarei','Энергетические батареи',0),(2279,1300,'avtomatnie','Автоматные патроны',0),(2280,1300,'vintovochnie','Винтовочные патроны',0),(2281,1300,'pistoletnie','Пистолетные патроны',0),(2282,1300,'rujeinie','Ружейные патроны',0),(2283,1300,'drotiki','Дротики',0),(2284,1300,'streli','Стрелы',0),(2285,1300,'atomnie','Атомные снаряды',0),(2286,1300,'minometnie','Миномётные снаряды',0),(2287,1300,'batarei','Энергетические батареи',0),(2288,1301,'avtomatnie','Автоматные патроны',0),(2289,1301,'vintovochnie','Винтовочные патроны',0),(2290,1301,'pistoletnie','Пистолетные патроны',50),(2291,1301,'rujeinie','Ружейные патроны',0),(2292,1301,'drotiki','Дротики',0),(2293,1301,'streli','Стрелы',0),(2294,1301,'atomnie','Атомные снаряды',0),(2295,1301,'minometnie','Миномётные снаряды',0),(2296,1301,'batarei','Энергетические батареи',0),(2297,1302,'avtomatnie','Автоматные патроны',0),(2298,1302,'vintovochnie','Винтовочные патроны',0),(2299,1302,'pistoletnie','Пистолетные патроны',0),(2300,1302,'rujeinie','Ружейные патроны',0),(2301,1302,'drotiki','Дротики',0),(2302,1302,'streli','Стрелы',0),(2303,1302,'atomnie','Атомные снаряды',0),(2304,1302,'minometnie','Миномётные снаряды',0),(2305,1302,'batarei','Энергетические батареи',0),(2306,1303,'avtomatnie','Автоматные патроны',0),(2307,1303,'vintovochnie','Винтовочные патроны',0),(2308,1303,'pistoletnie','Пистолетные патроны',0),(2309,1303,'rujeinie','Ружейные патроны',0),(2310,1303,'drotiki','Дротики',0),(2311,1303,'streli','Стрелы',0),(2312,1303,'atomnie','Атомные снаряды',0),(2313,1303,'minometnie','Миномётные снаряды',0),(2314,1303,'batarei','Энергетические батареи',0),(2315,1304,'avtomatnie','Автоматные патроны',0),(2316,1304,'vintovochnie','Винтовочные патроны',0),(2317,1304,'pistoletnie','Пистолетные патроны',50),(2318,1304,'rujeinie','Ружейные патроны',0),(2319,1304,'drotiki','Дротики',0),(2320,1304,'streli','Стрелы',0),(2321,1304,'atomnie','Атомные снаряды',0),(2322,1304,'minometnie','Миномётные снаряды',0),(2323,1304,'batarei','Энергетические батареи',0),(2324,1305,'avtomatnie','Автоматные патроны',0),(2325,1305,'vintovochnie','Винтовочные патроны',0),(2326,1305,'pistoletnie','Пистолетные патроны',50),(2327,1305,'rujeinie','Ружейные патроны',0),(2328,1305,'drotiki','Дротики',0),(2329,1305,'streli','Стрелы',0),(2330,1305,'atomnie','Атомные снаряды',0),(2331,1305,'minometnie','Миномётные снаряды',0),(2332,1305,'batarei','Энергетические батареи',0),(2333,1306,'avtomatnie','Автоматные патроны',0),(2334,1306,'vintovochnie','Винтовочные патроны',0),(2335,1306,'pistoletnie','Пистолетные патроны',71),(2336,1306,'rujeinie','Ружейные патроны',0),(2337,1306,'drotiki','Дротики',0),(2338,1306,'streli','Стрелы',0),(2339,1306,'atomnie','Атомные снаряды',0),(2340,1306,'minometnie','Миномётные снаряды',0),(2341,1306,'batarei','Энергетические батареи',0),(2342,1307,'avtomatnie','Автоматные патроны',0),(2343,1307,'vintovochnie','Винтовочные патроны',0),(2344,1307,'pistoletnie','Пистолетные патроны',125),(2345,1307,'rujeinie','Ружейные патроны',0),(2346,1307,'drotiki','Дротики',0),(2347,1307,'streli','Стрелы',0),(2348,1307,'atomnie','Атомные снаряды',0),(2349,1307,'minometnie','Миномётные снаряды',0),(2350,1307,'batarei','Энергетические батареи',0),(2351,1308,'avtomatnie','Автоматные патроны',0),(2352,1308,'vintovochnie','Винтовочные патроны',0),(2353,1308,'pistoletnie','Пистолетные патроны',0),(2354,1308,'rujeinie','Ружейные патроны',0),(2355,1308,'drotiki','Дротики',0),(2356,1308,'streli','Стрелы',0),(2357,1308,'atomnie','Атомные снаряды',0),(2358,1308,'minometnie','Миномётные снаряды',0),(2359,1308,'batarei','Энергетические батареи',0),(2360,1309,'avtomatnie','Автоматные патроны',0),(2361,1309,'vintovochnie','Винтовочные патроны',0),(2362,1309,'pistoletnie','Пистолетные патроны',0),(2363,1309,'rujeinie','Ружейные патроны',0),(2364,1309,'drotiki','Дротики',0),(2365,1309,'streli','Стрелы',0),(2366,1309,'atomnie','Атомные снаряды',0),(2367,1309,'minometnie','Миномётные снаряды',0),(2368,1309,'batarei','Энергетические батареи',0),(2369,1310,'avtomatnie','Автоматные патроны',0),(2370,1310,'vintovochnie','Винтовочные патроны',0),(2371,1310,'pistoletnie','Пистолетные патроны',32),(2372,1310,'rujeinie','Ружейные патроны',0),(2373,1310,'drotiki','Дротики',0),(2374,1310,'streli','Стрелы',0),(2375,1310,'atomnie','Атомные снаряды',0),(2376,1310,'minometnie','Миномётные снаряды',0),(2377,1310,'batarei','Энергетические батареи',0),(2378,1311,'avtomatnie','Автоматные патроны',0),(2379,1311,'vintovochnie','Винтовочные патроны',0),(2380,1311,'pistoletnie','Пистолетные патроны',0),(2381,1311,'rujeinie','Ружейные патроны',0),(2382,1311,'drotiki','Дротики',0),(2383,1311,'streli','Стрелы',0),(2384,1311,'atomnie','Атомные снаряды',0),(2385,1311,'minometnie','Миномётные снаряды',0),(2386,1311,'batarei','Энергетические батареи',0),(2387,1312,'avtomatnie','Автоматные патроны',0),(2388,1312,'vintovochnie','Винтовочные патроны',0),(2389,1312,'pistoletnie','Пистолетные патроны',0),(2390,1312,'rujeinie','Ружейные патроны',0),(2391,1312,'drotiki','Дротики',0),(2392,1312,'streli','Стрелы',0),(2393,1312,'atomnie','Атомные снаряды',0),(2394,1312,'minometnie','Миномётные снаряды',0),(2395,1312,'batarei','Энергетические батареи',0),(2396,1313,'avtomatnie','Автоматные патроны',0),(2397,1313,'vintovochnie','Винтовочные патроны',0),(2398,1313,'pistoletnie','Пистолетные патроны',0),(2399,1313,'rujeinie','Ружейные патроны',0),(2400,1313,'drotiki','Дротики',0),(2401,1313,'streli','Стрелы',0),(2402,1313,'atomnie','Атомные снаряды',0),(2403,1313,'minometnie','Миномётные снаряды',0),(2404,1313,'batarei','Энергетические батареи',0),(2405,1314,'avtomatnie','Автоматные патроны',0),(2406,1314,'vintovochnie','Винтовочные патроны',0),(2407,1314,'pistoletnie','Пистолетные патроны',0),(2408,1314,'rujeinie','Ружейные патроны',0),(2409,1314,'drotiki','Дротики',0),(2410,1314,'streli','Стрелы',0),(2411,1314,'atomnie','Атомные снаряды',0),(2412,1314,'minometnie','Миномётные снаряды',0),(2413,1314,'batarei','Энергетические батареи',0),(2414,1315,'avtomatnie','Автоматные патроны',0),(2415,1315,'vintovochnie','Винтовочные патроны',0),(2416,1315,'pistoletnie','Пистолетные патроны',0),(2417,1315,'rujeinie','Ружейные патроны',0),(2418,1315,'drotiki','Дротики',0),(2419,1315,'streli','Стрелы',0),(2420,1315,'atomnie','Атомные снаряды',0),(2421,1315,'minometnie','Миномётные снаряды',0),(2422,1315,'batarei','Энергетические батареи',0),(2423,1316,'avtomatnie','Автоматные патроны',0),(2424,1316,'vintovochnie','Винтовочные патроны',0),(2425,1316,'pistoletnie','Пистолетные патроны',0),(2426,1316,'rujeinie','Ружейные патроны',0),(2427,1316,'drotiki','Дротики',0),(2428,1316,'streli','Стрелы',0),(2429,1316,'atomnie','Атомные снаряды',0),(2430,1316,'minometnie','Миномётные снаряды',0),(2431,1316,'batarei','Энергетические батареи',0),(2432,1317,'avtomatnie','Автоматные патроны',0),(2433,1317,'vintovochnie','Винтовочные патроны',0),(2434,1317,'pistoletnie','Пистолетные патроны',0),(2435,1317,'rujeinie','Ружейные патроны',0),(2436,1317,'drotiki','Дротики',0),(2437,1317,'streli','Стрелы',0),(2438,1317,'atomnie','Атомные снаряды',0),(2439,1317,'minometnie','Миномётные снаряды',0),(2440,1317,'batarei','Энергетические батареи',0),(2441,1318,'avtomatnie','Автоматные патроны',0),(2442,1318,'vintovochnie','Винтовочные патроны',0),(2443,1318,'pistoletnie','Пистолетные патроны',50),(2444,1318,'rujeinie','Ружейные патроны',0),(2445,1318,'drotiki','Дротики',0),(2446,1318,'streli','Стрелы',0),(2447,1318,'atomnie','Атомные снаряды',0),(2448,1318,'minometnie','Миномётные снаряды',0),(2449,1318,'batarei','Энергетические батареи',0),(2450,1319,'avtomatnie','Автоматные патроны',0),(2451,1319,'vintovochnie','Винтовочные патроны',0),(2452,1319,'pistoletnie','Пистолетные патроны',0),(2453,1319,'rujeinie','Ружейные патроны',0),(2454,1319,'drotiki','Дротики',0),(2455,1319,'streli','Стрелы',0),(2456,1319,'atomnie','Атомные снаряды',0),(2457,1319,'minometnie','Миномётные снаряды',0),(2458,1319,'batarei','Энергетические батареи',0),(2459,1320,'avtomatnie','Автоматные патроны',0),(2460,1320,'vintovochnie','Винтовочные патроны',0),(2461,1320,'pistoletnie','Пистолетные патроны',0),(2462,1320,'rujeinie','Ружейные патроны',0),(2463,1320,'drotiki','Дротики',0),(2464,1320,'streli','Стрелы',0),(2465,1320,'atomnie','Атомные снаряды',0),(2466,1320,'minometnie','Миномётные снаряды',0),(2467,1320,'batarei','Энергетические батареи',0),(2468,1321,'avtomatnie','Автоматные патроны',0),(2469,1321,'vintovochnie','Винтовочные патроны',0),(2470,1321,'pistoletnie','Пистолетные патроны',0),(2471,1321,'rujeinie','Ружейные патроны',0),(2472,1321,'drotiki','Дротики',0),(2473,1321,'streli','Стрелы',0),(2474,1321,'atomnie','Атомные снаряды',0),(2475,1321,'minometnie','Миномётные снаряды',0),(2476,1321,'batarei','Энергетические батареи',0),(2477,1322,'avtomatnie','Автоматные патроны',0),(2478,1322,'vintovochnie','Винтовочные патроны',0),(2479,1322,'pistoletnie','Пистолетные патроны',0),(2480,1322,'rujeinie','Ружейные патроны',0),(2481,1322,'drotiki','Дротики',0),(2482,1322,'streli','Стрелы',0),(2483,1322,'atomnie','Атомные снаряды',0),(2484,1322,'minometnie','Миномётные снаряды',0),(2485,1322,'batarei','Энергетические батареи',0),(2486,1323,'avtomatnie','Автоматные патроны',0),(2487,1323,'vintovochnie','Винтовочные патроны',0),(2488,1323,'pistoletnie','Пистолетные патроны',0),(2489,1323,'rujeinie','Ружейные патроны',0),(2490,1323,'drotiki','Дротики',0),(2491,1323,'streli','Стрелы',0),(2492,1323,'atomnie','Атомные снаряды',0),(2493,1323,'minometnie','Миномётные снаряды',0),(2494,1323,'batarei','Энергетические батареи',0),(2495,1324,'avtomatnie','Автоматные патроны',0),(2496,1324,'vintovochnie','Винтовочные патроны',0),(2497,1324,'pistoletnie','Пистолетные патроны',0),(2498,1324,'rujeinie','Ружейные патроны',0),(2499,1324,'drotiki','Дротики',0),(2500,1324,'streli','Стрелы',0),(2501,1324,'atomnie','Атомные снаряды',0),(2502,1324,'minometnie','Миномётные снаряды',0),(2503,1324,'batarei','Энергетические батареи',0),(2504,1325,'avtomatnie','Автоматные патроны',0),(2505,1325,'vintovochnie','Винтовочные патроны',0),(2506,1325,'pistoletnie','Пистолетные патроны',0),(2507,1325,'rujeinie','Ружейные патроны',0),(2508,1325,'drotiki','Дротики',0),(2509,1325,'streli','Стрелы',0),(2510,1325,'atomnie','Атомные снаряды',0),(2511,1325,'minometnie','Миномётные снаряды',0),(2512,1325,'batarei','Энергетические батареи',0),(2513,1326,'avtomatnie','Автоматные патроны',0),(2514,1326,'vintovochnie','Винтовочные патроны',0),(2515,1326,'pistoletnie','Пистолетные патроны',0),(2516,1326,'rujeinie','Ружейные патроны',0),(2517,1326,'drotiki','Дротики',0),(2518,1326,'streli','Стрелы',0),(2519,1326,'atomnie','Атомные снаряды',0),(2520,1326,'minometnie','Миномётные снаряды',0),(2521,1326,'batarei','Энергетические батареи',0),(2522,1327,'avtomatnie','Автоматные патроны',0),(2523,1327,'vintovochnie','Винтовочные патроны',0),(2524,1327,'pistoletnie','Пистолетные патроны',0),(2525,1327,'rujeinie','Ружейные патроны',0),(2526,1327,'drotiki','Дротики',0),(2527,1327,'streli','Стрелы',0),(2528,1327,'atomnie','Атомные снаряды',0),(2529,1327,'minometnie','Миномётные снаряды',0),(2530,1327,'batarei','Энергетические батареи',0),(2531,1328,'avtomatnie','Автоматные патроны',0),(2532,1328,'vintovochnie','Винтовочные патроны',0),(2533,1328,'pistoletnie','Пистолетные патроны',50),(2534,1328,'rujeinie','Ружейные патроны',0),(2535,1328,'drotiki','Дротики',0),(2536,1328,'streli','Стрелы',0),(2537,1328,'atomnie','Атомные снаряды',0),(2538,1328,'minometnie','Миномётные снаряды',0),(2539,1328,'batarei','Энергетические батареи',0),(2540,1329,'avtomatnie','Автоматные патроны',0),(2541,1329,'vintovochnie','Винтовочные патроны',0),(2542,1329,'pistoletnie','Пистолетные патроны',0),(2543,1329,'rujeinie','Ружейные патроны',0),(2544,1329,'drotiki','Дротики',0),(2545,1329,'streli','Стрелы',0),(2546,1329,'atomnie','Атомные снаряды',0),(2547,1329,'minometnie','Миномётные снаряды',0),(2548,1329,'batarei','Энергетические батареи',0),(2549,1330,'avtomatnie','Автоматные патроны',0),(2550,1330,'vintovochnie','Винтовочные патроны',0),(2551,1330,'pistoletnie','Пистолетные патроны',0),(2552,1330,'rujeinie','Ружейные патроны',0),(2553,1330,'drotiki','Дротики',0),(2554,1330,'streli','Стрелы',0),(2555,1330,'atomnie','Атомные снаряды',0),(2556,1330,'minometnie','Миномётные снаряды',0),(2557,1330,'batarei','Энергетические батареи',0),(2558,1331,'avtomatnie','Автоматные патроны',0),(2559,1331,'vintovochnie','Винтовочные патроны',0),(2560,1331,'pistoletnie','Пистолетные патроны',0),(2561,1331,'rujeinie','Ружейные патроны',0),(2562,1331,'drotiki','Дротики',0),(2563,1331,'streli','Стрелы',0),(2564,1331,'atomnie','Атомные снаряды',0),(2565,1331,'minometnie','Миномётные снаряды',0),(2566,1331,'batarei','Энергетические батареи',0),(2567,1332,'avtomatnie','Автоматные патроны',0),(2568,1332,'vintovochnie','Винтовочные патроны',0),(2569,1332,'pistoletnie','Пистолетные патроны',0),(2570,1332,'rujeinie','Ружейные патроны',0),(2571,1332,'drotiki','Дротики',0),(2572,1332,'streli','Стрелы',0),(2573,1332,'atomnie','Атомные снаряды',0),(2574,1332,'minometnie','Миномётные снаряды',0),(2575,1332,'batarei','Энергетические батареи',0),(2576,1333,'avtomatnie','Автоматные патроны',0),(2577,1333,'vintovochnie','Винтовочные патроны',0),(2578,1333,'pistoletnie','Пистолетные патроны',0),(2579,1333,'rujeinie','Ружейные патроны',0),(2580,1333,'drotiki','Дротики',0),(2581,1333,'streli','Стрелы',0),(2582,1333,'atomnie','Атомные снаряды',0),(2583,1333,'minometnie','Миномётные снаряды',0),(2584,1333,'batarei','Энергетические батареи',0),(2585,1334,'avtomatnie','Автоматные патроны',0),(2586,1334,'vintovochnie','Винтовочные патроны',0),(2587,1334,'pistoletnie','Пистолетные патроны',0),(2588,1334,'rujeinie','Ружейные патроны',0),(2589,1334,'drotiki','Дротики',0),(2590,1334,'streli','Стрелы',0),(2591,1334,'atomnie','Атомные снаряды',0),(2592,1334,'minometnie','Миномётные снаряды',0),(2593,1334,'batarei','Энергетические батареи',0),(2594,1335,'avtomatnie','Автоматные патроны',0),(2595,1335,'vintovochnie','Винтовочные патроны',0),(2596,1335,'pistoletnie','Пистолетные патроны',100),(2597,1335,'rujeinie','Ружейные патроны',0),(2598,1335,'drotiki','Дротики',0),(2599,1335,'streli','Стрелы',0),(2600,1335,'atomnie','Атомные снаряды',0),(2601,1335,'minometnie','Миномётные снаряды',0),(2602,1335,'batarei','Энергетические батареи',0),(2603,1336,'avtomatnie','Автоматные патроны',0),(2604,1336,'vintovochnie','Винтовочные патроны',0),(2605,1336,'pistoletnie','Пистолетные патроны',43),(2606,1336,'rujeinie','Ружейные патроны',0),(2607,1336,'drotiki','Дротики',0),(2608,1336,'streli','Стрелы',0),(2609,1336,'atomnie','Атомные снаряды',0),(2610,1336,'minometnie','Миномётные снаряды',0),(2611,1336,'batarei','Энергетические батареи',0),(2612,1337,'avtomatnie','Автоматные патроны',0),(2613,1337,'vintovochnie','Винтовочные патроны',0),(2614,1337,'pistoletnie','Пистолетные патроны',0),(2615,1337,'rujeinie','Ружейные патроны',0),(2616,1337,'drotiki','Дротики',0),(2617,1337,'streli','Стрелы',0),(2618,1337,'atomnie','Атомные снаряды',0),(2619,1337,'minometnie','Миномётные снаряды',0),(2620,1337,'batarei','Энергетические батареи',0),(2621,1338,'avtomatnie','Автоматные патроны',0),(2622,1338,'vintovochnie','Винтовочные патроны',0),(2623,1338,'pistoletnie','Пистолетные патроны',0),(2624,1338,'rujeinie','Ружейные патроны',0),(2625,1338,'drotiki','Дротики',0),(2626,1338,'streli','Стрелы',0),(2627,1338,'atomnie','Атомные снаряды',0),(2628,1338,'minometnie','Миномётные снаряды',0),(2629,1338,'batarei','Энергетические батареи',0),(2630,1339,'avtomatnie','Автоматные патроны',0),(2631,1339,'vintovochnie','Винтовочные патроны',0),(2632,1339,'pistoletnie','Пистолетные патроны',50),(2633,1339,'rujeinie','Ружейные патроны',0),(2634,1339,'drotiki','Дротики',0),(2635,1339,'streli','Стрелы',0),(2636,1339,'atomnie','Атомные снаряды',0),(2637,1339,'minometnie','Миномётные снаряды',0),(2638,1339,'batarei','Энергетические батареи',0),(2639,1340,'avtomatnie','Автоматные патроны',0),(2640,1340,'vintovochnie','Винтовочные патроны',0),(2641,1340,'pistoletnie','Пистолетные патроны',39),(2642,1340,'rujeinie','Ружейные патроны',0),(2643,1340,'drotiki','Дротики',0),(2644,1340,'streli','Стрелы',0),(2645,1340,'atomnie','Атомные снаряды',0),(2646,1340,'minometnie','Миномётные снаряды',0),(2647,1340,'batarei','Энергетические батареи',0),(2648,1341,'avtomatnie','Автоматные патроны',0),(2649,1341,'vintovochnie','Винтовочные патроны',0),(2650,1341,'pistoletnie','Пистолетные патроны',0),(2651,1341,'rujeinie','Ружейные патроны',0),(2652,1341,'drotiki','Дротики',0),(2653,1341,'streli','Стрелы',0),(2654,1341,'atomnie','Атомные снаряды',0),(2655,1341,'minometnie','Миномётные снаряды',0),(2656,1341,'batarei','Энергетические батареи',0),(2657,1342,'avtomatnie','Автоматные патроны',0),(2658,1342,'vintovochnie','Винтовочные патроны',0),(2659,1342,'pistoletnie','Пистолетные патроны',0),(2660,1342,'rujeinie','Ружейные патроны',0),(2661,1342,'drotiki','Дротики',0),(2662,1342,'streli','Стрелы',0),(2663,1342,'atomnie','Атомные снаряды',0),(2664,1342,'minometnie','Миномётные снаряды',0),(2665,1342,'batarei','Энергетические батареи',0),(2666,1343,'avtomatnie','Автоматные патроны',0),(2667,1343,'vintovochnie','Винтовочные патроны',0),(2668,1343,'pistoletnie','Пистолетные патроны',36),(2669,1343,'rujeinie','Ружейные патроны',0),(2670,1343,'drotiki','Дротики',0),(2671,1343,'streli','Стрелы',0),(2672,1343,'atomnie','Атомные снаряды',0),(2673,1343,'minometnie','Миномётные снаряды',0),(2674,1343,'batarei','Энергетические батареи',0),(2675,1344,'avtomatnie','Автоматные патроны',0),(2676,1344,'vintovochnie','Винтовочные патроны',0),(2677,1344,'pistoletnie','Пистолетные патроны',50),(2678,1344,'rujeinie','Ружейные патроны',0),(2679,1344,'drotiki','Дротики',0),(2680,1344,'streli','Стрелы',0),(2681,1344,'atomnie','Атомные снаряды',0),(2682,1344,'minometnie','Миномётные снаряды',0),(2683,1344,'batarei','Энергетические батареи',0),(2684,1345,'avtomatnie','Автоматные патроны',0),(2685,1345,'vintovochnie','Винтовочные патроны',0),(2686,1345,'pistoletnie','Пистолетные патроны',50),(2687,1345,'rujeinie','Ружейные патроны',0),(2688,1345,'drotiki','Дротики',0),(2689,1345,'streli','Стрелы',0),(2690,1345,'atomnie','Атомные снаряды',0),(2691,1345,'minometnie','Миномётные снаряды',0),(2692,1345,'batarei','Энергетические батареи',0),(2693,1346,'avtomatnie','Автоматные патроны',0),(2694,1346,'vintovochnie','Винтовочные патроны',0),(2695,1346,'pistoletnie','Пистолетные патроны',0),(2696,1346,'rujeinie','Ружейные патроны',0),(2697,1346,'drotiki','Дротики',0),(2698,1346,'streli','Стрелы',0),(2699,1346,'atomnie','Атомные снаряды',0),(2700,1346,'minometnie','Миномётные снаряды',0),(2701,1346,'batarei','Энергетические батареи',0),(2702,1347,'avtomatnie','Автоматные патроны',0),(2703,1347,'vintovochnie','Винтовочные патроны',0),(2704,1347,'pistoletnie','Пистолетные патроны',0),(2705,1347,'rujeinie','Ружейные патроны',0),(2706,1347,'drotiki','Дротики',0),(2707,1347,'streli','Стрелы',0),(2708,1347,'atomnie','Атомные снаряды',0),(2709,1347,'minometnie','Миномётные снаряды',0),(2710,1347,'batarei','Энергетические батареи',0),(2711,1348,'avtomatnie','Автоматные патроны',0),(2712,1348,'vintovochnie','Винтовочные патроны',0),(2713,1348,'pistoletnie','Пистолетные патроны',50),(2714,1348,'rujeinie','Ружейные патроны',0),(2715,1348,'drotiki','Дротики',0),(2716,1348,'streli','Стрелы',0),(2717,1348,'atomnie','Атомные снаряды',0),(2718,1348,'minometnie','Миномётные снаряды',0),(2719,1348,'batarei','Энергетические батареи',0),(2721,1349,'avtomatnie','Автоматные патроны',0),(2722,1349,'vintovochnie','Винтовочные патроны',0),(2723,1349,'pistoletnie','Пистолетные патроны',0),(2724,1349,'rujeinie','Ружейные патроны',0),(2725,1349,'drotiki','Дротики',0),(2726,1349,'streli','Стрелы',0),(2727,1349,'atomnie','Атомные снаряды',0),(2728,1349,'minometnie','Миномётные снаряды',0),(2729,1349,'batarei','Энергетические батареи',0),(2730,1350,'avtomatnie','Автоматные патроны',0),(2731,1350,'vintovochnie','Винтовочные патроны',0),(2732,1350,'pistoletnie','Пистолетные патроны',0),(2733,1350,'rujeinie','Ружейные патроны',0),(2734,1350,'drotiki','Дротики',0),(2735,1350,'streli','Стрелы',0),(2736,1350,'atomnie','Атомные снаряды',0),(2737,1350,'minometnie','Миномётные снаряды',0),(2738,1350,'batarei','Энергетические батареи',0),(2739,1351,'avtomatnie','Автоматные патроны',0),(2740,1351,'vintovochnie','Винтовочные патроны',0),(2741,1351,'pistoletnie','Пистолетные патроны',173),(2742,1351,'rujeinie','Ружейные патроны',0),(2743,1351,'drotiki','Дротики',0),(2744,1351,'streli','Стрелы',0),(2745,1351,'atomnie','Атомные снаряды',0),(2746,1351,'minometnie','Миномётные снаряды',0),(2747,1351,'batarei','Энергетические батареи',0),(2748,1352,'avtomatnie','Автоматные патроны',0),(2749,1352,'vintovochnie','Винтовочные патроны',0),(2750,1352,'pistoletnie','Пистолетные патроны',0),(2751,1352,'rujeinie','Ружейные патроны',0),(2752,1352,'drotiki','Дротики',0),(2753,1352,'streli','Стрелы',0),(2754,1352,'atomnie','Атомные снаряды',0),(2755,1352,'minometnie','Миномётные снаряды',0),(2756,1352,'batarei','Энергетические батареи',0),(2757,1353,'avtomatnie','Автоматные патроны',0),(2758,1353,'vintovochnie','Винтовочные патроны',0),(2759,1353,'pistoletnie','Пистолетные патроны',47),(2760,1353,'rujeinie','Ружейные патроны',0),(2761,1353,'drotiki','Дротики',0),(2762,1353,'streli','Стрелы',0),(2763,1353,'atomnie','Атомные снаряды',0),(2764,1353,'minometnie','Миномётные снаряды',0),(2765,1353,'batarei','Энергетические батареи',0),(2766,1354,'avtomatnie','Автоматные патроны',0),(2767,1354,'vintovochnie','Винтовочные патроны',0),(2768,1354,'pistoletnie','Пистолетные патроны',50),(2769,1354,'rujeinie','Ружейные патроны',0),(2770,1354,'drotiki','Дротики',0),(2771,1354,'streli','Стрелы',0),(2772,1354,'atomnie','Атомные снаряды',0),(2773,1354,'minometnie','Миномётные снаряды',0),(2774,1354,'batarei','Энергетические батареи',0),(2775,1355,'avtomatnie','Автоматные патроны',0),(2776,1355,'vintovochnie','Винтовочные патроны',0),(2777,1355,'pistoletnie','Пистолетные патроны',0),(2778,1355,'rujeinie','Ружейные патроны',0),(2779,1355,'drotiki','Дротики',0),(2780,1355,'streli','Стрелы',0),(2781,1355,'atomnie','Атомные снаряды',0),(2782,1355,'minometnie','Миномётные снаряды',0),(2783,1355,'batarei','Энергетические батареи',4),(2937,1373,'avtomatnie','Автоматные патроны',0),(2820,1360,'avtomatnie','Автоматные патроны',0),(2784,1356,'avtomatnie','Автоматные патроны',0),(2785,1356,'vintovochnie','Винтовочные патроны',0),(2786,1356,'pistoletnie','Пистолетные патроны',52),(2787,1356,'rujeinie','Ружейные патроны',0),(2788,1356,'drotiki','Дротики',0),(2789,1356,'streli','Стрелы',0),(2790,1356,'atomnie','Атомные снаряды',0),(2791,1356,'minometnie','Миномётные снаряды',0),(2792,1356,'batarei','Энергетические батареи',0),(2793,1357,'avtomatnie','Автоматные патроны',0),(2794,1357,'vintovochnie','Винтовочные патроны',0),(2795,1357,'pistoletnie','Пистолетные патроны',0),(2796,1357,'rujeinie','Ружейные патроны',0),(2797,1357,'drotiki','Дротики',0),(2798,1357,'streli','Стрелы',0),(2799,1357,'atomnie','Атомные снаряды',0),(2800,1357,'minometnie','Миномётные снаряды',0),(2801,1357,'batarei','Энергетические батареи',0),(2802,1358,'avtomatnie','Автоматные патроны',0),(2803,1358,'vintovochnie','Винтовочные патроны',0),(2804,1358,'pistoletnie','Пистолетные патроны',0),(2805,1358,'rujeinie','Ружейные патроны',0),(2806,1358,'drotiki','Дротики',0),(2807,1358,'streli','Стрелы',0),(2808,1358,'atomnie','Атомные снаряды',0),(2809,1358,'minometnie','Миномётные снаряды',0),(2810,1358,'batarei','Энергетические батареи',0),(2811,1359,'avtomatnie','Автоматные патроны',0),(2812,1359,'vintovochnie','Винтовочные патроны',0),(2813,1359,'pistoletnie','Пистолетные патроны',0),(2814,1359,'rujeinie','Ружейные патроны',0),(2815,1359,'drotiki','Дротики',0),(2816,1359,'streli','Стрелы',0),(2817,1359,'atomnie','Атомные снаряды',0),(2818,1359,'minometnie','Миномётные снаряды',0),(2819,1359,'batarei','Энергетические батареи',0),(2821,1360,'vintovochnie','Винтовочные патроны',0),(2822,1360,'pistoletnie','Пистолетные патроны',50),(2823,1360,'rujeinie','Ружейные патроны',0),(2824,1360,'drotiki','Дротики',0),(2825,1360,'streli','Стрелы',0),(2826,1360,'atomnie','Атомные снаряды',0),(2827,1360,'minometnie','Миномётные снаряды',0),(2828,1360,'batarei','Энергетические батареи',0),(2829,1361,'avtomatnie','Автоматные патроны',0),(2830,1361,'vintovochnie','Винтовочные патроны',0),(2831,1361,'pistoletnie','Пистолетные патроны',227),(2832,1361,'rujeinie','Ружейные патроны',24),(2833,1361,'drotiki','Дротики',185),(2834,1361,'streli','Стрелы',0),(2835,1361,'atomnie','Атомные снаряды',0),(2836,1361,'minometnie','Миномётные снаряды',0),(2837,1361,'batarei','Энергетические батареи',7),(2838,1362,'avtomatnie','Автоматные патроны',0),(2839,1362,'vintovochnie','Винтовочные патроны',0),(2840,1362,'pistoletnie','Пистолетные патроны',50),(2841,1362,'rujeinie','Ружейные патроны',0),(2842,1362,'drotiki','Дротики',0),(2843,1362,'streli','Стрелы',0),(2844,1362,'atomnie','Атомные снаряды',0),(2845,1362,'minometnie','Миномётные снаряды',0),(2846,1362,'batarei','Энергетические батареи',0),(2847,1363,'avtomatnie','Автоматные патроны',0),(2848,1363,'vintovochnie','Винтовочные патроны',0),(2849,1363,'pistoletnie','Пистолетные патроны',0),(2850,1363,'rujeinie','Ружейные патроны',0),(2851,1363,'drotiki','Дротики',0),(2852,1363,'streli','Стрелы',0),(2853,1363,'atomnie','Атомные снаряды',0),(2854,1363,'minometnie','Миномётные снаряды',0),(2855,1363,'batarei','Энергетические батареи',0),(2856,1364,'avtomatnie','Автоматные патроны',0),(2857,1364,'vintovochnie','Винтовочные патроны',0),(2858,1364,'pistoletnie','Пистолетные патроны',0),(2859,1364,'rujeinie','Ружейные патроны',0),(2860,1364,'drotiki','Дротики',0),(2861,1364,'streli','Стрелы',0),(2862,1364,'atomnie','Атомные снаряды',0),(2863,1364,'minometnie','Миномётные снаряды',0),(2864,1364,'batarei','Энергетические батареи',0),(2865,1365,'avtomatnie','Автоматные патроны',0),(2866,1365,'vintovochnie','Винтовочные патроны',0),(2867,1365,'pistoletnie','Пистолетные патроны',0),(2868,1365,'rujeinie','Ружейные патроны',0),(2869,1365,'drotiki','Дротики',0),(2870,1365,'streli','Стрелы',0),(2871,1365,'atomnie','Атомные снаряды',0),(2872,1365,'minometnie','Миномётные снаряды',0),(2873,1365,'batarei','Энергетические батареи',0),(2874,1366,'avtomatnie','Автоматные патроны',0),(2875,1366,'vintovochnie','Винтовочные патроны',0),(2876,1366,'pistoletnie','Пистолетные патроны',50),(2877,1366,'rujeinie','Ружейные патроны',0),(2878,1366,'drotiki','Дротики',0),(2879,1366,'streli','Стрелы',0),(2880,1366,'atomnie','Атомные снаряды',0),(2881,1366,'minometnie','Миномётные снаряды',0),(2882,1366,'batarei','Энергетические батареи',0),(2883,1367,'avtomatnie','Автоматные патроны',0),(2884,1367,'vintovochnie','Винтовочные патроны',0),(2885,1367,'pistoletnie','Пистолетные патроны',0),(2886,1367,'rujeinie','Ружейные патроны',0),(2887,1367,'drotiki','Дротики',0),(2888,1367,'streli','Стрелы',0),(2889,1367,'atomnie','Атомные снаряды',0),(2890,1367,'minometnie','Миномётные снаряды',0),(2891,1367,'batarei','Энергетические батареи',0),(2892,1368,'avtomatnie','Автоматные патроны',0),(2893,1368,'vintovochnie','Винтовочные патроны',0),(2894,1368,'pistoletnie','Пистолетные патроны',0),(2895,1368,'rujeinie','Ружейные патроны',0),(2896,1368,'drotiki','Дротики',0),(2897,1368,'streli','Стрелы',0),(2898,1368,'atomnie','Атомные снаряды',0),(2899,1368,'minometnie','Миномётные снаряды',0),(2900,1368,'batarei','Энергетические батареи',0),(2901,1369,'avtomatnie','Автоматные патроны',0),(2902,1369,'vintovochnie','Винтовочные патроны',0),(2903,1369,'pistoletnie','Пистолетные патроны',0),(2904,1369,'rujeinie','Ружейные патроны',0),(2905,1369,'drotiki','Дротики',0),(2906,1369,'streli','Стрелы',0),(2907,1369,'atomnie','Атомные снаряды',0),(2908,1369,'minometnie','Миномётные снаряды',0),(2909,1369,'batarei','Энергетические батареи',0),(2910,1370,'avtomatnie','Автоматные патроны',0),(2911,1370,'vintovochnie','Винтовочные патроны',0),(2912,1370,'pistoletnie','Пистолетные патроны',45),(2913,1370,'rujeinie','Ружейные патроны',0),(2914,1370,'drotiki','Дротики',0),(2915,1370,'streli','Стрелы',0),(2916,1370,'atomnie','Атомные снаряды',0),(2917,1370,'minometnie','Миномётные снаряды',0),(2918,1370,'batarei','Энергетические батареи',0),(2919,1371,'avtomatnie','Автоматные патроны',0),(2920,1371,'vintovochnie','Винтовочные патроны',0),(2921,1371,'pistoletnie','Пистолетные патроны',0),(2922,1371,'rujeinie','Ружейные патроны',0),(2923,1371,'drotiki','Дротики',0),(2924,1371,'streli','Стрелы',0),(2925,1371,'atomnie','Атомные снаряды',0),(2926,1371,'minometnie','Миномётные снаряды',0),(2927,1371,'batarei','Энергетические батареи',0),(2928,1372,'avtomatnie','Автоматные патроны',0),(2929,1372,'vintovochnie','Винтовочные патроны',0),(2930,1372,'pistoletnie','Пистолетные патроны',8),(2931,1372,'rujeinie','Ружейные патроны',0),(2932,1372,'drotiki','Дротики',0),(2933,1372,'streli','Стрелы',0),(2934,1372,'atomnie','Атомные снаряды',0),(2935,1372,'minometnie','Миномётные снаряды',0),(2936,1372,'batarei','Энергетические батареи',0),(2938,1373,'vintovochnie','Винтовочные патроны',0),(2939,1373,'pistoletnie','Пистолетные патроны',0),(2940,1373,'rujeinie','Ружейные патроны',0),(2941,1373,'drotiki','Дротики',0),(2942,1373,'streli','Стрелы',0),(2943,1373,'atomnie','Атомные снаряды',0),(2944,1373,'minometnie','Миномётные снаряды',0),(2945,1373,'batarei','Энергетические батареи',0),(2946,1374,'avtomatnie','Автоматные патроны',0),(2947,1374,'vintovochnie','Винтовочные патроны',0),(2948,1374,'pistoletnie','Пистолетные патроны',0),(2949,1374,'rujeinie','Ружейные патроны',0),(2950,1374,'drotiki','Дротики',0),(2951,1374,'streli','Стрелы',0),(2952,1374,'atomnie','Атомные снаряды',0),(2953,1374,'minometnie','Миномётные снаряды',0),(2954,1374,'batarei','Энергетические батареи',0),(2955,1375,'avtomatnie','Автоматные патроны',0),(2956,1375,'vintovochnie','Винтовочные патроны',0),(2957,1375,'pistoletnie','Пистолетные патроны',0),(2958,1375,'rujeinie','Ружейные патроны',0),(2959,1375,'drotiki','Дротики',0),(2960,1375,'streli','Стрелы',0),(2961,1375,'atomnie','Атомные снаряды',0),(2962,1375,'minometnie','Миномётные снаряды',0),(2963,1375,'batarei','Энергетические батареи',0),(2964,1376,'avtomatnie','Автоматные патроны',0),(2965,1376,'vintovochnie','Винтовочные патроны',0),(2966,1376,'pistoletnie','Пистолетные патроны',0),(2967,1376,'rujeinie','Ружейные патроны',0),(2968,1376,'drotiki','Дротики',0),(2969,1376,'streli','Стрелы',0),(2970,1376,'atomnie','Атомные снаряды',0),(2971,1376,'minometnie','Миномётные снаряды',0),(2972,1376,'batarei','Энергетические батареи',0),(2973,1377,'avtomatnie','Автоматные патроны',0),(2974,1377,'vintovochnie','Винтовочные патроны',0),(2975,1377,'pistoletnie','Пистолетные патроны',0),(2976,1377,'rujeinie','Ружейные патроны',0),(2977,1377,'drotiki','Дротики',0),(2978,1377,'streli','Стрелы',0),(2979,1377,'atomnie','Атомные снаряды',0),(2980,1377,'minometnie','Миномётные снаряды',0),(2981,1377,'batarei','Энергетические батареи',0),(2982,1378,'avtomatnie','Автоматные патроны',0),(2983,1378,'vintovochnie','Винтовочные патроны',0),(2984,1378,'pistoletnie','Пистолетные патроны',42),(2985,1378,'rujeinie','Ружейные патроны',0),(2986,1378,'drotiki','Дротики',0),(2987,1378,'streli','Стрелы',0),(2988,1378,'atomnie','Атомные снаряды',0),(2989,1378,'minometnie','Миномётные снаряды',0),(2990,1378,'batarei','Энергетические батареи',0),(2991,1379,'avtomatnie','Автоматные патроны',0),(2992,1379,'vintovochnie','Винтовочные патроны',0),(2993,1379,'pistoletnie','Пистолетные патроны',0),(2994,1379,'rujeinie','Ружейные патроны',0),(2995,1379,'drotiki','Дротики',0),(2996,1379,'streli','Стрелы',0),(2997,1379,'atomnie','Атомные снаряды',0),(2998,1379,'minometnie','Миномётные снаряды',0),(2999,1379,'batarei','Энергетические батареи',0),(3000,1380,'avtomatnie','Автоматные патроны',0),(3001,1380,'vintovochnie','Винтовочные патроны',0),(3002,1380,'pistoletnie','Пистолетные патроны',0),(3003,1380,'rujeinie','Ружейные патроны',0),(3004,1380,'drotiki','Дротики',0),(3005,1380,'streli','Стрелы',0),(3006,1380,'atomnie','Атомные снаряды',0),(3007,1380,'minometnie','Миномётные снаряды',0),(3008,1380,'batarei','Энергетические батареи',0),(3009,1381,'avtomatnie','Автоматные патроны',0),(3010,1381,'vintovochnie','Винтовочные патроны',0),(3011,1381,'pistoletnie','Пистолетные патроны',113),(3012,1381,'rujeinie','Ружейные патроны',0),(3013,1381,'drotiki','Дротики',0),(3014,1381,'streli','Стрелы',0),(3015,1381,'atomnie','Атомные снаряды',0),(3016,1381,'minometnie','Миномётные снаряды',0),(3017,1381,'batarei','Энергетические батареи',0),(3018,1382,'avtomatnie','Автоматные патроны',0),(3019,1382,'vintovochnie','Винтовочные патроны',0),(3020,1382,'pistoletnie','Пистолетные патроны',50),(3021,1382,'rujeinie','Ружейные патроны',0),(3022,1382,'drotiki','Дротики',0),(3023,1382,'streli','Стрелы',0),(3024,1382,'atomnie','Атомные снаряды',0),(3025,1382,'minometnie','Миномётные снаряды',0),(3026,1382,'batarei','Энергетические батареи',0),(3027,1383,'avtomatnie','Автоматные патроны',0),(3028,1383,'vintovochnie','Винтовочные патроны',0),(3029,1383,'pistoletnie','Пистолетные патроны',0),(3030,1383,'rujeinie','Ружейные патроны',0),(3031,1383,'drotiki','Дротики',0),(3032,1383,'streli','Стрелы',0),(3033,1383,'atomnie','Атомные снаряды',0),(3034,1383,'minometnie','Миномётные снаряды',0),(3035,1383,'batarei','Энергетические батареи',0),(3036,1384,'avtomatnie','Автоматные патроны',0),(3037,1384,'vintovochnie','Винтовочные патроны',0),(3038,1384,'pistoletnie','Пистолетные патроны',0),(3039,1384,'rujeinie','Ружейные патроны',0),(3040,1384,'drotiki','Дротики',0),(3041,1384,'streli','Стрелы',0),(3042,1384,'atomnie','Атомные снаряды',0),(3043,1384,'minometnie','Миномётные снаряды',0),(3044,1384,'batarei','Энергетические батареи',0),(3045,1385,'avtomatnie','Автоматные патроны',0),(3046,1385,'vintovochnie','Винтовочные патроны',0),(3047,1385,'pistoletnie','Пистолетные патроны',0),(3048,1385,'rujeinie','Ружейные патроны',0),(3049,1385,'drotiki','Дротики',0),(3050,1385,'streli','Стрелы',0),(3051,1385,'atomnie','Атомные снаряды',0),(3052,1385,'minometnie','Миномётные снаряды',0),(3053,1385,'batarei','Энергетические батареи',0),(3054,1386,'avtomatnie','Автоматные патроны',0),(3055,1386,'vintovochnie','Винтовочные патроны',0),(3056,1386,'pistoletnie','Пистолетные патроны',0),(3057,1386,'rujeinie','Ружейные патроны',0),(3058,1386,'drotiki','Дротики',0),(3059,1386,'streli','Стрелы',0),(3060,1386,'atomnie','Атомные снаряды',0),(3061,1386,'minometnie','Миномётные снаряды',0),(3062,1386,'batarei','Энергетические батареи',0),(3063,1387,'avtomatnie','Автоматные патроны',0),(3064,1387,'vintovochnie','Винтовочные патроны',0),(3065,1387,'pistoletnie','Пистолетные патроны',0),(3066,1387,'rujeinie','Ружейные патроны',0),(3067,1387,'drotiki','Дротики',0),(3068,1387,'streli','Стрелы',0),(3069,1387,'atomnie','Атомные снаряды',0),(3070,1387,'minometnie','Миномётные снаряды',0),(3071,1387,'batarei','Энергетические батареи',0),(3072,1388,'avtomatnie','Автоматные патроны',0),(3073,1388,'vintovochnie','Винтовочные патроны',0),(3074,1388,'pistoletnie','Пистолетные патроны',42),(3075,1388,'rujeinie','Ружейные патроны',0),(3076,1388,'drotiki','Дротики',0),(3077,1388,'streli','Стрелы',0),(3078,1388,'atomnie','Атомные снаряды',0),(3079,1388,'minometnie','Миномётные снаряды',0),(3080,1388,'batarei','Энергетические батареи',0),(3081,1389,'avtomatnie','Автоматные патроны',0),(3082,1389,'vintovochnie','Винтовочные патроны',0),(3083,1389,'pistoletnie','Пистолетные патроны',0),(3084,1389,'rujeinie','Ружейные патроны',0),(3085,1389,'drotiki','Дротики',0),(3086,1389,'streli','Стрелы',0),(3087,1389,'atomnie','Атомные снаряды',0),(3088,1389,'minometnie','Миномётные снаряды',0),(3089,1389,'batarei','Энергетические батареи',0),(3090,1390,'avtomatnie','Автоматные патроны',0),(3091,1390,'vintovochnie','Винтовочные патроны',0),(3092,1390,'pistoletnie','Пистолетные патроны',50),(3093,1390,'rujeinie','Ружейные патроны',0),(3094,1390,'drotiki','Дротики',0),(3095,1390,'streli','Стрелы',0),(3096,1390,'atomnie','Атомные снаряды',0),(3097,1390,'minometnie','Миномётные снаряды',0),(3098,1390,'batarei','Энергетические батареи',0),(3099,1391,'avtomatnie','Автоматные патроны',0),(3100,1391,'vintovochnie','Винтовочные патроны',0),(3101,1391,'pistoletnie','Пистолетные патроны',52),(3102,1391,'rujeinie','Ружейные патроны',0),(3103,1391,'drotiki','Дротики',0),(3104,1391,'streli','Стрелы',0),(3105,1391,'atomnie','Атомные снаряды',0),(3106,1391,'minometnie','Миномётные снаряды',0),(3107,1391,'batarei','Энергетические батареи',0),(3108,1392,'avtomatnie','Автоматные патроны',0),(3109,1392,'vintovochnie','Винтовочные патроны',0),(3110,1392,'pistoletnie','Пистолетные патроны',0),(3111,1392,'rujeinie','Ружейные патроны',0),(3112,1392,'drotiki','Дротики',0),(3113,1392,'streli','Стрелы',0),(3114,1392,'atomnie','Атомные снаряды',0),(3115,1392,'minometnie','Миномётные снаряды',0),(3116,1392,'batarei','Энергетические батареи',0),(3117,1393,'avtomatnie','Автоматные патроны',0),(3118,1393,'vintovochnie','Винтовочные патроны',0),(3119,1393,'pistoletnie','Пистолетные патроны',0),(3120,1393,'rujeinie','Ружейные патроны',0),(3121,1393,'drotiki','Дротики',0),(3122,1393,'streli','Стрелы',0),(3123,1393,'atomnie','Атомные снаряды',0),(3124,1393,'minometnie','Миномётные снаряды',0),(3125,1393,'batarei','Энергетические батареи',0),(3126,1394,'avtomatnie','Автоматные патроны',0),(3127,1394,'vintovochnie','Винтовочные патроны',0),(3128,1394,'pistoletnie','Пистолетные патроны',0),(3129,1394,'rujeinie','Ружейные патроны',0),(3130,1394,'drotiki','Дротики',0),(3131,1394,'streli','Стрелы',0),(3132,1394,'atomnie','Атомные снаряды',0),(3133,1394,'minometnie','Миномётные снаряды',0),(3134,1394,'batarei','Энергетические батареи',0),(3135,1395,'avtomatnie','Автоматные патроны',0),(3136,1395,'vintovochnie','Винтовочные патроны',0),(3137,1395,'pistoletnie','Пистолетные патроны',0),(3138,1395,'rujeinie','Ружейные патроны',0),(3139,1395,'drotiki','Дротики',0),(3140,1395,'streli','Стрелы',0),(3141,1395,'atomnie','Атомные снаряды',0),(3142,1395,'minometnie','Миномётные снаряды',0),(3143,1395,'batarei','Энергетические батареи',0),(3144,1396,'avtomatnie','Автоматные патроны',0),(3145,1396,'vintovochnie','Винтовочные патроны',0),(3146,1396,'pistoletnie','Пистолетные патроны',50),(3147,1396,'rujeinie','Ружейные патроны',0),(3148,1396,'drotiki','Дротики',0),(3149,1396,'streli','Стрелы',0),(3150,1396,'atomnie','Атомные снаряды',0),(3151,1396,'minometnie','Миномётные снаряды',0),(3152,1396,'batarei','Энергетические батареи',0),(3153,1397,'avtomatnie','Автоматные патроны',0),(3154,1397,'vintovochnie','Винтовочные патроны',0),(3155,1397,'pistoletnie','Пистолетные патроны',0),(3156,1397,'rujeinie','Ружейные патроны',0),(3157,1397,'drotiki','Дротики',0),(3158,1397,'streli','Стрелы',0),(3159,1397,'atomnie','Атомные снаряды',0),(3160,1397,'minometnie','Миномётные снаряды',0),(3161,1397,'batarei','Энергетические батареи',0),(3162,1398,'avtomatnie','Автоматные патроны',0),(3163,1398,'vintovochnie','Винтовочные патроны',0),(3164,1398,'pistoletnie','Пистолетные патроны',101),(3165,1398,'rujeinie','Ружейные патроны',0),(3166,1398,'drotiki','Дротики',0),(3167,1398,'streli','Стрелы',0),(3168,1398,'atomnie','Атомные снаряды',0),(3169,1398,'minometnie','Миномётные снаряды',0),(3170,1398,'batarei','Энергетические батареи',0),(3171,1399,'avtomatnie','Автоматные патроны',0),(3172,1399,'vintovochnie','Винтовочные патроны',0),(3173,1399,'pistoletnie','Пистолетные патроны',0),(3174,1399,'rujeinie','Ружейные патроны',0),(3175,1399,'drotiki','Дротики',0),(3176,1399,'streli','Стрелы',0),(3177,1399,'atomnie','Атомные снаряды',0),(3178,1399,'minometnie','Миномётные снаряды',0),(3179,1399,'batarei','Энергетические батареи',0),(3180,1400,'avtomatnie','Автоматные патроны',0),(3181,1400,'vintovochnie','Винтовочные патроны',0),(3182,1400,'pistoletnie','Пистолетные патроны',0),(3183,1400,'rujeinie','Ружейные патроны',0),(3184,1400,'drotiki','Дротики',0),(3185,1400,'streli','Стрелы',0),(3186,1400,'atomnie','Атомные снаряды',0),(3187,1400,'minometnie','Миномётные снаряды',0),(3188,1400,'batarei','Энергетические батареи',0),(3189,1401,'avtomatnie','Автоматные патроны',0),(3190,1401,'vintovochnie','Винтовочные патроны',0),(3191,1401,'pistoletnie','Пистолетные патроны',0),(3192,1401,'rujeinie','Ружейные патроны',0),(3193,1401,'drotiki','Дротики',0),(3194,1401,'streli','Стрелы',0),(3195,1401,'atomnie','Атомные снаряды',0),(3196,1401,'minometnie','Миномётные снаряды',0),(3197,1401,'batarei','Энергетические батареи',0),(3198,1402,'avtomatnie','Автоматные патроны',0),(3199,1402,'vintovochnie','Винтовочные патроны',0),(3200,1402,'pistoletnie','Пистолетные патроны',0),(3201,1402,'rujeinie','Ружейные патроны',0),(3202,1402,'drotiki','Дротики',0),(3203,1402,'streli','Стрелы',0),(3204,1402,'atomnie','Атомные снаряды',0),(3205,1402,'minometnie','Миномётные снаряды',0),(3206,1402,'batarei','Энергетические батареи',0),(3207,1403,'avtomatnie','Автоматные патроны',0),(3208,1403,'vintovochnie','Винтовочные патроны',0),(3209,1403,'pistoletnie','Пистолетные патроны',0),(3210,1403,'rujeinie','Ружейные патроны',0),(3211,1403,'drotiki','Дротики',0),(3212,1403,'streli','Стрелы',0),(3213,1403,'atomnie','Атомные снаряды',0),(3214,1403,'minometnie','Миномётные снаряды',0),(3215,1403,'batarei','Энергетические батареи',0),(3216,1404,'avtomatnie','Автоматные патроны',0),(3217,1404,'vintovochnie','Винтовочные патроны',0),(3218,1404,'pistoletnie','Пистолетные патроны',34),(3219,1404,'rujeinie','Ружейные патроны',0),(3220,1404,'drotiki','Дротики',0),(3221,1404,'streli','Стрелы',0),(3222,1404,'atomnie','Атомные снаряды',0),(3223,1404,'minometnie','Миномётные снаряды',0),(3224,1404,'batarei','Энергетические батареи',0),(3225,1405,'avtomatnie','Автоматные патроны',0),(3226,1405,'vintovochnie','Винтовочные патроны',0),(3227,1405,'pistoletnie','Пистолетные патроны',120),(3228,1405,'rujeinie','Ружейные патроны',0),(3229,1405,'drotiki','Дротики',0),(3230,1405,'streli','Стрелы',0),(3231,1405,'atomnie','Атомные снаряды',0),(3232,1405,'minometnie','Миномётные снаряды',0),(3233,1405,'batarei','Энергетические батареи',0),(3234,1406,'avtomatnie','Автоматные патроны',0),(3235,1406,'vintovochnie','Винтовочные патроны',0),(3236,1406,'pistoletnie','Пистолетные патроны',0),(3237,1406,'rujeinie','Ружейные патроны',0),(3238,1406,'drotiki','Дротики',0),(3239,1406,'streli','Стрелы',0),(3240,1406,'atomnie','Атомные снаряды',0),(3241,1406,'minometnie','Миномётные снаряды',0),(3242,1406,'batarei','Энергетические батареи',0),(3243,1407,'avtomatnie','Автоматные патроны',0),(3244,1407,'vintovochnie','Винтовочные патроны',0),(3245,1407,'pistoletnie','Пистолетные патроны',0),(3246,1407,'rujeinie','Ружейные патроны',0),(3247,1407,'drotiki','Дротики',0),(3248,1407,'streli','Стрелы',0),(3249,1407,'atomnie','Атомные снаряды',0),(3250,1407,'minometnie','Миномётные снаряды',0),(3251,1407,'batarei','Энергетические батареи',0),(3252,1408,'avtomatnie','Автоматные патроны',0),(3253,1408,'vintovochnie','Винтовочные патроны',0),(3254,1408,'pistoletnie','Пистолетные патроны',0),(3255,1408,'rujeinie','Ружейные патроны',0),(3256,1408,'drotiki','Дротики',0),(3257,1408,'streli','Стрелы',0),(3258,1408,'atomnie','Атомные снаряды',0),(3259,1408,'minometnie','Миномётные снаряды',0),(3260,1408,'batarei','Энергетические батареи',0),(3261,1409,'avtomatnie','Автоматные патроны',0),(3262,1409,'vintovochnie','Винтовочные патроны',0),(3263,1409,'pistoletnie','Пистолетные патроны',0),(3264,1409,'rujeinie','Ружейные патроны',0),(3265,1409,'drotiki','Дротики',0),(3266,1409,'streli','Стрелы',0),(3267,1409,'atomnie','Атомные снаряды',0),(3268,1409,'minometnie','Миномётные снаряды',0),(3269,1409,'batarei','Энергетические батареи',0),(3270,1410,'avtomatnie','Автоматные патроны',0),(3271,1410,'vintovochnie','Винтовочные патроны',0),(3272,1410,'pistoletnie','Пистолетные патроны',0),(3273,1410,'rujeinie','Ружейные патроны',0),(3274,1410,'drotiki','Дротики',0),(3275,1410,'streli','Стрелы',0),(3276,1410,'atomnie','Атомные снаряды',0),(3277,1410,'minometnie','Миномётные снаряды',0),(3278,1410,'batarei','Энергетические батареи',0),(3396,1424,'avtomatnie','Автоматные патроны',0),(3279,1411,'avtomatnie','Автоматные патроны',0),(3280,1411,'vintovochnie','Винтовочные патроны',0),(3281,1411,'pistoletnie','Пистолетные патроны',0),(3282,1411,'rujeinie','Ружейные патроны',0),(3283,1411,'drotiki','Дротики',0),(3284,1411,'streli','Стрелы',0),(3285,1411,'atomnie','Атомные снаряды',0),(3286,1411,'minometnie','Миномётные снаряды',0),(3287,1411,'batarei','Энергетические батареи',0),(3288,1412,'avtomatnie','Автоматные патроны',0),(3289,1412,'vintovochnie','Винтовочные патроны',0),(3290,1412,'pistoletnie','Пистолетные патроны',0),(3291,1412,'rujeinie','Ружейные патроны',0),(3292,1412,'drotiki','Дротики',0),(3293,1412,'streli','Стрелы',0),(3294,1412,'atomnie','Атомные снаряды',0),(3295,1412,'minometnie','Миномётные снаряды',0),(3296,1412,'batarei','Энергетические батареи',0),(3297,1413,'avtomatnie','Автоматные патроны',0),(3298,1413,'vintovochnie','Винтовочные патроны',0),(3299,1413,'pistoletnie','Пистолетные патроны',50),(3300,1413,'rujeinie','Ружейные патроны',0),(3301,1413,'drotiki','Дротики',0),(3302,1413,'streli','Стрелы',0),(3303,1413,'atomnie','Атомные снаряды',0),(3304,1413,'minometnie','Миномётные снаряды',0),(3305,1413,'batarei','Энергетические батареи',0),(3306,1414,'avtomatnie','Автоматные патроны',0),(3307,1414,'vintovochnie','Винтовочные патроны',0),(3308,1414,'pistoletnie','Пистолетные патроны',0),(3309,1414,'rujeinie','Ружейные патроны',0),(3310,1414,'drotiki','Дротики',0),(3311,1414,'streli','Стрелы',0),(3312,1414,'atomnie','Атомные снаряды',0),(3313,1414,'minometnie','Миномётные снаряды',0),(3314,1414,'batarei','Энергетические батареи',0),(3315,1415,'avtomatnie','Автоматные патроны',0),(3316,1415,'vintovochnie','Винтовочные патроны',0),(3317,1415,'pistoletnie','Пистолетные патроны',0),(3318,1415,'rujeinie','Ружейные патроны',0),(3319,1415,'drotiki','Дротики',0),(3320,1415,'streli','Стрелы',0),(3321,1415,'atomnie','Атомные снаряды',0),(3322,1415,'minometnie','Миномётные снаряды',0),(3323,1415,'batarei','Энергетические батареи',0),(3324,1416,'avtomatnie','Автоматные патроны',0),(3325,1416,'vintovochnie','Винтовочные патроны',0),(3326,1416,'pistoletnie','Пистолетные патроны',0),(3327,1416,'rujeinie','Ружейные патроны',0),(3328,1416,'drotiki','Дротики',0),(3329,1416,'streli','Стрелы',0),(3330,1416,'atomnie','Атомные снаряды',0),(3331,1416,'minometnie','Миномётные снаряды',0),(3332,1416,'batarei','Энергетические батареи',0),(3333,1417,'avtomatnie','Автоматные патроны',0),(3334,1417,'vintovochnie','Винтовочные патроны',0),(3335,1417,'pistoletnie','Пистолетные патроны',0),(3336,1417,'rujeinie','Ружейные патроны',0),(3337,1417,'drotiki','Дротики',0),(3338,1417,'streli','Стрелы',0),(3339,1417,'atomnie','Атомные снаряды',0),(3340,1417,'minometnie','Миномётные снаряды',0),(3341,1417,'batarei','Энергетические батареи',0),(3342,1418,'avtomatnie','Автоматные патроны',0),(3343,1418,'vintovochnie','Винтовочные патроны',0),(3344,1418,'pistoletnie','Пистолетные патроны',0),(3345,1418,'rujeinie','Ружейные патроны',0),(3346,1418,'drotiki','Дротики',0),(3347,1418,'streli','Стрелы',0),(3348,1418,'atomnie','Атомные снаряды',0),(3349,1418,'minometnie','Миномётные снаряды',0),(3350,1418,'batarei','Энергетические батареи',0),(3351,1419,'avtomatnie','Автоматные патроны',0),(3352,1419,'vintovochnie','Винтовочные патроны',0),(3353,1419,'pistoletnie','Пистолетные патроны',0),(3354,1419,'rujeinie','Ружейные патроны',0),(3355,1419,'drotiki','Дротики',0),(3356,1419,'streli','Стрелы',0),(3357,1419,'atomnie','Атомные снаряды',0),(3358,1419,'minometnie','Миномётные снаряды',0),(3359,1419,'batarei','Энергетические батареи',0),(3360,1420,'avtomatnie','Автоматные патроны',0),(3361,1420,'vintovochnie','Винтовочные патроны',0),(3362,1420,'pistoletnie','Пистолетные патроны',50),(3363,1420,'rujeinie','Ружейные патроны',0),(3364,1420,'drotiki','Дротики',0),(3365,1420,'streli','Стрелы',0),(3366,1420,'atomnie','Атомные снаряды',0),(3367,1420,'minometnie','Миномётные снаряды',0),(3368,1420,'batarei','Энергетические батареи',0),(3369,1421,'avtomatnie','Автоматные патроны',0),(3370,1421,'vintovochnie','Винтовочные патроны',0),(3371,1421,'pistoletnie','Пистолетные патроны',0),(3372,1421,'rujeinie','Ружейные патроны',0),(3373,1421,'drotiki','Дротики',0),(3374,1421,'streli','Стрелы',0),(3375,1421,'atomnie','Атомные снаряды',0),(3376,1421,'minometnie','Миномётные снаряды',0),(3377,1421,'batarei','Энергетические батареи',0),(3378,1422,'avtomatnie','Автоматные патроны',0),(3379,1422,'vintovochnie','Винтовочные патроны',0),(3380,1422,'pistoletnie','Пистолетные патроны',50),(3381,1422,'rujeinie','Ружейные патроны',0),(3382,1422,'drotiki','Дротики',0),(3383,1422,'streli','Стрелы',0),(3384,1422,'atomnie','Атомные снаряды',0),(3385,1422,'minometnie','Миномётные снаряды',0),(3386,1422,'batarei','Энергетические батареи',0),(3387,1423,'avtomatnie','Автоматные патроны',0),(3388,1423,'vintovochnie','Винтовочные патроны',0),(3389,1423,'pistoletnie','Пистолетные патроны',0),(3390,1423,'rujeinie','Ружейные патроны',0),(3391,1423,'drotiki','Дротики',0),(3392,1423,'streli','Стрелы',0),(3393,1423,'atomnie','Атомные снаряды',0),(3394,1423,'minometnie','Миномётные снаряды',0),(3395,1423,'batarei','Энергетические батареи',0),(3397,1424,'vintovochnie','Винтовочные патроны',0),(3398,1424,'pistoletnie','Пистолетные патроны',0),(3399,1424,'rujeinie','Ружейные патроны',0),(3400,1424,'drotiki','Дротики',0),(3401,1424,'streli','Стрелы',0),(3402,1424,'atomnie','Атомные снаряды',0),(3403,1424,'minometnie','Миномётные снаряды',0),(3404,1424,'batarei','Энергетические батареи',0),(3405,1425,'avtomatnie','Автоматные патроны',0),(3406,1425,'vintovochnie','Винтовочные патроны',0),(3407,1425,'pistoletnie','Пистолетные патроны',0),(3408,1425,'rujeinie','Ружейные патроны',0),(3409,1425,'drotiki','Дротики',0),(3410,1425,'streli','Стрелы',0),(3411,1425,'atomnie','Атомные снаряды',0),(3412,1425,'minometnie','Миномётные снаряды',0),(3413,1425,'batarei','Энергетические батареи',0),(3414,1426,'avtomatnie','Автоматные патроны',0),(3415,1426,'vintovochnie','Винтовочные патроны',0),(3416,1426,'pistoletnie','Пистолетные патроны',89),(3417,1426,'rujeinie','Ружейные патроны',0),(3418,1426,'drotiki','Дротики',0),(3419,1426,'streli','Стрелы',0),(3420,1426,'atomnie','Атомные снаряды',0),(3421,1426,'minometnie','Миномётные снаряды',0),(3422,1426,'batarei','Энергетические батареи',0),(3423,1427,'avtomatnie','Автоматные патроны',53),(3424,1427,'vintovochnie','Винтовочные патроны',0),(3425,1427,'pistoletnie','Пистолетные патроны',1),(3426,1427,'rujeinie','Ружейные патроны',79),(3427,1427,'drotiki','Дротики',94),(3428,1427,'streli','Стрелы',0),(3429,1427,'atomnie','Атомные снаряды',0),(3430,1427,'minometnie','Миномётные снаряды',0),(3431,1427,'batarei','Энергетические батареи',41),(3432,1428,'avtomatnie','Автоматные патроны',0),(3433,1428,'vintovochnie','Винтовочные патроны',0),(3434,1428,'pistoletnie','Пистолетные патроны',50),(3435,1428,'rujeinie','Ружейные патроны',0),(3436,1428,'drotiki','Дротики',0),(3437,1428,'streli','Стрелы',0),(3438,1428,'atomnie','Атомные снаряды',0),(3439,1428,'minometnie','Миномётные снаряды',0),(3440,1428,'batarei','Энергетические батареи',0),(3441,1429,'avtomatnie','Автоматные патроны',0),(3442,1429,'vintovochnie','Винтовочные патроны',0),(3443,1429,'pistoletnie','Пистолетные патроны',0),(3444,1429,'rujeinie','Ружейные патроны',0),(3445,1429,'drotiki','Дротики',0),(3446,1429,'streli','Стрелы',0),(3447,1429,'atomnie','Атомные снаряды',0),(3448,1429,'minometnie','Миномётные снаряды',0),(3449,1429,'batarei','Энергетические батареи',0),(3450,1430,'avtomatnie','Автоматные патроны',0),(3451,1430,'vintovochnie','Винтовочные патроны',0),(3452,1430,'pistoletnie','Пистолетные патроны',69),(3453,1430,'rujeinie','Ружейные патроны',0),(3454,1430,'drotiki','Дротики',0),(3455,1430,'streli','Стрелы',0),(3456,1430,'atomnie','Атомные снаряды',0),(3457,1430,'minometnie','Миномётные снаряды',0),(3458,1430,'batarei','Энергетические батареи',0),(3459,1431,'avtomatnie','Автоматные патроны',0),(3460,1431,'vintovochnie','Винтовочные патроны',0),(3461,1431,'pistoletnie','Пистолетные патроны',50),(3462,1431,'rujeinie','Ружейные патроны',0),(3463,1431,'drotiki','Дротики',0),(3464,1431,'streli','Стрелы',0),(3465,1431,'atomnie','Атомные снаряды',0),(3466,1431,'minometnie','Миномётные снаряды',0),(3467,1431,'batarei','Энергетические батареи',0),(3468,1432,'avtomatnie','Автоматные патроны',0),(3469,1432,'vintovochnie','Винтовочные патроны',0),(3470,1432,'pistoletnie','Пистолетные патроны',0),(3471,1432,'rujeinie','Ружейные патроны',0),(3472,1432,'drotiki','Дротики',0),(3473,1432,'streli','Стрелы',0),(3474,1432,'atomnie','Атомные снаряды',0),(3475,1432,'minometnie','Миномётные снаряды',0),(3476,1432,'batarei','Энергетические батареи',0),(3477,1433,'avtomatnie','Автоматные патроны',0),(3478,1433,'vintovochnie','Винтовочные патроны',0),(3479,1433,'pistoletnie','Пистолетные патроны',0),(3480,1433,'rujeinie','Ружейные патроны',0),(3481,1433,'drotiki','Дротики',0),(3482,1433,'streli','Стрелы',0),(3483,1433,'atomnie','Атомные снаряды',0),(3484,1433,'minometnie','Миномётные снаряды',0),(3485,1433,'batarei','Энергетические батареи',0),(3486,1434,'avtomatnie','Автоматные патроны',0),(3487,1434,'vintovochnie','Винтовочные патроны',0),(3488,1434,'pistoletnie','Пистолетные патроны',0),(3489,1434,'rujeinie','Ружейные патроны',0),(3490,1434,'drotiki','Дротики',0),(3491,1434,'streli','Стрелы',0),(3492,1434,'atomnie','Атомные снаряды',0),(3493,1434,'minometnie','Миномётные снаряды',0),(3494,1434,'batarei','Энергетические батареи',0),(3495,1435,'avtomatnie','Автоматные патроны',0),(3496,1435,'vintovochnie','Винтовочные патроны',0),(3497,1435,'pistoletnie','Пистолетные патроны',262),(3498,1435,'rujeinie','Ружейные патроны',0),(3499,1435,'drotiki','Дротики',0),(3500,1435,'streli','Стрелы',0),(3501,1435,'atomnie','Атомные снаряды',0),(3502,1435,'minometnie','Миномётные снаряды',0),(3503,1435,'batarei','Энергетические батареи',0),(3513,1437,'avtomatnie','Автоматные патроны',0),(3504,1436,'avtomatnie','Автоматные патроны',0),(3505,1436,'vintovochnie','Винтовочные патроны',0),(3506,1436,'pistoletnie','Пистолетные патроны',0),(3507,1436,'rujeinie','Ружейные патроны',0),(3508,1436,'drotiki','Дротики',0),(3509,1436,'streli','Стрелы',0),(3510,1436,'atomnie','Атомные снаряды',0),(3511,1436,'minometnie','Миномётные снаряды',0),(3512,1436,'batarei','Энергетические батареи',0),(3514,1437,'vintovochnie','Винтовочные патроны',0),(3515,1437,'pistoletnie','Пистолетные патроны',102),(3516,1437,'rujeinie','Ружейные патроны',0),(3517,1437,'drotiki','Дротики',0),(3518,1437,'streli','Стрелы',0),(3519,1437,'atomnie','Атомные снаряды',0),(3520,1437,'minometnie','Миномётные снаряды',0),(3521,1437,'batarei','Энергетические батареи',0),(3522,1438,'avtomatnie','Автоматные патроны',0),(3523,1438,'vintovochnie','Винтовочные патроны',0),(3524,1438,'pistoletnie','Пистолетные патроны',0),(3525,1438,'rujeinie','Ружейные патроны',0),(3526,1438,'drotiki','Дротики',0),(3527,1438,'streli','Стрелы',0),(3528,1438,'atomnie','Атомные снаряды',0),(3529,1438,'minometnie','Миномётные снаряды',0),(3530,1438,'batarei','Энергетические батареи',0),(3531,1439,'avtomatnie','Автоматные патроны',0),(3532,1439,'vintovochnie','Винтовочные патроны',0),(3533,1439,'pistoletnie','Пистолетные патроны',45),(3534,1439,'rujeinie','Ружейные патроны',0),(3535,1439,'drotiki','Дротики',0),(3536,1439,'streli','Стрелы',0),(3537,1439,'atomnie','Атомные снаряды',0),(3538,1439,'minometnie','Миномётные снаряды',0),(3539,1439,'batarei','Энергетические батареи',0),(3558,1442,'avtomatnie','Автоматные патроны',0),(3540,1440,'avtomatnie','Автоматные патроны',0),(3541,1440,'vintovochnie','Винтовочные патроны',0),(3542,1440,'pistoletnie','Пистолетные патроны',0),(3543,1440,'rujeinie','Ружейные патроны',0),(3544,1440,'drotiki','Дротики',0),(3545,1440,'streli','Стрелы',0),(3546,1440,'atomnie','Атомные снаряды',0),(3547,1440,'minometnie','Миномётные снаряды',0),(3548,1440,'batarei','Энергетические батареи',0),(3549,1441,'avtomatnie','Автоматные патроны',0),(3550,1441,'vintovochnie','Винтовочные патроны',0),(3551,1441,'pistoletnie','Пистолетные патроны',50),(3552,1441,'rujeinie','Ружейные патроны',0),(3553,1441,'drotiki','Дротики',0),(3554,1441,'streli','Стрелы',0),(3555,1441,'atomnie','Атомные снаряды',0),(3556,1441,'minometnie','Миномётные снаряды',0),(3557,1441,'batarei','Энергетические батареи',0),(3559,1442,'vintovochnie','Винтовочные патроны',0),(3560,1442,'pistoletnie','Пистолетные патроны',50),(3561,1442,'rujeinie','Ружейные патроны',0),(3562,1442,'drotiki','Дротики',0),(3563,1442,'streli','Стрелы',0),(3564,1442,'atomnie','Атомные снаряды',0),(3565,1442,'minometnie','Миномётные снаряды',0),(3566,1442,'batarei','Энергетические батареи',0),(3567,1443,'avtomatnie','Автоматные патроны',0),(3568,1443,'vintovochnie','Винтовочные патроны',0),(3569,1443,'pistoletnie','Пистолетные патроны',29),(3570,1443,'rujeinie','Ружейные патроны',0),(3571,1443,'drotiki','Дротики',0),(3572,1443,'streli','Стрелы',0),(3573,1443,'atomnie','Атомные снаряды',0),(3574,1443,'minometnie','Миномётные снаряды',0),(3575,1443,'batarei','Энергетические батареи',0),(3576,1444,'avtomatnie','Автоматные патроны',0),(3577,1444,'vintovochnie','Винтовочные патроны',0),(3578,1444,'pistoletnie','Пистолетные патроны',0),(3579,1444,'rujeinie','Ружейные патроны',0),(3580,1444,'drotiki','Дротики',0),(3581,1444,'streli','Стрелы',0),(3582,1444,'atomnie','Атомные снаряды',0),(3583,1444,'minometnie','Миномётные снаряды',0),(3584,1444,'batarei','Энергетические батареи',0),(3585,1445,'avtomatnie','Автоматные патроны',0),(3586,1445,'vintovochnie','Винтовочные патроны',0),(3587,1445,'pistoletnie','Пистолетные патроны',0),(3588,1445,'rujeinie','Ружейные патроны',0),(3589,1445,'drotiki','Дротики',0),(3590,1445,'streli','Стрелы',0),(3591,1445,'atomnie','Атомные снаряды',0),(3592,1445,'minometnie','Миномётные снаряды',0),(3593,1445,'batarei','Энергетические батареи',0),(3594,1446,'avtomatnie','Автоматные патроны',0),(3595,1446,'vintovochnie','Винтовочные патроны',0),(3596,1446,'pistoletnie','Пистолетные патроны',0),(3597,1446,'rujeinie','Ружейные патроны',0),(3598,1446,'drotiki','Дротики',0),(3599,1446,'streli','Стрелы',0),(3600,1446,'atomnie','Атомные снаряды',0),(3601,1446,'minometnie','Миномётные снаряды',0),(3602,1446,'batarei','Энергетические батареи',0),(3603,1447,'avtomatnie','Автоматные патроны',0),(3604,1447,'vintovochnie','Винтовочные патроны',0),(3605,1447,'pistoletnie','Пистолетные патроны',50),(3606,1447,'rujeinie','Ружейные патроны',0),(3607,1447,'drotiki','Дротики',0),(3608,1447,'streli','Стрелы',0),(3609,1447,'atomnie','Атомные снаряды',0),(3610,1447,'minometnie','Миномётные снаряды',0),(3611,1447,'batarei','Энергетические батареи',0),(3612,1448,'avtomatnie','Автоматные патроны',0),(3613,1448,'vintovochnie','Винтовочные патроны',0),(3614,1448,'pistoletnie','Пистолетные патроны',0),(3615,1448,'rujeinie','Ружейные патроны',0),(3616,1448,'drotiki','Дротики',0),(3617,1448,'streli','Стрелы',0),(3618,1448,'atomnie','Атомные снаряды',0),(3619,1448,'minometnie','Миномётные снаряды',0),(3620,1448,'batarei','Энергетические батареи',0),(3621,1449,'avtomatnie','Автоматные патроны',0),(3622,1449,'vintovochnie','Винтовочные патроны',0),(3623,1449,'pistoletnie','Пистолетные патроны',0),(3624,1449,'rujeinie','Ружейные патроны',0),(3625,1449,'drotiki','Дротики',0),(3626,1449,'streli','Стрелы',0),(3627,1449,'atomnie','Атомные снаряды',0),(3628,1449,'minometnie','Миномётные снаряды',0),(3629,1449,'batarei','Энергетические батареи',0),(3630,1450,'avtomatnie','Автоматные патроны',0),(3631,1450,'vintovochnie','Винтовочные патроны',0),(3632,1450,'pistoletnie','Пистолетные патроны',0),(3633,1450,'rujeinie','Ружейные патроны',0),(3634,1450,'drotiki','Дротики',0),(3635,1450,'streli','Стрелы',0),(3636,1450,'atomnie','Атомные снаряды',0),(3637,1450,'minometnie','Миномётные снаряды',0),(3638,1450,'batarei','Энергетические батареи',0),(3639,1451,'avtomatnie','Автоматные патроны',0),(3640,1451,'vintovochnie','Винтовочные патроны',0),(3641,1451,'pistoletnie','Пистолетные патроны',50),(3642,1451,'rujeinie','Ружейные патроны',0),(3643,1451,'drotiki','Дротики',0),(3644,1451,'streli','Стрелы',0),(3645,1451,'atomnie','Атомные снаряды',0),(3646,1451,'minometnie','Миномётные снаряды',0),(3647,1451,'batarei','Энергетические батареи',0),(3648,1452,'avtomatnie','Автоматные патроны',0),(3649,1452,'vintovochnie','Винтовочные патроны',0),(3650,1452,'pistoletnie','Пистолетные патроны',39),(3651,1452,'rujeinie','Ружейные патроны',0),(3652,1452,'drotiki','Дротики',0),(3653,1452,'streli','Стрелы',0),(3654,1452,'atomnie','Атомные снаряды',0),(3655,1452,'minometnie','Миномётные снаряды',0),(3656,1452,'batarei','Энергетические батареи',0),(3657,1453,'avtomatnie','Автоматные патроны',0),(3658,1453,'vintovochnie','Винтовочные патроны',0),(3659,1453,'pistoletnie','Пистолетные патроны',0),(3660,1453,'rujeinie','Ружейные патроны',0),(3661,1453,'drotiki','Дротики',0),(3662,1453,'streli','Стрелы',0),(3663,1453,'atomnie','Атомные снаряды',0),(3664,1453,'minometnie','Миномётные снаряды',0),(3665,1453,'batarei','Энергетические батареи',0),(3666,1454,'avtomatnie','Автоматные патроны',0),(3667,1454,'vintovochnie','Винтовочные патроны',0),(3668,1454,'pistoletnie','Пистолетные патроны',33),(3669,1454,'rujeinie','Ружейные патроны',0),(3670,1454,'drotiki','Дротики',0),(3671,1454,'streli','Стрелы',0),(3672,1454,'atomnie','Атомные снаряды',0),(3673,1454,'minometnie','Миномётные снаряды',0),(3674,1454,'batarei','Энергетические батареи',0),(3675,1455,'avtomatnie','Автоматные патроны',0),(3676,1455,'vintovochnie','Винтовочные патроны',0),(3677,1455,'pistoletnie','Пистолетные патроны',50),(3678,1455,'rujeinie','Ружейные патроны',0),(3679,1455,'drotiki','Дротики',0),(3680,1455,'streli','Стрелы',0),(3681,1455,'atomnie','Атомные снаряды',0),(3682,1455,'minometnie','Миномётные снаряды',0),(3683,1455,'batarei','Энергетические батареи',0),(3972,1488,'avtomatnie','Автоматные патроны',0),(3684,1456,'avtomatnie','Автоматные патроны',0),(3685,1456,'vintovochnie','Винтовочные патроны',0),(3686,1456,'pistoletnie','Пистолетные патроны',0),(3687,1456,'rujeinie','Ружейные патроны',0),(3688,1456,'drotiki','Дротики',0),(3689,1456,'streli','Стрелы',0),(3690,1456,'atomnie','Атомные снаряды',0),(3691,1456,'minometnie','Миномётные снаряды',0),(3692,1456,'batarei','Энергетические батареи',0),(3693,1457,'avtomatnie','Автоматные патроны',0),(3694,1457,'vintovochnie','Винтовочные патроны',0),(3695,1457,'pistoletnie','Пистолетные патроны',0),(3696,1457,'rujeinie','Ружейные патроны',0),(3697,1457,'drotiki','Дротики',0),(3698,1457,'streli','Стрелы',0),(3699,1457,'atomnie','Атомные снаряды',0),(3700,1457,'minometnie','Миномётные снаряды',0),(3701,1457,'batarei','Энергетические батареи',0),(3702,1458,'avtomatnie','Автоматные патроны',0),(3703,1458,'vintovochnie','Винтовочные патроны',0),(3704,1458,'pistoletnie','Пистолетные патроны',0),(3705,1458,'rujeinie','Ружейные патроны',0),(3706,1458,'drotiki','Дротики',0),(3707,1458,'streli','Стрелы',0),(3708,1458,'atomnie','Атомные снаряды',0),(3709,1458,'minometnie','Миномётные снаряды',0),(3710,1458,'batarei','Энергетические батареи',0),(3711,1459,'avtomatnie','Автоматные патроны',0),(3712,1459,'vintovochnie','Винтовочные патроны',0),(3713,1459,'pistoletnie','Пистолетные патроны',0),(3714,1459,'rujeinie','Ружейные патроны',0),(3715,1459,'drotiki','Дротики',0),(3716,1459,'streli','Стрелы',0),(3717,1459,'atomnie','Атомные снаряды',0),(3718,1459,'minometnie','Миномётные снаряды',0),(3719,1459,'batarei','Энергетические батареи',0),(3720,1460,'avtomatnie','Автоматные патроны',0),(3721,1460,'vintovochnie','Винтовочные патроны',0),(3722,1460,'pistoletnie','Пистолетные патроны',0),(3723,1460,'rujeinie','Ружейные патроны',0),(3724,1460,'drotiki','Дротики',0),(3725,1460,'streli','Стрелы',0),(3726,1460,'atomnie','Атомные снаряды',0),(3727,1460,'minometnie','Миномётные снаряды',0),(3728,1460,'batarei','Энергетические батареи',0),(3729,1461,'avtomatnie','Автоматные патроны',0),(3730,1461,'vintovochnie','Винтовочные патроны',0),(3731,1461,'pistoletnie','Пистолетные патроны',0),(3732,1461,'rujeinie','Ружейные патроны',0),(3733,1461,'drotiki','Дротики',0),(3734,1461,'streli','Стрелы',0),(3735,1461,'atomnie','Атомные снаряды',0),(3736,1461,'minometnie','Миномётные снаряды',0),(3737,1461,'batarei','Энергетические батареи',0),(3738,1462,'avtomatnie','Автоматные патроны',0),(3739,1462,'vintovochnie','Винтовочные патроны',0),(3740,1462,'pistoletnie','Пистолетные патроны',0),(3741,1462,'rujeinie','Ружейные патроны',0),(3742,1462,'drotiki','Дротики',0),(3743,1462,'streli','Стрелы',0),(3744,1462,'atomnie','Атомные снаряды',0),(3745,1462,'minometnie','Миномётные снаряды',0),(3746,1462,'batarei','Энергетические батареи',0),(3747,1463,'avtomatnie','Автоматные патроны',0),(3748,1463,'vintovochnie','Винтовочные патроны',0),(3749,1463,'pistoletnie','Пистолетные патроны',0),(3750,1463,'rujeinie','Ружейные патроны',0),(3751,1463,'drotiki','Дротики',0),(3752,1463,'streli','Стрелы',0),(3753,1463,'atomnie','Атомные снаряды',0),(3754,1463,'minometnie','Миномётные снаряды',0),(3755,1463,'batarei','Энергетические батареи',0),(3756,1464,'avtomatnie','Автоматные патроны',0),(3757,1464,'vintovochnie','Винтовочные патроны',0),(3758,1464,'pistoletnie','Пистолетные патроны',50),(3759,1464,'rujeinie','Ружейные патроны',0),(3760,1464,'drotiki','Дротики',0),(3761,1464,'streli','Стрелы',0),(3762,1464,'atomnie','Атомные снаряды',0),(3763,1464,'minometnie','Миномётные снаряды',0),(3764,1464,'batarei','Энергетические батареи',0),(3765,1465,'avtomatnie','Автоматные патроны',0),(3766,1465,'vintovochnie','Винтовочные патроны',0),(3767,1465,'pistoletnie','Пистолетные патроны',0),(3768,1465,'rujeinie','Ружейные патроны',0),(3769,1465,'drotiki','Дротики',0),(3770,1465,'streli','Стрелы',0),(3771,1465,'atomnie','Атомные снаряды',0),(3772,1465,'minometnie','Миномётные снаряды',0),(3773,1465,'batarei','Энергетические батареи',0),(3774,1466,'avtomatnie','Автоматные патроны',0),(3775,1466,'vintovochnie','Винтовочные патроны',0),(3776,1466,'pistoletnie','Пистолетные патроны',0),(3777,1466,'rujeinie','Ружейные патроны',0),(3778,1466,'drotiki','Дротики',0),(3779,1466,'streli','Стрелы',0),(3780,1466,'atomnie','Атомные снаряды',0),(3781,1466,'minometnie','Миномётные снаряды',0),(3782,1466,'batarei','Энергетические батареи',0),(3783,1467,'avtomatnie','Автоматные патроны',0),(3784,1467,'vintovochnie','Винтовочные патроны',0),(3785,1467,'pistoletnie','Пистолетные патроны',50),(3786,1467,'rujeinie','Ружейные патроны',0),(3787,1467,'drotiki','Дротики',0),(3788,1467,'streli','Стрелы',0),(3789,1467,'atomnie','Атомные снаряды',0),(3790,1467,'minometnie','Миномётные снаряды',0),(3791,1467,'batarei','Энергетические батареи',0),(3792,1468,'avtomatnie','Автоматные патроны',0),(3793,1468,'vintovochnie','Винтовочные патроны',0),(3794,1468,'pistoletnie','Пистолетные патроны',0),(3795,1468,'rujeinie','Ружейные патроны',0),(3796,1468,'drotiki','Дротики',0),(3797,1468,'streli','Стрелы',0),(3798,1468,'atomnie','Атомные снаряды',0),(3799,1468,'minometnie','Миномётные снаряды',0),(3800,1468,'batarei','Энергетические батареи',0),(3801,1469,'avtomatnie','Автоматные патроны',0),(3802,1469,'vintovochnie','Винтовочные патроны',0),(3803,1469,'pistoletnie','Пистолетные патроны',6),(3804,1469,'rujeinie','Ружейные патроны',0),(3805,1469,'drotiki','Дротики',0),(3806,1469,'streli','Стрелы',0),(3807,1469,'atomnie','Атомные снаряды',0),(3808,1469,'minometnie','Миномётные снаряды',0),(3809,1469,'batarei','Энергетические батареи',0),(3810,1470,'avtomatnie','Автоматные патроны',0),(3811,1470,'vintovochnie','Винтовочные патроны',0),(3812,1470,'pistoletnie','Пистолетные патроны',50),(3813,1470,'rujeinie','Ружейные патроны',0),(3814,1470,'drotiki','Дротики',0),(3815,1470,'streli','Стрелы',0),(3816,1470,'atomnie','Атомные снаряды',0),(3817,1470,'minometnie','Миномётные снаряды',0),(3818,1470,'batarei','Энергетические батареи',0),(3819,1471,'avtomatnie','Автоматные патроны',0),(3820,1471,'vintovochnie','Винтовочные патроны',0),(3821,1471,'pistoletnie','Пистолетные патроны',94),(3822,1471,'rujeinie','Ружейные патроны',0),(3823,1471,'drotiki','Дротики',0),(3824,1471,'streli','Стрелы',0),(3825,1471,'atomnie','Атомные снаряды',0),(3826,1471,'minometnie','Миномётные снаряды',0),(3827,1471,'batarei','Энергетические батареи',0),(3828,1472,'avtomatnie','Автоматные патроны',0),(3829,1472,'vintovochnie','Винтовочные патроны',0),(3830,1472,'pistoletnie','Пистолетные патроны',50),(3831,1472,'rujeinie','Ружейные патроны',0),(3832,1472,'drotiki','Дротики',0),(3833,1472,'streli','Стрелы',0),(3834,1472,'atomnie','Атомные снаряды',0),(3835,1472,'minometnie','Миномётные снаряды',0),(3836,1472,'batarei','Энергетические батареи',0),(3837,1473,'avtomatnie','Автоматные патроны',0),(3838,1473,'vintovochnie','Винтовочные патроны',0),(3839,1473,'pistoletnie','Пистолетные патроны',0),(3840,1473,'rujeinie','Ружейные патроны',0),(3841,1473,'drotiki','Дротики',0),(3842,1473,'streli','Стрелы',0),(3843,1473,'atomnie','Атомные снаряды',0),(3844,1473,'minometnie','Миномётные снаряды',0),(3845,1473,'batarei','Энергетические батареи',0),(3846,1474,'avtomatnie','Автоматные патроны',0),(3847,1474,'vintovochnie','Винтовочные патроны',0),(3848,1474,'pistoletnie','Пистолетные патроны',0),(3849,1474,'rujeinie','Ружейные патроны',0),(3850,1474,'drotiki','Дротики',0),(3851,1474,'streli','Стрелы',0),(3852,1474,'atomnie','Атомные снаряды',0),(3853,1474,'minometnie','Миномётные снаряды',0),(3854,1474,'batarei','Энергетические батареи',0),(3855,1475,'avtomatnie','Автоматные патроны',0),(3856,1475,'vintovochnie','Винтовочные патроны',0),(3857,1475,'pistoletnie','Пистолетные патроны',0),(3858,1475,'rujeinie','Ружейные патроны',0),(3859,1475,'drotiki','Дротики',0),(3860,1475,'streli','Стрелы',0),(3861,1475,'atomnie','Атомные снаряды',0),(3862,1475,'minometnie','Миномётные снаряды',0),(3863,1475,'batarei','Энергетические батареи',0),(3864,1476,'avtomatnie','Автоматные патроны',0),(3865,1476,'vintovochnie','Винтовочные патроны',0),(3866,1476,'pistoletnie','Пистолетные патроны',0),(3867,1476,'rujeinie','Ружейные патроны',0),(3868,1476,'drotiki','Дротики',0),(3869,1476,'streli','Стрелы',0),(3870,1476,'atomnie','Атомные снаряды',0),(3871,1476,'minometnie','Миномётные снаряды',0),(3872,1476,'batarei','Энергетические батареи',0),(3873,1477,'avtomatnie','Автоматные патроны',0),(3874,1477,'vintovochnie','Винтовочные патроны',0),(3875,1477,'pistoletnie','Пистолетные патроны',0),(3876,1477,'rujeinie','Ружейные патроны',0),(3877,1477,'drotiki','Дротики',0),(3878,1477,'streli','Стрелы',0),(3879,1477,'atomnie','Атомные снаряды',0),(3880,1477,'minometnie','Миномётные снаряды',0),(3881,1477,'batarei','Энергетические батареи',0),(3882,1478,'avtomatnie','Автоматные патроны',0),(3883,1478,'vintovochnie','Винтовочные патроны',0),(3884,1478,'pistoletnie','Пистолетные патроны',0),(3885,1478,'rujeinie','Ружейные патроны',0),(3886,1478,'drotiki','Дротики',0),(3887,1478,'streli','Стрелы',0),(3888,1478,'atomnie','Атомные снаряды',0),(3889,1478,'minometnie','Миномётные снаряды',0),(3890,1478,'batarei','Энергетические батареи',0),(3891,1479,'avtomatnie','Автоматные патроны',0),(3892,1479,'vintovochnie','Винтовочные патроны',0),(3893,1479,'pistoletnie','Пистолетные патроны',0),(3894,1479,'rujeinie','Ружейные патроны',0),(3895,1479,'drotiki','Дротики',0),(3896,1479,'streli','Стрелы',0),(3897,1479,'atomnie','Атомные снаряды',0),(3898,1479,'minometnie','Миномётные снаряды',0),(3899,1479,'batarei','Энергетические батареи',0),(3900,1480,'avtomatnie','Автоматные патроны',0),(3901,1480,'vintovochnie','Винтовочные патроны',0),(3902,1480,'pistoletnie','Пистолетные патроны',0),(3903,1480,'rujeinie','Ружейные патроны',0),(3904,1480,'drotiki','Дротики',0),(3905,1480,'streli','Стрелы',0),(3906,1480,'atomnie','Атомные снаряды',0),(3907,1480,'minometnie','Миномётные снаряды',0),(3908,1480,'batarei','Энергетические батареи',0),(3909,1481,'avtomatnie','Автоматные патроны',0),(3910,1481,'vintovochnie','Винтовочные патроны',0),(3911,1481,'pistoletnie','Пистолетные патроны',0),(3912,1481,'rujeinie','Ружейные патроны',0),(3913,1481,'drotiki','Дротики',0),(3914,1481,'streli','Стрелы',0),(3915,1481,'atomnie','Атомные снаряды',0),(3916,1481,'minometnie','Миномётные снаряды',0),(3917,1481,'batarei','Энергетические батареи',0),(3918,1482,'avtomatnie','Автоматные патроны',0),(3919,1482,'vintovochnie','Винтовочные патроны',0),(3920,1482,'pistoletnie','Пистолетные патроны',0),(3921,1482,'rujeinie','Ружейные патроны',0),(3922,1482,'drotiki','Дротики',0),(3923,1482,'streli','Стрелы',0),(3924,1482,'atomnie','Атомные снаряды',0),(3925,1482,'minometnie','Миномётные снаряды',0),(3926,1482,'batarei','Энергетические батареи',0),(3927,1483,'avtomatnie','Автоматные патроны',0),(3928,1483,'vintovochnie','Винтовочные патроны',0),(3929,1483,'pistoletnie','Пистолетные патроны',0),(3930,1483,'rujeinie','Ружейные патроны',0),(3931,1483,'drotiki','Дротики',0),(3932,1483,'streli','Стрелы',0),(3933,1483,'atomnie','Атомные снаряды',0),(3934,1483,'minometnie','Миномётные снаряды',0),(3935,1483,'batarei','Энергетические батареи',0),(3936,1484,'avtomatnie','Автоматные патроны',0),(3937,1484,'vintovochnie','Винтовочные патроны',0),(3938,1484,'pistoletnie','Пистолетные патроны',0),(3939,1484,'rujeinie','Ружейные патроны',0),(3940,1484,'drotiki','Дротики',0),(3941,1484,'streli','Стрелы',0),(3942,1484,'atomnie','Атомные снаряды',0),(3943,1484,'minometnie','Миномётные снаряды',0),(3944,1484,'batarei','Энергетические батареи',0),(3945,1485,'avtomatnie','Автоматные патроны',0),(3946,1485,'vintovochnie','Винтовочные патроны',0),(3947,1485,'pistoletnie','Пистолетные патроны',0),(3948,1485,'rujeinie','Ружейные патроны',0),(3949,1485,'drotiki','Дротики',0),(3950,1485,'streli','Стрелы',0),(3951,1485,'atomnie','Атомные снаряды',0),(3952,1485,'minometnie','Миномётные снаряды',0),(3953,1485,'batarei','Энергетические батареи',0),(3954,1486,'avtomatnie','Автоматные патроны',0),(3955,1486,'vintovochnie','Винтовочные патроны',0),(3956,1486,'pistoletnie','Пистолетные патроны',0),(3957,1486,'rujeinie','Ружейные патроны',0),(3958,1486,'drotiki','Дротики',0),(3959,1486,'streli','Стрелы',0),(3960,1486,'atomnie','Атомные снаряды',0),(3961,1486,'minometnie','Миномётные снаряды',0),(3962,1486,'batarei','Энергетические батареи',0),(3963,1487,'avtomatnie','Автоматные патроны',0),(3964,1487,'vintovochnie','Винтовочные патроны',0),(3965,1487,'pistoletnie','Пистолетные патроны',0),(3966,1487,'rujeinie','Ружейные патроны',0),(3967,1487,'drotiki','Дротики',0),(3968,1487,'streli','Стрелы',0),(3969,1487,'atomnie','Атомные снаряды',0),(3970,1487,'minometnie','Миномётные снаряды',0),(3971,1487,'batarei','Энергетические батареи',0),(3973,1488,'vintovochnie','Винтовочные патроны',0),(3974,1488,'pistoletnie','Пистолетные патроны',50),(3975,1488,'rujeinie','Ружейные патроны',0),(3976,1488,'drotiki','Дротики',0),(3977,1488,'streli','Стрелы',0),(3978,1488,'atomnie','Атомные снаряды',0),(3979,1488,'minometnie','Миномётные снаряды',0),(3980,1488,'batarei','Энергетические батареи',0),(3981,1489,'avtomatnie','Автоматные патроны',0),(3982,1489,'vintovochnie','Винтовочные патроны',0),(3983,1489,'pistoletnie','Пистолетные патроны',50),(3984,1489,'rujeinie','Ружейные патроны',0),(3985,1489,'drotiki','Дротики',0),(3986,1489,'streli','Стрелы',0),(3987,1489,'atomnie','Атомные снаряды',0),(3988,1489,'minometnie','Миномётные снаряды',0),(3989,1489,'batarei','Энергетические батареи',0),(3990,1490,'avtomatnie','Автоматные патроны',0),(3991,1490,'vintovochnie','Винтовочные патроны',0),(3992,1490,'pistoletnie','Пистолетные патроны',0),(3993,1490,'rujeinie','Ружейные патроны',0),(3994,1490,'drotiki','Дротики',0),(3995,1490,'streli','Стрелы',0),(3996,1490,'atomnie','Атомные снаряды',0),(3997,1490,'minometnie','Миномётные снаряды',0),(3998,1490,'batarei','Энергетические батареи',0),(3999,1491,'avtomatnie','Автоматные патроны',0),(4000,1491,'vintovochnie','Винтовочные патроны',0),(4001,1491,'pistoletnie','Пистолетные патроны',0),(4002,1491,'rujeinie','Ружейные патроны',0),(4003,1491,'drotiki','Дротики',0),(4004,1491,'streli','Стрелы',0),(4005,1491,'atomnie','Атомные снаряды',0),(4006,1491,'minometnie','Миномётные снаряды',0),(4007,1491,'batarei','Энергетические батареи',0),(4008,1492,'avtomatnie','Автоматные патроны',0),(4009,1492,'vintovochnie','Винтовочные патроны',0),(4010,1492,'pistoletnie','Пистолетные патроны',0),(4011,1492,'rujeinie','Ружейные патроны',0),(4012,1492,'drotiki','Дротики',0),(4013,1492,'streli','Стрелы',0),(4014,1492,'atomnie','Атомные снаряды',0),(4015,1492,'minometnie','Миномётные снаряды',0),(4016,1492,'batarei','Энергетические батареи',0),(4017,1493,'avtomatnie','Автоматные патроны',0),(4018,1493,'vintovochnie','Винтовочные патроны',0),(4019,1493,'pistoletnie','Пистолетные патроны',0),(4020,1493,'rujeinie','Ружейные патроны',0),(4021,1493,'drotiki','Дротики',0),(4022,1493,'streli','Стрелы',0),(4023,1493,'atomnie','Атомные снаряды',0),(4024,1493,'minometnie','Миномётные снаряды',0),(4025,1493,'batarei','Энергетические батареи',0),(4026,1494,'avtomatnie','Автоматные патроны',0),(4027,1494,'vintovochnie','Винтовочные патроны',0),(4028,1494,'pistoletnie','Пистолетные патроны',0),(4029,1494,'rujeinie','Ружейные патроны',0),(4030,1494,'drotiki','Дротики',0),(4031,1494,'streli','Стрелы',0),(4032,1494,'atomnie','Атомные снаряды',0),(4033,1494,'minometnie','Миномётные снаряды',0),(4034,1494,'batarei','Энергетические батареи',0),(4035,1495,'avtomatnie','Автоматные патроны',0),(4036,1495,'vintovochnie','Винтовочные патроны',0),(4037,1495,'pistoletnie','Пистолетные патроны',0),(4038,1495,'rujeinie','Ружейные патроны',0),(4039,1495,'drotiki','Дротики',0),(4040,1495,'streli','Стрелы',0),(4041,1495,'atomnie','Атомные снаряды',0),(4042,1495,'minometnie','Миномётные снаряды',0),(4043,1495,'batarei','Энергетические батареи',0),(4044,1496,'avtomatnie','Автоматные патроны',0),(4045,1496,'vintovochnie','Винтовочные патроны',0),(4046,1496,'pistoletnie','Пистолетные патроны',0),(4047,1496,'rujeinie','Ружейные патроны',0),(4048,1496,'drotiki','Дротики',0),(4049,1496,'streli','Стрелы',0),(4050,1496,'atomnie','Атомные снаряды',0),(4051,1496,'minometnie','Миномётные снаряды',0),(4052,1496,'batarei','Энергетические батареи',0),(4053,1497,'avtomatnie','Автоматные патроны',0),(4054,1497,'vintovochnie','Винтовочные патроны',0),(4055,1497,'pistoletnie','Пистолетные патроны',0),(4056,1497,'rujeinie','Ружейные патроны',0),(4057,1497,'drotiki','Дротики',0),(4058,1497,'streli','Стрелы',0),(4059,1497,'atomnie','Атомные снаряды',0),(4060,1497,'minometnie','Миномётные снаряды',0),(4061,1497,'batarei','Энергетические батареи',0),(4062,1498,'avtomatnie','Автоматные патроны',0),(4063,1498,'vintovochnie','Винтовочные патроны',0),(4064,1498,'pistoletnie','Пистолетные патроны',0),(4065,1498,'rujeinie','Ружейные патроны',0),(4066,1498,'drotiki','Дротики',0),(4067,1498,'streli','Стрелы',0),(4068,1498,'atomnie','Атомные снаряды',0),(4069,1498,'minometnie','Миномётные снаряды',0),(4070,1498,'batarei','Энергетические батареи',0),(4071,1499,'avtomatnie','Автоматные патроны',0),(4072,1499,'vintovochnie','Винтовочные патроны',0),(4073,1499,'pistoletnie','Пистолетные патроны',0),(4074,1499,'rujeinie','Ружейные патроны',0),(4075,1499,'drotiki','Дротики',0),(4076,1499,'streli','Стрелы',0),(4077,1499,'atomnie','Атомные снаряды',0),(4078,1499,'minometnie','Миномётные снаряды',0),(4079,1499,'batarei','Энергетические батареи',0),(4080,1500,'avtomatnie','Автоматные патроны',0),(4081,1500,'vintovochnie','Винтовочные патроны',0),(4082,1500,'pistoletnie','Пистолетные патроны',0),(4083,1500,'rujeinie','Ружейные патроны',0),(4084,1500,'drotiki','Дротики',0),(4085,1500,'streli','Стрелы',0),(4086,1500,'atomnie','Атомные снаряды',0),(4087,1500,'minometnie','Миномётные снаряды',0),(4088,1500,'batarei','Энергетические батареи',0),(4089,1501,'avtomatnie','Автоматные патроны',0),(4090,1501,'vintovochnie','Винтовочные патроны',0),(4091,1501,'pistoletnie','Пистолетные патроны',0),(4092,1501,'rujeinie','Ружейные патроны',0),(4093,1501,'drotiki','Дротики',0),(4094,1501,'streli','Стрелы',0),(4095,1501,'atomnie','Атомные снаряды',0),(4096,1501,'minometnie','Миномётные снаряды',0),(4097,1501,'batarei','Энергетические батареи',0),(4098,1502,'avtomatnie','Автоматные патроны',0),(4099,1502,'vintovochnie','Винтовочные патроны',0),(4100,1502,'pistoletnie','Пистолетные патроны',0),(4101,1502,'rujeinie','Ружейные патроны',0),(4102,1502,'drotiki','Дротики',0),(4103,1502,'streli','Стрелы',0),(4104,1502,'atomnie','Атомные снаряды',0),(4105,1502,'minometnie','Миномётные снаряды',0),(4106,1502,'batarei','Энергетические батареи',0),(4107,1503,'avtomatnie','Автоматные патроны',0),(4108,1503,'vintovochnie','Винтовочные патроны',0),(4109,1503,'pistoletnie','Пистолетные патроны',0),(4110,1503,'rujeinie','Ружейные патроны',0),(4111,1503,'drotiki','Дротики',0),(4112,1503,'streli','Стрелы',0),(4113,1503,'atomnie','Атомные снаряды',0),(4114,1503,'minometnie','Миномётные снаряды',0),(4115,1503,'batarei','Энергетические батареи',0),(4116,1504,'avtomatnie','Автоматные патроны',0),(4117,1504,'vintovochnie','Винтовочные патроны',0),(4118,1504,'pistoletnie','Пистолетные патроны',50),(4119,1504,'rujeinie','Ружейные патроны',0),(4120,1504,'drotiki','Дротики',0),(4121,1504,'streli','Стрелы',0),(4122,1504,'atomnie','Атомные снаряды',0),(4123,1504,'minometnie','Миномётные снаряды',0),(4124,1504,'batarei','Энергетические батареи',0),(4125,1505,'avtomatnie','Автоматные патроны',0),(4126,1505,'vintovochnie','Винтовочные патроны',0),(4127,1505,'pistoletnie','Пистолетные патроны',0),(4128,1505,'rujeinie','Ружейные патроны',0),(4129,1505,'drotiki','Дротики',0),(4130,1505,'streli','Стрелы',0),(4131,1505,'atomnie','Атомные снаряды',0),(4132,1505,'minometnie','Миномётные снаряды',0),(4133,1505,'batarei','Энергетические батареи',0),(4134,1506,'avtomatnie','Автоматные патроны',0),(4135,1506,'vintovochnie','Винтовочные патроны',0),(4136,1506,'pistoletnie','Пистолетные патроны',0),(4137,1506,'rujeinie','Ружейные патроны',0),(4138,1506,'drotiki','Дротики',0),(4139,1506,'streli','Стрелы',0),(4140,1506,'atomnie','Атомные снаряды',0),(4141,1506,'minometnie','Миномётные снаряды',0),(4142,1506,'batarei','Энергетические батареи',0),(4143,1507,'avtomatnie','Автоматные патроны',0),(4144,1507,'vintovochnie','Винтовочные патроны',0),(4145,1507,'pistoletnie','Пистолетные патроны',0),(4146,1507,'rujeinie','Ружейные патроны',0),(4147,1507,'drotiki','Дротики',0),(4148,1507,'streli','Стрелы',0),(4149,1507,'atomnie','Атомные снаряды',0),(4150,1507,'minometnie','Миномётные снаряды',0),(4151,1507,'batarei','Энергетические батареи',0),(4152,1508,'avtomatnie','Автоматные патроны',0),(4153,1508,'vintovochnie','Винтовочные патроны',0),(4154,1508,'pistoletnie','Пистолетные патроны',0),(4155,1508,'rujeinie','Ружейные патроны',0),(4156,1508,'drotiki','Дротики',0),(4157,1508,'streli','Стрелы',0),(4158,1508,'atomnie','Атомные снаряды',0),(4159,1508,'minometnie','Миномётные снаряды',0),(4160,1508,'batarei','Энергетические батареи',0),(4161,1509,'avtomatnie','Автоматные патроны',0),(4162,1509,'vintovochnie','Винтовочные патроны',0),(4163,1509,'pistoletnie','Пистолетные патроны',0),(4164,1509,'rujeinie','Ружейные патроны',0),(4165,1509,'drotiki','Дротики',0),(4166,1509,'streli','Стрелы',0),(4167,1509,'atomnie','Атомные снаряды',0),(4168,1509,'minometnie','Миномётные снаряды',0),(4169,1509,'batarei','Энергетические батареи',0),(4170,1510,'avtomatnie','Автоматные патроны',0),(4171,1510,'vintovochnie','Винтовочные патроны',0),(4172,1510,'pistoletnie','Пистолетные патроны',50),(4173,1510,'rujeinie','Ружейные патроны',0),(4174,1510,'drotiki','Дротики',0),(4175,1510,'streli','Стрелы',0),(4176,1510,'atomnie','Атомные снаряды',0),(4177,1510,'minometnie','Миномётные снаряды',0),(4178,1510,'batarei','Энергетические батареи',0),(4179,1511,'avtomatnie','Автоматные патроны',0),(4180,1511,'vintovochnie','Винтовочные патроны',0),(4181,1511,'pistoletnie','Пистолетные патроны',7),(4182,1511,'rujeinie','Ружейные патроны',0),(4183,1511,'drotiki','Дротики',0),(4184,1511,'streli','Стрелы',0),(4185,1511,'atomnie','Атомные снаряды',0),(4186,1511,'minometnie','Миномётные снаряды',0),(4187,1511,'batarei','Энергетические батареи',0),(4188,1512,'avtomatnie','Автоматные патроны',0),(4189,1512,'vintovochnie','Винтовочные патроны',0),(4190,1512,'pistoletnie','Пистолетные патроны',0),(4191,1512,'rujeinie','Ружейные патроны',0),(4192,1512,'drotiki','Дротики',0),(4193,1512,'streli','Стрелы',0),(4194,1512,'atomnie','Атомные снаряды',0),(4195,1512,'minometnie','Миномётные снаряды',0),(4196,1512,'batarei','Энергетические батареи',0),(4197,1513,'avtomatnie','Автоматные патроны',0),(4198,1513,'vintovochnie','Винтовочные патроны',0),(4199,1513,'pistoletnie','Пистолетные патроны',0),(4200,1513,'rujeinie','Ружейные патроны',0),(4201,1513,'drotiki','Дротики',0),(4202,1513,'streli','Стрелы',0),(4203,1513,'atomnie','Атомные снаряды',0),(4204,1513,'minometnie','Миномётные снаряды',0),(4205,1513,'batarei','Энергетические батареи',0),(4206,1514,'avtomatnie','Автоматные патроны',0),(4207,1514,'vintovochnie','Винтовочные патроны',0),(4208,1514,'pistoletnie','Пистолетные патроны',0),(4209,1514,'rujeinie','Ружейные патроны',0),(4210,1514,'drotiki','Дротики',0),(4211,1514,'streli','Стрелы',0),(4212,1514,'atomnie','Атомные снаряды',0),(4213,1514,'minometnie','Миномётные снаряды',0),(4214,1514,'batarei','Энергетические батареи',0),(4215,1515,'avtomatnie','Автоматные патроны',0),(4216,1515,'vintovochnie','Винтовочные патроны',0),(4217,1515,'pistoletnie','Пистолетные патроны',0),(4218,1515,'rujeinie','Ружейные патроны',0),(4219,1515,'drotiki','Дротики',0),(4220,1515,'streli','Стрелы',0),(4221,1515,'atomnie','Атомные снаряды',0),(4222,1515,'minometnie','Миномётные снаряды',0),(4223,1515,'batarei','Энергетические батареи',0),(4224,1516,'avtomatnie','Автоматные патроны',0),(4225,1516,'vintovochnie','Винтовочные патроны',0),(4226,1516,'pistoletnie','Пистолетные патроны',0),(4227,1516,'rujeinie','Ружейные патроны',0),(4228,1516,'drotiki','Дротики',0),(4229,1516,'streli','Стрелы',0),(4230,1516,'atomnie','Атомные снаряды',0),(4231,1516,'minometnie','Миномётные снаряды',0),(4232,1516,'batarei','Энергетические батареи',0),(4233,1517,'avtomatnie','Автоматные патроны',0),(4234,1517,'vintovochnie','Винтовочные патроны',0),(4235,1517,'pistoletnie','Пистолетные патроны',0),(4236,1517,'rujeinie','Ружейные патроны',0),(4237,1517,'drotiki','Дротики',0),(4238,1517,'streli','Стрелы',0),(4239,1517,'atomnie','Атомные снаряды',0),(4240,1517,'minometnie','Миномётные снаряды',0),(4241,1517,'batarei','Энергетические батареи',0),(4242,1518,'avtomatnie','Автоматные патроны',0),(4243,1518,'vintovochnie','Винтовочные патроны',0),(4244,1518,'pistoletnie','Пистолетные патроны',12),(4245,1518,'rujeinie','Ружейные патроны',0),(4246,1518,'drotiki','Дротики',0),(4247,1518,'streli','Стрелы',0),(4248,1518,'atomnie','Атомные снаряды',0),(4249,1518,'minometnie','Миномётные снаряды',0),(4250,1518,'batarei','Энергетические батареи',0),(4251,1519,'avtomatnie','Автоматные патроны',0),(4252,1519,'vintovochnie','Винтовочные патроны',0),(4253,1519,'pistoletnie','Пистолетные патроны',0),(4254,1519,'rujeinie','Ружейные патроны',0),(4255,1519,'drotiki','Дротики',0),(4256,1519,'streli','Стрелы',0),(4257,1519,'atomnie','Атомные снаряды',0),(4258,1519,'minometnie','Миномётные снаряды',0),(4259,1519,'batarei','Энергетические батареи',0),(4260,1520,'avtomatnie','Автоматные патроны',0),(4261,1520,'vintovochnie','Винтовочные патроны',0),(4262,1520,'pistoletnie','Пистолетные патроны',0),(4263,1520,'rujeinie','Ружейные патроны',0),(4264,1520,'drotiki','Дротики',0),(4265,1520,'streli','Стрелы',0),(4266,1520,'atomnie','Атомные снаряды',0),(4267,1520,'minometnie','Миномётные снаряды',0),(4268,1520,'batarei','Энергетические батареи',0),(4269,1521,'avtomatnie','Автоматные патроны',0),(4270,1521,'vintovochnie','Винтовочные патроны',0),(4271,1521,'pistoletnie','Пистолетные патроны',0),(4272,1521,'rujeinie','Ружейные патроны',0),(4273,1521,'drotiki','Дротики',0),(4274,1521,'streli','Стрелы',0),(4275,1521,'atomnie','Атомные снаряды',0),(4276,1521,'minometnie','Миномётные снаряды',0),(4277,1521,'batarei','Энергетические батареи',0),(4278,1522,'avtomatnie','Автоматные патроны',0),(4279,1522,'vintovochnie','Винтовочные патроны',0),(4280,1522,'pistoletnie','Пистолетные патроны',3),(4281,1522,'rujeinie','Ружейные патроны',0),(4282,1522,'drotiki','Дротики',0),(4283,1522,'streli','Стрелы',0),(4284,1522,'atomnie','Атомные снаряды',0),(4285,1522,'minometnie','Миномётные снаряды',0),(4286,1522,'batarei','Энергетические батареи',0),(4287,1523,'avtomatnie','Автоматные патроны',0),(4288,1523,'vintovochnie','Винтовочные патроны',0),(4289,1523,'pistoletnie','Пистолетные патроны',0),(4290,1523,'rujeinie','Ружейные патроны',0),(4291,1523,'drotiki','Дротики',0),(4292,1523,'streli','Стрелы',0),(4293,1523,'atomnie','Атомные снаряды',0),(4294,1523,'minometnie','Миномётные снаряды',0),(4295,1523,'batarei','Энергетические батареи',0),(4296,1524,'avtomatnie','Автоматные патроны',0),(4297,1524,'vintovochnie','Винтовочные патроны',0),(4298,1524,'pistoletnie','Пистолетные патроны',0),(4299,1524,'rujeinie','Ружейные патроны',0),(4300,1524,'drotiki','Дротики',0),(4301,1524,'streli','Стрелы',0),(4302,1524,'atomnie','Атомные снаряды',0),(4303,1524,'minometnie','Миномётные снаряды',0),(4304,1524,'batarei','Энергетические батареи',0),(4305,1525,'avtomatnie','Автоматные патроны',0),(4306,1525,'vintovochnie','Винтовочные патроны',0),(4307,1525,'pistoletnie','Пистолетные патроны',43),(4308,1525,'rujeinie','Ружейные патроны',0),(4309,1525,'drotiki','Дротики',0),(4310,1525,'streli','Стрелы',0),(4311,1525,'atomnie','Атомные снаряды',0),(4312,1525,'minometnie','Миномётные снаряды',0),(4313,1525,'batarei','Энергетические батареи',0),(4314,1526,'avtomatnie','Автоматные патроны',0),(4315,1526,'vintovochnie','Винтовочные патроны',0),(4316,1526,'pistoletnie','Пистолетные патроны',0),(4317,1526,'rujeinie','Ружейные патроны',0),(4318,1526,'drotiki','Дротики',0),(4319,1526,'streli','Стрелы',0),(4320,1526,'atomnie','Атомные снаряды',0),(4321,1526,'minometnie','Миномётные снаряды',0),(4322,1526,'batarei','Энергетические батареи',0),(4323,1527,'avtomatnie','Автоматные патроны',0),(4324,1527,'vintovochnie','Винтовочные патроны',0),(4325,1527,'pistoletnie','Пистолетные патроны',0),(4326,1527,'rujeinie','Ружейные патроны',0),(4327,1527,'drotiki','Дротики',0),(4328,1527,'streli','Стрелы',0),(4329,1527,'atomnie','Атомные снаряды',0),(4330,1527,'minometnie','Миномётные снаряды',0),(4331,1527,'batarei','Энергетические батареи',0),(4332,1528,'avtomatnie','Автоматные патроны',0),(4333,1528,'vintovochnie','Винтовочные патроны',0),(4334,1528,'pistoletnie','Пистолетные патроны',0),(4335,1528,'rujeinie','Ружейные патроны',0),(4336,1528,'drotiki','Дротики',0),(4337,1528,'streli','Стрелы',0),(4338,1528,'atomnie','Атомные снаряды',0),(4339,1528,'minometnie','Миномётные снаряды',0),(4340,1528,'batarei','Энергетические батареи',0),(4341,1529,'avtomatnie','Автоматные патроны',0),(4342,1529,'vintovochnie','Винтовочные патроны',0),(4343,1529,'pistoletnie','Пистолетные патроны',0),(4344,1529,'rujeinie','Ружейные патроны',0),(4345,1529,'drotiki','Дротики',0),(4346,1529,'streli','Стрелы',0),(4347,1529,'atomnie','Атомные снаряды',0),(4348,1529,'minometnie','Миномётные снаряды',0),(4349,1529,'batarei','Энергетические батареи',0),(4350,1530,'avtomatnie','Автоматные патроны',0),(4351,1530,'vintovochnie','Винтовочные патроны',0),(4352,1530,'pistoletnie','Пистолетные патроны',0),(4353,1530,'rujeinie','Ружейные патроны',0),(4354,1530,'drotiki','Дротики',0),(4355,1530,'streli','Стрелы',0),(4356,1530,'atomnie','Атомные снаряды',0),(4357,1530,'minometnie','Миномётные снаряды',0),(4358,1530,'batarei','Энергетические батареи',0),(4359,1531,'avtomatnie','Автоматные патроны',0),(4360,1531,'vintovochnie','Винтовочные патроны',0),(4361,1531,'pistoletnie','Пистолетные патроны',50),(4362,1531,'rujeinie','Ружейные патроны',0),(4363,1531,'drotiki','Дротики',0),(4364,1531,'streli','Стрелы',0),(4365,1531,'atomnie','Атомные снаряды',0),(4366,1531,'minometnie','Миномётные снаряды',0),(4367,1531,'batarei','Энергетические батареи',0),(4368,1532,'avtomatnie','Автоматные патроны',0),(4369,1532,'vintovochnie','Винтовочные патроны',0),(4370,1532,'pistoletnie','Пистолетные патроны',0),(4371,1532,'rujeinie','Ружейные патроны',0),(4372,1532,'drotiki','Дротики',0),(4373,1532,'streli','Стрелы',0),(4374,1532,'atomnie','Атомные снаряды',0),(4375,1532,'minometnie','Миномётные снаряды',0),(4376,1532,'batarei','Энергетические батареи',0),(4377,1533,'avtomatnie','Автоматные патроны',0),(4378,1533,'vintovochnie','Винтовочные патроны',0),(4379,1533,'pistoletnie','Пистолетные патроны',0),(4380,1533,'rujeinie','Ружейные патроны',0),(4381,1533,'drotiki','Дротики',0),(4382,1533,'streli','Стрелы',0),(4383,1533,'atomnie','Атомные снаряды',0),(4384,1533,'minometnie','Миномётные снаряды',0),(4385,1533,'batarei','Энергетические батареи',0),(4386,1534,'avtomatnie','Автоматные патроны',0),(4387,1534,'vintovochnie','Винтовочные патроны',0),(4388,1534,'pistoletnie','Пистолетные патроны',0),(4389,1534,'rujeinie','Ружейные патроны',0),(4390,1534,'drotiki','Дротики',0),(4391,1534,'streli','Стрелы',0),(4392,1534,'atomnie','Атомные снаряды',0),(4393,1534,'minometnie','Миномётные снаряды',0),(4394,1534,'batarei','Энергетические батареи',0),(4395,1535,'avtomatnie','Автоматные патроны',0),(4396,1535,'vintovochnie','Винтовочные патроны',0),(4397,1535,'pistoletnie','Пистолетные патроны',0),(4398,1535,'rujeinie','Ружейные патроны',0),(4399,1535,'drotiki','Дротики',0),(4400,1535,'streli','Стрелы',0),(4401,1535,'atomnie','Атомные снаряды',0),(4402,1535,'minometnie','Миномётные снаряды',0),(4403,1535,'batarei','Энергетические батареи',0),(4404,1536,'avtomatnie','Автоматные патроны',4),(4405,1536,'vintovochnie','Винтовочные патроны',0),(4406,1536,'pistoletnie','Пистолетные патроны',293),(4407,1536,'rujeinie','Ружейные патроны',61),(4408,1536,'drotiki','Дротики',9),(4409,1536,'streli','Стрелы',0),(4410,1536,'atomnie','Атомные снаряды',0),(4411,1536,'minometnie','Миномётные снаряды',0),(4412,1536,'batarei','Энергетические батареи',6),(4413,1537,'avtomatnie','Автоматные патроны',0),(4414,1537,'vintovochnie','Винтовочные патроны',0),(4415,1537,'pistoletnie','Пистолетные патроны',0),(4416,1537,'rujeinie','Ружейные патроны',0),(4417,1537,'drotiki','Дротики',0),(4418,1537,'streli','Стрелы',0),(4419,1537,'atomnie','Атомные снаряды',0),(4420,1537,'minometnie','Миномётные снаряды',0),(4421,1537,'batarei','Энергетические батареи',0),(4422,1538,'avtomatnie','Автоматные патроны',0),(4423,1538,'vintovochnie','Винтовочные патроны',0),(4424,1538,'pistoletnie','Пистолетные патроны',50),(4425,1538,'rujeinie','Ружейные патроны',0),(4426,1538,'drotiki','Дротики',0),(4427,1538,'streli','Стрелы',0),(4428,1538,'atomnie','Атомные снаряды',0),(4429,1538,'minometnie','Миномётные снаряды',0),(4430,1538,'batarei','Энергетические батареи',0),(4431,1539,'avtomatnie','Автоматные патроны',0),(4432,1539,'vintovochnie','Винтовочные патроны',0),(4433,1539,'pistoletnie','Пистолетные патроны',0),(4434,1539,'rujeinie','Ружейные патроны',0),(4435,1539,'drotiki','Дротики',0),(4436,1539,'streli','Стрелы',0),(4437,1539,'atomnie','Атомные снаряды',0),(4438,1539,'minometnie','Миномётные снаряды',0),(4439,1539,'batarei','Энергетические батареи',0),(4440,1540,'avtomatnie','Автоматные патроны',0),(4441,1540,'vintovochnie','Винтовочные патроны',0),(4442,1540,'pistoletnie','Пистолетные патроны',30),(4443,1540,'rujeinie','Ружейные патроны',299),(4444,1540,'drotiki','Дротики',0),(4445,1540,'streli','Стрелы',0),(4446,1540,'atomnie','Атомные снаряды',0),(4447,1540,'minometnie','Миномётные снаряды',0),(4448,1540,'batarei','Энергетические батареи',0),(4449,1541,'avtomatnie','Автоматные патроны',0),(4450,1541,'vintovochnie','Винтовочные патроны',0),(4451,1541,'pistoletnie','Пистолетные патроны',50),(4452,1541,'rujeinie','Ружейные патроны',0),(4453,1541,'drotiki','Дротики',0),(4454,1541,'streli','Стрелы',0),(4455,1541,'atomnie','Атомные снаряды',0),(4456,1541,'minometnie','Миномётные снаряды',0),(4457,1541,'batarei','Энергетические батареи',0),(4458,1542,'avtomatnie','Автоматные патроны',0),(4459,1542,'vintovochnie','Винтовочные патроны',0),(4460,1542,'pistoletnie','Пистолетные патроны',50),(4461,1542,'rujeinie','Ружейные патроны',0),(4462,1542,'drotiki','Дротики',0),(4463,1542,'streli','Стрелы',0),(4464,1542,'atomnie','Атомные снаряды',0),(4465,1542,'minometnie','Миномётные снаряды',0),(4466,1542,'batarei','Энергетические батареи',0),(4467,1543,'avtomatnie','Автоматные патроны',0),(4468,1543,'vintovochnie','Винтовочные патроны',0),(4469,1543,'pistoletnie','Пистолетные патроны',50),(4470,1543,'rujeinie','Ружейные патроны',0),(4471,1543,'drotiki','Дротики',0),(4472,1543,'streli','Стрелы',0),(4473,1543,'atomnie','Атомные снаряды',0),(4474,1543,'minometnie','Миномётные снаряды',0),(4475,1543,'batarei','Энергетические батареи',0),(4476,1544,'avtomatnie','Автоматные патроны',0),(4477,1544,'vintovochnie','Винтовочные патроны',0),(4478,1544,'pistoletnie','Пистолетные патроны',50),(4479,1544,'rujeinie','Ружейные патроны',0),(4480,1544,'drotiki','Дротики',0),(4481,1544,'streli','Стрелы',0),(4482,1544,'atomnie','Атомные снаряды',0),(4483,1544,'minometnie','Миномётные снаряды',0),(4484,1544,'batarei','Энергетические батареи',0),(4485,1545,'avtomatnie','Автоматные патроны',0),(4486,1545,'vintovochnie','Винтовочные патроны',0),(4487,1545,'pistoletnie','Пистолетные патроны',0),(4488,1545,'rujeinie','Ружейные патроны',0),(4489,1545,'drotiki','Дротики',0),(4490,1545,'streli','Стрелы',0),(4491,1545,'atomnie','Атомные снаряды',0),(4492,1545,'minometnie','Миномётные снаряды',0),(4493,1545,'batarei','Энергетические батареи',0),(4494,1546,'avtomatnie','Автоматные патроны',0),(4495,1546,'vintovochnie','Винтовочные патроны',0),(4496,1546,'pistoletnie','Пистолетные патроны',197),(4497,1546,'rujeinie','Ружейные патроны',0),(4498,1546,'drotiki','Дротики',0),(4499,1546,'streli','Стрелы',0),(4500,1546,'atomnie','Атомные снаряды',0),(4501,1546,'minometnie','Миномётные снаряды',0),(4502,1546,'batarei','Энергетические батареи',0),(4503,1547,'avtomatnie','Автоматные патроны',0),(4504,1547,'vintovochnie','Винтовочные патроны',0),(4505,1547,'pistoletnie','Пистолетные патроны',0),(4506,1547,'rujeinie','Ружейные патроны',0),(4507,1547,'drotiki','Дротики',0),(4508,1547,'streli','Стрелы',0),(4509,1547,'atomnie','Атомные снаряды',0),(4510,1547,'minometnie','Миномётные снаряды',0),(4511,1547,'batarei','Энергетические батареи',0),(4512,1548,'avtomatnie','Автоматные патроны',0),(4513,1548,'vintovochnie','Винтовочные патроны',0),(4514,1548,'pistoletnie','Пистолетные патроны',50),(4515,1548,'rujeinie','Ружейные патроны',0),(4516,1548,'drotiki','Дротики',0),(4517,1548,'streli','Стрелы',0),(4518,1548,'atomnie','Атомные снаряды',0),(4519,1548,'minometnie','Миномётные снаряды',0),(4520,1548,'batarei','Энергетические батареи',0),(4521,1549,'avtomatnie','Автоматные патроны',0),(4522,1549,'vintovochnie','Винтовочные патроны',0),(4523,1549,'pistoletnie','Пистолетные патроны',0),(4524,1549,'rujeinie','Ружейные патроны',0),(4525,1549,'drotiki','Дротики',0),(4526,1549,'streli','Стрелы',0),(4527,1549,'atomnie','Атомные снаряды',0),(4528,1549,'minometnie','Миномётные снаряды',0),(4529,1549,'batarei','Энергетические батареи',0),(4530,1550,'avtomatnie','Автоматные патроны',0),(4531,1550,'vintovochnie','Винтовочные патроны',0),(4532,1550,'pistoletnie','Пистолетные патроны',0),(4533,1550,'rujeinie','Ружейные патроны',0),(4534,1550,'drotiki','Дротики',0),(4535,1550,'streli','Стрелы',0),(4536,1550,'atomnie','Атомные снаряды',0),(4537,1550,'minometnie','Миномётные снаряды',0),(4538,1550,'batarei','Энергетические батареи',0),(4539,1551,'avtomatnie','Автоматные патроны',0),(4540,1551,'vintovochnie','Винтовочные патроны',0),(4541,1551,'pistoletnie','Пистолетные патроны',0),(4542,1551,'rujeinie','Ружейные патроны',0),(4543,1551,'drotiki','Дротики',0),(4544,1551,'streli','Стрелы',0),(4545,1551,'atomnie','Атомные снаряды',0),(4546,1551,'minometnie','Миномётные снаряды',0),(4547,1551,'batarei','Энергетические батареи',0),(4548,1552,'avtomatnie','Автоматные патроны',0),(4549,1552,'vintovochnie','Винтовочные патроны',0),(4550,1552,'pistoletnie','Пистолетные патроны',0),(4551,1552,'rujeinie','Ружейные патроны',0),(4552,1552,'drotiki','Дротики',0),(4553,1552,'streli','Стрелы',0),(4554,1552,'atomnie','Атомные снаряды',0),(4555,1552,'minometnie','Миномётные снаряды',0),(4556,1552,'batarei','Энергетические батареи',0),(4557,1553,'avtomatnie','Автоматные патроны',0),(4558,1553,'vintovochnie','Винтовочные патроны',0),(4559,1553,'pistoletnie','Пистолетные патроны',0),(4560,1553,'rujeinie','Ружейные патроны',0),(4561,1553,'drotiki','Дротики',0),(4562,1553,'streli','Стрелы',0),(4563,1553,'atomnie','Атомные снаряды',0),(4564,1553,'minometnie','Миномётные снаряды',0),(4565,1553,'batarei','Энергетические батареи',0),(4566,1554,'avtomatnie','Автоматные патроны',0),(4567,1554,'vintovochnie','Винтовочные патроны',0),(4568,1554,'pistoletnie','Пистолетные патроны',50),(4569,1554,'rujeinie','Ружейные патроны',0),(4570,1554,'drotiki','Дротики',0),(4571,1554,'streli','Стрелы',0),(4572,1554,'atomnie','Атомные снаряды',0),(4573,1554,'minometnie','Миномётные снаряды',0),(4574,1554,'batarei','Энергетические батареи',0),(4575,1555,'avtomatnie','Автоматные патроны',0),(4576,1555,'vintovochnie','Винтовочные патроны',0),(4577,1555,'pistoletnie','Пистолетные патроны',0),(4578,1555,'rujeinie','Ружейные патроны',0),(4579,1555,'drotiki','Дротики',0),(4580,1555,'streli','Стрелы',0),(4581,1555,'atomnie','Атомные снаряды',0),(4582,1555,'minometnie','Миномётные снаряды',0),(4583,1555,'batarei','Энергетические батареи',0),(4584,1556,'avtomatnie','Автоматные патроны',0),(4585,1556,'vintovochnie','Винтовочные патроны',0),(4586,1556,'pistoletnie','Пистолетные патроны',0),(4587,1556,'rujeinie','Ружейные патроны',0),(4588,1556,'drotiki','Дротики',0),(4589,1556,'streli','Стрелы',0),(4590,1556,'atomnie','Атомные снаряды',0),(4591,1556,'minometnie','Миномётные снаряды',0),(4592,1556,'batarei','Энергетические батареи',0),(4629,1561,'avtomatnie','Автоматные патроны',0),(4593,1557,'avtomatnie','Автоматные патроны',0),(4594,1557,'vintovochnie','Винтовочные патроны',0),(4595,1557,'pistoletnie','Пистолетные патроны',0),(4596,1557,'rujeinie','Ружейные патроны',0),(4597,1557,'drotiki','Дротики',0),(4598,1557,'streli','Стрелы',0),(4599,1557,'atomnie','Атомные снаряды',0),(4600,1557,'minometnie','Миномётные снаряды',0),(4601,1557,'batarei','Энергетические батареи',0),(4602,1558,'avtomatnie','Автоматные патроны',0),(4603,1558,'vintovochnie','Винтовочные патроны',0),(4604,1558,'pistoletnie','Пистолетные патроны',0),(4605,1558,'rujeinie','Ружейные патроны',0),(4606,1558,'drotiki','Дротики',0),(4607,1558,'streli','Стрелы',0),(4608,1558,'atomnie','Атомные снаряды',0),(4609,1558,'minometnie','Миномётные снаряды',0),(4610,1558,'batarei','Энергетические батареи',0),(4611,1559,'avtomatnie','Автоматные патроны',0),(4612,1559,'vintovochnie','Винтовочные патроны',0),(4613,1559,'pistoletnie','Пистолетные патроны',0),(4614,1559,'rujeinie','Ружейные патроны',0),(4615,1559,'drotiki','Дротики',0),(4616,1559,'streli','Стрелы',0),(4617,1559,'atomnie','Атомные снаряды',0),(4618,1559,'minometnie','Миномётные снаряды',0),(4619,1559,'batarei','Энергетические батареи',0),(4620,1560,'avtomatnie','Автоматные патроны',0),(4621,1560,'vintovochnie','Винтовочные патроны',0),(4622,1560,'pistoletnie','Пистолетные патроны',0),(4623,1560,'rujeinie','Ружейные патроны',0),(4624,1560,'drotiki','Дротики',0),(4625,1560,'streli','Стрелы',0),(4626,1560,'atomnie','Атомные снаряды',0),(4627,1560,'minometnie','Миномётные снаряды',0),(4628,1560,'batarei','Энергетические батареи',0),(4630,1561,'vintovochnie','Винтовочные патроны',0),(4631,1561,'pistoletnie','Пистолетные патроны',50),(4632,1561,'rujeinie','Ружейные патроны',0),(4633,1561,'drotiki','Дротики',0),(4634,1561,'streli','Стрелы',0),(4635,1561,'atomnie','Атомные снаряды',0),(4636,1561,'minometnie','Миномётные снаряды',0),(4637,1561,'batarei','Энергетические батареи',0),(4638,1562,'avtomatnie','Автоматные патроны',0),(4639,1562,'vintovochnie','Винтовочные патроны',0),(4640,1562,'pistoletnie','Пистолетные патроны',50),(4641,1562,'rujeinie','Ружейные патроны',0),(4642,1562,'drotiki','Дротики',0),(4643,1562,'streli','Стрелы',0),(4644,1562,'atomnie','Атомные снаряды',0),(4645,1562,'minometnie','Миномётные снаряды',0),(4646,1562,'batarei','Энергетические батареи',0),(4647,1563,'avtomatnie','Автоматные патроны',0),(4648,1563,'vintovochnie','Винтовочные патроны',0),(4649,1563,'pistoletnie','Пистолетные патроны',50),(4650,1563,'rujeinie','Ружейные патроны',0),(4651,1563,'drotiki','Дротики',0),(4652,1563,'streli','Стрелы',0),(4653,1563,'atomnie','Атомные снаряды',0),(4654,1563,'minometnie','Миномётные снаряды',0),(4655,1563,'batarei','Энергетические батареи',0),(4656,1564,'avtomatnie','Автоматные патроны',0),(4657,1564,'vintovochnie','Винтовочные патроны',0),(4658,1564,'pistoletnie','Пистолетные патроны',0),(4659,1564,'rujeinie','Ружейные патроны',0),(4660,1564,'drotiki','Дротики',0),(4661,1564,'streli','Стрелы',0),(4662,1564,'atomnie','Атомные снаряды',0),(4663,1564,'minometnie','Миномётные снаряды',0),(4664,1564,'batarei','Энергетические батареи',0),(4665,1565,'avtomatnie','Автоматные патроны',0),(4666,1565,'vintovochnie','Винтовочные патроны',0),(4667,1565,'pistoletnie','Пистолетные патроны',50),(4668,1565,'rujeinie','Ружейные патроны',0),(4669,1565,'drotiki','Дротики',0),(4670,1565,'streli','Стрелы',0),(4671,1565,'atomnie','Атомные снаряды',0),(4672,1565,'minometnie','Миномётные снаряды',0),(4673,1565,'batarei','Энергетические батареи',0),(4674,1566,'avtomatnie','Автоматные патроны',0),(4675,1566,'vintovochnie','Винтовочные патроны',0),(4676,1566,'pistoletnie','Пистолетные патроны',0),(4677,1566,'rujeinie','Ружейные патроны',0),(4678,1566,'drotiki','Дротики',0),(4679,1566,'streli','Стрелы',0),(4680,1566,'atomnie','Атомные снаряды',0),(4681,1566,'minometnie','Миномётные снаряды',0),(4682,1566,'batarei','Энергетические батареи',0),(4683,1567,'avtomatnie','Автоматные патроны',0),(4684,1567,'vintovochnie','Винтовочные патроны',0),(4685,1567,'pistoletnie','Пистолетные патроны',0),(4686,1567,'rujeinie','Ружейные патроны',0),(4687,1567,'drotiki','Дротики',0),(4688,1567,'streli','Стрелы',0),(4689,1567,'atomnie','Атомные снаряды',0),(4690,1567,'minometnie','Миномётные снаряды',0),(4691,1567,'batarei','Энергетические батареи',0),(4692,1568,'avtomatnie','Автоматные патроны',0),(4693,1568,'vintovochnie','Винтовочные патроны',0),(4694,1568,'pistoletnie','Пистолетные патроны',0),(4695,1568,'rujeinie','Ружейные патроны',0),(4696,1568,'drotiki','Дротики',0),(4697,1568,'streli','Стрелы',0),(4698,1568,'atomnie','Атомные снаряды',0),(4699,1568,'minometnie','Миномётные снаряды',0),(4700,1568,'batarei','Энергетические батареи',0),(4701,1569,'avtomatnie','Автоматные патроны',0),(4702,1569,'vintovochnie','Винтовочные патроны',0),(4703,1569,'pistoletnie','Пистолетные патроны',16),(4704,1569,'rujeinie','Ружейные патроны',0),(4705,1569,'drotiki','Дротики',0),(4706,1569,'streli','Стрелы',0),(4707,1569,'atomnie','Атомные снаряды',0),(4708,1569,'minometnie','Миномётные снаряды',0),(4709,1569,'batarei','Энергетические батареи',0),(4710,1570,'avtomatnie','Автоматные патроны',0),(4711,1570,'vintovochnie','Винтовочные патроны',0),(4712,1570,'pistoletnie','Пистолетные патроны',0),(4713,1570,'rujeinie','Ружейные патроны',0),(4714,1570,'drotiki','Дротики',0),(4715,1570,'streli','Стрелы',0),(4716,1570,'atomnie','Атомные снаряды',0),(4717,1570,'minometnie','Миномётные снаряды',0),(4718,1570,'batarei','Энергетические батареи',0),(4719,1571,'avtomatnie','Автоматные патроны',0),(4720,1571,'vintovochnie','Винтовочные патроны',0),(4721,1571,'pistoletnie','Пистолетные патроны',0),(4722,1571,'rujeinie','Ружейные патроны',0),(4723,1571,'drotiki','Дротики',0),(4724,1571,'streli','Стрелы',0),(4725,1571,'atomnie','Атомные снаряды',0),(4726,1571,'minometnie','Миномётные снаряды',0),(4727,1571,'batarei','Энергетические батареи',0),(4728,1572,'avtomatnie','Автоматные патроны',0),(4729,1572,'vintovochnie','Винтовочные патроны',0),(4730,1572,'pistoletnie','Пистолетные патроны',0),(4731,1572,'rujeinie','Ружейные патроны',0),(4732,1572,'drotiki','Дротики',0),(4733,1572,'streli','Стрелы',0),(4734,1572,'atomnie','Атомные снаряды',0),(4735,1572,'minometnie','Миномётные снаряды',0),(4736,1572,'batarei','Энергетические батареи',0),(4737,1573,'avtomatnie','Автоматные патроны',0),(4738,1573,'vintovochnie','Винтовочные патроны',0),(4739,1573,'pistoletnie','Пистолетные патроны',0),(4740,1573,'rujeinie','Ружейные патроны',0),(4741,1573,'drotiki','Дротики',0),(4742,1573,'streli','Стрелы',0),(4743,1573,'atomnie','Атомные снаряды',0),(4744,1573,'minometnie','Миномётные снаряды',0),(4745,1573,'batarei','Энергетические батареи',0),(4746,1574,'avtomatnie','Автоматные патроны',0),(4747,1574,'vintovochnie','Винтовочные патроны',0),(4748,1574,'pistoletnie','Пистолетные патроны',50),(4749,1574,'rujeinie','Ружейные патроны',0),(4750,1574,'drotiki','Дротики',0),(4751,1574,'streli','Стрелы',0),(4752,1574,'atomnie','Атомные снаряды',0),(4753,1574,'minometnie','Миномётные снаряды',0),(4754,1574,'batarei','Энергетические батареи',0),(4755,1575,'avtomatnie','Автоматные патроны',0),(4756,1575,'vintovochnie','Винтовочные патроны',0),(4757,1575,'pistoletnie','Пистолетные патроны',0),(4758,1575,'rujeinie','Ружейные патроны',0),(4759,1575,'drotiki','Дротики',0),(4760,1575,'streli','Стрелы',0),(4761,1575,'atomnie','Атомные снаряды',0),(4762,1575,'minometnie','Миномётные снаряды',0),(4763,1575,'batarei','Энергетические батареи',0),(4764,1576,'avtomatnie','Автоматные патроны',0),(4765,1576,'vintovochnie','Винтовочные патроны',0),(4766,1576,'pistoletnie','Пистолетные патроны',42),(4767,1576,'rujeinie','Ружейные патроны',0),(4768,1576,'drotiki','Дротики',0),(4769,1576,'streli','Стрелы',0),(4770,1576,'atomnie','Атомные снаряды',0),(4771,1576,'minometnie','Миномётные снаряды',0),(4772,1576,'batarei','Энергетические батареи',0),(4773,1577,'avtomatnie','Автоматные патроны',0),(4774,1577,'vintovochnie','Винтовочные патроны',0),(4775,1577,'pistoletnie','Пистолетные патроны',0),(4776,1577,'rujeinie','Ружейные патроны',0),(4777,1577,'drotiki','Дротики',0),(4778,1577,'streli','Стрелы',0),(4779,1577,'atomnie','Атомные снаряды',0),(4780,1577,'minometnie','Миномётные снаряды',0),(4781,1577,'batarei','Энергетические батареи',0),(4782,1578,'avtomatnie','Автоматные патроны',0),(4783,1578,'vintovochnie','Винтовочные патроны',0),(4784,1578,'pistoletnie','Пистолетные патроны',0),(4785,1578,'rujeinie','Ружейные патроны',0),(4786,1578,'drotiki','Дротики',0),(4787,1578,'streli','Стрелы',0),(4788,1578,'atomnie','Атомные снаряды',0),(4789,1578,'minometnie','Миномётные снаряды',0),(4790,1578,'batarei','Энергетические батареи',0),(4791,1579,'avtomatnie','Автоматные патроны',0),(4792,1579,'vintovochnie','Винтовочные патроны',0),(4793,1579,'pistoletnie','Пистолетные патроны',0),(4794,1579,'rujeinie','Ружейные патроны',0),(4795,1579,'drotiki','Дротики',0),(4796,1579,'streli','Стрелы',0),(4797,1579,'atomnie','Атомные снаряды',0),(4798,1579,'minometnie','Миномётные снаряды',0),(4799,1579,'batarei','Энергетические батареи',0),(4800,1580,'avtomatnie','Автоматные патроны',0),(4801,1580,'vintovochnie','Винтовочные патроны',0),(4802,1580,'pistoletnie','Пистолетные патроны',0),(4803,1580,'rujeinie','Ружейные патроны',0),(4804,1580,'drotiki','Дротики',0),(4805,1580,'streli','Стрелы',0),(4806,1580,'atomnie','Атомные снаряды',0),(4807,1580,'minometnie','Миномётные снаряды',0),(4808,1580,'batarei','Энергетические батареи',0),(4809,1581,'avtomatnie','Автоматные патроны',0),(4810,1581,'vintovochnie','Винтовочные патроны',0),(4811,1581,'pistoletnie','Пистолетные патроны',0),(4812,1581,'rujeinie','Ружейные патроны',0),(4813,1581,'drotiki','Дротики',0),(4814,1581,'streli','Стрелы',0),(4815,1581,'atomnie','Атомные снаряды',0),(4816,1581,'minometnie','Миномётные снаряды',0),(4817,1581,'batarei','Энергетические батареи',0),(4818,1582,'avtomatnie','Автоматные патроны',0),(4819,1582,'vintovochnie','Винтовочные патроны',0),(4820,1582,'pistoletnie','Пистолетные патроны',0),(4821,1582,'rujeinie','Ружейные патроны',0),(4822,1582,'drotiki','Дротики',0),(4823,1582,'streli','Стрелы',0),(4824,1582,'atomnie','Атомные снаряды',0),(4825,1582,'minometnie','Миномётные снаряды',0),(4826,1582,'batarei','Энергетические батареи',0),(4827,1583,'avtomatnie','Автоматные патроны',0),(4828,1583,'vintovochnie','Винтовочные патроны',0),(4829,1583,'pistoletnie','Пистолетные патроны',0),(4830,1583,'rujeinie','Ружейные патроны',0),(4831,1583,'drotiki','Дротики',0),(4832,1583,'streli','Стрелы',0),(4833,1583,'atomnie','Атомные снаряды',0),(4834,1583,'minometnie','Миномётные снаряды',0),(4835,1583,'batarei','Энергетические батареи',0),(4836,1584,'avtomatnie','Автоматные патроны',0),(4837,1584,'vintovochnie','Винтовочные патроны',0),(4838,1584,'pistoletnie','Пистолетные патроны',50),(4839,1584,'rujeinie','Ружейные патроны',0),(4840,1584,'drotiki','Дротики',0),(4841,1584,'streli','Стрелы',0),(4842,1584,'atomnie','Атомные снаряды',0),(4843,1584,'minometnie','Миномётные снаряды',0),(4844,1584,'batarei','Энергетические батареи',0),(4845,1585,'avtomatnie','Автоматные патроны',0),(4846,1585,'vintovochnie','Винтовочные патроны',0),(4847,1585,'pistoletnie','Пистолетные патроны',42),(4848,1585,'rujeinie','Ружейные патроны',0),(4849,1585,'drotiki','Дротики',0),(4850,1585,'streli','Стрелы',0),(4851,1585,'atomnie','Атомные снаряды',0),(4852,1585,'minometnie','Миномётные снаряды',0),(4853,1585,'batarei','Энергетические батареи',0),(4854,1586,'avtomatnie','Автоматные патроны',0),(4855,1586,'vintovochnie','Винтовочные патроны',0),(4856,1586,'pistoletnie','Пистолетные патроны',47),(4857,1586,'rujeinie','Ружейные патроны',0),(4858,1586,'drotiki','Дротики',0),(4859,1586,'streli','Стрелы',0),(4860,1586,'atomnie','Атомные снаряды',0),(4861,1586,'minometnie','Миномётные снаряды',0),(4862,1586,'batarei','Энергетические батареи',0),(4863,1587,'avtomatnie','Автоматные патроны',0),(4864,1587,'vintovochnie','Винтовочные патроны',0),(4865,1587,'pistoletnie','Пистолетные патроны',0),(4866,1587,'rujeinie','Ружейные патроны',0),(4867,1587,'drotiki','Дротики',0),(4868,1587,'streli','Стрелы',0),(4869,1587,'atomnie','Атомные снаряды',0),(4870,1587,'minometnie','Миномётные снаряды',0),(4871,1587,'batarei','Энергетические батареи',0),(4872,1588,'avtomatnie','Автоматные патроны',0),(4873,1588,'vintovochnie','Винтовочные патроны',0),(4874,1588,'pistoletnie','Пистолетные патроны',0),(4875,1588,'rujeinie','Ружейные патроны',0),(4876,1588,'drotiki','Дротики',0),(4877,1588,'streli','Стрелы',0),(4878,1588,'atomnie','Атомные снаряды',0),(4879,1588,'minometnie','Миномётные снаряды',0),(4880,1588,'batarei','Энергетические батареи',0),(4881,1589,'avtomatnie','Автоматные патроны',0),(4882,1589,'vintovochnie','Винтовочные патроны',0),(4883,1589,'pistoletnie','Пистолетные патроны',0),(4884,1589,'rujeinie','Ружейные патроны',0),(4885,1589,'drotiki','Дротики',0),(4886,1589,'streli','Стрелы',0),(4887,1589,'atomnie','Атомные снаряды',0),(4888,1589,'minometnie','Миномётные снаряды',0),(4889,1589,'batarei','Энергетические батареи',0),(4890,1590,'avtomatnie','Автоматные патроны',0),(4891,1590,'vintovochnie','Винтовочные патроны',0),(4892,1590,'pistoletnie','Пистолетные патроны',0),(4893,1590,'rujeinie','Ружейные патроны',0),(4894,1590,'drotiki','Дротики',0),(4895,1590,'streli','Стрелы',0),(4896,1590,'atomnie','Атомные снаряды',0),(4897,1590,'minometnie','Миномётные снаряды',0),(4898,1590,'batarei','Энергетические батареи',0),(4899,1591,'avtomatnie','Автоматные патроны',0),(4900,1591,'vintovochnie','Винтовочные патроны',0),(4901,1591,'pistoletnie','Пистолетные патроны',0),(4902,1591,'rujeinie','Ружейные патроны',0),(4903,1591,'drotiki','Дротики',0),(4904,1591,'streli','Стрелы',0),(4905,1591,'atomnie','Атомные снаряды',0),(4906,1591,'minometnie','Миномётные снаряды',0),(4907,1591,'batarei','Энергетические батареи',0),(4908,1592,'avtomatnie','Автоматные патроны',0),(4909,1592,'vintovochnie','Винтовочные патроны',0),(4910,1592,'pistoletnie','Пистолетные патроны',0),(4911,1592,'rujeinie','Ружейные патроны',0),(4912,1592,'drotiki','Дротики',0),(4913,1592,'streli','Стрелы',0),(4914,1592,'atomnie','Атомные снаряды',0),(4915,1592,'minometnie','Миномётные снаряды',0),(4916,1592,'batarei','Энергетические батареи',0),(4917,1593,'avtomatnie','Автоматные патроны',0),(4918,1593,'vintovochnie','Винтовочные патроны',0),(4919,1593,'pistoletnie','Пистолетные патроны',0),(4920,1593,'rujeinie','Ружейные патроны',0),(4921,1593,'drotiki','Дротики',0),(4922,1593,'streli','Стрелы',0),(4923,1593,'atomnie','Атомные снаряды',0),(4924,1593,'minometnie','Миномётные снаряды',0),(4925,1593,'batarei','Энергетические батареи',0),(4926,1594,'avtomatnie','Автоматные патроны',0),(4927,1594,'vintovochnie','Винтовочные патроны',0),(4928,1594,'pistoletnie','Пистолетные патроны',0),(4929,1594,'rujeinie','Ружейные патроны',0),(4930,1594,'drotiki','Дротики',0),(4931,1594,'streli','Стрелы',0),(4932,1594,'atomnie','Атомные снаряды',0),(4933,1594,'minometnie','Миномётные снаряды',0),(4934,1594,'batarei','Энергетические батареи',0),(4935,1595,'avtomatnie','Автоматные патроны',0),(4936,1595,'vintovochnie','Винтовочные патроны',0),(4937,1595,'pistoletnie','Пистолетные патроны',0),(4938,1595,'rujeinie','Ружейные патроны',0),(4939,1595,'drotiki','Дротики',0),(4940,1595,'streli','Стрелы',0),(4941,1595,'atomnie','Атомные снаряды',0),(4942,1595,'minometnie','Миномётные снаряды',0),(4943,1595,'batarei','Энергетические батареи',0),(4944,1596,'avtomatnie','Автоматные патроны',0),(4945,1596,'vintovochnie','Винтовочные патроны',0),(4946,1596,'pistoletnie','Пистолетные патроны',0),(4947,1596,'rujeinie','Ружейные патроны',0),(4948,1596,'drotiki','Дротики',0),(4949,1596,'streli','Стрелы',0),(4950,1596,'atomnie','Атомные снаряды',0),(4951,1596,'minometnie','Миномётные снаряды',0),(4952,1596,'batarei','Энергетические батареи',0),(4953,1597,'avtomatnie','Автоматные патроны',0),(4954,1597,'vintovochnie','Винтовочные патроны',0),(4955,1597,'pistoletnie','Пистолетные патроны',0),(4956,1597,'rujeinie','Ружейные патроны',0),(4957,1597,'drotiki','Дротики',0),(4958,1597,'streli','Стрелы',0),(4959,1597,'atomnie','Атомные снаряды',0),(4960,1597,'minometnie','Миномётные снаряды',0),(4961,1597,'batarei','Энергетические батареи',0),(4962,1598,'avtomatnie','Автоматные патроны',0),(4963,1598,'vintovochnie','Винтовочные патроны',0),(4964,1598,'pistoletnie','Пистолетные патроны',0),(4965,1598,'rujeinie','Ружейные патроны',0),(4966,1598,'drotiki','Дротики',0),(4967,1598,'streli','Стрелы',0),(4968,1598,'atomnie','Атомные снаряды',0),(4969,1598,'minometnie','Миномётные снаряды',0),(4970,1598,'batarei','Энергетические батареи',0),(4971,1599,'avtomatnie','Автоматные патроны',0),(4972,1599,'vintovochnie','Винтовочные патроны',0),(4973,1599,'pistoletnie','Пистолетные патроны',0),(4974,1599,'rujeinie','Ружейные патроны',0),(4975,1599,'drotiki','Дротики',0),(4976,1599,'streli','Стрелы',0),(4977,1599,'atomnie','Атомные снаряды',0),(4978,1599,'minometnie','Миномётные снаряды',0),(4979,1599,'batarei','Энергетические батареи',0),(4980,1600,'avtomatnie','Автоматные патроны',0),(4981,1600,'vintovochnie','Винтовочные патроны',0),(4982,1600,'pistoletnie','Пистолетные патроны',0),(4983,1600,'rujeinie','Ружейные патроны',0),(4984,1600,'drotiki','Дротики',0),(4985,1600,'streli','Стрелы',0),(4986,1600,'atomnie','Атомные снаряды',0),(4987,1600,'minometnie','Миномётные снаряды',0),(4988,1600,'batarei','Энергетические батареи',0),(4989,1601,'avtomatnie','Автоматные патроны',0),(4990,1601,'vintovochnie','Винтовочные патроны',0),(4991,1601,'pistoletnie','Пистолетные патроны',50),(4992,1601,'rujeinie','Ружейные патроны',0),(4993,1601,'drotiki','Дротики',0),(4994,1601,'streli','Стрелы',0),(4995,1601,'atomnie','Атомные снаряды',0),(4996,1601,'minometnie','Миномётные снаряды',0),(4997,1601,'batarei','Энергетические батареи',0),(4998,1602,'avtomatnie','Автоматные патроны',0),(4999,1602,'vintovochnie','Винтовочные патроны',0),(5000,1602,'pistoletnie','Пистолетные патроны',0),(5001,1602,'rujeinie','Ружейные патроны',0),(5002,1602,'drotiki','Дротики',0),(5003,1602,'streli','Стрелы',0),(5004,1602,'atomnie','Атомные снаряды',0),(5005,1602,'minometnie','Миномётные снаряды',0),(5006,1602,'batarei','Энергетические батареи',0),(5007,1603,'avtomatnie','Автоматные патроны',0),(5008,1603,'vintovochnie','Винтовочные патроны',0),(5009,1603,'pistoletnie','Пистолетные патроны',50),(5010,1603,'rujeinie','Ружейные патроны',0),(5011,1603,'drotiki','Дротики',0),(5012,1603,'streli','Стрелы',0),(5013,1603,'atomnie','Атомные снаряды',0),(5014,1603,'minometnie','Миномётные снаряды',0),(5015,1603,'batarei','Энергетические батареи',0),(5016,1604,'avtomatnie','Автоматные патроны',0),(5017,1604,'vintovochnie','Винтовочные патроны',0),(5018,1604,'pistoletnie','Пистолетные патроны',15),(5019,1604,'rujeinie','Ружейные патроны',0),(5020,1604,'drotiki','Дротики',1),(5021,1604,'streli','Стрелы',0),(5022,1604,'atomnie','Атомные снаряды',0),(5023,1604,'minometnie','Миномётные снаряды',0),(5024,1604,'batarei','Энергетические батареи',0),(5025,1605,'avtomatnie','Автоматные патроны',0),(5026,1605,'vintovochnie','Винтовочные патроны',0),(5027,1605,'pistoletnie','Пистолетные патроны',0),(5028,1605,'rujeinie','Ружейные патроны',0),(5029,1605,'drotiki','Дротики',0),(5030,1605,'streli','Стрелы',0),(5031,1605,'atomnie','Атомные снаряды',0),(5032,1605,'minometnie','Миномётные снаряды',0),(5033,1605,'batarei','Энергетические батареи',0),(5034,1606,'avtomatnie','Автоматные патроны',0),(5035,1606,'vintovochnie','Винтовочные патроны',0),(5036,1606,'pistoletnie','Пистолетные патроны',50),(5037,1606,'rujeinie','Ружейные патроны',0),(5038,1606,'drotiki','Дротики',0),(5039,1606,'streli','Стрелы',0),(5040,1606,'atomnie','Атомные снаряды',0),(5041,1606,'minometnie','Миномётные снаряды',0),(5042,1606,'batarei','Энергетические батареи',0),(5043,1607,'avtomatnie','Автоматные патроны',0),(5044,1607,'vintovochnie','Винтовочные патроны',0),(5045,1607,'pistoletnie','Пистолетные патроны',0),(5046,1607,'rujeinie','Ружейные патроны',0),(5047,1607,'drotiki','Дротики',0),(5048,1607,'streli','Стрелы',0),(5049,1607,'atomnie','Атомные снаряды',0),(5050,1607,'minometnie','Миномётные снаряды',0),(5051,1607,'batarei','Энергетические батареи',0),(5052,1608,'avtomatnie','Автоматные патроны',0),(5053,1608,'vintovochnie','Винтовочные патроны',0),(5054,1608,'pistoletnie','Пистолетные патроны',46),(5055,1608,'rujeinie','Ружейные патроны',0),(5056,1608,'drotiki','Дротики',0),(5057,1608,'streli','Стрелы',0),(5058,1608,'atomnie','Атомные снаряды',0),(5059,1608,'minometnie','Миномётные снаряды',0),(5060,1608,'batarei','Энергетические батареи',0),(5061,1609,'avtomatnie','Автоматные патроны',0),(5062,1609,'vintovochnie','Винтовочные патроны',0),(5063,1609,'pistoletnie','Пистолетные патроны',0),(5064,1609,'rujeinie','Ружейные патроны',0),(5065,1609,'drotiki','Дротики',0),(5066,1609,'streli','Стрелы',0),(5067,1609,'atomnie','Атомные снаряды',0),(5068,1609,'minometnie','Миномётные снаряды',0),(5069,1609,'batarei','Энергетические батареи',0),(5070,1610,'avtomatnie','Автоматные патроны',0),(5071,1610,'vintovochnie','Винтовочные патроны',0),(5072,1610,'pistoletnie','Пистолетные патроны',0),(5073,1610,'rujeinie','Ружейные патроны',0),(5074,1610,'drotiki','Дротики',0),(5075,1610,'streli','Стрелы',0),(5076,1610,'atomnie','Атомные снаряды',0),(5077,1610,'minometnie','Миномётные снаряды',0),(5078,1610,'batarei','Энергетические батареи',0),(5079,1611,'avtomatnie','Автоматные патроны',0),(5080,1611,'vintovochnie','Винтовочные патроны',0),(5081,1611,'pistoletnie','Пистолетные патроны',0),(5082,1611,'rujeinie','Ружейные патроны',0),(5083,1611,'drotiki','Дротики',0),(5084,1611,'streli','Стрелы',0),(5085,1611,'atomnie','Атомные снаряды',0),(5086,1611,'minometnie','Миномётные снаряды',0),(5087,1611,'batarei','Энергетические батареи',0),(5088,1612,'avtomatnie','Автоматные патроны',0),(5089,1612,'vintovochnie','Винтовочные патроны',0),(5090,1612,'pistoletnie','Пистолетные патроны',0),(5091,1612,'rujeinie','Ружейные патроны',0),(5092,1612,'drotiki','Дротики',0),(5093,1612,'streli','Стрелы',0),(5094,1612,'atomnie','Атомные снаряды',0),(5095,1612,'minometnie','Миномётные снаряды',0),(5096,1612,'batarei','Энергетические батареи',0),(5097,1613,'avtomatnie','Автоматные патроны',0),(5098,1613,'vintovochnie','Винтовочные патроны',0),(5099,1613,'pistoletnie','Пистолетные патроны',0),(5100,1613,'rujeinie','Ружейные патроны',0),(5101,1613,'drotiki','Дротики',0),(5102,1613,'streli','Стрелы',0),(5103,1613,'atomnie','Атомные снаряды',0),(5104,1613,'minometnie','Миномётные снаряды',0),(5105,1613,'batarei','Энергетические батареи',0),(5106,1614,'avtomatnie','Автоматные патроны',0),(5107,1614,'vintovochnie','Винтовочные патроны',0),(5108,1614,'pistoletnie','Пистолетные патроны',44),(5109,1614,'rujeinie','Ружейные патроны',0),(5110,1614,'drotiki','Дротики',0),(5111,1614,'streli','Стрелы',0),(5112,1614,'atomnie','Атомные снаряды',0),(5113,1614,'minometnie','Миномётные снаряды',0),(5114,1614,'batarei','Энергетические батареи',0),(5115,1615,'avtomatnie','Автоматные патроны',0),(5116,1615,'vintovochnie','Винтовочные патроны',0),(5117,1615,'pistoletnie','Пистолетные патроны',40),(5118,1615,'rujeinie','Ружейные патроны',0),(5119,1615,'drotiki','Дротики',0),(5120,1615,'streli','Стрелы',0),(5121,1615,'atomnie','Атомные снаряды',0),(5122,1615,'minometnie','Миномётные снаряды',0),(5123,1615,'batarei','Энергетические батареи',0),(5124,1616,'avtomatnie','Автоматные патроны',0),(5125,1616,'vintovochnie','Винтовочные патроны',0),(5126,1616,'pistoletnie','Пистолетные патроны',35),(5127,1616,'rujeinie','Ружейные патроны',0),(5128,1616,'drotiki','Дротики',0),(5129,1616,'streli','Стрелы',0),(5130,1616,'atomnie','Атомные снаряды',0),(5131,1616,'minometnie','Миномётные снаряды',0),(5132,1616,'batarei','Энергетические батареи',0),(5133,1617,'avtomatnie','Автоматные патроны',0),(5134,1617,'vintovochnie','Винтовочные патроны',0),(5135,1617,'pistoletnie','Пистолетные патроны',0),(5136,1617,'rujeinie','Ружейные патроны',0),(5137,1617,'drotiki','Дротики',0),(5138,1617,'streli','Стрелы',0),(5139,1617,'atomnie','Атомные снаряды',0),(5140,1617,'minometnie','Миномётные снаряды',0),(5141,1617,'batarei','Энергетические батареи',0),(5142,1618,'avtomatnie','Автоматные патроны',0),(5143,1618,'vintovochnie','Винтовочные патроны',0),(5144,1618,'pistoletnie','Пистолетные патроны',50),(5145,1618,'rujeinie','Ружейные патроны',0),(5146,1618,'drotiki','Дротики',0),(5147,1618,'streli','Стрелы',0),(5148,1618,'atomnie','Атомные снаряды',0),(5149,1618,'minometnie','Миномётные снаряды',0),(5150,1618,'batarei','Энергетические батареи',0),(5151,1619,'avtomatnie','Автоматные патроны',0),(5152,1619,'vintovochnie','Винтовочные патроны',0),(5153,1619,'pistoletnie','Пистолетные патроны',50),(5154,1619,'rujeinie','Ружейные патроны',0),(5155,1619,'drotiki','Дротики',0),(5156,1619,'streli','Стрелы',0),(5157,1619,'atomnie','Атомные снаряды',0),(5158,1619,'minometnie','Миномётные снаряды',0),(5159,1619,'batarei','Энергетические батареи',0),(5160,1620,'avtomatnie','Автоматные патроны',0),(5161,1620,'vintovochnie','Винтовочные патроны',0),(5162,1620,'pistoletnie','Пистолетные патроны',50),(5163,1620,'rujeinie','Ружейные патроны',0),(5164,1620,'drotiki','Дротики',0),(5165,1620,'streli','Стрелы',0),(5166,1620,'atomnie','Атомные снаряды',0),(5167,1620,'minometnie','Миномётные снаряды',0),(5168,1620,'batarei','Энергетические батареи',0),(5169,1621,'avtomatnie','Автоматные патроны',0),(5170,1621,'vintovochnie','Винтовочные патроны',0),(5171,1621,'pistoletnie','Пистолетные патроны',212),(5172,1621,'rujeinie','Ружейные патроны',0),(5173,1621,'drotiki','Дротики',0),(5174,1621,'streli','Стрелы',0),(5175,1621,'atomnie','Атомные снаряды',0),(5176,1621,'minometnie','Миномётные снаряды',0),(5177,1621,'batarei','Энергетические батареи',0),(5178,1622,'avtomatnie','Автоматные патроны',0),(5179,1622,'vintovochnie','Винтовочные патроны',0),(5180,1622,'pistoletnie','Пистолетные патроны',0),(5181,1622,'rujeinie','Ружейные патроны',0),(5182,1622,'drotiki','Дротики',0),(5183,1622,'streli','Стрелы',0),(5184,1622,'atomnie','Атомные снаряды',0),(5185,1622,'minometnie','Миномётные снаряды',0),(5186,1622,'batarei','Энергетические батареи',0),(5187,1623,'avtomatnie','Автоматные патроны',0),(5188,1623,'vintovochnie','Винтовочные патроны',0),(5189,1623,'pistoletnie','Пистолетные патроны',0),(5190,1623,'rujeinie','Ружейные патроны',0),(5191,1623,'drotiki','Дротики',0),(5192,1623,'streli','Стрелы',0),(5193,1623,'atomnie','Атомные снаряды',0),(5194,1623,'minometnie','Миномётные снаряды',0),(5195,1623,'batarei','Энергетические батареи',0),(5196,1624,'avtomatnie','Автоматные патроны',0),(5197,1624,'vintovochnie','Винтовочные патроны',0),(5198,1624,'pistoletnie','Пистолетные патроны',0),(5199,1624,'rujeinie','Ружейные патроны',0),(5200,1624,'drotiki','Дротики',0),(5201,1624,'streli','Стрелы',0),(5202,1624,'atomnie','Атомные снаряды',0),(5203,1624,'minometnie','Миномётные снаряды',0),(5204,1624,'batarei','Энергетические батареи',0),(5205,1625,'avtomatnie','Автоматные патроны',0),(5206,1625,'vintovochnie','Винтовочные патроны',0),(5207,1625,'pistoletnie','Пистолетные патроны',188),(5208,1625,'rujeinie','Ружейные патроны',0),(5209,1625,'drotiki','Дротики',0),(5210,1625,'streli','Стрелы',0),(5211,1625,'atomnie','Атомные снаряды',0),(5212,1625,'minometnie','Миномётные снаряды',0),(5213,1625,'batarei','Энергетические батареи',0),(5214,1626,'avtomatnie','Автоматные патроны',0),(5215,1626,'vintovochnie','Винтовочные патроны',0),(5216,1626,'pistoletnie','Пистолетные патроны',0),(5217,1626,'rujeinie','Ружейные патроны',0),(5218,1626,'drotiki','Дротики',0),(5219,1626,'streli','Стрелы',0),(5220,1626,'atomnie','Атомные снаряды',0),(5221,1626,'minometnie','Миномётные снаряды',0),(5222,1626,'batarei','Энергетические батареи',0),(5223,1627,'avtomatnie','Автоматные патроны',0),(5224,1627,'vintovochnie','Винтовочные патроны',0),(5225,1627,'pistoletnie','Пистолетные патроны',0),(5226,1627,'rujeinie','Ружейные патроны',0),(5227,1627,'drotiki','Дротики',0),(5228,1627,'streli','Стрелы',0),(5229,1627,'atomnie','Атомные снаряды',0),(5230,1627,'minometnie','Миномётные снаряды',0),(5231,1627,'batarei','Энергетические батареи',0),(5232,1628,'avtomatnie','Автоматные патроны',0),(5233,1628,'vintovochnie','Винтовочные патроны',0),(5234,1628,'pistoletnie','Пистолетные патроны',130),(5235,1628,'rujeinie','Ружейные патроны',181),(5236,1628,'drotiki','Дротики',0),(5237,1628,'streli','Стрелы',0),(5238,1628,'atomnie','Атомные снаряды',0),(5239,1628,'minometnie','Миномётные снаряды',0),(5240,1628,'batarei','Энергетические батареи',0),(5241,1629,'avtomatnie','Автоматные патроны',0),(5242,1629,'vintovochnie','Винтовочные патроны',0),(5243,1629,'pistoletnie','Пистолетные патроны',50),(5244,1629,'rujeinie','Ружейные патроны',0),(5245,1629,'drotiki','Дротики',0),(5246,1629,'streli','Стрелы',0),(5247,1629,'atomnie','Атомные снаряды',0),(5248,1629,'minometnie','Миномётные снаряды',0),(5249,1629,'batarei','Энергетические батареи',0),(5250,1630,'avtomatnie','Автоматные патроны',0),(5251,1630,'vintovochnie','Винтовочные патроны',0),(5252,1630,'pistoletnie','Пистолетные патроны',50),(5253,1630,'rujeinie','Ружейные патроны',0),(5254,1630,'drotiki','Дротики',0),(5255,1630,'streli','Стрелы',0),(5256,1630,'atomnie','Атомные снаряды',0),(5257,1630,'minometnie','Миномётные снаряды',0),(5258,1630,'batarei','Энергетические батареи',0),(5259,1631,'avtomatnie','Автоматные патроны',0),(5260,1631,'vintovochnie','Винтовочные патроны',0),(5261,1631,'pistoletnie','Пистолетные патроны',36),(5262,1631,'rujeinie','Ружейные патроны',0),(5263,1631,'drotiki','Дротики',0),(5264,1631,'streli','Стрелы',0),(5265,1631,'atomnie','Атомные снаряды',0),(5266,1631,'minometnie','Миномётные снаряды',0),(5267,1631,'batarei','Энергетические батареи',0),(5268,1632,'avtomatnie','Автоматные патроны',0),(5269,1632,'vintovochnie','Винтовочные патроны',0),(5270,1632,'pistoletnie','Пистолетные патроны',0),(5271,1632,'rujeinie','Ружейные патроны',0),(5272,1632,'drotiki','Дротики',0),(5273,1632,'streli','Стрелы',0),(5274,1632,'atomnie','Атомные снаряды',0),(5275,1632,'minometnie','Миномётные снаряды',0),(5276,1632,'batarei','Энергетические батареи',0),(5277,1633,'avtomatnie','Автоматные патроны',0),(5278,1633,'vintovochnie','Винтовочные патроны',0),(5279,1633,'pistoletnie','Пистолетные патроны',0),(5280,1633,'rujeinie','Ружейные патроны',0),(5281,1633,'drotiki','Дротики',0),(5282,1633,'streli','Стрелы',0),(5283,1633,'atomnie','Атомные снаряды',0),(5284,1633,'minometnie','Миномётные снаряды',0),(5285,1633,'batarei','Энергетические батареи',0),(5286,1634,'avtomatnie','Автоматные патроны',0),(5287,1634,'vintovochnie','Винтовочные патроны',0),(5288,1634,'pistoletnie','Пистолетные патроны',50),(5289,1634,'rujeinie','Ружейные патроны',0),(5290,1634,'drotiki','Дротики',0),(5291,1634,'streli','Стрелы',0),(5292,1634,'atomnie','Атомные снаряды',0),(5293,1634,'minometnie','Миномётные снаряды',0),(5294,1634,'batarei','Энергетические батареи',0),(5295,1635,'avtomatnie','Автоматные патроны',0),(5296,1635,'vintovochnie','Винтовочные патроны',0),(5297,1635,'pistoletnie','Пистолетные патроны',0),(5298,1635,'rujeinie','Ружейные патроны',0),(5299,1635,'drotiki','Дротики',0),(5300,1635,'streli','Стрелы',0),(5301,1635,'atomnie','Атомные снаряды',0),(5302,1635,'minometnie','Миномётные снаряды',0),(5303,1635,'batarei','Энергетические батареи',0),(5304,1636,'avtomatnie','Автоматные патроны',0),(5305,1636,'vintovochnie','Винтовочные патроны',0),(5306,1636,'pistoletnie','Пистолетные патроны',50),(5307,1636,'rujeinie','Ружейные патроны',0),(5308,1636,'drotiki','Дротики',0),(5309,1636,'streli','Стрелы',0),(5310,1636,'atomnie','Атомные снаряды',0),(5311,1636,'minometnie','Миномётные снаряды',0),(5312,1636,'batarei','Энергетические батареи',0),(5313,1637,'avtomatnie','Автоматные патроны',0),(5314,1637,'vintovochnie','Винтовочные патроны',0),(5315,1637,'pistoletnie','Пистолетные патроны',0),(5316,1637,'rujeinie','Ружейные патроны',0),(5317,1637,'drotiki','Дротики',0),(5318,1637,'streli','Стрелы',0),(5319,1637,'atomnie','Атомные снаряды',0),(5320,1637,'minometnie','Миномётные снаряды',0),(5321,1637,'batarei','Энергетические батареи',0),(5322,1638,'avtomatnie','Автоматные патроны',0),(5323,1638,'vintovochnie','Винтовочные патроны',0),(5324,1638,'pistoletnie','Пистолетные патроны',0),(5325,1638,'rujeinie','Ружейные патроны',0),(5326,1638,'drotiki','Дротики',0),(5327,1638,'streli','Стрелы',0),(5328,1638,'atomnie','Атомные снаряды',0),(5329,1638,'minometnie','Миномётные снаряды',0),(5330,1638,'batarei','Энергетические батареи',0);
/*!40000 ALTER TABLE `item_patrons` ENABLE KEYS */;
UNLOCK TABLES;

--
